000
CDUS46 KPQR 291141
CLIAST


CLIMATE REPORT
NATIONAL WEATHER SERVICE PORTLAND OREGON
441 AM PDT FRI AUG 29 2014


...................................

...THE ASTORIA OR CLIMATE SUMMARY FOR AUGUST 28 2014...

CLIMATE NORMAL PERIOD 1981 TO 2010
CLIMATE RECORD PERIOD 1892 TO 2014


WEATHER ITEM   OBSERVED TIME   RECORD YEAR NORMAL DEPARTURE LAST
                VALUE   (LST)  VALUE       VALUE  FROM      YEAR
                                                  NORMAL
..................................................................
TEMPERATURE (F)
 YESTERDAY
  MAXIMUM         72    401 PM  89    1909  69      3       71
  MINIMUM         59    611 AM  42    1985  52      7       60
                                      1984
  AVERAGE         66                        61      5       66

PRECIPITATION (IN)
  YESTERDAY        0.00          0.74 1983   0.05  -0.05     0.14
  MONTH TO DATE    0.57                      0.99  -0.42     0.65
  SINCE OCT 1     54.34                     64.95 -10.61    77.27
  SINCE JAN 1     42.18                     37.93   4.25    35.65

DEGREE DAYS
 HEATING
  YESTERDAY        0                         5     -5        0
  MONTH TO DATE   47                       113    -66      102
  SINCE JUN 1    332                       505   -173      425
  SINCE JUL 1    152                       263   -111      244

 COOLING
  YESTERDAY        1                         0      1        1
  MONTH TO DATE    6                         0      6        1
  SINCE JUN 1     14                         3     11        4
  SINCE JAN 1     25                         3     22        5
..................................................................


WIND (MPH)
  HIGHEST WIND SPEED    13   HIGHEST WIND DIRECTION     N (340)
  HIGHEST GUST SPEED    15   HIGHEST GUST DIRECTION    NW (330)
  AVERAGE WIND SPEED     5.0


SKY COVER
  POSSIBLE SUNSHINE  MM
  AVERAGE SKY COVER 0.9


WEATHER CONDITIONS
 THE FOLLOWING WEATHER WAS RECORDED YESTERDAY.
  FOG


RELATIVE HUMIDITY (PERCENT)
 HIGHEST    97           700 AM
 LOWEST     68           200 PM
 AVERAGE    83

..........................................................


THE ASTORIA OR CLIMATE NORMALS FOR TODAY
                         NORMAL    RECORD    YEAR
 MAXIMUM TEMPERATURE (F)   69        90      1936
 MINIMUM TEMPERATURE (F)   52        42      1985
                                             1980
                                             1969


SUNRISE AND SUNSET
AUGUST 29 2014........SUNRISE   632 AM PDT   SUNSET   759 PM PDT
AUGUST 30 2014........SUNRISE   634 AM PDT   SUNSET   758 PM PDT


-  INDICATES NEGATIVE NUMBERS.
R  INDICATES RECORD WAS SET OR TIED.
MM INDICATES DATA IS MISSING.
T  INDICATES TRACE AMOUNT.




$$
