000
CDUS46 KPQR 231144
CLIAST


CLIMATE REPORT
NATIONAL WEATHER SERVICE PORTLAND OREGON
443 AM PDT SAT SEP 23 2017


...................................

...THE ASTORIA OR CLIMATE SUMMARY FOR SEPTEMBER 22 2017...

CLIMATE NORMAL PERIOD 1981 TO 2010
CLIMATE RECORD PERIOD 1892 TO 2017


WEATHER ITEM   OBSERVED TIME   RECORD YEAR NORMAL DEPARTURE LAST
                VALUE   (LST)  VALUE       VALUE  FROM      YEAR
                                                  NORMAL
..................................................................
TEMPERATURE (F)
 YESTERDAY
  MAXIMUM         64    247 PM  92    2009  67     -3       66
  MINIMUM         43    607 AM  39    1956  48     -5       49
  AVERAGE         54                        58     -4       58

PRECIPITATION (IN)
  YESTERDAY        0.00          2.10 1892   0.07  -0.07     0.00
  MONTH TO DATE    2.54                      1.41   1.13     1.94
  SINCE OCT 1     96.47                     66.53  29.94    85.32
  SINCE JAN 1     52.60                     39.51  13.09    42.79

DEGREE DAYS
 HEATING
  YESTERDAY       11                         8      3        7
  MONTH TO DATE  111                       132    -21       89
  SINCE SEP 1    111                       132    -21       89
  SINCE JUL 1    351                       413    -62      210

 COOLING
  YESTERDAY        0                         0      0        0
  MONTH TO DATE   18                         0     18        0
  SINCE SEP 1     18                         0     18        0
  SINCE JAN 1     51                         7     44       55
..................................................................


WIND (MPH)
  HIGHEST WIND SPEED    13   HIGHEST WIND DIRECTION     W (280)
  HIGHEST GUST SPEED    17   HIGHEST GUST DIRECTION     N (340)
  AVERAGE WIND SPEED     4.7


SKY COVER
  POSSIBLE SUNSHINE  MM
  AVERAGE SKY COVER 0.5


WEATHER CONDITIONS
 THE FOLLOWING WEATHER WAS RECORDED YESTERDAY.
  FOG
  FOG W/VISIBILITY <= 1/4 MILE


RELATIVE HUMIDITY (PERCENT)
 HIGHEST   100           100 AM
 LOWEST     67          1200 PM
 AVERAGE    84

..........................................................


THE ASTORIA OR CLIMATE NORMALS FOR TODAY
                         NORMAL    RECORD    YEAR
 MAXIMUM TEMPERATURE (F)   67        82      1974
                                             1965
                                             1919
 MINIMUM TEMPERATURE (F)   48        36      2005
                                             2000


SUNRISE AND SUNSET
SEPTEMBER 23 2017.....SUNRISE   704 AM PDT   SUNSET   710 PM PDT
SEPTEMBER 24 2017.....SUNRISE   705 AM PDT   SUNSET   708 PM PDT


-  INDICATES NEGATIVE NUMBERS.
R  INDICATES RECORD WAS SET OR TIED.
MM INDICATES DATA IS MISSING.
T  INDICATES TRACE AMOUNT.




$$
