000
CDUS46 KPQR 270221
CLIAST


CLIMATE REPORT
NATIONAL WEATHER SERVICE PORTLAND OREGON
720 PM PDT WED JUL 26 2017


...................................

...THE ASTORIA OR CLIMATE SUMMARY FOR JULY 26 2017...
VALID TODAY AS OF 0700 PM LOCAL TIME.

CLIMATE NORMAL PERIOD 1981 TO 2010
CLIMATE RECORD PERIOD 1892 TO 2017


WEATHER ITEM   OBSERVED TIME   RECORD YEAR NORMAL DEPARTURE LAST
                VALUE   (LST)  VALUE       VALUE  FROM      YEAR
                                                  NORMAL
..................................................................
TEMPERATURE (F)
 TODAY
  MAXIMUM         68    352 PM  85    1899  68      0       69
  MINIMUM         56    410 AM  42    1930  54      2       59
  AVERAGE         62                        61      1       64

PRECIPITATION (IN)
  TODAY            0.00          1.01 1916   0.03  -0.03     0.00
  MONTH TO DATE    0.10                      0.92  -0.82     1.12
  SINCE OCT 1     93.54                     63.85  29.69    82.88
  SINCE JAN 1     49.67                     36.83  12.84    40.35

DEGREE DAYS
 HEATING
  TODAY            3                         4     -1        1
  MONTH TO DATE  125                       128     -3       55
  SINCE JUN 1    332                       370    -38      231
  SINCE JUL 1    125                       128     -3       55

 COOLING
  TODAY            0                         0      0        0
  MONTH TO DATE    3                         0      3        1
  SINCE JUN 1     13                         0     13        7
  SINCE JAN 1     15                         0     15       10
..................................................................


WIND (MPH)
  HIGHEST WIND SPEED    16   HIGHEST WIND DIRECTION    NW (310)
  HIGHEST GUST SPEED    19   HIGHEST GUST DIRECTION    NW (300)
  AVERAGE WIND SPEED     9.9


SKY COVER
  POSSIBLE SUNSHINE  MM
  AVERAGE SKY COVER 0.9


WEATHER CONDITIONS
 THE FOLLOWING WEATHER WAS RECORDED TODAY.
  FOG


RELATIVE HUMIDITY (PERCENT)
 HIGHEST    93           400 AM
 LOWEST     68           100 PM
 AVERAGE    81

..........................................................


THE ASTORIA OR CLIMATE NORMALS FOR TOMORROW
                         NORMAL    RECORD    YEAR
 MAXIMUM TEMPERATURE (F)   68        90      1958
 MINIMUM TEMPERATURE (F)   54        37      1930


SUNRISE AND SUNSET
JULY 26 2017..........SUNRISE   551 AM PDT   SUNSET   852 PM PDT
JULY 27 2017..........SUNRISE   552 AM PDT   SUNSET   851 PM PDT


-  INDICATES NEGATIVE NUMBERS.
R  INDICATES RECORD WAS SET OR TIED.
MM INDICATES DATA IS MISSING.
T  INDICATES TRACE AMOUNT.




$$
