000
CDUS46 KPQR 231143
CLIAST


CLIMATE REPORT
NATIONAL WEATHER SERVICE PORTLAND OREGON
342 AM PST TUE JAN 23 2018


...................................

...THE ASTORIA OR CLIMATE SUMMARY FOR JANUARY 22 2018...

CLIMATE NORMAL PERIOD 1981 TO 2010
CLIMATE RECORD PERIOD 1892 TO 2018


WEATHER ITEM   OBSERVED TIME   RECORD YEAR NORMAL DEPARTURE LAST
                VALUE   (LST)  VALUE       VALUE  FROM      YEAR
                                                  NORMAL
..................................................................
TEMPERATURE (F)
 YESTERDAY
  MAXIMUM         51   1202 PM  62    1981  50      1       51
  MINIMUM         40    836 AM  16    1943  38      2       42
  AVERAGE         46                        44      2       47

PRECIPITATION (IN)
  YESTERDAY        0.27          6.98 1919   0.31  -0.04     0.12
  MONTH TO DATE    6.83                      7.52  -0.69     5.68
  SINCE OCT 1     37.62                     34.54   3.08    49.55
  SINCE JAN 1      6.83                      7.52  -0.69     5.68

DEGREE DAYS
 HEATING
  YESTERDAY       19                        21     -2       18
  MONTH TO DATE  373                       471    -98      556
  SINCE DEC 1   1067                      1164    -97     1291
  SINCE JUL 1   2359                      2577   -218     2154

 COOLING
  YESTERDAY        0                         0      0        0
  MONTH TO DATE    0                         0      0        0
  SINCE DEC 1      0                         0      0        0
  SINCE JAN 1      0                         0      0        0
..................................................................


WIND (MPH)
  HIGHEST WIND SPEED    28   HIGHEST WIND DIRECTION     W (260)
  HIGHEST GUST SPEED    36   HIGHEST GUST DIRECTION     W (270)
  AVERAGE WIND SPEED     5.8


SKY COVER
  POSSIBLE SUNSHINE  MM
  AVERAGE SKY COVER 0.6


WEATHER CONDITIONS
 THE FOLLOWING WEATHER WAS RECORDED YESTERDAY.
  RAIN
  LIGHT RAIN
  FOG


RELATIVE HUMIDITY (PERCENT)
 HIGHEST    96           700 PM
 LOWEST     68          1200 PM
 AVERAGE    82

..........................................................


THE ASTORIA OR CLIMATE NORMALS FOR TODAY
                         NORMAL    RECORD    YEAR
 MAXIMUM TEMPERATURE (F)   50        60      1968
 MINIMUM TEMPERATURE (F)   38        18      1943


SUNRISE AND SUNSET
JANUARY 23 2018.......SUNRISE   748 AM PST   SUNSET   508 PM PST
JANUARY 24 2018.......SUNRISE   747 AM PST   SUNSET   509 PM PST


-  INDICATES NEGATIVE NUMBERS.
R  INDICATES RECORD WAS SET OR TIED.
MM INDICATES DATA IS MISSING.
T  INDICATES TRACE AMOUNT.




$$
