000
CDUS46 KPQR 011142
CLIAST


CLIMATE REPORT
NATIONAL WEATHER SERVICE PORTLAND OREGON
442 AM PDT WED JUL 1 2015


...................................

...THE ASTORIA OR CLIMATE SUMMARY FOR JUNE 30 2015...

CLIMATE NORMAL PERIOD 1981 TO 2010
CLIMATE RECORD PERIOD 1892 TO 2015


WEATHER ITEM   OBSERVED TIME   RECORD YEAR NORMAL DEPARTURE LAST
                VALUE   (LST)  VALUE       VALUE  FROM      YEAR
                                                  NORMAL
..................................................................
TEMPERATURE (F)
 YESTERDAY
  MAXIMUM         71    125 PM  88    1908  66      5       75
  MINIMUM         56   1159 PM  40    1985  52      4       50
  AVERAGE         64                        59      5       63

PRECIPITATION (IN)
  YESTERDAY        0.00          1.05 1989   0.06  -0.06     0.00
  MONTH TO DATE    0.73                      2.55  -1.82     1.85
  SINCE OCT 1     53.01                     62.93  -9.92    52.69
  SINCE JAN 1     27.39                     35.91  -8.52    40.53

DEGREE DAYS
 HEATING
  YESTERDAY        1                         6     -5        2
  MONTH TO DATE  149                       243    -94      180
  SINCE JUN 1    149                       242    -93      180
  SINCE JUL 1   3923                      5023  -1100     4827

 COOLING
  YESTERDAY        0                         0      0        0
  MONTH TO DATE    4                         0      4        0
  SINCE JUN 1      4                         0      4        0
  SINCE JAN 1      6                         0      6       11
..................................................................


WIND (MPH)
  HIGHEST WIND SPEED    21   HIGHEST WIND DIRECTION    NW (300)
  HIGHEST GUST SPEED    24   HIGHEST GUST DIRECTION    NW (300)
  AVERAGE WIND SPEED     8.0


SKY COVER
  POSSIBLE SUNSHINE  MM
  AVERAGE SKY COVER 0.5


WEATHER CONDITIONS
 THE FOLLOWING WEATHER WAS RECORDED YESTERDAY.
  FOG


RELATIVE HUMIDITY (PERCENT)
 HIGHEST    93          1200 AM
 LOWEST     70          1200 PM
 AVERAGE    82

..........................................................


THE ASTORIA OR CLIMATE NORMALS FOR TODAY
                         NORMAL    RECORD    YEAR
 MAXIMUM TEMPERATURE (F)   66        87      1908
 MINIMUM TEMPERATURE (F)   52        43      1985


SUNRISE AND SUNSET
JULY  1 2015..........SUNRISE   528 AM PDT   SUNSET   911 PM PDT
JULY  2 2015..........SUNRISE   529 AM PDT   SUNSET   910 PM PDT


-  INDICATES NEGATIVE NUMBERS.
R  INDICATES RECORD WAS SET OR TIED.
MM INDICATES DATA IS MISSING.
T  INDICATES TRACE AMOUNT.




$$
