000
CDUS46 KPQR 221141
CLIAST


CLIMATE REPORT
NATIONAL WEATHER SERVICE PORTLAND OREGON
440 AM PDT MON SEP 22 2014


...................................

...THE ASTORIA OR CLIMATE SUMMARY FOR SEPTEMBER 21 2014...

CLIMATE NORMAL PERIOD 1981 TO 2010
CLIMATE RECORD PERIOD 1892 TO 2014


WEATHER ITEM   OBSERVED TIME   RECORD YEAR NORMAL DEPARTURE LAST
                VALUE   (LST)  VALUE       VALUE  FROM      YEAR
                                                  NORMAL
..................................................................
TEMPERATURE (F)
 YESTERDAY
  MAXIMUM         66   1234 PM  85    1994  67     -1       65
                                      1990
                                      1975
  MINIMUM         55    330 AM  37    1960  49      6       52
  AVERAGE         61                        58      3       59

PRECIPITATION (IN)
  YESTERDAY        0.00          1.48 1901   0.08  -0.08     0.09
  MONTH TO DATE    0.17                      1.34  -1.17     1.22
  SINCE OCT 1     54.64                     66.46 -11.82    79.19
  SINCE JAN 1     42.48                     39.44   3.04    37.57

DEGREE DAYS
 HEATING
  YESTERDAY        4                         7     -3        6
  MONTH TO DATE   48                       124    -76       63
  SINCE SEP 1     48                       124    -76       63
  SINCE JUL 1    206                       405   -199      310

 COOLING
  YESTERDAY        0                         0      0        0
  MONTH TO DATE   20                         0     20        3
  SINCE SEP 1     20                         0     20        3
  SINCE JAN 1     45                         7     38        9
..................................................................


WIND (MPH)
  HIGHEST WIND SPEED    24   HIGHEST WIND DIRECTION    SW (230)
  HIGHEST GUST SPEED    31   HIGHEST GUST DIRECTION    SW (230)
  AVERAGE WIND SPEED     9.4


SKY COVER
  POSSIBLE SUNSHINE  MM
  AVERAGE SKY COVER 0.7


WEATHER CONDITIONS
 THE FOLLOWING WEATHER WAS RECORDED YESTERDAY.
  FOG


RELATIVE HUMIDITY (PERCENT)
 HIGHEST   100           400 AM
 LOWEST     73          1200 PM
 AVERAGE    87

..........................................................


THE ASTORIA OR CLIMATE NORMALS FOR TODAY
                         NORMAL    RECORD    YEAR
 MAXIMUM TEMPERATURE (F)   67        92      2009
 MINIMUM TEMPERATURE (F)   48        39      1956


SUNRISE AND SUNSET
SEPTEMBER 22 2014.....SUNRISE   703 AM PDT   SUNSET   713 PM PDT
SEPTEMBER 23 2014.....SUNRISE   704 AM PDT   SUNSET   711 PM PDT


-  INDICATES NEGATIVE NUMBERS.
R  INDICATES RECORD WAS SET OR TIED.
MM INDICATES DATA IS MISSING.
T  INDICATES TRACE AMOUNT.




$$
