000
CDUS42 KFFC 230023
CLIATL


CLIMATE REPORT
NATIONAL WEATHER SERVICE PEACHTREE CITY GA
823 PM EDT FRI MAY 22 2015


...................................

...THE ATLANTA CLIMATE SUMMARY FOR MAY 22 2015...
VALID AS OF 0800 PM LOCAL TIME.

CLIMATE NORMAL PERIOD 1981 TO 2010
CLIMATE RECORD PERIOD 1878 TO 2015


WEATHER ITEM   OBSERVED TIME   RECORD YEAR NORMAL DEPARTURE LAST
                VALUE   (LST)  VALUE       VALUE  FROM      YEAR
                                                  NORMAL
..................................................................
TEMPERATURE (F)
 TODAY
  MAXIMUM         78    613 PM  94    1941  81     -3       87
                                      1938
  MINIMUM         51    546 AM  43    1883  62    -11       65
  AVERAGE         65                        72     -7       76

PRECIPITATION (IN)
  TODAY            0.00          1.61 1967   0.11  -0.11     0.00
  MONTH TO DATE    1.59                      2.67  -1.08     1.80
  SINCE MAR 1     12.36                     10.84   1.52    10.82
  SINCE JAN 1     20.87                     19.71   1.16    17.98

SNOWFALL (IN)
  TODAY            0.0           0.0  2002   0.0    0.0      0.0
                                      2001
                                      2000
  MONTH TO DATE    0.0                       0.0    0.0      0.0
  SINCE MAR 1      0.0                       0.8   -0.8      0.0
  SINCE JUL 1      T                         2.9   -2.9      5.0
  SNOW DEPTH       0

DEGREE DAYS
 HEATING
  TODAY            0                         0      0        0
  MONTH TO DATE    6                        24    -18       32
  SINCE MAR 1    298                       509   -211      526
  SINCE JUL 1   2656                      2764   -108     2929

 COOLING
  TODAY            0                         7     -7       11
  MONTH TO DATE  178                       109     69      119
  SINCE MAR 1    274                       174    100      170
  SINCE JAN 1    274                       175     99      172
..................................................................


WIND (MPH)
  RESULTANT WIND SPEED   5   RESULTANT WIND DIRECTION   N (0)
  HIGHEST WIND SPEED    16   HIGHEST WIND DIRECTION    NW (330)
  HIGHEST GUST SPEED    22   HIGHEST GUST DIRECTION     N (350)
  AVERAGE WIND SPEED     8.4


SKY COVER
  AVERAGE SKY COVER 0.5


WEATHER CONDITIONS
 THE FOLLOWING WEATHER WAS RECORDED TODAY.
  NO SIGNIFICANT WEATHER WAS OBSERVED.


RELATIVE HUMIDITY (PERCENT)
 HIGHEST    83           500 AM
 LOWEST     38           700 PM

..........................................................


THE ATLANTA CLIMATE NORMALS FOR TOMORROW
                         NORMAL    RECORD    YEAR
 MAXIMUM TEMPERATURE (F)   82        95      1941
 MINIMUM TEMPERATURE (F)   62        40      1883


SUNRISE AND SUNSET
MAY 22 2015...........SUNRISE   633 AM EDT   SUNSET   836 PM EDT
MAY 23 2015...........SUNRISE   632 AM EDT   SUNSET   837 PM EDT


-  INDICATES NEGATIVE NUMBERS.
R  INDICATES RECORD WAS SET OR TIED.
MM INDICATES DATA IS MISSING.
T  INDICATES TRACE AMOUNT.




$$
