000
CDUS42 KFFC 232138
CLIATL


CLIMATE REPORT
NATIONAL WEATHER SERVICE PEACHTREE CITY GA
437 PM EST THU FEB 23 2017


...................................

...THE ATLANTA CLIMATE SUMMARY FOR FEBRUARY 23 2017...
VALID TODAY AS OF 0400 PM LOCAL TIME.

CLIMATE NORMAL PERIOD 1981 TO 2010
CLIMATE RECORD PERIOD 1878 TO 2017


WEATHER ITEM   OBSERVED TIME   RECORD YEAR NORMAL DEPARTURE LAST
                VALUE   (LST)  VALUE       VALUE  FROM      YEAR
                                                  NORMAL
..................................................................
TEMPERATURE (F)
 TODAY
  MAXIMUM         76    410 PM  79    1980  59     17       60
  MINIMUM         55    608 AM  19    1939  39     16       52
  AVERAGE         66                        49     17       56

PRECIPITATION (IN)
  TODAY            0.00          2.01 1927   0.17  -0.17     1.23
  MONTH TO DATE    1.81                      3.86  -2.05     6.49
  SINCE DEC 1     12.99                     11.96   1.03    24.14
  SINCE JAN 1      9.99                      8.06   1.93    11.63

SNOWFALL (IN)
  TODAY            0.0           0.0  2002   0.0    0.0      0.0
  MONTH TO DATE    0.0                       0.3   -0.3       T
  SINCE DEC 1      T                         2.0   -2.0      0.3
  SINCE JUL 1      T                         2.0   -2.0      0.3
  SNOW DEPTH       0

DEGREE DAYS
 HEATING
  TODAY            0                        16    -16        9
  MONTH TO DATE  203                       423   -220      388
  SINCE DEC 1   1092                      1709   -617     1326
  SINCE JUL 1   1314                      2177   -863     1630

 COOLING
  TODAY            1                         0      1        0
  MONTH TO DATE    1                         0      1        0
  SINCE DEC 1      3                         1      2       22
  SINCE JAN 1      3                         0      3        0
..................................................................


WIND (MPH)
  HIGHEST WIND SPEED    13   HIGHEST WIND DIRECTION     E (90)
  HIGHEST GUST SPEED    16   HIGHEST GUST DIRECTION    NE (50)
  AVERAGE WIND SPEED     8.1


SKY COVER
  POSSIBLE SUNSHINE  MM
  AVERAGE SKY COVER 0.4


WEATHER CONDITIONS
 THE FOLLOWING WEATHER WAS RECORDED TODAY.
  FOG


RELATIVE HUMIDITY (PERCENT)
 HIGHEST   100          1200 AM
 LOWEST     43           400 PM
 AVERAGE    72

..........................................................


THE ATLANTA CLIMATE NORMALS FOR TOMORROW
                         NORMAL    RECORD    YEAR
 MAXIMUM TEMPERATURE (F)   59        77      1982
 MINIMUM TEMPERATURE (F)   40        17      1989
                                             1947


SUNRISE AND SUNSET
FEBRUARY 23 2017......SUNRISE   713 AM EST   SUNSET   630 PM EST
FEBRUARY 24 2017......SUNRISE   712 AM EST   SUNSET   630 PM EST


-  INDICATES NEGATIVE NUMBERS.
R  INDICATES RECORD WAS SET OR TIED.
MM INDICATES DATA IS MISSING.
T  INDICATES TRACE AMOUNT.




$$
