000
CDUS42 KFFC 142135
CLIATL


CLIMATE REPORT
NATIONAL WEATHER SERVICE PEACHTREE CITY GA
435 PM EST SUN FEB 14 2016


...................................

...THE ATLANTA CLIMATE SUMMARY FOR FEBRUARY 14 2016...
VALID TODAY AS OF 0400 PM LOCAL TIME.

CLIMATE NORMAL PERIOD 1981 TO 2010
CLIMATE RECORD PERIOD 1878 TO 2016


WEATHER ITEM   OBSERVED TIME   RECORD YEAR NORMAL DEPARTURE LAST
                VALUE   (LST)  VALUE       VALUE  FROM      YEAR
                                                  NORMAL
..................................................................
TEMPERATURE (F)
 TODAY
  MAXIMUM         48    323 PM  77    1949  56     -8       60
  MINIMUM         28    800 AM   2    1905  38    -10       29
  AVERAGE         38                        47     -9       45

PRECIPITATION (IN)
  TODAY            0.00          2.26 1912   0.17  -0.17     0.00
  MONTH TO DATE    2.13                      2.32  -0.19     1.27
  SINCE DEC 1     19.78                     10.42   9.36    11.14
  SINCE JAN 1      7.27                      6.52   0.75     5.63

SNOWFALL (IN)
  TODAY            0.0           T    2012   0.0    0.0      0.0
                                      2007
  MONTH TO DATE    T                         0.2   -0.2      0.0
  SINCE DEC 1      0.3                       1.9   -1.6      0.0
  SINCE JUL 1      0.3                       1.9   -1.6      0.0
  SNOW DEPTH       0

DEGREE DAYS
 HEATING
  TODAY           27                        18      9       20
  MONTH TO DATE  277                       270      7      286
  SINCE DEC 1   1215                      1556   -341     1414
  SINCE JUL 1   1519                      2024   -505     1961

 COOLING
  TODAY            0                         0      0        0
  MONTH TO DATE    0                         0      0        0
  SINCE DEC 1     22                         1     21        0
  SINCE JAN 1      0                         0      0        0
..................................................................


WIND (MPH)
  HIGHEST WIND SPEED    16   HIGHEST WIND DIRECTION    SE (120)
  HIGHEST GUST SPEED    22   HIGHEST GUST DIRECTION    SE (130)
  AVERAGE WIND SPEED    10.2


SKY COVER
  POSSIBLE SUNSHINE  MM
  AVERAGE SKY COVER 0.6


WEATHER CONDITIONS
 THE FOLLOWING WEATHER WAS RECORDED TODAY.
  NO SIGNIFICANT WEATHER WAS OBSERVED.


RELATIVE HUMIDITY (PERCENT)
 HIGHEST    42           500 AM
 LOWEST     26           300 PM
 AVERAGE    34

..........................................................


THE ATLANTA CLIMATE NORMALS FOR TOMORROW
                         NORMAL    RECORD    YEAR
 MAXIMUM TEMPERATURE (F)   57        80      1989
 MINIMUM TEMPERATURE (F)   38        13      1943


SUNRISE AND SUNSET
FEBRUARY 14 2016......SUNRISE   723 AM EST   SUNSET   621 PM EST
FEBRUARY 15 2016......SUNRISE   722 AM EST   SUNSET   622 PM EST


-  INDICATES NEGATIVE NUMBERS.
R  INDICATES RECORD WAS SET OR TIED.
MM INDICATES DATA IS MISSING.
T  INDICATES TRACE AMOUNT.




$$
