101
CDUS42 KFFC 200818
CLIATL


CLIMATE REPORT
NATIONAL WEATHER SERVICE PEACHTREE CITY GA
418 AM EDT WED SEP 20 2017


...................................

...THE ATLANTA CLIMATE SUMMARY FOR SEPTEMBER 19 2017...

CLIMATE NORMAL PERIOD 1981 TO 2010
CLIMATE RECORD PERIOD 1878 TO 2017


WEATHER ITEM   OBSERVED TIME   RECORD YEAR NORMAL DEPARTURE LAST
                VALUE   (LST)  VALUE       VALUE  FROM      YEAR
                                                  NORMAL
..................................................................
TEMPERATURE (F)
 YESTERDAY
  MAXIMUM         89    313 PM  98    1954  81      8       88
                                      1925
  MINIMUM         66    641 AM  46    1981  64      2       70
                                      1889
  AVERAGE         78                        72      6       79

PRECIPITATION (IN)
  YESTERDAY        0.00          3.72 2009   0.14  -0.14     0.00
  MONTH TO DATE    4.15                      2.79   1.36     3.37
  SINCE SEP 1      4.15                      2.79   1.36     3.37
  SINCE JAN 1     43.09                     36.62   6.47    32.49

DEGREE DAYS
 HEATING
  YESTERDAY        0                         0      0        0
  MONTH TO DATE    7                         0      7        0
  SINCE SEP 1      7                         0      7        0
  SINCE JUL 1      7                         0      7        0

 COOLING
  YESTERDAY       13                         8      5       14
  MONTH TO DATE  133                       198    -65      281
  SINCE SEP 1    133                       198    -65      281
  SINCE JAN 1   1857                      1737    120     2231
..................................................................


WIND (MPH)
  RESULTANT WIND SPEED   3   RESULTANT WIND DIRECTION  NW (320)
  HIGHEST WIND SPEED    12   HIGHEST WIND DIRECTION     N (20)
  HIGHEST GUST SPEED    14   HIGHEST GUST DIRECTION    NW (330)
  AVERAGE WIND SPEED     4.1


SKY COVER
  AVERAGE SKY COVER 0.4


WEATHER CONDITIONS
 THE FOLLOWING WEATHER WAS RECORDED YESTERDAY.
  NO SIGNIFICANT WEATHER WAS OBSERVED.


RELATIVE HUMIDITY (PERCENT)
 HIGHEST    93           500 AM
 LOWEST     40           200 PM
 AVERAGE    67

..........................................................


THE ATLANTA CLIMATE NORMALS FOR TODAY
                         NORMAL    RECORD    YEAR
 MAXIMUM TEMPERATURE (F)   81        99      1925
 MINIMUM TEMPERATURE (F)   63        45      1889


SUNRISE AND SUNSET
SEPTEMBER 20 2017.....SUNRISE   725 AM EDT   SUNSET   737 PM EDT
SEPTEMBER 21 2017.....SUNRISE   725 AM EDT   SUNSET   735 PM EDT


-  INDICATES NEGATIVE NUMBERS.
R  INDICATES RECORD WAS SET OR TIED.
MM INDICATES DATA IS MISSING.
T  INDICATES TRACE AMOUNT.




$$
