000
CDUS42 KFFC 300819
CLIATL


CLIMATE REPORT
NATIONAL WEATHER SERVICE PEACHTREE CITY GA
419 AM EDT TUE JUN 30 2015


...................................

...THE ATLANTA CLIMATE SUMMARY FOR JUNE 29 2015...

CLIMATE NORMAL PERIOD 1981 TO 2010
CLIMATE RECORD PERIOD 1878 TO 2015


WEATHER ITEM   OBSERVED TIME   RECORD YEAR NORMAL DEPARTURE LAST
                VALUE   (LST)  VALUE       VALUE  FROM      YEAR
                                                  NORMAL
..................................................................
TEMPERATURE (F)
 YESTERDAY
  MAXIMUM         86    409 PM 104    2012  88     -2       90
  MINIMUM         65    605 AM  57    1974  71     -6       73
  AVERAGE         76                        80     -4       82

PRECIPITATION (IN)
  YESTERDAY        0.00          2.23 1879   0.16  -0.16     0.08
  MONTH TO DATE    6.84                      3.79   3.05     4.15
  SINCE JUN 1      6.84                      3.79   3.05     4.15
  SINCE JAN 1     30.56                     24.50   6.06    22.62

DEGREE DAYS
 HEATING
  YESTERDAY        0                         0      0        0
  MONTH TO DATE    0                         0      0        0
  SINCE JUN 1      0                         0      0        0
  SINCE JUL 1   2656                      2766   -110     2929

 COOLING
  YESTERDAY       11                        15     -4       17
  MONTH TO DATE  432                       355     77      390
  SINCE JUN 1    432                       355     77      390
  SINCE JAN 1    791                       605    186      673
..................................................................


WIND (MPH)
  RESULTANT WIND SPEED   3   RESULTANT WIND DIRECTION   W (250)
  HIGHEST WIND SPEED    13   HIGHEST WIND DIRECTION     W (250)
  HIGHEST GUST SPEED    18   HIGHEST GUST DIRECTION     W (270)
  AVERAGE WIND SPEED     5.4


SKY COVER
  AVERAGE SKY COVER 0.6


WEATHER CONDITIONS
 THE FOLLOWING WEATHER WAS RECORDED YESTERDAY.
  NO SIGNIFICANT WEATHER WAS OBSERVED.


RELATIVE HUMIDITY (PERCENT)
 HIGHEST    73           100 AM
 LOWEST     44           200 PM
 AVERAGE    59

..........................................................


THE ATLANTA CLIMATE NORMALS FOR TODAY
                         NORMAL    RECORD    YEAR
 MAXIMUM TEMPERATURE (F)   89       106      2012
 MINIMUM TEMPERATURE (F)   71        55      1923


SUNRISE AND SUNSET
JUNE 30 2015..........SUNRISE   631 AM EDT   SUNSET   852 PM EDT
JULY  1 2015..........SUNRISE   631 AM EDT   SUNSET   852 PM EDT


-  INDICATES NEGATIVE NUMBERS.
R  INDICATES RECORD WAS SET OR TIED.
MM INDICATES DATA IS MISSING.
T  INDICATES TRACE AMOUNT.




$$
