931
CDUS42 KFFC 280818
CLIATL


CLIMATE REPORT
NATIONAL WEATHER SERVICE PEACHTREE CITY GA
417 AM EDT SUN AUG 28 2016


...................................

...THE ATLANTA CLIMATE SUMMARY FOR AUGUST 27 2016...

CLIMATE NORMAL PERIOD 1981 TO 2010
CLIMATE RECORD PERIOD 1878 TO 2016


WEATHER ITEM   OBSERVED TIME   RECORD YEAR NORMAL DEPARTURE LAST
                VALUE   (LST)  VALUE       VALUE  FROM      YEAR
                                                  NORMAL
..................................................................
TEMPERATURE (F)
 YESTERDAY
  MAXIMUM         92    500 PM 100    1943  87      5       85
  MINIMUM         74    616 AM  57    1879  70      4       67
  AVERAGE         83                        78      5       76

PRECIPITATION (IN)
  YESTERDAY        0.00          1.49 1898   0.13  -0.13     0.00
  MONTH TO DATE    3.06                      3.40  -0.34     5.10
  SINCE JUN 1      9.98                     12.62  -2.64    17.02
  SINCE JAN 1     29.12                     33.33  -4.21    40.74

DEGREE DAYS
 HEATING
  YESTERDAY        0                         0      0        0
  MONTH TO DATE    0                         0      0        0
  SINCE JUN 1      0                         2     -2        0
  SINCE JUL 1      0                         0      0        0

 COOLING
  YESTERDAY       18                        14      4       11
  MONTH TO DATE  484                       395     89      429
  SINCE JUN 1   1550                      1237    313     1392
  SINCE JAN 1   1879                      1487    392     1751
..................................................................


WIND (MPH)
  RESULTANT WIND SPEED   7   RESULTANT WIND DIRECTION   E (90)
  HIGHEST WIND SPEED    18   HIGHEST WIND DIRECTION     E (80)
  HIGHEST GUST SPEED    23   HIGHEST GUST DIRECTION     E (90)
  AVERAGE WIND SPEED     7.6


SKY COVER
  AVERAGE SKY COVER 0.3


WEATHER CONDITIONS
 THE FOLLOWING WEATHER WAS RECORDED YESTERDAY.
  NO SIGNIFICANT WEATHER WAS OBSERVED.


RELATIVE HUMIDITY (PERCENT)
 HIGHEST    87           400 AM
 LOWEST     44           500 PM
 AVERAGE    66

..........................................................


THE ATLANTA CLIMATE NORMALS FOR TODAY
                         NORMAL    RECORD    YEAR
 MAXIMUM TEMPERATURE (F)   87        98      1954
 MINIMUM TEMPERATURE (F)   70        56      1927


SUNRISE AND SUNSET
AUGUST 28 2016........SUNRISE   709 AM EDT   SUNSET   808 PM EDT
AUGUST 29 2016........SUNRISE   710 AM EDT   SUNSET   806 PM EDT


-  INDICATES NEGATIVE NUMBERS.
R  INDICATES RECORD WAS SET OR TIED.
MM INDICATES DATA IS MISSING.
T  INDICATES TRACE AMOUNT.




$$
