000
CDUS44 KEWX 210713
CLIATT


CLIMATE REPORT
NATIONAL WEATHER SERVICE AUSTIN/SAN ANTONIO, TX
211 AM CDT TUE OCT 21 2014


...................................

...THE AUSTIN CAMP MABRY CLIMATE SUMMARY FOR OCTOBER 20 2014...

CLIMATE NORMAL PERIOD 1981 TO 2010
CLIMATE RECORD PERIOD 1897 TO 2014


WEATHER ITEM   OBSERVED TIME   RECORD YEAR NORMAL DEPARTURE LAST
                VALUE   (LST)  VALUE       VALUE  FROM      YEAR
                                                  NORMAL
..................................................................
TEMPERATURE (F)
 YESTERDAY
  MAXIMUM         82    336 PM  92    2005  81      1       75
                                      1979
  MINIMUM         63    721 AM  38    1917  60      3       44
                                      1913
  AVERAGE         73                        70      3

PRECIPITATION (IN)
  YESTERDAY        0.00          1.84 1993   0.15  -0.15     0.00
  MONTH TO DATE    1.55                      2.52  -0.97     7.98
  SINCE SEP 1      8.53                      5.51   3.02    13.80
  SINCE JAN 1     28.39                     27.60   0.79    31.58

SNOWFALL (IN)
  YESTERDAY        0.0
  MONTH TO DATE    0.0
  SINCE SEP 1      0.0
  SINCE JUL 1      0.0
  SNOW DEPTH       0

DEGREE DAYS
 HEATING
  YESTERDAY        0                         1     -1        5
  MONTH TO DATE    0                         9     -9       20
  SINCE SEP 1      2                        11     -9       20
  SINCE JUL 1      2                        11     -9       20

 COOLING
  YESTERDAY        8                         6      2        0
  MONTH TO DATE  216                       166     50      165
  SINCE SEP 1    692                       616     76      727
  SINCE JAN 1   3085                      3010     75     3337
..................................................................


WIND (MPH)
  HIGHEST WIND SPEED     8   HIGHEST WIND DIRECTION     E (110)
  HIGHEST GUST SPEED    13   HIGHEST GUST DIRECTION    SE (120)
  AVERAGE WIND SPEED     2.3


SKY COVER
  AVERAGE SKY COVER 0.2


WEATHER CONDITIONS
 THE FOLLOWING WEATHER WAS RECORDED YESTERDAY.
  FOG
  HAZE


RELATIVE HUMIDITY (PERCENT)
 HIGHEST   100           700 AM
 LOWEST     45           300 PM
 AVERAGE    73

..........................................................


THE AUSTIN CAMP MABRY CLIMATE NORMALS FOR TODAY
                         NORMAL    RECORD    YEAR
 MAXIMUM TEMPERATURE (F)   81        92      1979
                                             1934
 MINIMUM TEMPERATURE (F)   59        39      1976


SUNRISE AND SUNSET
OCTOBER 21 2014.......SUNRISE   737 AM CDT   SUNSET   653 PM CDT
OCTOBER 22 2014.......SUNRISE   738 AM CDT   SUNSET   652 PM CDT


-  INDICATES NEGATIVE NUMBERS.
R  INDICATES RECORD WAS SET OR TIED.
MM INDICATES DATA IS MISSING.
T  INDICATES TRACE AMOUNT.




$$
