434
CDUS44 KEWX 180005
CLIATT


CLIMATE REPORT
NATIONAL WEATHER SERVICE AUSTIN/SAN ANTONIO, TX
603 PM CST WED JAN 17 2018


...................................

...THE AUSTIN CAMP MABRY CLIMATE SUMMARY FOR JANUARY 17 2018...
VALID TODAY AS OF 0600 PM LOCAL TIME.

CLIMATE NORMAL PERIOD 1981 TO 2010
CLIMATE RECORD PERIOD 1897 TO 2018


WEATHER ITEM   OBSERVED TIME   RECORD YEAR NORMAL DEPARTURE LAST
                VALUE   (LST)  VALUE       VALUE  FROM      YEAR
                                                  NORMAL
..................................................................
TEMPERATURE (F)
 TODAY
  MAXIMUM         37    300 PM  81    1999  61    -24       59
  MINIMUM         18        MM  10    1930  41    -23       48
  AVERAGE         28                        51    -23       54

PRECIPITATION (IN)
  TODAY            0.00          1.57 2017   0.06  -0.06     1.57
  MONTH TO DATE    0.24                      1.22  -0.98     3.60
  SINCE DEC 1      4.55                      3.62   0.93     6.14
  SINCE JAN 1      0.24                      1.22  -0.98     3.60

SNOWFALL (IN)
  TODAY            0.0
  MONTH TO DATE    T
  SINCE DEC 1      0.4
  SINCE JUL 1      0.4
  SNOW DEPTH      MM

DEGREE DAYS
 HEATING
  TODAY           37                        14     23       11
  MONTH TO DATE  320                       238     82      178
  SINCE DEC 1    717                       638     79      519
  SINCE JUL 1    840                       850    -10      579

 COOLING
  TODAY            0                         0      0        0
  MONTH TO DATE    0                         0      0       20
  SINCE DEC 1     14                        13      1       60
  SINCE JAN 1      0                         0      0       20
..................................................................


WIND (MPH)
  HIGHEST WIND SPEED     7   HIGHEST WIND DIRECTION     N (10)
  HIGHEST GUST SPEED    MM   HIGHEST GUST DIRECTION    MM
  AVERAGE WIND SPEED     4.9


SKY COVER
  AVERAGE SKY COVER 0.1


WEATHER CONDITIONS
 THE FOLLOWING WEATHER WAS RECORDED TODAY.
  NO SIGNIFICANT WEATHER WAS OBSERVED.


RELATIVE HUMIDITY (PERCENT)
 HIGHEST    61           800 AM
 LOWEST     27           300 PM
 AVERAGE    44

..........................................................


THE AUSTIN CAMP MABRY CLIMATE NORMALS FOR TOMORROW
                         NORMAL    RECORD    YEAR
 MAXIMUM TEMPERATURE (F)   62        83      2000
                                             1951
 MINIMUM TEMPERATURE (F)   42         4      1930


SUNRISE AND SUNSET
JANUARY 17 2018.......SUNRISE   728 AM CST   SUNSET   555 PM CST
JANUARY 18 2018.......SUNRISE   727 AM CST   SUNSET   555 PM CST


-  INDICATES NEGATIVE NUMBERS.
R  INDICATES RECORD WAS SET OR TIED.
MM INDICATES DATA IS MISSING.
T  INDICATES TRACE AMOUNT.




$$
