000
CDUS44 KEWX 272253
CLIATT


CLIMATE REPORT
NATIONAL WEATHER SERVICE AUSTIN/SAN ANTONIO, TX
552 PM CDT SAT MAY 27 2017


...................................

...THE AUSTIN CAMP MABRY CLIMATE SUMMARY FOR MAY 27 2017...
VALID TODAY AS OF 0552 PM LOCAL TIME.

CLIMATE NORMAL PERIOD 1981 TO 2010
CLIMATE RECORD PERIOD 1897 TO 2017


WEATHER ITEM   OBSERVED TIME   RECORD YEAR NORMAL DEPARTURE LAST
                VALUE   (LST)  VALUE       VALUE  FROM      YEAR
                                                  NORMAL
..................................................................
TEMPERATURE (F)
 TODAY
  MAXIMUM         97    401 PM 100    2011  89      8       77
  MINIMUM         76    417 AM  45    1901  69      7       65
  AVERAGE         87                        79      8       71

PRECIPITATION (IN)
  TODAY            0.01          1.75 2014   0.16  -0.15     0.35
  MONTH TO DATE    2.37                      3.77  -1.40     5.57
  SINCE MAR 1      6.07                      8.62  -2.55    16.20
  SINCE JAN 1     12.29                     12.86  -0.57    17.88

SNOWFALL (IN)
  TODAY            0.0
  MONTH TO DATE    T
  SINCE MAR 1      T
  SINCE JUL 1      T
  SNOW DEPTH       0

DEGREE DAYS
 HEATING
  TODAY            0                         0      0        0
  MONTH TO DATE    0                         0      0        1
  SINCE MAR 1     56                       200   -144       84
  SINCE JUL 1    834                      1537   -703     1081

 COOLING
  TODAY           22                        14      8        6
  MONTH TO DATE  306                       302      4      243
  SINCE MAR 1    692                       527    165      526
  SINCE JAN 1    809                       554    255      565
..................................................................


WIND (MPH)
  HIGHEST WIND SPEED    12   HIGHEST WIND DIRECTION    SW (210)
  HIGHEST GUST SPEED    20   HIGHEST GUST DIRECTION     S (200)
  AVERAGE WIND SPEED     6.3


SKY COVER
  AVERAGE SKY COVER 0.9


WEATHER CONDITIONS
 THE FOLLOWING WEATHER WAS RECORDED TODAY.
  LIGHT RAIN
  FOG
  HAZE


RELATIVE HUMIDITY (PERCENT)
 HIGHEST    94           400 AM
 LOWEST     48           400 PM
 AVERAGE    71

..........................................................


THE AUSTIN CAMP MABRY CLIMATE NORMALS FOR TOMORROW
                         NORMAL    RECORD    YEAR
 MAXIMUM TEMPERATURE (F)   89       100      2011
 MINIMUM TEMPERATURE (F)   70        47      1901


SUNRISE AND SUNSET
MAY 27 2017...........SUNRISE   631 AM CDT   SUNSET   825 PM CDT
MAY 28 2017...........SUNRISE   631 AM CDT   SUNSET   826 PM CDT


-  INDICATES NEGATIVE NUMBERS.
R  INDICATES RECORD WAS SET OR TIED.
MM INDICATES DATA IS MISSING.
T  INDICATES TRACE AMOUNT.




$$
