000
CDUS44 KEWX 190626
CLIATT


CLIMATE REPORT
NATIONAL WEATHER SERVICE AUSTIN/SAN ANTONIO, TX
1225 AM CST FRI DEC 19 2014

...................................

...THE AUSTIN CAMP MABRY CLIMATE SUMMARY FOR DECEMBER 18 2014...

CLIMATE NORMAL PERIOD 1981 TO 2010
CLIMATE RECORD PERIOD 1897 TO 2014


WEATHER ITEM   OBSERVED TIME   RECORD YEAR NORMAL DEPARTURE LAST
                VALUE   (LST)  VALUE       VALUE  FROM      YEAR
                                                  NORMAL
..................................................................
TEMPERATURE (F)
 YESTERDAY
  MAXIMUM         60    352 PM  83    2012  62     -2       72
  MINIMUM         49    606 AM  22    1983  42      7       39
  AVERAGE         55                        52      3

PRECIPITATION (IN)
  YESTERDAY        T             2.00 1895   0.08  -0.08     0.00
  MONTH TO DATE    0.30                      1.38  -1.08     0.26
  SINCE DEC 1      0.30                      1.38  -1.08     0.26
  SINCE JAN 1     34.77                     33.30   1.47    40.57

SNOWFALL (IN)
  YESTERDAY        0.0
  MONTH TO DATE    0.0
  SINCE DEC 1      0.0
  SINCE JUL 1      0.0
  SNOW DEPTH       0

DEGREE DAYS
 HEATING
  YESTERDAY       10                        13     -3        9
  MONTH TO DATE  122                       216    -94      290
  SINCE DEC 1    122                       216    -94      290
  SINCE JUL 1    412                       428    -16      564

 COOLING
  YESTERDAY        0                         0      0        0
  MONTH TO DATE    7                         6      1        7
  SINCE DEC 1      7                         6      1        7
  SINCE JAN 1   3195                      3132     63     3456
..................................................................


WIND (MPH)
  HIGHEST WIND SPEED    12   HIGHEST WIND DIRECTION     N (10)
  HIGHEST GUST SPEED    17   HIGHEST GUST DIRECTION     N (360)
  AVERAGE WIND SPEED     3.0


SKY COVER
  AVERAGE SKY COVER 1.0


WEATHER CONDITIONS
 THE FOLLOWING WEATHER WAS RECORDED YESTERDAY.
  FOG


RELATIVE HUMIDITY (PERCENT)
 HIGHEST   100           300 AM
 LOWEST     84           300 PM
 AVERAGE    92

..........................................................


THE AUSTIN CAMP MABRY CLIMATE NORMALS FOR TODAY
                         NORMAL    RECORD    YEAR
 MAXIMUM TEMPERATURE (F)   62        84      2012
 MINIMUM TEMPERATURE (F)   42        21      1929
                                             1924


SUNRISE AND SUNSET
DECEMBER 19 2014......SUNRISE   722 AM CST   SUNSET   534 PM CST
DECEMBER 20 2014......SUNRISE   723 AM CST   SUNSET   534 PM CST


-  INDICATES NEGATIVE NUMBERS.
R  INDICATES RECORD WAS SET OR TIED.
MM INDICATES DATA IS MISSING.
T  INDICATES TRACE AMOUNT.


$$
