000
CDUS44 KEWX 012222
CLIATT


CLIMATE REPORT
NATIONAL WEATHER SERVICE AUSTIN/SAN ANTONIO, TX
522 PM CDT WED OCT 1 2014


...................................

...THE AUSTIN CAMP MABRY CLIMATE SUMMARY FOR OCTOBER 1 2014...
VALID TODAY AS OF 0522 PM LOCAL TIME.

CLIMATE NORMAL PERIOD 1981 TO 2010
CLIMATE RECORD PERIOD 1897 TO 2014


WEATHER ITEM   OBSERVED TIME   RECORD YEAR NORMAL DEPARTURE LAST
                VALUE   (LST)  VALUE       VALUE  FROM      YEAR
                                                  NORMAL
..................................................................
TEMPERATURE (F)
 TODAY
  MAXIMUM         92    315 PM  98    1989  86      6       91
                                      1923
  MINIMUM         76    741 AM  42    1924  65     11       66
  AVERAGE         84                        75      9       79

PRECIPITATION (IN)
  TODAY            0.00          4.64 1913   0.10  -0.10     0.00
  MONTH TO DATE    0.00                      0.10  -0.10     0.00
  SINCE SEP 1      6.98                      3.09   3.89     5.82
  SINCE JAN 1     26.84                     25.18   1.66    23.60

SNOWFALL (IN)
  TODAY            0.0
  MONTH TO DATE    0.0
  SINCE SEP 1      0.0
  SINCE JUL 1      0.0
  SNOW DEPTH       0

DEGREE DAYS
 HEATING
  TODAY            0                         0      0        0
  MONTH TO DATE    0                         0      0        0
  SINCE SEP 1      2                         2      0        0
  SINCE JUL 1      2                         2      0        0

 COOLING
  TODAY           19                        11      8       14
  MONTH TO DATE   19                        11      8       14
  SINCE SEP 1    495                       461     34      576
  SINCE JAN 1   2888                      2855     33     3186
..................................................................


WIND (MPH)
  HIGHEST WIND SPEED     9   HIGHEST WIND DIRECTION     S (200)
  HIGHEST GUST SPEED    17   HIGHEST GUST DIRECTION     S (200)
  AVERAGE WIND SPEED     4.7


SKY COVER
  AVERAGE SKY COVER 0.7


WEATHER CONDITIONS
 THE FOLLOWING WEATHER WAS RECORDED TODAY.
  NO SIGNIFICANT WEATHER WAS OBSERVED.


RELATIVE HUMIDITY (PERCENT)
 HIGHEST    88           100 AM
 LOWEST     49           300 PM
 AVERAGE    69

..........................................................


THE AUSTIN CAMP MABRY CLIMATE NORMALS FOR TOMORROW
                         NORMAL    RECORD    YEAR
 MAXIMUM TEMPERATURE (F)   86       100      1938
                                             1923
 MINIMUM TEMPERATURE (F)   65        43      1924


SUNRISE AND SUNSET
OCTOBER  1 2014.......SUNRISE   724 AM CDT   SUNSET   716 PM CDT
OCTOBER  2 2014.......SUNRISE   725 AM CDT   SUNSET   715 PM CDT


-  INDICATES NEGATIVE NUMBERS.
R  INDICATES RECORD WAS SET OR TIED.
MM INDICATES DATA IS MISSING.
T  INDICATES TRACE AMOUNT.




$$
