000
CDUS44 KEWX 220722
CLIATT


CLIMATE REPORT
NATIONAL WEATHER SERVICE AUSTIN/SAN ANTONIO, TX
222 AM CDT FRI MAY 22 2015


...................................

...THE AUSTIN CAMP MABRY CLIMATE SUMMARY FOR MAY 21 2015...

CLIMATE NORMAL PERIOD 1981 TO 2010
CLIMATE RECORD PERIOD 1897 TO 2015


WEATHER ITEM   OBSERVED TIME   RECORD YEAR NORMAL DEPARTURE LAST
                VALUE   (LST)  VALUE       VALUE  FROM      YEAR
                                                  NORMAL
..................................................................
TEMPERATURE (F)
 YESTERDAY
  MAXIMUM         76   1234 AM  99    1939  88    -12       89
  MINIMUM         62   1159 PM  52    1960  68     -6       70
  AVERAGE         69                        78     -9

PRECIPITATION (IN)
  YESTERDAY        0.02          5.55 1979   0.15  -0.13     0.00
  MONTH TO DATE    9.32                      2.83   6.49     3.59
  SINCE MAR 1     16.46                      7.68   8.78     6.75
  SINCE JAN 1     21.98                     11.92  10.06     7.58

SNOWFALL (IN)
  YESTERDAY        0.0
  MONTH TO DATE    0.0
  SINCE MAR 1      T
  SINCE JUL 1      T
  SNOW DEPTH       0

DEGREE DAYS
 HEATING
  YESTERDAY        0                         0      0        0
  MONTH TO DATE    0                         0      0        5
  SINCE MAR 1    215                       200     15      280
  SINCE JUL 1   1698                      1537    161     1776

 COOLING
  YESTERDAY        4                        13     -9       15
  MONTH TO DATE  214                       221     -7      189
  SINCE MAR 1    481                       446     35      413
  SINCE JAN 1    492                       473     19      454
..................................................................


WIND (MPH)
  HIGHEST WIND SPEED    15   HIGHEST WIND DIRECTION    NW (300)
  HIGHEST GUST SPEED    24   HIGHEST GUST DIRECTION    NW (300)
  AVERAGE WIND SPEED     6.4


SKY COVER
  AVERAGE SKY COVER 1.0


WEATHER CONDITIONS
 THE FOLLOWING WEATHER WAS RECORDED YESTERDAY.
  THUNDERSTORM
  LIGHT RAIN
  FOG


RELATIVE HUMIDITY (PERCENT)
 HIGHEST    94          1200 AM
 LOWEST     73          1100 AM
 AVERAGE    84

..........................................................


THE AUSTIN CAMP MABRY CLIMATE NORMALS FOR TODAY
                         NORMAL    RECORD    YEAR
 MAXIMUM TEMPERATURE (F)   88        98      1939
 MINIMUM TEMPERATURE (F)   68        54      2001


SUNRISE AND SUNSET
MAY 22 2015...........SUNRISE   633 AM CDT   SUNSET   822 PM CDT
MAY 23 2015...........SUNRISE   633 AM CDT   SUNSET   823 PM CDT


-  INDICATES NEGATIVE NUMBERS.
R  INDICATES RECORD WAS SET OR TIED.
MM INDICATES DATA IS MISSING.
T  INDICATES TRACE AMOUNT.




$$
