000
CDUS43 KABR 271523
CLIATY


CLIMATE REPORT...CORRECTED
NATIONAL WEATHER SERVICE ABERDEEN SD
921 AM CST SAT DEC 27 2014


...................................

...THE WATERTOWN SD CLIMATE SUMMARY FOR DECEMBER 26 2014...

CLIMATE NORMAL PERIOD 1981 TO 2010
CLIMATE RECORD PERIOD 1898 TO 2014


WEATHER ITEM   OBSERVED TIME   RECORD YEAR NORMAL DEPARTURE LAST
                VALUE   (LST)  VALUE       VALUE  FROM      YEAR
                                                  NORMAL
..................................................................
TEMPERATURE (F)
 YESTERDAY
  MAXIMUM         26   1227 AM  50    2011  22      4       32
  MINIMUM         17   1159 PM -26    1902   5     12       15
  AVERAGE         22                        14      8       24

PRECIPITATION (IN)
  YESTERDAY        0.01          0.15 1959   0.02  -0.01     0.00
  MONTH TO DATE    0.64                      0.45   0.19     0.53
  SINCE DEC 1      0.64                      0.45   0.19     0.53
  SINCE JAN 1     16.43                     22.00  -5.57    24.68

SNOWFALL (IN)
  YESTERDAY        0.1
  MONTH TO DATE    3.8
  SINCE OCT 1     14.2
  SINCE JUL 1     14.2
  SNOW DEPTH       3

DEGREE DAYS
 HEATING
  YESTERDAY       43                        51     -8       41
  MONTH TO DATE 1020                      1258   -238     1462
  SINCE DEC 1   1020                      1258   -238     1462
  SINCE JUL 1   3101                      3198    -97     3300

 COOLING
  YESTERDAY        0                         0      0        0
  MONTH TO DATE    0                         0      0        0
  SINCE DEC 1      0                         0      0        0
  SINCE JAN 1    369                       515   -146      618
..................................................................


WIND (MPH)
  HIGHEST WIND SPEED    21   HIGHEST WIND DIRECTION     N (360)
  HIGHEST GUST SPEED    24   HIGHEST GUST DIRECTION     N (360)
  AVERAGE WIND SPEED    14.4


SKY COVER
  POSSIBLE SUNSHINE  MM
  AVERAGE SKY COVER 1.0


WEATHER CONDITIONS
 THE FOLLOWING WEATHER WAS RECORDED YESTERDAY.
  LIGHT SNOW
  FOG
  HAZE


RELATIVE HUMIDITY (PERCENT)
 HIGHEST    92           700 AM
 LOWEST     81           100 PM
 AVERAGE    87

..........................................................


THE WATERTOWN SD CLIMATE NORMALS FOR TODAY
                         NORMAL    RECORD    YEAR
 MAXIMUM TEMPERATURE (F)   22        50      1928
 MINIMUM TEMPERATURE (F)    5       -27      1924


SUNRISE AND SUNSET
DECEMBER 27 2014......SUNRISE   806 AM CST   SUNSET   454 PM CST
DECEMBER 28 2014......SUNRISE   806 AM CST   SUNSET   455 PM CST


-  INDICATES NEGATIVE NUMBERS.
R  INDICATES RECORD WAS SET OR TIED.
MM INDICATES DATA IS MISSING.
T  INDICATES TRACE AMOUNT.




$$
