000
CDUS43 KABR 301038
CLIATY


CLIMATE REPORT
NATIONAL WEATHER SERVICE ABERDEEN SD
538 AM CDT MON MAY 30 2016


...................................

...THE WATERTOWN SD CLIMATE SUMMARY FOR MAY 29 2016...

CLIMATE NORMAL PERIOD 1981 TO 2010
CLIMATE RECORD PERIOD 1898 TO 2016


WEATHER ITEM   OBSERVED TIME   RECORD YEAR NORMAL DEPARTURE LAST
                VALUE   (LST)  VALUE       VALUE  FROM      YEAR
                                                  NORMAL
..................................................................
TEMPERATURE (F)
 YESTERDAY
  MAXIMUM         78    420 PM  97    1934  71      7       62
  MINIMUM         54    237 AM  31    1930  49      5       43
  AVERAGE         66                        60      6       53

PRECIPITATION (IN)
  YESTERDAY        0.00          2.09 1942   0.09  -0.09     0.16
  MONTH TO DATE    1.44                      2.44  -1.00     4.61
  SINCE MAR 1      3.96                      5.57  -1.61     5.35
  SINCE JAN 1      4.99                      6.65  -1.66     6.00

DEGREE DAYS
 HEATING
  YESTERDAY        0                         6     -6       12
  MONTH TO DATE  217                       283    -66      289
  SINCE MAR 1   1568                      2023   -455     1771
  SINCE JUL 1   6887                      8434  -1547     8163

 COOLING
  YESTERDAY        1                         1      0        0
  MONTH TO DATE   21                        18      3        8
  SINCE MAR 1     21                        20      1        8
  SINCE JAN 1     21                        20      1        8
..................................................................


WIND (MPH)
  HIGHEST WIND SPEED    20   HIGHEST WIND DIRECTION    NW (330)
  HIGHEST GUST SPEED    24   HIGHEST GUST DIRECTION    NW (320)
  AVERAGE WIND SPEED     8.8


SKY COVER
  POSSIBLE SUNSHINE  MM
  AVERAGE SKY COVER 0.1


WEATHER CONDITIONS
 THE FOLLOWING WEATHER WAS RECORDED YESTERDAY.
  FOG


RELATIVE HUMIDITY (PERCENT)
 HIGHEST    93           100 AM
 LOWEST     31           400 PM
 AVERAGE    62

..........................................................


THE WATERTOWN SD CLIMATE NORMALS FOR TODAY
                         NORMAL    RECORD    YEAR
 MAXIMUM TEMPERATURE (F)   71       106      1934
 MINIMUM TEMPERATURE (F)   50        31      1947


SUNRISE AND SUNSET
MAY 30 2016...........SUNRISE   546 AM CDT   SUNSET   907 PM CDT
MAY 31 2016...........SUNRISE   546 AM CDT   SUNSET   907 PM CDT


-  INDICATES NEGATIVE NUMBERS.
R  INDICATES RECORD WAS SET OR TIED.
MM INDICATES DATA IS MISSING.
T  INDICATES TRACE AMOUNT.




$$
