000
CDUS43 KABR 302234
CLIATY


CLIMATE REPORT
NATIONAL WEATHER SERVICE ABERDEEN SD
533 PM CDT THU JUL 30 2015


...................................

...THE WATERTOWN SD CLIMATE SUMMARY FOR JULY 30 2015...
VALID TODAY AS OF 0500 PM LOCAL TIME.

CLIMATE NORMAL PERIOD 1981 TO 2010
CLIMATE RECORD PERIOD 1898 TO 2015


WEATHER ITEM   OBSERVED TIME   RECORD YEAR NORMAL DEPARTURE LAST
                VALUE   (LST)  VALUE       VALUE  FROM      YEAR
                                                  NORMAL
..................................................................
TEMPERATURE (F)
 TODAY
  MAXIMUM         85    353 PM 108    1933  82      3       78
  MINIMUM         59    522 AM  37    1971  60     -1       50
  AVERAGE         72                        71      1       64

PRECIPITATION (IN)
  TODAY            0.00          2.06 1956   0.10  -0.10     0.00
  MONTH TO DATE    3.57                      2.92   0.65     1.25
  SINCE JUN 1      6.50                      6.50   0.00     5.85
  SINCE JAN 1     12.50                     13.35  -0.85    10.72

SNOWFALL (IN)
  TODAY            0.0
  MONTH TO DATE    0.0
  SINCE OCT 1     25.3
  SINCE JUL 1      0.0
  SNOW DEPTH       0

DEGREE DAYS
 HEATING
  TODAY            0                         1     -1        1
  MONTH TO DATE   13                        17     -4       35
  SINCE JUN 1     40                        95    -55       98
  SINCE JUL 1     13                        17     -4       35

 COOLING
  TODAY            7                         6      1        0
  MONTH TO DATE  218                       202     16      119
  SINCE JUN 1    315                       298     17      180
  SINCE JAN 1    323                       320      3      221
..................................................................


WIND (MPH)
  HIGHEST WIND SPEED    15   HIGHEST WIND DIRECTION     W (260)
  HIGHEST GUST SPEED    20   HIGHEST GUST DIRECTION     W (270)
  AVERAGE WIND SPEED     8.3


SKY COVER
  POSSIBLE SUNSHINE  MM
  AVERAGE SKY COVER 0.0


WEATHER CONDITIONS
 THE FOLLOWING WEATHER WAS RECORDED TODAY.
  NO SIGNIFICANT WEATHER WAS OBSERVED.


RELATIVE HUMIDITY (PERCENT)
 HIGHEST    80           300 AM
 LOWEST     34           200 PM
 AVERAGE    57

..........................................................


THE WATERTOWN SD CLIMATE NORMALS FOR TOMORROW
                         NORMAL    RECORD    YEAR
 MAXIMUM TEMPERATURE (F)   82       104      1988
 MINIMUM TEMPERATURE (F)   59        41      1903


SUNRISE AND SUNSET
JULY 30 2015..........SUNRISE   612 AM CDT   SUNSET   858 PM CDT
JULY 31 2015..........SUNRISE   613 AM CDT   SUNSET   856 PM CDT


-  INDICATES NEGATIVE NUMBERS.
R  INDICATES RECORD WAS SET OR TIED.
MM INDICATES DATA IS MISSING.
T  INDICATES TRACE AMOUNT.




$$
