000
CDUS43 KABR 240916
CLIATY


CLIMATE REPORT
NATIONAL WEATHER SERVICE ABERDEEN SD
415 AM CDT SUN JUL 24 2016


...................................

...THE WATERTOWN SD CLIMATE SUMMARY FOR JULY 23 2016...

CLIMATE NORMAL PERIOD 1981 TO 2010
CLIMATE RECORD PERIOD 1898 TO 2016


WEATHER ITEM   OBSERVED TIME   RECORD YEAR NORMAL DEPARTURE LAST
                VALUE   (LST)  VALUE       VALUE  FROM      YEAR
                                                  NORMAL
..................................................................
TEMPERATURE (F)
 YESTERDAY
  MAXIMUM         91    537 PM 106    1934  83      8       87
  MINIMUM         69    816 AM  43    1904  60      9       62
  AVERAGE         80                        71      9       75

PRECIPITATION (IN)
  YESTERDAY        0.68          1.58 2011   0.08   0.60     0.00
  MONTH TO DATE    2.17                      2.25  -0.08     2.00
  SINCE JUN 1      3.70                      5.83  -2.13     4.93
  SINCE JAN 1      9.35                     12.68  -3.33    10.93

DEGREE DAYS
 HEATING
  YESTERDAY        0                         1     -1        0
  MONTH TO DATE   12                        10      2       13
  SINCE JUN 1     37                        88    -51       40
  SINCE JUL 1     12                        10      2       13

 COOLING
  YESTERDAY       15                         7      8       10
  MONTH TO DATE  182                       154     28      160
  SINCE JUN 1    381                       250    131      257
  SINCE JAN 1    405                       272    133      265
..................................................................


WIND (MPH)
  HIGHEST WIND SPEED    24   HIGHEST WIND DIRECTION     S (190)
  HIGHEST GUST SPEED    32   HIGHEST GUST DIRECTION     S (180)
  AVERAGE WIND SPEED    10.2


SKY COVER
  POSSIBLE SUNSHINE  MM
  AVERAGE SKY COVER 0.4


WEATHER CONDITIONS
 THE FOLLOWING WEATHER WAS RECORDED YESTERDAY.
  THUNDERSTORM
  HEAVY RAIN
  RAIN
  LIGHT RAIN
  FOG


RELATIVE HUMIDITY (PERCENT)
 HIGHEST    94           500 AM
 LOWEST     56           300 PM
 AVERAGE    75

..........................................................


THE WATERTOWN SD CLIMATE NORMALS FOR TODAY
                         NORMAL    RECORD    YEAR
 MAXIMUM TEMPERATURE (F)   83       109      1940
 MINIMUM TEMPERATURE (F)   60        44      1905


SUNRISE AND SUNSET
JULY 24 2016..........SUNRISE   606 AM CDT   SUNSET   904 PM CDT
JULY 25 2016..........SUNRISE   607 AM CDT   SUNSET   903 PM CDT


-  INDICATES NEGATIVE NUMBERS.
R  INDICATES RECORD WAS SET OR TIED.
MM INDICATES DATA IS MISSING.
T  INDICATES TRACE AMOUNT.




$$
