000
CDUS43 KABR 231035
CLIATY


CLIMATE REPORT
NATIONAL WEATHER SERVICE ABERDEEN SD
434 AM CST THU FEB 23 2017


...................................

...THE WATERTOWN SD CLIMATE SUMMARY FOR FEBRUARY 22 2017...

CLIMATE NORMAL PERIOD 1981 TO 2010
CLIMATE RECORD PERIOD 1898 TO 2017


WEATHER ITEM   OBSERVED TIME   RECORD YEAR NORMAL DEPARTURE LAST
                VALUE   (LST)  VALUE       VALUE  FROM      YEAR
                                                  NORMAL
..................................................................
TEMPERATURE (F)
 YESTERDAY
  MAXIMUM         53   1248 PM  65    2000  30     23       36
  MINIMUM         29   1159 PM -22    1957  11     18       23
  AVERAGE         41                        20     21       30

PRECIPITATION (IN)
  YESTERDAY        0.02          0.10 1913   0.02   0.00     0.00
  MONTH TO DATE    0.11                      0.40  -0.29     0.39
  SINCE DEC 1      2.02                      1.45   0.57     1.19
  SINCE JAN 1      0.77                      0.92  -0.15     0.87

SNOWFALL (IN)
  YESTERDAY        0.0
  MONTH TO DATE    T
  SINCE OCT 1     27.5
  SINCE JUL 1     27.5
  SNOW DEPTH       0

DEGREE DAYS
 HEATING
  YESTERDAY       24                        45    -21       35
  MONTH TO DATE  827                      1067   -240      945
  SINCE DEC 1   4001                      4209   -208     3720
  SINCE JUL 1   5372                      6149   -777     5079

 COOLING
  YESTERDAY        0                         0      0        0
  MONTH TO DATE    0                         0      0        0
  SINCE DEC 1      0                         0      0        0
  SINCE JAN 1      0                         0      0        0
..................................................................


WIND (MPH)
  HIGHEST WIND SPEED    29   HIGHEST WIND DIRECTION     W (260)
  HIGHEST GUST SPEED    40   HIGHEST GUST DIRECTION     W (260)
  AVERAGE WIND SPEED    11.1


SKY COVER
  POSSIBLE SUNSHINE  MM
  AVERAGE SKY COVER 0.4


WEATHER CONDITIONS
 THE FOLLOWING WEATHER WAS RECORDED YESTERDAY.
  THUNDERSTORM
  LIGHT RAIN


RELATIVE HUMIDITY (PERCENT)
 HIGHEST   100           500 AM
 LOWEST     63           100 PM
 AVERAGE    82

..........................................................


THE WATERTOWN SD CLIMATE NORMALS FOR TODAY
                         NORMAL    RECORD    YEAR
 MAXIMUM TEMPERATURE (F)   30        66      1958
 MINIMUM TEMPERATURE (F)   11       -23      1914


SUNRISE AND SUNSET
FEBRUARY 23 2017......SUNRISE   716 AM CST   SUNSET   608 PM CST
FEBRUARY 24 2017......SUNRISE   714 AM CST   SUNSET   610 PM CST


-  INDICATES NEGATIVE NUMBERS.
R  INDICATES RECORD WAS SET OR TIED.
MM INDICATES DATA IS MISSING.
T  INDICATES TRACE AMOUNT.




$$
