000
CDUS43 KABR 292228
CLIATY


CLIMATE REPORT
NATIONAL WEATHER SERVICE ABERDEEN SD
526 PM CDT MON JUN 29 2015


...................................

...THE WATERTOWN SD CLIMATE SUMMARY FOR JUNE 29 2015...
VALID TODAY AS OF 0500 PM LOCAL TIME.

CLIMATE NORMAL PERIOD 1981 TO 2010
CLIMATE RECORD PERIOD 1898 TO 2015


WEATHER ITEM   OBSERVED TIME   RECORD YEAR NORMAL DEPARTURE LAST
                VALUE   (LST)  VALUE       VALUE  FROM      YEAR
                                                  NORMAL
..................................................................
TEMPERATURE (F)
 TODAY
  MAXIMUM         81    359 PM 102    1931  81      0       80
  MINIMUM         60    336 AM  39    1925  58      2       60
  AVERAGE         71                        70      1       70

PRECIPITATION (IN)
  TODAY            0.00          1.89 1971   0.11  -0.11     0.00
  MONTH TO DATE    2.93                      3.47  -0.54     4.60
  SINCE JUN 1      2.93                      3.47  -0.54     4.60
  SINCE JAN 1      8.93                     10.32  -1.39     9.47

SNOWFALL (IN)
  TODAY            0.0
  MONTH TO DATE    0.0
  SINCE OCT 1     25.3
  SINCE JUL 1     25.3
  SNOW DEPTH       0

DEGREE DAYS
 HEATING
  TODAY            0                         1     -1        0
  MONTH TO DATE   27                        76    -49       63
  SINCE JUN 1     27                        76    -49       63
  SINCE JUL 1   8223                      8523   -300     9336

 COOLING
  TODAY            6                         5      1        5
  MONTH TO DATE   96                        89      7       58
  SINCE JUN 1     96                        89      7       58
  SINCE JAN 1    104                       111     -7       99
..................................................................


WIND (MPH)
  HIGHEST WIND SPEED    15   HIGHEST WIND DIRECTION    NW (320)
  HIGHEST GUST SPEED    18   HIGHEST GUST DIRECTION    NW (320)
  AVERAGE WIND SPEED     6.0


SKY COVER
  POSSIBLE SUNSHINE  MM
  AVERAGE SKY COVER 0.0


WEATHER CONDITIONS
 THE FOLLOWING WEATHER WAS RECORDED TODAY.
  FOG
  HAZE


RELATIVE HUMIDITY (PERCENT)
 HIGHEST    90           100 AM
 LOWEST     51           200 PM
 AVERAGE    71

..........................................................


THE WATERTOWN SD CLIMATE NORMALS FOR TOMORROW
                         NORMAL    RECORD    YEAR
 MAXIMUM TEMPERATURE (F)   81       102      1931
 MINIMUM TEMPERATURE (F)   58        41      1918


SUNRISE AND SUNSET
JUNE 29 2015..........SUNRISE   545 AM CDT   SUNSET   919 PM CDT
JUNE 30 2015..........SUNRISE   545 AM CDT   SUNSET   919 PM CDT


-  INDICATES NEGATIVE NUMBERS.
R  INDICATES RECORD WAS SET OR TIED.
MM INDICATES DATA IS MISSING.
T  INDICATES TRACE AMOUNT.




$$
