000
CDUS43 KABR 300919
CLIATY


CLIMATE REPORT
NATIONAL WEATHER SERVICE ABERDEEN SD
418 AM CDT SAT MAY 30 2015


...................................

...THE WATERTOWN SD CLIMATE SUMMARY FOR MAY 29 2015...

CLIMATE NORMAL PERIOD 1981 TO 2010
CLIMATE RECORD PERIOD 1898 TO 2015


WEATHER ITEM   OBSERVED TIME   RECORD YEAR NORMAL DEPARTURE LAST
                VALUE   (LST)  VALUE       VALUE  FROM      YEAR
                                                  NORMAL
..................................................................
TEMPERATURE (F)
 YESTERDAY
  MAXIMUM         62    752 AM  97    1934  71     -9       85
  MINIMUM         43   1159 PM  31    1930  49     -6       57
  AVERAGE         53                        60     -7       71

PRECIPITATION (IN)
  YESTERDAY        0.16          2.09 1942   0.09   0.07     0.00
  MONTH TO DATE    4.61                      2.44   2.17     1.37
  SINCE MAR 1      5.35                      5.57  -0.22     3.93
  SINCE JAN 1      6.00                      6.65  -0.65     4.36

DEGREE DAYS
 HEATING
  YESTERDAY       12                         6      6        0
  MONTH TO DATE  289                       283      6      330
  SINCE MAR 1   1771                      2023   -252     2307
  SINCE JUL 1   8163                      8434   -271     9273

 COOLING
  YESTERDAY        0                         1     -1        6
  MONTH TO DATE    8                        18    -10       28
  SINCE MAR 1      8                        20    -12       28
  SINCE JAN 1      8                        20    -12       28
..................................................................


WIND (MPH)
  HIGHEST WIND SPEED    25   HIGHEST WIND DIRECTION     N (360)
  HIGHEST GUST SPEED    33   HIGHEST GUST DIRECTION     N (360)
  AVERAGE WIND SPEED    15.2


SKY COVER
  POSSIBLE SUNSHINE  MM
  AVERAGE SKY COVER 0.6


WEATHER CONDITIONS
 THE FOLLOWING WEATHER WAS RECORDED YESTERDAY.
  HEAVY RAIN
  RAIN
  LIGHT RAIN
  FOG


RELATIVE HUMIDITY (PERCENT)
 HIGHEST    93           600 AM
 LOWEST     74           500 PM
 AVERAGE    84

..........................................................


THE WATERTOWN SD CLIMATE NORMALS FOR TODAY
                         NORMAL    RECORD    YEAR
 MAXIMUM TEMPERATURE (F)   71       106      1934
 MINIMUM TEMPERATURE (F)   50        31      1947


SUNRISE AND SUNSET
MAY 30 2015...........SUNRISE   547 AM CDT   SUNSET   906 PM CDT
MAY 31 2015...........SUNRISE   546 AM CDT   SUNSET   907 PM CDT


-  INDICATES NEGATIVE NUMBERS.
R  INDICATES RECORD WAS SET OR TIED.
MM INDICATES DATA IS MISSING.
T  INDICATES TRACE AMOUNT.




$$
