000
CDUS43 KABR 241036
CLIATY


CLIMATE REPORT
NATIONAL WEATHER SERVICE ABERDEEN SD
435 AM CST SAT FEB 24 2018


...................................

...THE WATERTOWN SD CLIMATE SUMMARY FOR FEBRUARY 23 2018...

CLIMATE NORMAL PERIOD 1981 TO 2010
CLIMATE RECORD PERIOD 1898 TO 2018


WEATHER ITEM   OBSERVED TIME   RECORD YEAR NORMAL DEPARTURE LAST
                VALUE   (LST)  VALUE       VALUE  FROM      YEAR
                                                  NORMAL
..................................................................
TEMPERATURE (F)
 YESTERDAY
  MAXIMUM         21    212 PM  66    1958  30     -9       30
  MINIMUM         -5   1159 PM -23    1914  11    -16       21
  AVERAGE          8                        20    -12       26

PRECIPITATION (IN)
  YESTERDAY        0.03          1.54 1977   0.03   0.00     0.00
  MONTH TO DATE    0.56                      0.43   0.13     0.11
  SINCE DEC 1      0.92                      1.48  -0.56     2.02
  SINCE JAN 1      0.67                      0.95  -0.28     0.77

SNOWFALL (IN)
  YESTERDAY        0.4
  MONTH TO DATE    8.1
  SINCE OCT 1     16.2
  SINCE JUL 1     16.2
  SNOW DEPTH       6

DEGREE DAYS
 HEATING
  YESTERDAY       57                        45     12       39
  MONTH TO DATE 1326                      1112    214      866
  SINCE DEC 1   4359                      4254    105     4040
  SINCE JUL 1   6124                      6194    -70     5411

 COOLING
  YESTERDAY        0                         0      0        0
  MONTH TO DATE    0                         0      0        0
  SINCE DEC 1      0                         0      0        0
  SINCE JAN 1      0                         0      0        0
..................................................................


WIND (MPH)
  HIGHEST WIND SPEED    17   HIGHEST WIND DIRECTION    NW (310)
  HIGHEST GUST SPEED    22   HIGHEST GUST DIRECTION    NW (300)
  AVERAGE WIND SPEED     6.7


SKY COVER
  POSSIBLE SUNSHINE  MM
  AVERAGE SKY COVER 0.7


WEATHER CONDITIONS
 THE FOLLOWING WEATHER WAS RECORDED YESTERDAY.
  LIGHT SNOW
  FOG
  FOG W/VISIBILITY <= 1/4 MILE


RELATIVE HUMIDITY (PERCENT)
 HIGHEST   100          1200 AM
 LOWEST     84           100 PM
 AVERAGE    92

..........................................................


THE WATERTOWN SD CLIMATE NORMALS FOR TODAY
                         NORMAL    RECORD    YEAR
 MAXIMUM TEMPERATURE (F)   30        60      1976
 MINIMUM TEMPERATURE (F)   11       -22      1955


SUNRISE AND SUNSET
FEBRUARY 24 2018......SUNRISE   715 AM CST   SUNSET   609 PM CST
FEBRUARY 25 2018......SUNRISE   713 AM CST   SUNSET   611 PM CST


-  INDICATES NEGATIVE NUMBERS.
R  INDICATES RECORD WAS SET OR TIED.
MM INDICATES DATA IS MISSING.
T  INDICATES TRACE AMOUNT.




$$
