000
CDUS43 KABR 281029
CLIATY


CLIMATE REPORT
NATIONAL WEATHER SERVICE ABERDEEN SD
429 AM CST SAT FEB 28 2015


...................................

...THE WATERTOWN SD CLIMATE SUMMARY FOR FEBRUARY 27 2015...

CLIMATE NORMAL PERIOD 1981 TO 2010
CLIMATE RECORD PERIOD 1898 TO 2015


WEATHER ITEM   OBSERVED TIME   RECORD YEAR NORMAL DEPARTURE LAST
                VALUE   (LST)  VALUE       VALUE  FROM      YEAR
                                                  NORMAL
..................................................................
TEMPERATURE (F)
 YESTERDAY
  MAXIMUM         12    435 PM  60    1921  31    -19        3
  MINIMUM        -16    435 AM -23    1962  13    -29      -18
  AVERAGE         -2                        22    -24       -7

PRECIPITATION (IN)
  YESTERDAY        0.00          0.49 1948   0.02  -0.02     0.00
  MONTH TO DATE    0.25                      0.53  -0.28     0.13
  SINCE DEC 1      1.29                      1.58  -0.29     1.04
  SINCE JAN 1      0.65                      1.05  -0.40     0.43

SNOWFALL (IN)
  YESTERDAY        0.0
  MONTH TO DATE    2.7
  SINCE OCT 1     20.9
  SINCE JUL 1     20.9
  SNOW DEPTH       1

DEGREE DAYS
 HEATING
  YESTERDAY       67                        43     24       72
  MONTH TO DATE 1455                      1286    169     1567
  SINCE DEC 1   4258                      4428   -170     5071
  SINCE JUL 1   6339                      6368    -29     6909

 COOLING
  YESTERDAY        0                         0      0        0
  MONTH TO DATE    0                         0      0        0
  SINCE DEC 1      0                         0      0        0
  SINCE JAN 1      0                         0      0        0
..................................................................


WIND (MPH)
  HIGHEST WIND SPEED    15   HIGHEST WIND DIRECTION     S (170)
  HIGHEST GUST SPEED    19   HIGHEST GUST DIRECTION     S (160)
  AVERAGE WIND SPEED     6.3


SKY COVER
  POSSIBLE SUNSHINE  MM
  AVERAGE SKY COVER 0.0


WEATHER CONDITIONS
 THE FOLLOWING WEATHER WAS RECORDED YESTERDAY.
  NO SIGNIFICANT WEATHER WAS OBSERVED.


RELATIVE HUMIDITY (PERCENT)
 HIGHEST    87          1100 PM
 LOWEST     63           200 PM
 AVERAGE    75

..........................................................


THE WATERTOWN SD CLIMATE NORMALS FOR TODAY
                         NORMAL    RECORD    YEAR
 MAXIMUM TEMPERATURE (F)   32        58      2000
                                             1934
 MINIMUM TEMPERATURE (F)   13       -31      1962


SUNRISE AND SUNSET
FEBRUARY 28 2015......SUNRISE   708 AM CST   SUNSET   614 PM CST
MARCH  1 2015.........SUNRISE   707 AM CST   SUNSET   616 PM CST


-  INDICATES NEGATIVE NUMBERS.
R  INDICATES RECORD WAS SET OR TIED.
MM INDICATES DATA IS MISSING.
T  INDICATES TRACE AMOUNT.




$$
