000
CDUS44 KEWX 262255
CLIAUS


CLIMATE REPORT
NATIONAL WEATHER SERVICE AUSTIN/SAN ANTONIO, TX
554 PM CDT SUN MAR 26 2017


...................................

...THE AUSTIN BERGSTROM CLIMATE SUMMARY FOR MARCH 26 2017...
VALID TODAY AS OF 550 PM LOCAL TIME.

CLIMATE NORMAL PERIOD 1981 TO 2010
CLIMATE RECORD PERIOD 1943 TO 2017


WEATHER ITEM   OBSERVED TIME   RECORD YEAR NORMAL DEPARTURE LAST
                VALUE   (LST)  VALUE       VALUE  FROM      YEAR
                                                  NORMAL
..................................................................
TEMPERATURE (F)
 TODAY
  MAXIMUM         86    434 PM  91    1950  75     11       73
  MINIMUM         54   1238 AM  26    2013  49      5       40
  AVERAGE         70                        62      8       57

PRECIPITATION (IN)
  TODAY            T             2.26 1951   0.09  -0.09     0.00
  MONTH TO DATE    2.02                      2.41  -0.39     3.76
  SINCE MAR 1      2.02                      2.41  -0.39     3.76
  SINCE JAN 1      9.33                      6.92   2.41     5.94

SNOWFALL (IN)
  TODAY            0.0
  MONTH TO DATE    0.0
  SINCE MAR 1      0.0
  SINCE JUL 1      0.0
  SNOW DEPTH       0

DEGREE DAYS
 HEATING
  TODAY            0                         5     -5        8
  MONTH TO DATE   73                       201   -128       96
  SINCE MAR 1     73                       201   -128       96
  SINCE JUL 1    947                      1816   -869     1330

 COOLING
  TODAY            5                         2      3        0
  MONTH TO DATE  116                        31     85       58
  SINCE MAR 1    116                        31     85       58
  SINCE JAN 1    225                        47    178       81
..................................................................


WIND (MPH)
  HIGHEST WIND SPEED    24   HIGHEST WIND DIRECTION     S (180)
  HIGHEST GUST SPEED    29   HIGHEST GUST DIRECTION    SE (150)
  AVERAGE WIND SPEED    11.0


SKY COVER
  AVERAGE SKY COVER 0.6


WEATHER CONDITIONS
 THE FOLLOWING WEATHER WAS RECORDED TODAY.
  LIGHT RAIN
  FOG
  FOG W/VISIBILITY <= 1/4 MILE


RELATIVE HUMIDITY (PERCENT)
 HIGHEST   100           500 AM
 LOWEST     37           400 PM
 AVERAGE    69

..........................................................


THE AUSTIN BERGSTROM CLIMATE NORMALS FOR TOMORROW
                         NORMAL    RECORD    YEAR
 MAXIMUM TEMPERATURE (F)   75        96      1984
 MINIMUM TEMPERATURE (F)   50        30      2013


SUNRISE AND SUNSET
MARCH 26 2017.........SUNRISE   727 AM CDT   SUNSET   746 PM CDT
MARCH 27 2017.........SUNRISE   726 AM CDT   SUNSET   747 PM CDT


-  INDICATES NEGATIVE NUMBERS.
R  INDICATES RECORD WAS SET OR TIED.
MM INDICATES DATA IS MISSING.
T  INDICATES TRACE AMOUNT.




$$
