000
CDUS44 KEWX 252244
CLIAUS


CLIMATE REPORT
NATIONAL WEATHER SERVICE AUSTIN/SAN ANTONIO, TX
543 PM CDT TUE APR 25 2017


...................................

...THE AUSTIN BERGSTROM CLIMATE SUMMARY FOR APRIL 25 2017...
VALID TODAY AS OF 0543 PM LOCAL TIME.

CLIMATE NORMAL PERIOD 1981 TO 2010
CLIMATE RECORD PERIOD 1943 TO 2017


WEATHER ITEM   OBSERVED TIME   RECORD YEAR NORMAL DEPARTURE LAST
                VALUE   (LST)  VALUE       VALUE  FROM      YEAR
                                                  NORMAL
..................................................................
TEMPERATURE (F)
 TODAY
  MAXIMUM         91    327 PM  93    2011  82      9       88
  MINIMUM         60    516 AM  42    2001  57      3       70
  AVERAGE         76                        70      6       79

PRECIPITATION (IN)
  TODAY            T             1.75 1980   0.10  -0.10     0.00
  MONTH TO DATE    0.99                      1.79  -0.80     4.92
  SINCE MAR 1      4.32                      4.57  -0.25     8.73
  SINCE JAN 1     11.63                      9.08   2.55    10.91

SNOWFALL (IN)
  TODAY            0.0
  MONTH TO DATE    0.0
  SINCE MAR 1      0.0
  SINCE JUL 1      0.0
  SNOW DEPTH       0

DEGREE DAYS
 HEATING
  TODAY            0                         1     -1        0
  MONTH TO DATE   13                        59    -46       35
  SINCE MAR 1     86                       281   -195      143
  SINCE JUL 1    960                      1896   -936     1377

 COOLING
  TODAY           11                         6      5       14
  MONTH TO DATE  145                       100     45       78
  SINCE MAR 1    298                       142    156      150
  SINCE JAN 1    407                       158    249      173
..................................................................


WIND (MPH)
  HIGHEST WIND SPEED    22   HIGHEST WIND DIRECTION     S (200)
  HIGHEST GUST SPEED    29   HIGHEST GUST DIRECTION     S (160)
  AVERAGE WIND SPEED    11.0


SKY COVER
  AVERAGE SKY COVER 0.6


WEATHER CONDITIONS
 THE FOLLOWING WEATHER WAS RECORDED TODAY.
  NO SIGNIFICANT WEATHER WAS OBSERVED.


RELATIVE HUMIDITY (PERCENT)
 HIGHEST    93           600 AM
 LOWEST     52           300 PM
 AVERAGE    73

..........................................................


THE AUSTIN BERGSTROM CLIMATE NORMALS FOR TOMORROW
                         NORMAL    RECORD    YEAR
 MAXIMUM TEMPERATURE (F)   82        96      1984
 MINIMUM TEMPERATURE (F)   58        44      2001


SUNRISE AND SUNSET
APRIL 25 2017.........SUNRISE   653 AM CDT   SUNSET   805 PM CDT
APRIL 26 2017.........SUNRISE   652 AM CDT   SUNSET   805 PM CDT


-  INDICATES NEGATIVE NUMBERS.
R  INDICATES RECORD WAS SET OR TIED.
MM INDICATES DATA IS MISSING.
T  INDICATES TRACE AMOUNT.




$$
