846
CDUS44 KEWX 032255
CLIAUS


CLIMATE REPORT
NATIONAL WEATHER SERVICE AUSTIN/SAN ANTONIO, TX
554 PM CDT TUE MAY 3 2016


...................................

...THE AUSTIN BERGSTROM CLIMATE SUMMARY FOR MAY 3 2016...
VALID TODAY AS OF 554 PM LOCAL TIME.

CLIMATE NORMAL PERIOD 1981 TO 2010
CLIMATE RECORD PERIOD 1943 TO 2016


WEATHER ITEM   OBSERVED TIME   RECORD YEAR NORMAL DEPARTURE LAST
                VALUE   (LST)  VALUE       VALUE  FROM      YEAR
                                                  NORMAL
..................................................................
TEMPERATURE (F)
 TODAY
  MAXIMUM         76    359 PM  94    1984  84     -8       83
  MINIMUM         54    603 AM  42    2013  60     -6       48
  AVERAGE         65                        72     -7       66

PRECIPITATION (IN)
  TODAY            0.00          2.41 1990   0.14  -0.14     0.00
  MONTH TO DATE    0.14                      0.40  -0.26     0.00
  SINCE MAR 1     10.43                      5.45   4.98     6.39
  SINCE JAN 1     12.61                      9.96   2.65    12.13

SNOWFALL (IN)
  TODAY            0.0
  MONTH TO DATE    0.0
  SINCE MAR 1      T
  SINCE JUL 1      T
  SNOW DEPTH       0

DEGREE DAYS
 HEATING
  TODAY            0                         0      0        0
  MONTH TO DATE    3                         0      3        0
  SINCE MAR 1    146                       285   -139      265
  SINCE JUL 1   1380                      1900   -520     1979

 COOLING
  TODAY            0                         7     -7        1
  MONTH TO DATE    6                        21    -15        3
  SINCE MAR 1    212                       193     19      209
  SINCE JAN 1    235                       209     26      211
..................................................................


WIND (MPH)
  HIGHEST WIND SPEED    20   HIGHEST WIND DIRECTION     N (10)
  HIGHEST GUST SPEED    24   HIGHEST GUST DIRECTION     N (350)
  AVERAGE WIND SPEED    10.2


SKY COVER
  AVERAGE SKY COVER 0.4


WEATHER CONDITIONS
 THE FOLLOWING WEATHER WAS RECORDED TODAY.
  NO SIGNIFICANT WEATHER WAS OBSERVED.


RELATIVE HUMIDITY (PERCENT)
 HIGHEST    89           600 AM
 LOWEST     38           200 PM
 AVERAGE    64

..........................................................


THE AUSTIN BERGSTROM CLIMATE NORMALS FOR TOMORROW
                         NORMAL    RECORD    YEAR
 MAXIMUM TEMPERATURE (F)   84        98      1984
 MINIMUM TEMPERATURE (F)   60        37      2013


SUNRISE AND SUNSET
MAY  3 2016...........SUNRISE   645 AM CDT   SUNSET   810 PM CDT
MAY  4 2016...........SUNRISE   644 AM CDT   SUNSET   811 PM CDT


-  INDICATES NEGATIVE NUMBERS.
R  INDICATES RECORD WAS SET OR TIED.
MM INDICATES DATA IS MISSING.
T  INDICATES TRACE AMOUNT.




$$
