000
CDUS44 KEWX 300705
CLIAUS


CLIMATE REPORT
NATIONAL WEATHER SERVICE AUSTIN/SAN ANTONIO, TX
205 AM CDT TUE MAY 30 2017


...................................

...THE AUSTIN BERGSTROM CLIMATE SUMMARY FOR MAY 29 2017...

CLIMATE NORMAL PERIOD 1981 TO 2010
CLIMATE RECORD PERIOD 1943 TO 2017


WEATHER ITEM   OBSERVED TIME   RECORD YEAR NORMAL DEPARTURE LAST
                VALUE   (LST)  VALUE       VALUE  FROM      YEAR
                                                  NORMAL
..................................................................
TEMPERATURE (F)
 YESTERDAY
  MAXIMUM         87    442 PM  98    1951  90     -3       90
  MINIMUM         70   1159 PM  54    2003  67      3       71
                                      1947
  AVERAGE         79                        78      1       81

PRECIPITATION (IN)
  YESTERDAY        0.00          3.93 1987   0.13  -0.13     0.15
  MONTH TO DATE    2.97                      3.78  -0.81    14.89
  SINCE MAR 1      7.45                      8.83  -1.38    25.18
  SINCE JAN 1     14.76                     13.34   1.42    27.36

SNOWFALL (IN)
  YESTERDAY        0.0
  MONTH TO DATE    T
  SINCE MAR 1      T
  SINCE JUL 1      T
  SNOW DEPTH       0

DEGREE DAYS
 HEATING
  YESTERDAY        0                         0      0        0
  MONTH TO DATE    0                         0      0        3
  SINCE MAR 1     86                       285   -199      146
  SINCE JUL 1    960                      1900   -940     1380

 COOLING
  YESTERDAY       14                        13      1       16
  MONTH TO DATE  308                       293     15      252
  SINCE MAR 1    651                       465    186      458
  SINCE JAN 1    760                       481    279      481
..................................................................


WIND (MPH)
  HIGHEST WIND SPEED    14   HIGHEST WIND DIRECTION     N (360)
  HIGHEST GUST SPEED    19   HIGHEST GUST DIRECTION     S (160)
  AVERAGE WIND SPEED     5.0


SKY COVER
  AVERAGE SKY COVER 0.7


WEATHER CONDITIONS
 THE FOLLOWING WEATHER WAS RECORDED YESTERDAY.
  NO SIGNIFICANT WEATHER WAS OBSERVED.


RELATIVE HUMIDITY (PERCENT)
 HIGHEST    97           500 AM
 LOWEST     50           400 PM
 AVERAGE    74

..........................................................


THE AUSTIN BERGSTROM CLIMATE NORMALS FOR TODAY
                         NORMAL    RECORD    YEAR
 MAXIMUM TEMPERATURE (F)   90       100      2003
 MINIMUM TEMPERATURE (F)   68        53      1984


SUNRISE AND SUNSET
MAY 30 2017...........SUNRISE   630 AM CDT   SUNSET   827 PM CDT
MAY 31 2017...........SUNRISE   630 AM CDT   SUNSET   827 PM CDT


-  INDICATES NEGATIVE NUMBERS.
R  INDICATES RECORD WAS SET OR TIED.
MM INDICATES DATA IS MISSING.
T  INDICATES TRACE AMOUNT.




$$
