000
CDUS44 KEWX 232349
CLIAUS


CLIMATE REPORT
NATIONAL WEATHER SERVICE AUSTIN/SAN ANTONIO, TX
549 PM CST THU NOV 23 2017


...................................

...THE AUSTIN BERGSTROM CLIMATE SUMMARY FOR NOVEMBER 23 2017...
VALID TODAY AS OF 0500 PM LOCAL TIME.

CLIMATE NORMAL PERIOD 1981 TO 2010
CLIMATE RECORD PERIOD 1943 TO 2017


WEATHER ITEM   OBSERVED TIME   RECORD YEAR NORMAL DEPARTURE LAST
                VALUE   (LST)  VALUE       VALUE  FROM      YEAR
                                                  NORMAL
..................................................................
TEMPERATURE (F)
 TODAY
  MAXIMUM         71    320 PM  87    2005  69      2       73
  MINIMUM         31    715 AM  27    2015  43    -12       46
  AVERAGE         51                        56     -5       60

PRECIPITATION (IN)
  TODAY            0.00          8.70 1974   0.08  -0.08     0.10
  MONTH TO DATE    0.42                      2.34  -1.92     2.41
  SINCE SEP 1      6.61                      9.12  -2.51     5.85
  SINCE JAN 1     37.87                     31.83   6.04    50.73

SNOWFALL (IN)
  TODAY            0.0
  MONTH TO DATE    0.0
  SINCE SEP 1      0.0
  SINCE JUL 1      0.0
  SNOW DEPTH       0

DEGREE DAYS
 HEATING
  TODAY           14                        10      4        5
  MONTH TO DATE   90                       155    -65       50
  SINCE SEP 1    164                       206    -42       56
  SINCE JUL 1    164                       206    -42       56

 COOLING
  TODAY            0                         1     -1        0
  MONTH TO DATE  109                        33     76       82
  SINCE SEP 1    709                       596    113      825
  SINCE JAN 1   3350                      2736    614     3082
..................................................................


WIND (MPH)
  HIGHEST WIND SPEED     7   HIGHEST WIND DIRECTION     S (190)
  HIGHEST GUST SPEED     9   HIGHEST GUST DIRECTION     S (170)
  AVERAGE WIND SPEED     2.2


SKY COVER
  AVERAGE SKY COVER 0.1


WEATHER CONDITIONS
 THE FOLLOWING WEATHER WAS RECORDED TODAY.
  NO SIGNIFICANT WEATHER WAS OBSERVED.


RELATIVE HUMIDITY (PERCENT)
 HIGHEST    92           700 AM
 LOWEST     23           300 PM
 AVERAGE    58

..........................................................


THE AUSTIN BERGSTROM CLIMATE NORMALS FOR TOMORROW
                         NORMAL    RECORD    YEAR
 MAXIMUM TEMPERATURE (F)   68        87      2010
 MINIMUM TEMPERATURE (F)   42        26      2003


SUNRISE AND SUNSET
NOVEMBER 23 2017......SUNRISE   703 AM CST   SUNSET   531 PM CST
NOVEMBER 24 2017......SUNRISE   704 AM CST   SUNSET   531 PM CST


-  INDICATES NEGATIVE NUMBERS.
R  INDICATES RECORD WAS SET OR TIED.
MM INDICATES DATA IS MISSING.
T  INDICATES TRACE AMOUNT.




$$
