000
CDUS44 KEWX 202225
CLIAUS


CLIMATE REPORT
NATIONAL WEATHER SERVICE AUSTIN/SAN ANTONIO, TX
424 PM CST THU NOV 20 2014

...................................

...THE AUSTIN BERGSTROM CLIMATE SUMMARY FOR NOVEMBER 20 2014...
VALID TODAY AS OF 0400 PM LOCAL TIME.

CLIMATE NORMAL PERIOD 1981 TO 2010
CLIMATE RECORD PERIOD 1943 TO 2014


WEATHER ITEM   OBSERVED TIME   RECORD YEAR NORMAL DEPARTURE LAST
                VALUE   (LST)  VALUE       VALUE  FROM      YEAR
                                                  NORMAL
..................................................................
TEMPERATURE (F)
 TODAY
  MAXIMUM         72   1252 PM  85    2011  70      2       74
  MINIMUM         35    334 AM  30    2000  44     -9       54
                                      1969
  AVERAGE         54                        57     -3       64

PRECIPITATION (IN)
  TODAY            T             1.24 2009   0.09  -0.09     0.01
  MONTH TO DATE    2.92                      2.08   0.84     0.77
  SINCE SEP 1      8.08                      8.94  -0.86    15.57
  SINCE JAN 1     23.63                     32.04  -8.41    34.79

SNOWFALL (IN)
  TODAY            0.0
  MONTH TO DATE    0.0
  SINCE SEP 1      0.0
  SINCE JUL 1      0.0
  SNOW DEPTH       0

DEGREE DAYS
 HEATING
  TODAY           11                         9      2        1
  MONTH TO DATE  270                       126    144      105
  SINCE SEP 1    272                       177     95      141
  SINCE JUL 1    272                       177     95      141

 COOLING
  TODAY            0                         1     -1        0
  MONTH TO DATE    4                        30    -26       27
  SINCE SEP 1    658                       593     65      691
  SINCE JAN 1   2818                      2733     85     3030
..................................................................


WIND (MPH)
  HIGHEST WIND SPEED    18   HIGHEST WIND DIRECTION     S (190)
  HIGHEST GUST SPEED    24   HIGHEST GUST DIRECTION     S (200)
  AVERAGE WIND SPEED     5.0


SKY COVER
  AVERAGE SKY COVER 0.5


WEATHER CONDITIONS
 THE FOLLOWING WEATHER WAS RECORDED TODAY.
  LIGHT RAIN


RELATIVE HUMIDITY (PERCENT)
 HIGHEST   100           400 AM
 LOWEST     61           100 PM
 AVERAGE    81

..........................................................


THE AUSTIN BERGSTROM CLIMATE NORMALS FOR TOMORROW
                         NORMAL    RECORD    YEAR
 MAXIMUM TEMPERATURE (F)   69        86      2007
 MINIMUM TEMPERATURE (F)   43        28      2006


SUNRISE AND SUNSET
NOVEMBER 20 2014......SUNRISE   700 AM CST   SUNSET   532 PM CST
NOVEMBER 21 2014......SUNRISE   701 AM CST   SUNSET   532 PM CST


-  INDICATES NEGATIVE NUMBERS.
R  INDICATES RECORD WAS SET OR TIED.
MM INDICATES DATA IS MISSING.
T  INDICATES TRACE AMOUNT.

$$
