000
CDUS43 KGRB 252140
CLIAUW


CLIMATE REPORT
NATIONAL WEATHER SERVICE GREEN BAY
440 PM CDT FRI JUL 25 2014


...................................

...THE WAUSAU WI CLIMATE SUMMARY FOR JULY 25 2014...
VALID TODAY AS OF 0400 PM LOCAL TIME.

CLIMATE NORMAL PERIOD 1981 TO 2010
CLIMATE RECORD PERIOD 1896 TO 2014


WEATHER ITEM   OBSERVED TIME   RECORD YEAR NORMAL DEPARTURE LAST
                VALUE   (LST)  VALUE       VALUE  FROM      YEAR
                                                  NORMAL
..................................................................
TEMPERATURE (F)
 TODAY
  MAXIMUM         70   1156 AM  94    1931  80    -10       80
  MINIMUM         61    628 AM  44    1913  59      2       52
  AVERAGE         66                        69     -3       66

PRECIPITATION (IN)
  TODAY            0.07          3.09 1953   0.13  -0.06      T
  MONTH TO DATE    1.92                      3.06  -1.14     3.12
  SINCE JUN 1      7.43                      7.37   0.06     8.93
  SINCE JAN 1     18.87                     17.28   1.59    23.40

SNOWFALL (IN)
  TODAY            0.0           0.0    MM   0.0             0.0
  MONTH TO DATE    0.0                       0.0             0.0
  SINCE JUN 1      0.0                       0.0             0.0
  SINCE JUL 1      0.0                       0.0             0.0
  SNOW DEPTH       0

DEGREE DAYS
 HEATING
  TODAY            0                         1     -1        0
  MONTH TO DATE   35                        25     10        8
  SINCE JUN 1     57                       114    -57       94
  SINCE JUL 1     35                        25     10        8

 COOLING
  TODAY            1                         5     -4        1
  MONTH TO DATE   70                       125    -55      181
  SINCE JAN 1    205                       229    -24      302
..................................................................


WIND (MPH)
  HIGHEST WIND SPEED    17   HIGHEST WIND DIRECTION     S (200)
  HIGHEST GUST SPEED    23   HIGHEST GUST DIRECTION     S (190)
  AVERAGE WIND SPEED     8.1


SKY COVER
  POSSIBLE SUNSHINE  MM
  AVERAGE SKY COVER 0.6


WEATHER CONDITIONS
 THE FOLLOWING WEATHER WAS RECORDED TODAY.
  LIGHT RAIN
  FOG


RELATIVE HUMIDITY (PERCENT)
 HIGHEST    93           600 AM
 LOWEST     73           100 AM
 AVERAGE    83

..........................................................


THE WAUSAU WI CLIMATE NORMALS FOR TOMORROW
                         NORMAL    RECORD    YEAR
 MAXIMUM TEMPERATURE (F)   80        99      1955
 MINIMUM TEMPERATURE (F)   59        44      1900


SUNRISE AND SUNSET
JULY 25 2014..........SUNRISE   536 AM CDT   SUNSET   833 PM CDT
JULY 26 2014..........SUNRISE   537 AM CDT   SUNSET   832 PM CDT


-  INDICATES NEGATIVE NUMBERS.
R  INDICATES RECORD WAS SET OR TIED.
MM INDICATES DATA IS MISSING.
T  INDICATES TRACE AMOUNT.




$$
