000
CDUS43 KGRB 040804
CLIAUW


CLIMATE REPORT
NATIONAL WEATHER SERVICE GREEN BAY
202 AM CST WED MAR 4 2015


...................................

...THE WAUSAU WI CLIMATE SUMMARY FOR MARCH 3 2015...

CLIMATE NORMAL PERIOD 1981 TO 2010
CLIMATE RECORD PERIOD 1896 TO 2015


WEATHER ITEM   OBSERVED TIME   RECORD YEAR NORMAL DEPARTURE LAST
                VALUE   (LST)  VALUE       VALUE  FROM      YEAR
                                                  NORMAL
..................................................................
TEMPERATURE (F)
 YESTERDAY
  MAXIMUM         27    408 PM  52    2000  34     -7       10
  MINIMUM         14   1159 PM -22    1943  15     -1      -18
  AVERAGE         21                        25     -4

PRECIPITATION (IN)
  YESTERDAY        0.05          0.78 1970   0.04   0.01     0.04
  MONTH TO DATE    0.05                      0.14  -0.09     0.04
  SINCE MAR 1      0.05                      0.14  -0.09     0.04
  SINCE JAN 1      0.80                      2.08  -1.28     2.98

SNOWFALL (IN)
  YESTERDAY        1.5          10.6  1989   0.4    1.1      0.6
  MONTH TO DATE    1.5                       1.2    0.3      0.6
  SINCE JUL 1     45.5                      46.5   -1.0     70.2
  SNOW DEPTH      11

DEGREE DAYS
 HEATING
  YESTERDAY       44                        40      4       69
  MONTH TO DATE  143                       122     21      202
  SINCE MAR 1    143                       122     21      202
  SINCE JUL 1   6723                      6258    465     7149

 COOLING
  YESTERDAY        0                         0      0        0
  MONTH TO DATE    0                         0      0        0
  SINCE MAR 1      0                         0      0        0
  SINCE JAN 1      0                         0      0        0
..................................................................


WIND (MPH)
  HIGHEST WIND SPEED    23   HIGHEST WIND DIRECTION     W (290)
  HIGHEST GUST SPEED    30   HIGHEST GUST DIRECTION     W (280)
  AVERAGE WIND SPEED    10.9


SKY COVER
  POSSIBLE SUNSHINE  MM
  AVERAGE SKY COVER 0.9


WEATHER CONDITIONS
 THE FOLLOWING WEATHER WAS RECORDED YESTERDAY.
  SNOW
  LIGHT SNOW
  FOG
  HAZE


RELATIVE HUMIDITY (PERCENT)
 HIGHEST    92          1000 AM
 LOWEST     51          1000 PM
 AVERAGE    72

..........................................................


THE WAUSAU WI CLIMATE NORMALS FOR TODAY
                         NORMAL    RECORD    YEAR
 MAXIMUM TEMPERATURE (F)   34        61      2000
 MINIMUM TEMPERATURE (F)   16       -16      1913


SUNRISE AND SUNSET
MARCH  4 2015.........SUNRISE   631 AM CST   SUNSET   550 PM CST
MARCH  5 2015.........SUNRISE   630 AM CST   SUNSET   551 PM CST


-  INDICATES NEGATIVE NUMBERS.
R  INDICATES RECORD WAS SET OR TIED.
MM INDICATES DATA IS MISSING.
T  INDICATES TRACE AMOUNT.

$$
