000
CDUS43 KGRB 272130
CLIAUW


CLIMATE REPORT
NATIONAL WEATHER SERVICE GREEN BAY
429 PM CDT WED AUG 27 2014


...................................

...THE WAUSAU WI CLIMATE SUMMARY FOR AUGUST 27 2014...
VALID TODAY AS OF 0400 PM LOCAL TIME.

CLIMATE NORMAL PERIOD 1981 TO 2010
CLIMATE RECORD PERIOD 1896 TO 2014


WEATHER ITEM   OBSERVED TIME   RECORD YEAR NORMAL DEPARTURE LAST
                VALUE   (LST)  VALUE       VALUE  FROM      YEAR
                                                  NORMAL
..................................................................
TEMPERATURE (F)
 TODAY
  MAXIMUM         73    251 PM  97    1973  76     -3       90
  MINIMUM         57    553 AM  36    1915  55      2       72
  AVERAGE         65                        66     -1       81

PRECIPITATION (IN)
  TODAY            0.02          1.05 1980   0.12  -0.10     0.06
  MONTH TO DATE    4.99                      3.65   1.34     3.34
  SINCE JUN 1     13.10                     11.79   1.31    12.97
  SINCE JAN 1     24.54                     21.70   2.84    27.44

SNOWFALL (IN)
  TODAY            0.0           0.0    MM   0.0             0.0
  MONTH TO DATE    0.0                       0.0             0.0
  SINCE JUN 1      0.0                       0.0             0.0
  SINCE JUL 1      0.0                       0.0             0.0
  SNOW DEPTH       0

DEGREE DAYS
 HEATING
  TODAY            0                         2     -2        0
  MONTH TO DATE   11                        33    -22       26
  SINCE JUN 1     72                       145    -73      142
  SINCE JUL 1     50                        56     -6       56

 COOLING
  TODAY            0                         3     -3       16
  MONTH TO DATE   94                       106    -12      109
  SINCE JAN 1    313                       366    -53      415
..................................................................


WIND (MPH)
  HIGHEST WIND SPEED    12   HIGHEST WIND DIRECTION    NW (300)
  HIGHEST GUST SPEED    18   HIGHEST GUST DIRECTION    NW (320)
  AVERAGE WIND SPEED     4.2


SKY COVER
  POSSIBLE SUNSHINE  MM
  AVERAGE SKY COVER 0.3


WEATHER CONDITIONS
 THE FOLLOWING WEATHER WAS RECORDED TODAY.
  LIGHT RAIN


RELATIVE HUMIDITY (PERCENT)
 HIGHEST   100           400 AM
 LOWEST     49           300 PM
 AVERAGE    75

..........................................................


THE WAUSAU WI CLIMATE NORMALS FOR TOMORROW
                         NORMAL    RECORD    YEAR
 MAXIMUM TEMPERATURE (F)   76        94      1984
 MINIMUM TEMPERATURE (F)   55        39      1934


SUNRISE AND SUNSET
AUGUST 27 2014........SUNRISE   615 AM CDT   SUNSET   744 PM CDT
AUGUST 28 2014........SUNRISE   616 AM CDT   SUNSET   743 PM CDT


-  INDICATES NEGATIVE NUMBERS.
R  INDICATES RECORD WAS SET OR TIED.
MM INDICATES DATA IS MISSING.
T  INDICATES TRACE AMOUNT.




$$
