000
CDUS43 KGRB 300641
CLIAUW


CLIMATE REPORT
NATIONAL WEATHER SERVICE GREEN BAY
139 AM CDT SAT JUL 30 2016


...................................

...THE WAUSAU WI CLIMATE SUMMARY FOR JULY 29 2016...

CLIMATE NORMAL PERIOD 1981 TO 2010
CLIMATE RECORD PERIOD 1896 TO 2016


WEATHER ITEM   OBSERVED TIME   RECORD YEAR NORMAL DEPARTURE LAST
                VALUE   (LST)  VALUE       VALUE  FROM      YEAR
                                                  NORMAL
..................................................................
TEMPERATURE (F)
 YESTERDAY
  MAXIMUM         76   1213 PM  97    1916  80     -4       83
  MINIMUM         57    521 AM  44    1952  59     -2       68
  AVERAGE         67                        69     -2

PRECIPITATION (IN)
  YESTERDAY        0.00          2.10 1924   0.13  -0.13      T
  MONTH TO DATE    4.60                      3.57   1.03     3.08
  SINCE JUN 1      9.82                      7.88   1.94     7.64
  SINCE JAN 1     21.48                     17.79   3.69    18.37

SNOWFALL (IN)
  YESTERDAY        0.0           0.0    MM   0.0    0.0      0.0
  MONTH TO DATE    0.0                       0.0    0.0      0.0
  SINCE JUL 1      0.0                       0.0    0.0      0.0
  SNOW DEPTH       0

DEGREE DAYS
 HEATING
  YESTERDAY        0                         1     -1        0
  MONTH TO DATE    9                        29    -20       18
  SINCE JUN 1     39                       118    -79       79
  SINCE JUL 1      9                        29    -20       18

 COOLING
  YESTERDAY        2                         5     -3       11
  MONTH TO DATE  167                       145     22      147
  SINCE JUN 1    271                       230     41      194
  SINCE JAN 1    318                       249     69      212
..................................................................


WIND (MPH)
  HIGHEST WIND SPEED    15   HIGHEST WIND DIRECTION     E (90)
  HIGHEST GUST SPEED    19   HIGHEST GUST DIRECTION    SE (120)
  AVERAGE WIND SPEED     5.5


SKY COVER
  POSSIBLE SUNSHINE  MM
  AVERAGE SKY COVER 0.6


WEATHER CONDITIONS
 THE FOLLOWING WEATHER WAS RECORDED YESTERDAY.
  NO SIGNIFICANT WEATHER WAS OBSERVED.


RELATIVE HUMIDITY (PERCENT)
 HIGHEST    97          1100 PM
 LOWEST     58          1100 AM
 AVERAGE    78

..........................................................


THE WAUSAU WI CLIMATE NORMALS FOR TODAY
                         NORMAL    RECORD    YEAR
 MAXIMUM TEMPERATURE (F)   80        99      1933
 MINIMUM TEMPERATURE (F)   59        41      1902


SUNRISE AND SUNSET
JULY 30 2016..........SUNRISE   542 AM CDT   SUNSET   827 PM CDT
JULY 31 2016..........SUNRISE   543 AM CDT   SUNSET   825 PM CDT


-  INDICATES NEGATIVE NUMBERS.
R  INDICATES RECORD WAS SET OR TIED.
MM INDICATES DATA IS MISSING.
T  INDICATES TRACE AMOUNT.




$$
