422
CDUS43 KGRB 220641
CLIAUW


CLIMATE REPORT
NATIONAL WEATHER SERVICE GREEN BAY
141 AM CDT FRI SEP 22 2017


...................................

...THE WAUSAU WI CLIMATE SUMMARY FOR SEPTEMBER 21 2017...

CLIMATE NORMAL PERIOD 1981 TO 2010
CLIMATE RECORD PERIOD 1896 TO 2017


WEATHER ITEM   OBSERVED TIME   RECORD YEAR NORMAL DEPARTURE LAST
                VALUE   (LST)  VALUE       VALUE  FROM      YEAR
                                                  NORMAL
..................................................................
TEMPERATURE (F)
 YESTERDAY
  MAXIMUM         77    440 PM  86    1908  67     10       71
  MINIMUM         56    540 AM  30    1974  46     10       57
                                      1956
  AVERAGE         67                        56     11

PRECIPITATION (IN)
  YESTERDAY        0.00          1.36 1986   0.14  -0.14     1.20
  MONTH TO DATE    1.69                      2.73  -1.04     3.91
  SINCE SEP 1      1.69                      2.73  -1.04     3.91
  SINCE JAN 1     31.01                     24.94   6.07    29.26

SNOWFALL (IN)
  YESTERDAY        0.0           0.0    MM   0.0    0.0      0.0
  MONTH TO DATE    0.0                       0.0    0.0      0.0
  SINCE JUL 1      0.0                       0.0    0.0      0.0
  SNOW DEPTH       0

DEGREE DAYS
 HEATING
  YESTERDAY        0                         9     -9        1
  MONTH TO DATE  109                       124    -15       45
  SINCE SEP 1    109                       124    -15       45
  SINCE JUL 1    167                       190    -23       67

 COOLING
  YESTERDAY        2                         0      2        0
  MONTH TO DATE   26                        29     -3       24
  SINCE SEP 1     26                        29     -3       24
  SINCE JAN 1    298                       404   -106      511
..................................................................


WIND (MPH)
  HIGHEST WIND SPEED    15   HIGHEST WIND DIRECTION     S (160)
  HIGHEST GUST SPEED    18   HIGHEST GUST DIRECTION     S (160)
  AVERAGE WIND SPEED     6.6


SKY COVER
  POSSIBLE SUNSHINE  MM
  AVERAGE SKY COVER 0.3


WEATHER CONDITIONS
 THE FOLLOWING WEATHER WAS RECORDED YESTERDAY.
  FOG


RELATIVE HUMIDITY (PERCENT)
 HIGHEST   100          1200 AM
 LOWEST     73          1100 AM
 AVERAGE    87

..........................................................


THE WAUSAU WI CLIMATE NORMALS FOR TODAY
                         NORMAL    RECORD    YEAR
 MAXIMUM TEMPERATURE (F)   66        94      1937
 MINIMUM TEMPERATURE (F)   45        29      1974


SUNRISE AND SUNSET
SEPTEMBER 22 2017.....SUNRISE   646 AM CDT   SUNSET   655 PM CDT
SEPTEMBER 23 2017.....SUNRISE   647 AM CDT   SUNSET   654 PM CDT


-  INDICATES NEGATIVE NUMBERS.
R  INDICATES RECORD WAS SET OR TIED.
MM INDICATES DATA IS MISSING.
T  INDICATES TRACE AMOUNT.




$$
