000
CDUS43 KGRB 290627
CLIAUW


CLIMATE REPORT
NATIONAL WEATHER SERVICE GREEN BAY
127 AM CDT THU SEP 29 2016


...................................

...THE WAUSAU WI CLIMATE SUMMARY FOR SEPTEMBER 28 2016...

CLIMATE NORMAL PERIOD 1981 TO 2010
CLIMATE RECORD PERIOD 1896 TO 2016


WEATHER ITEM   OBSERVED TIME   RECORD YEAR NORMAL DEPARTURE LAST
                VALUE   (LST)  VALUE       VALUE  FROM      YEAR
                                                  NORMAL
..................................................................
TEMPERATURE (F)
 YESTERDAY
  MAXIMUM         63    257 PM  83    1952  63      0       72
  MINIMUM         49    156 AM  24    1942  43      6       58
  AVERAGE         56                        53      3

PRECIPITATION (IN)
  YESTERDAY        0.00          1.15 1972   0.13  -0.13     0.22
  MONTH TO DATE    4.77                      3.66   1.11     5.21
  SINCE SEP 1      4.77                      3.66   1.11     5.21
  SINCE JAN 1     30.12                     25.87   4.25    27.20

SNOWFALL (IN)
  YESTERDAY        0.0           T    1908   0.0    0.0      0.0
  MONTH TO DATE    0.0                       0.0    0.0      0.0
  SINCE JUL 1      0.0                       0.0    0.0      0.0
  SNOW DEPTH       0

DEGREE DAYS
 HEATING
  YESTERDAY        9                        12     -3        0
  MONTH TO DATE   86                       201   -115       62
  SINCE SEP 1     86                       201   -115       62
  SINCE JUL 1    108                       267   -159      124

 COOLING
  YESTERDAY        0                         0      0        0
  MONTH TO DATE   24                        29     -5       97
  SINCE SEP 1     24                        29     -5       97
  SINCE JAN 1    511                       404    107      435
..................................................................


WIND (MPH)
  HIGHEST WIND SPEED    16   HIGHEST WIND DIRECTION    NE (50)
  HIGHEST GUST SPEED    25   HIGHEST GUST DIRECTION    NE (30)
  AVERAGE WIND SPEED     6.8


SKY COVER
  POSSIBLE SUNSHINE  MM
  AVERAGE SKY COVER 0.6


WEATHER CONDITIONS
 THE FOLLOWING WEATHER WAS RECORDED YESTERDAY.
  NO SIGNIFICANT WEATHER WAS OBSERVED.


RELATIVE HUMIDITY (PERCENT)
 HIGHEST    93          1200 AM
 LOWEST     56           300 PM
 AVERAGE    75

..........................................................


THE WAUSAU WI CLIMATE NORMALS FOR TODAY
                         NORMAL    RECORD    YEAR
 MAXIMUM TEMPERATURE (F)   63        85      1898
 MINIMUM TEMPERATURE (F)   42        21      1899


SUNRISE AND SUNSET
SEPTEMBER 29 2016.....SUNRISE   655 AM CDT   SUNSET   642 PM CDT
SEPTEMBER 30 2016.....SUNRISE   656 AM CDT   SUNSET   640 PM CDT


-  INDICATES NEGATIVE NUMBERS.
R  INDICATES RECORD WAS SET OR TIED.
MM INDICATES DATA IS MISSING.
T  INDICATES TRACE AMOUNT.




$$
