000
CDUS43 KGRB 230912
CLIAUW


CLIMATE REPORT
NATIONAL WEATHER SERVICE GREEN BAY
411 AM CDT THU OCT 23 2014


...................................

...THE WAUSAU WI CLIMATE SUMMARY FOR OCTOBER 22 2014...

CLIMATE NORMAL PERIOD 1981 TO 2010
CLIMATE RECORD PERIOD 1896 TO 2014


WEATHER ITEM   OBSERVED TIME   RECORD YEAR NORMAL DEPARTURE LAST
                VALUE   (LST)  VALUE       VALUE  FROM      YEAR
                                                  NORMAL
..................................................................
TEMPERATURE (F)
 YESTERDAY
  MAXIMUM         55    306 PM  80    1947  53      2       44
  MINIMUM         29    652 AM  16    1913  35     -6       31
  AVERAGE         42                        44     -2

PRECIPITATION (IN)
  YESTERDAY        0.00          1.05 1979   0.09  -0.09      T
  MONTH TO DATE    3.88                      2.25   1.63     3.89
  SINCE SEP 1      9.87                      6.15   3.72     6.65
  SINCE JAN 1     36.52                     28.36   8.16    34.28

SNOWFALL (IN)
  YESTERDAY        0.0           3.0  1917   0.1   -0.1       T
  MONTH TO DATE    T                         0.8   -0.8       T
  SINCE JUL 1      T                         0.8   -0.8       T
  SNOW DEPTH       0

DEGREE DAYS
 HEATING
  YESTERDAY       23                        21      2       27
  MONTH TO DATE  411                       382     29      323
  SINCE SEP 1    635                       609     26      495
  SINCE JUL 1    689                       675     14      551

 COOLING
  YESTERDAY        0                         0      0        0
  MONTH TO DATE    0                         0      0        0
  SINCE SEP 1     12                        30    -18       56
  SINCE JAN 1    338                       405    -67      506
..................................................................


WIND (MPH)
  HIGHEST WIND SPEED    14   HIGHEST WIND DIRECTION     S (160)
  HIGHEST GUST SPEED    19   HIGHEST GUST DIRECTION     S (170)
  AVERAGE WIND SPEED     6.8


SKY COVER
  POSSIBLE SUNSHINE  MM
  AVERAGE SKY COVER 0.0


WEATHER CONDITIONS
 THE FOLLOWING WEATHER WAS RECORDED YESTERDAY.
  NO SIGNIFICANT WEATHER WAS OBSERVED.


RELATIVE HUMIDITY (PERCENT)
 HIGHEST    96           800 AM
 LOWEST     41           300 PM
 AVERAGE    69

..........................................................


THE WAUSAU WI CLIMATE NORMALS FOR TODAY
                         NORMAL    RECORD    YEAR
 MAXIMUM TEMPERATURE (F)   52        80      1899
 MINIMUM TEMPERATURE (F)   34        14      1936


SUNRISE AND SUNSET
OCTOBER 23 2014.......SUNRISE   725 AM CDT   SUNSET   600 PM CDT
OCTOBER 24 2014.......SUNRISE   726 AM CDT   SUNSET   559 PM CDT


-  INDICATES NEGATIVE NUMBERS.
R  INDICATES RECORD WAS SET OR TIED.
MM INDICATES DATA IS MISSING.
T  INDICATES TRACE AMOUNT.




$$
