000
CDUS43 KGRB 182242
CLIAUW


CLIMATE REPORT
NATIONAL WEATHER SERVICE GREEN BAY
442 PM CST SAT NOV 18 2017


...................................

...THE WAUSAU WI CLIMATE SUMMARY FOR NOVEMBER 18 2017...
VALID TODAY AS OF 0400 PM LOCAL TIME.

CLIMATE NORMAL PERIOD 1981 TO 2010
CLIMATE RECORD PERIOD 1896 TO 2017


WEATHER ITEM   OBSERVED TIME   RECORD YEAR NORMAL DEPARTURE LAST
                VALUE   (LST)  VALUE       VALUE  FROM      YEAR
                                                  NORMAL
..................................................................
TEMPERATURE (F)
 TODAY
  MAXIMUM         36    252 PM  67    1941  39     -3       65
  MINIMUM         34    359 PM   5    1986  24     10       32
                                      1909
  AVERAGE         35                        31      4       49

PRECIPITATION (IN)
  TODAY            0.00          0.90 1957   0.07  -0.07     0.02
  MONTH TO DATE    1.18                      1.26  -0.08     0.05
  SINCE SEP 1      6.74                      8.10  -1.36     7.13
  SINCE JAN 1     36.06                     30.31   5.75    32.48

SNOWFALL (IN)
  TODAY            0.0           5.5  1957   0.2              T
  MONTH TO DATE    8.3                       2.9              T
  SINCE SEP 1      8.3                       4.3              T
  SINCE JUL 1      8.3                       4.3              T
  SNOW DEPTH       0

DEGREE DAYS
 HEATING
  TODAY           30                        34     -4       16
  MONTH TO DATE  624                       531     93      321
  SINCE SEP 1   1239                      1349   -110      870
  SINCE JUL 1   1297                      1415   -118      892

 COOLING
  TODAY            0                         0      0        0
  MONTH TO DATE    0                         0      0        0
  SINCE JAN 1    339                       407    -68      512
..................................................................


WIND (MPH)
  HIGHEST WIND SPEED    18   HIGHEST WIND DIRECTION     N (350)
  HIGHEST GUST SPEED    25   HIGHEST GUST DIRECTION     N (360)
  AVERAGE WIND SPEED     9.3


SKY COVER
  POSSIBLE SUNSHINE  MM
  AVERAGE SKY COVER 1.0


WEATHER CONDITIONS
 THE FOLLOWING WEATHER WAS RECORDED TODAY.
  FOG


RELATIVE HUMIDITY (PERCENT)
 HIGHEST   100          1200 AM
 LOWEST     70           300 PM
 AVERAGE    85

..........................................................


THE WAUSAU WI CLIMATE NORMALS FOR TOMORROW
                         NORMAL    RECORD    YEAR
 MAXIMUM TEMPERATURE (F)   38        63      1941
                                             1930
 MINIMUM TEMPERATURE (F)   23         0      1914


SUNRISE AND SUNSET
NOVEMBER 18 2017......SUNRISE   700 AM CST   SUNSET   427 PM CST
NOVEMBER 19 2017......SUNRISE   702 AM CST   SUNSET   426 PM CST


-  INDICATES NEGATIVE NUMBERS.
R  INDICATES RECORD WAS SET OR TIED.
MM INDICATES DATA IS MISSING.
T  INDICATES TRACE AMOUNT.




$$
