415
CDUS43 KGRB 110630
CLIAUW


CLIMATE REPORT
NATIONAL WEATHER SERVICE GREEN BAY
1229 AM CST THU FEB 11 2016


...................................

...THE WAUSAU WI CLIMATE SUMMARY FOR FEBRUARY 10 2016...

CLIMATE NORMAL PERIOD 1981 TO 2010
CLIMATE RECORD PERIOD 1896 TO 2016


WEATHER ITEM   OBSERVED TIME   RECORD YEAR NORMAL DEPARTURE LAST
                VALUE   (LST)  VALUE       VALUE  FROM      YEAR
                                                  NORMAL
..................................................................
TEMPERATURE (F)
 YESTERDAY
  MAXIMUM         14    428 PM  47    1977  27    -13       24
  MINIMUM          2   1145 PM -40    1899   9     -7        7
  AVERAGE          8                        18    -10

PRECIPITATION (IN)
  YESTERDAY        0.00          0.63 1953   0.03  -0.03     0.11
  MONTH TO DATE    0.48                      0.30   0.18     0.13
  SINCE DEC 1      6.27                      2.68   3.59     2.11
  SINCE JAN 1      1.32                      1.32   0.00     0.71

SNOWFALL (IN)
  YESTERDAY        0.0           7.0  1959   0.3   -0.3      1.7
  MONTH TO DATE    6.6                       3.6    3.0      2.3
  SINCE JUL 1     22.0                      39.3  -17.3     42.7
  SNOW DEPTH      10

DEGREE DAYS
 HEATING
  YESTERDAY       57                        47     10       49
  MONTH TO DATE  431                       484    -53      524
  SINCE DEC 1   2939                      3475   -536     3398
  SINCE JUL 1   4345                      5334   -989     5481

 COOLING
  YESTERDAY        0                         0      0        0
  MONTH TO DATE    0                         0      0        0
  SINCE DEC 1      0                         0      0        0
  SINCE JAN 1      0                         0      0        0
..................................................................


WIND (MPH)
  HIGHEST WIND SPEED    15   HIGHEST WIND DIRECTION    NW (330)
  HIGHEST GUST SPEED    21   HIGHEST GUST DIRECTION    NW (310)
  AVERAGE WIND SPEED     8.6


SKY COVER
  POSSIBLE SUNSHINE  MM
  AVERAGE SKY COVER 0.6


WEATHER CONDITIONS
 THE FOLLOWING WEATHER WAS RECORDED YESTERDAY.
  NO SIGNIFICANT WEATHER WAS OBSERVED.


RELATIVE HUMIDITY (PERCENT)
 HIGHEST    72          1100 PM
 LOWEST     46           300 PM
 AVERAGE    59

..........................................................


THE WAUSAU WI CLIMATE NORMALS FOR TODAY
                         NORMAL    RECORD    YEAR
 MAXIMUM TEMPERATURE (F)   27        48      1999
                                             1918
 MINIMUM TEMPERATURE (F)    9       -38      1899


SUNRISE AND SUNSET
FEBRUARY 11 2016......SUNRISE   706 AM CST   SUNSET   520 PM CST
FEBRUARY 12 2016......SUNRISE   704 AM CST   SUNSET   522 PM CST


-  INDICATES NEGATIVE NUMBERS.
R  INDICATES RECORD WAS SET OR TIED.
MM INDICATES DATA IS MISSING.
T  INDICATES TRACE AMOUNT.




$$
