000
CDUS43 KGRB 190633
CLIAUW


CLIMATE REPORT
NATIONAL WEATHER SERVICE GREEN BAY
133 AM CDT SAT APR 19 2014


...................................

...THE WAUSAU WI CLIMATE SUMMARY FOR APRIL 18 2014...

CLIMATE NORMAL PERIOD 1981 TO 2010
CLIMATE RECORD PERIOD 1896 TO 2014


WEATHER ITEM   OBSERVED TIME   RECORD YEAR NORMAL DEPARTURE LAST
                VALUE   (LST)  VALUE       VALUE  FROM      YEAR
                                                  NORMAL
..................................................................
TEMPERATURE (F)
 YESTERDAY
  MAXIMUM         49    445 PM  83    1987  56     -7       39
  MINIMUM         27    555 AM  16    1904  35     -8       35
  AVERAGE         38                        45     -7

PRECIPITATION (IN)
  YESTERDAY        0.00          1.25 2008   0.09  -0.09     0.38
  MONTH TO DATE    2.14                      1.52   0.62     2.93
  SINCE MAR 1      2.89                      3.28  -0.39     5.11
  SINCE JAN 1      5.83                      5.22   0.61     8.26

SNOWFALL (IN)
  YESTERDAY        0.0           3.0  1951   0.1   -0.1      0.0
  MONTH TO DATE    8.4                       2.9    5.5      6.7
  SINCE MAR 1     14.7                      12.9    1.8     19.4
  SINCE JUL 1     84.3                      58.2   26.1     75.4
  SNOW DEPTH       0

DEGREE DAYS
 HEATING
  YESTERDAY       27                        20      7       28
  MONTH TO DATE  514                       427     87      559
  SINCE MAR 1   1846                      1512    334     1811
  SINCE JUL 1   8793                      7648   1145     7635

 COOLING
  YESTERDAY        0                         0      0        0
  MONTH TO DATE    0                         0      0        0
  SINCE MAR 1      0                         0      0        0
  SINCE JAN 1      0                         0      0        0
..................................................................


WIND (MPH)
  HIGHEST WIND SPEED    15   HIGHEST WIND DIRECTION     E (110)
  HIGHEST GUST SPEED    20   HIGHEST GUST DIRECTION     E (110)
  AVERAGE WIND SPEED     5.6


SKY COVER
  POSSIBLE SUNSHINE  MM
  AVERAGE SKY COVER 0.2


WEATHER CONDITIONS
 THE FOLLOWING WEATHER WAS RECORDED YESTERDAY.
  NO SIGNIFICANT WEATHER WAS OBSERVED.


RELATIVE HUMIDITY (PERCENT)
 HIGHEST    92           600 AM
 LOWEST     29           200 PM
 AVERAGE    61

..........................................................


THE WAUSAU WI CLIMATE NORMALS FOR TODAY
                         NORMAL    RECORD    YEAR
 MAXIMUM TEMPERATURE (F)   57        81      1985
 MINIMUM TEMPERATURE (F)   35        15      1897


SUNRISE AND SUNSET
APRIL 19 2014.........SUNRISE   607 AM CDT   SUNSET   749 PM CDT
APRIL 20 2014.........SUNRISE   605 AM CDT   SUNSET   750 PM CDT


-  INDICATES NEGATIVE NUMBERS.
R  INDICATES RECORD WAS SET OR TIED.
MM INDICATES DATA IS MISSING.
T  INDICATES TRACE AMOUNT.




$$
