000
CDUS42 KGSP 010627
CLIAVL

CLIMATE REPORT
NATIONAL WEATHER SERVICE GREENVILLE-SPARTANBURG SC
226 AM EDT WED OCT 1 2014


...................................

...THE ASHEVILLE NC CLIMATE SUMMARY FOR SEPTEMBER 30 2014...

CLIMATE NORMAL PERIOD 1981 TO 2010
CLIMATE RECORD PERIOD 1869 TO 2014


WEATHER ITEM   OBSERVED TIME   RECORD YEAR NORMAL DEPARTURE LAST
                VALUE   (LST)  VALUE       VALUE  FROM      YEAR
                                                  NORMAL
..................................................................
TEMPERATURE (F)
 YESTERDAY
  MAXIMUM         79    353 PM  85    1981  73      6       73
                                      1941
                                      1897
  MINIMUM         57   1159 PM  30    1967  50      7       53
  AVERAGE         68                        61      7       63

PRECIPITATION (IN)
  YESTERDAY        0.00          2.52 1929   0.12  -0.12     0.00
  MONTH TO DATE    5.87                      3.81   2.06     3.05
  SINCE SEP 1      5.87                      3.81   2.06     3.05
  SINCE JAN 1     36.65                     35.42   1.23    61.81

SNOWFALL (IN)
  YESTERDAY        0.0           0.0    MM   0.0             0.0
  MONTH TO DATE    0.0                       0.0             0.0
  SINCE SEP 1      0.0                       0.0             0.0
  SINCE JUL 1      0.0                       0.0             0.0
  SNOW DEPTH       0

DEGREE DAYS
 HEATING
  YESTERDAY        0                         5     -5        2
  MONTH TO DATE   17                        53    -36       24
  SINCE SEP 1     17                        55    -38       24
  SINCE JUL 1     19                        57    -38       29

 COOLING
  YESTERDAY        3                         1      2        0
  MONTH TO DATE  152                        95     57      105
  SINCE SEP 1    152                        95     57      105
  SINCE JAN 1    904                       852     52      843
..................................................................


WIND (MPH)
  HIGHEST WIND SPEED    15   HIGHEST WIND DIRECTION    NW (330)
  HIGHEST GUST SPEED    24   HIGHEST GUST DIRECTION     N (340)
  AVERAGE WIND SPEED     5.8


SKY COVER
  POSSIBLE SUNSHINE  MM
  AVERAGE SKY COVER 0.4


WEATHER CONDITIONS
 THE FOLLOWING WEATHER WAS RECORDED YESTERDAY.
  FOG


RELATIVE HUMIDITY (PERCENT)
 HIGHEST    97          1200 AM
 LOWEST     37           200 PM
 AVERAGE    67

..........................................................


THE ASHEVILLE NC CLIMATE NORMALS FOR TODAY
                         NORMAL    RECORD    YEAR
 MAXIMUM TEMPERATURE (F)   72        86      1941
                                             1897
 MINIMUM TEMPERATURE (F)   50        29      1895


SUNRISE AND SUNSET
OCTOBER  1 2014.......SUNRISE   725 AM EDT   SUNSET   714 PM EDT
OCTOBER  2 2014.......SUNRISE   726 AM EDT   SUNSET   713 PM EDT


-  INDICATES NEGATIVE NUMBERS.
R  INDICATES RECORD WAS SET OR TIED.
MM INDICATES DATA IS MISSING.
T  INDICATES TRACE AMOUNT.

$$
