000
CDUS42 KGSP 152132
CLIAVL

CLIMATE REPORT
NATIONAL WEATHER SERVICE GREENVILLE-SPARTANBURG SC
431 PM EST FRI DEC 15 2017


...................................

...THE ASHEVILLE NC CLIMATE SUMMARY FOR DECEMBER 15 2017...
VALID TODAY AS OF 0400 PM LOCAL TIME.

CLIMATE NORMAL PERIOD 1981 TO 2010
CLIMATE RECORD PERIOD 1869 TO 2017


WEATHER ITEM   OBSERVED TIME   RECORD YEAR NORMAL DEPARTURE LAST
                VALUE   (LST)  VALUE       VALUE  FROM      YEAR
                                                  NORMAL
..................................................................
TEMPERATURE (F)
 TODAY
  MAXIMUM         38   1241 PM  72    1948  49    -11       34
  MINIMUM         30    838 AM   4    1914  29      1       20
  AVERAGE         34                        39     -5       27

PRECIPITATION (IN)
  TODAY            0.00          2.45 1901   0.11  -0.11     0.00
  MONTH TO DATE    1.52                      1.91  -0.39     1.94
  SINCE DEC 1      1.52                      1.91  -0.39     1.94
  SINCE JAN 1     53.15                     43.89   9.26    33.03

SNOWFALL (IN)
  TODAY            0.0           2.0  1871   0.0    0.0      0.0
  MONTH TO DATE    8.7                       0.2    8.5      0.0
  SINCE DEC 1      8.7                       0.2    8.5      0.0
  SINCE JUL 1      8.7                       0.3    8.4      0.0
  SNOW DEPTH       0

DEGREE DAYS
 HEATING
  TODAY           31                        26      5       38
  MONTH TO DATE  363                       362      1      380
  SINCE DEC 1    363                       362      1      380
  SINCE JUL 1   1081                      1229   -148      951

 COOLING
  TODAY            0                         0      0        0
  MONTH TO DATE    0                         0      0        0
  SINCE DEC 1      0                         0      0        0
  SINCE JAN 1   1042                       863    179     1317
..................................................................


WIND (MPH)
  HIGHEST WIND SPEED    24   HIGHEST WIND DIRECTION     N (340)
  HIGHEST GUST SPEED    28   HIGHEST GUST DIRECTION     N (340)
  AVERAGE WIND SPEED     7.5


SKY COVER
  POSSIBLE SUNSHINE  MM
  AVERAGE SKY COVER 0.0


WEATHER CONDITIONS
 THE FOLLOWING WEATHER WAS RECORDED TODAY.
  NO SIGNIFICANT WEATHER WAS OBSERVED.


RELATIVE HUMIDITY (PERCENT)
 HIGHEST    85          1200 AM
 LOWEST     64          1200 PM
 AVERAGE    75

..........................................................


THE ASHEVILLE NC CLIMATE NORMALS FOR TOMORROW
                         NORMAL    RECORD    YEAR
 MAXIMUM TEMPERATURE (F)   49        71      1971
 MINIMUM TEMPERATURE (F)   29         4      1914


SUNRISE AND SUNSET
DECEMBER 15 2017......SUNRISE   732 AM EST   SUNSET   519 PM EST
DECEMBER 16 2017......SUNRISE   733 AM EST   SUNSET   519 PM EST


-  INDICATES NEGATIVE NUMBERS.
R  INDICATES RECORD WAS SET OR TIED.
MM INDICATES DATA IS MISSING.
T  INDICATES TRACE AMOUNT.




$$
