000
CDUS42 KGSP 242031 RRA
CLIAVL

CLIMATE REPORT
NATIONAL WEATHER SERVICE GREENVILLE-SPARTANBURG SC
429 PM EDT SAT JUN 24 2017


...................................

...THE ASHEVILLE NC CLIMATE SUMMARY FOR JUNE 24 2017...
VALID TODAY AS OF 0400 PM LOCAL TIME.

CLIMATE NORMAL PERIOD 1981 TO 2010
CLIMATE RECORD PERIOD 1869 TO 2017


WEATHER ITEM   OBSERVED TIME   RECORD YEAR NORMAL DEPARTURE LAST
                VALUE   (LST)  VALUE       VALUE  FROM      YEAR
                                                  NORMAL
..................................................................
TEMPERATURE (F)
 TODAY
  MAXIMUM         79   1258 PM  94    1952  83     -4       89
  MINIMUM         67    547 AM  48    1947  62      5       68
                                      1918
  AVERAGE         73                        72      1       79

PRECIPITATION (IN)
  TODAY            0.27          1.49 1980   0.15   0.12     0.01
  MONTH TO DATE    2.26                      3.70  -1.44     1.29
  SINCE JUN 1      2.26                      3.70  -1.44     1.29
  SINCE JAN 1     25.28                     21.95   3.33    16.17

SNOWFALL (IN)
  TODAY            0.0           0.0    MM   0.0    0.0      0.0
  MONTH TO DATE    0.0                       0.0    0.0      0.0
  SINCE JUN 1      0.0                       0.0    0.0      0.0
  SINCE JUL 1      9.4                       9.9   -0.5     13.9
  SNOW DEPTH       0

DEGREE DAYS
 HEATING
  TODAY            0                         0      0        0
  MONTH TO DATE    0                        11    -11        0
  SINCE JUN 1      0                        11    -11        0
  SINCE JUL 1   3123                      4192  -1069     3456

 COOLING
  TODAY            8                         7      1       14
  MONTH TO DATE  165                       132     33      211
  SINCE JUN 1    165                       132     33      211
  SINCE JAN 1    264                       190     74      284
..................................................................


WIND (MPH)
  HIGHEST WIND SPEED    15   HIGHEST WIND DIRECTION    NW (330)
  HIGHEST GUST SPEED    20   HIGHEST GUST DIRECTION    NW (330)
  AVERAGE WIND SPEED     4.6


SKY COVER
  POSSIBLE SUNSHINE  MM
  AVERAGE SKY COVER 0.5


WEATHER CONDITIONS
 THE FOLLOWING WEATHER WAS RECORDED TODAY.
  THUNDERSTORM
  HEAVY RAIN
  RAIN
  LIGHT RAIN
  FOG
  HAZE


RELATIVE HUMIDITY (PERCENT)
 HIGHEST    93           500 AM
 LOWEST     62          1200 PM
 AVERAGE    78

..........................................................


THE ASHEVILLE NC CLIMATE NORMALS FOR TOMORROW
                         NORMAL    RECORD    YEAR
 MAXIMUM TEMPERATURE (F)   83        96      1952
 MINIMUM TEMPERATURE (F)   62        45      1972


SUNRISE AND SUNSET
JUNE 24 2017..........SUNRISE   616 AM EDT   SUNSET   849 PM EDT
JUNE 25 2017..........SUNRISE   617 AM EDT   SUNSET   849 PM EDT


-  INDICATES NEGATIVE NUMBERS.
R  INDICATES RECORD WAS SET OR TIED.
MM INDICATES DATA IS MISSING.
T  INDICATES TRACE AMOUNT.

$$
