000
CDUS42 KGSP 012033
CLIAVL

CLIMATE REPORT
NATIONAL WEATHER SERVICE GREENVILLE-SPARTANBURG SC
433 PM EDT FRI AUG 1 2014


...................................

...THE ASHEVILLE NC CLIMATE SUMMARY FOR AUGUST 1 2014...
VALID TODAY AS OF 0430 PM LOCAL TIME.

CLIMATE NORMAL PERIOD 1981 TO 2010
CLIMATE RECORD PERIOD 1869 TO 2014


WEATHER ITEM   OBSERVED TIME   RECORD YEAR NORMAL DEPARTURE LAST
                VALUE   (LST)  VALUE       VALUE  FROM      YEAR
                                                  NORMAL
..................................................................
TEMPERATURE (F)
 TODAY
  MAXIMUM         73    208 PM  92    1988  84    -11       82
                                      1987
                                      1931
  MINIMUM         62    643 AM  49    1997  64     -2       66
                                      1895
  AVERAGE         68                        74     -6       74

PRECIPITATION (IN)
  TODAY            0.14          1.97 1948   0.13   0.01     0.57
  MONTH TO DATE    0.14                      0.13   0.01     0.57
  SINCE JUN 1     10.46                      9.09   1.37    23.23
  SINCE JAN 1     26.97                     27.34  -0.37    52.35

SNOWFALL (IN)
  TODAY            0.0           0.0    MM   0.0    0.0      0.0
  MONTH TO DATE    0.0                       0.0    0.0      0.0
  SINCE JUN 1      0.0                       0.0    0.0      0.0
  SINCE JUL 1      0.0                       0.0    0.0      0.0
  SNOW DEPTH       0

DEGREE DAYS
 HEATING
  TODAY            0                         0      0        0
  MONTH TO DATE    0                         0      0        0
  SINCE JUN 1      2                        14    -12        0
  SINCE JUL 1      2                         0      2        0

 COOLING
  TODAY            3                         9     -6        9
  MONTH TO DATE    3                         9     -6        9
  SINCE JUN 1    437                       461    -24      481
  SINCE JAN 1    518                       519     -1      532
..................................................................


WIND (MPH)
  HIGHEST WIND SPEED    10   HIGHEST WIND DIRECTION    NE (40)
  HIGHEST GUST SPEED    17   HIGHEST GUST DIRECTION    NE (40)
  AVERAGE WIND SPEED     4.1


SKY COVER
  POSSIBLE SUNSHINE  MM
  AVERAGE SKY COVER 0.9


WEATHER CONDITIONS
 THE FOLLOWING WEATHER WAS RECORDED TODAY.
  RAIN
  LIGHT RAIN
  FOG


RELATIVE HUMIDITY (PERCENT)
 HIGHEST    93          1200 AM
 LOWEST     64           200 PM
 AVERAGE    79

..........................................................


THE ASHEVILLE NC CLIMATE NORMALS FOR TOMORROW
                         NORMAL    RECORD    YEAR
 MAXIMUM TEMPERATURE (F)   84        93      2006
                                             1942
 MINIMUM TEMPERATURE (F)   64        48      1895


SUNRISE AND SUNSET
AUGUST  1 2014........SUNRISE   639 AM EDT   SUNSET   834 PM EDT
AUGUST  2 2014........SUNRISE   639 AM EDT   SUNSET   833 PM EDT


-  INDICATES NEGATIVE NUMBERS.
R  INDICATES RECORD WAS SET OR TIED.
MM INDICATES DATA IS MISSING.
T  INDICATES TRACE AMOUNT.

$$

OUTLAW
