000
CDUS42 KGSP 230636
CLIAVL

CLIMATE REPORT
NATIONAL WEATHER SERVICE GREENVILLE-SPARTANBURG SC
235 AM EDT WED JUL 23 2014


...................................

...THE ASHEVILLE NC CLIMATE SUMMARY FOR JULY 22 2014...

CLIMATE NORMAL PERIOD 1981 TO 2010
CLIMATE RECORD PERIOD 1869 TO 2014


WEATHER ITEM   OBSERVED TIME   RECORD YEAR NORMAL DEPARTURE LAST
                VALUE   (LST)  VALUE       VALUE  FROM      YEAR
                                                  NORMAL
..................................................................
TEMPERATURE (F)
 YESTERDAY
  MAXIMUM         81    447 PM  96    1926  84     -3       81
  MINIMUM         66    605 AM  52    1966  64      2       66
  AVERAGE         74                        74      0       74

PRECIPITATION (IN)
  YESTERDAY        0.01          1.66 1946   0.14  -0.13     0.83
  MONTH TO DATE    3.46                      3.07   0.39    11.74
  SINCE JUN 1      8.85                      7.72   1.13    20.71
  SINCE JAN 1     25.36                     25.97  -0.61    49.83

SNOWFALL (IN)
  YESTERDAY        0.0           0.0    MM   0.0             0.0
  MONTH TO DATE    0.0                       0.0             0.0
  SINCE JUN 1      0.0                       0.0             0.0
  SINCE JUL 1      0.0                       0.0             0.0
  SNOW DEPTH       0

DEGREE DAYS
 HEATING
  YESTERDAY        0                         0      0        0
  MONTH TO DATE    1                         0      1        0
  SINCE JUN 1      1                        14    -13        0
  SINCE JUL 1      1                         0      1        0

 COOLING
  YESTERDAY        9                         9      0        9
  MONTH TO DATE  149                       194    -45      199
  SINCE JUN 1    375                       371      4      401
  SINCE JAN 1    456                       429     27      452
..................................................................


WIND (MPH)
  HIGHEST WIND SPEED     9   HIGHEST WIND DIRECTION     S (180)
  HIGHEST GUST SPEED    13   HIGHEST GUST DIRECTION     S (170)
  AVERAGE WIND SPEED     2.0


SKY COVER
  POSSIBLE SUNSHINE  MM
  AVERAGE SKY COVER 0.8


WEATHER CONDITIONS
 THE FOLLOWING WEATHER WAS RECORDED YESTERDAY.
  LIGHT RAIN
  FOG


RELATIVE HUMIDITY (PERCENT)
 HIGHEST   100          1200 AM
 LOWEST     62           400 PM
 AVERAGE    81

..........................................................


THE ASHEVILLE NC CLIMATE NORMALS FOR TODAY
                         NORMAL    RECORD    YEAR
 MAXIMUM TEMPERATURE (F)   84        95      1983
                                             1952
                                             1934
 MINIMUM TEMPERATURE (F)   64        50      1966


SUNRISE AND SUNSET
JULY 23 2014..........SUNRISE   632 AM EDT   SUNSET   841 PM EDT
JULY 24 2014..........SUNRISE   633 AM EDT   SUNSET   840 PM EDT


-  INDICATES NEGATIVE NUMBERS.
R  INDICATES RECORD WAS SET OR TIED.
MM INDICATES DATA IS MISSING.
T  INDICATES TRACE AMOUNT.




$$
