000
CDUS42 KGSP 030633 RRB
CLIAVL

CLIMATE REPORT
NATIONAL WEATHER SERVICE GREENVILLE-SPARTANBURG SC
232 AM EDT THU SEP 3 2015


...................................

...THE ASHEVILLE NC CLIMATE SUMMARY FOR SEPTEMBER 2 2015...

CLIMATE NORMAL PERIOD 1981 TO 2010
CLIMATE RECORD PERIOD 1869 TO 2015


WEATHER ITEM   OBSERVED TIME   RECORD YEAR NORMAL DEPARTURE LAST
                VALUE   (LST)  VALUE       VALUE  FROM      YEAR
                                                  NORMAL
..................................................................
TEMPERATURE (F)
 YESTERDAY
  MAXIMUM         88    201 PM  91    2011  81      7       86
  MINIMUM         64    603 AM  45    1967  60      4       65
  AVERAGE         76                        70      6       76

PRECIPITATION (IN)
  YESTERDAY        0.00          1.40 1870   0.13  -0.13     0.95
  MONTH TO DATE    0.00                      0.27  -0.27     0.95
  SINCE SEP 1      0.00                      0.27  -0.27     0.95
  SINCE JAN 1     26.10                     31.88  -5.78    31.73

SNOWFALL (IN)
  YESTERDAY        0.0           0.0    MM   0.0             0.0
  MONTH TO DATE    0.0                       0.0             0.0
  SINCE SEP 1      0.0                       0.0             0.0
  SINCE JUL 1      0.0                       0.0             0.0
  SNOW DEPTH       0

DEGREE DAYS
 HEATING
  YESTERDAY        0                         0      0        0
  MONTH TO DATE    0                         0      0        0
  SINCE SEP 1      0                         0      0        0
  SINCE JUL 1      0                         2     -2        2

 COOLING
  YESTERDAY       11                         6      5       11
  MONTH TO DATE   21                        12      9       23
  SINCE SEP 1     21                        12      9       23
  SINCE JAN 1   1026                       769    257      775
..................................................................


WIND (MPH)
  HIGHEST WIND SPEED    12   HIGHEST WIND DIRECTION     S (190)
  HIGHEST GUST SPEED    15   HIGHEST GUST DIRECTION     S (180)
  AVERAGE WIND SPEED     2.6


SKY COVER
  POSSIBLE SUNSHINE  MM
  AVERAGE SKY COVER 0.3


WEATHER CONDITIONS
 THE FOLLOWING WEATHER WAS RECORDED YESTERDAY.
  THUNDERSTORM
  FOG


RELATIVE HUMIDITY (PERCENT)
 HIGHEST    93           200 AM
 LOWEST     42           100 PM
 AVERAGE    68

..........................................................


THE ASHEVILLE NC CLIMATE NORMALS FOR TODAY
                         NORMAL    RECORD    YEAR
 MAXIMUM TEMPERATURE (F)   81        90      1975
                                             1961
                                             1954
 MINIMUM TEMPERATURE (F)   60        44      1967


SUNRISE AND SUNSET
SEPTEMBER  3 2015.....SUNRISE   704 AM EDT   SUNSET   755 PM EDT
SEPTEMBER  4 2015.....SUNRISE   705 AM EDT   SUNSET   753 PM EDT


-  INDICATES NEGATIVE NUMBERS.
R  INDICATES RECORD WAS SET OR TIED.
MM INDICATES DATA IS MISSING.
T  INDICATES TRACE AMOUNT.




$$
