000
CDUS42 KGSP 300636
CLIAVL

CLIMATE REPORT
NATIONAL WEATHER SERVICE GREENVILLE-SPARTANBURG SC
236 AM EDT FRI SEP 30 2016


...................................

...THE ASHEVILLE NC CLIMATE SUMMARY FOR SEPTEMBER 29 2016...

CLIMATE NORMAL PERIOD 1981 TO 2010
CLIMATE RECORD PERIOD 1869 TO 2016


WEATHER ITEM   OBSERVED TIME   RECORD YEAR NORMAL DEPARTURE LAST
                VALUE   (LST)  VALUE       VALUE  FROM      YEAR
                                                  NORMAL
..................................................................
TEMPERATURE (F)
 YESTERDAY
  MAXIMUM         77    245 PM  87    1904  73      4       74
  MINIMUM         50    627 AM  35    1967  51     -1       65
                                      1909
  AVERAGE         64                        62      2       70

PRECIPITATION (IN)
  YESTERDAY        0.00          4.40 1964   0.12  -0.12     1.29
  MONTH TO DATE    0.58                      3.69  -3.11     4.38
  SINCE SEP 1      0.58                      3.69  -3.11     4.38
  SINCE JAN 1     29.03                     35.30  -6.27    30.48

SNOWFALL (IN)
  YESTERDAY        0.0           0.0    MM   0.0             0.0
  MONTH TO DATE    0.0                       0.0             0.0
  SINCE SEP 1      0.0                       0.0             0.0
  SINCE JUL 1      0.0                       0.0             0.0
  SNOW DEPTH       0

DEGREE DAYS
 HEATING
  YESTERDAY        1                         4     -3        0
  MONTH TO DATE    1                        48    -47       35
  SINCE SEP 1      1                        48    -47       35
  SINCE JUL 1      1                        50    -49       35

 COOLING
  YESTERDAY        0                         1     -1        5
  MONTH TO DATE  219                        94    125      131
  SINCE SEP 1    219                        94    125      131
  SINCE JAN 1   1302                       851    451     1136
..................................................................


WIND (MPH)
  HIGHEST WIND SPEED    20   HIGHEST WIND DIRECTION     N (340)
  HIGHEST GUST SPEED    23   HIGHEST GUST DIRECTION     N (340)
  AVERAGE WIND SPEED     7.2


SKY COVER
  POSSIBLE SUNSHINE  MM
  AVERAGE SKY COVER 0.4


WEATHER CONDITIONS
 THE FOLLOWING WEATHER WAS RECORDED YESTERDAY.
  HAZE


RELATIVE HUMIDITY (PERCENT)
 HIGHEST    93           100 AM
 LOWEST     38           300 PM
 AVERAGE    66

..........................................................


THE ASHEVILLE NC CLIMATE NORMALS FOR TODAY
                         NORMAL    RECORD    YEAR
 MAXIMUM TEMPERATURE (F)   73        85      1981
                                             1941
                                             1897
 MINIMUM TEMPERATURE (F)   50        30      1967


SUNRISE AND SUNSET
SEPTEMBER 30 2016.....SUNRISE   725 AM EDT   SUNSET   715 PM EDT
OCTOBER  1 2016.......SUNRISE   725 AM EDT   SUNSET   713 PM EDT


-  INDICATES NEGATIVE NUMBERS.
R  INDICATES RECORD WAS SET OR TIED.
MM INDICATES DATA IS MISSING.
T  INDICATES TRACE AMOUNT.




$$
