000
CDUS42 KGSP 250638
CLIAVL

CLIMATE REPORT
NATIONAL WEATHER SERVICE GREENVILLE-SPARTANBURG SC
237 AM EDT MON MAY 25 2015


...................................

...THE ASHEVILLE NC CLIMATE SUMMARY FOR MAY 24 2015...

CLIMATE NORMAL PERIOD 1981 TO 2010
CLIMATE RECORD PERIOD 1869 TO 2015


WEATHER ITEM   OBSERVED TIME   RECORD YEAR NORMAL DEPARTURE LAST
                VALUE   (LST)  VALUE       VALUE  FROM      YEAR
                                                  NORMAL
..................................................................
TEMPERATURE (F)
 YESTERDAY
  MAXIMUM         77    342 PM  90    1939  77      0       79
                                      1903
  MINIMUM         49    433 AM  36    1931  54     -5       56
  AVERAGE         63                        65     -2       68

PRECIPITATION (IN)
  YESTERDAY        0.00          2.28 1959   0.11  -0.11     0.00
  MONTH TO DATE    0.20                      2.78  -2.58     2.64
  SINCE MAR 1      7.26                      9.94  -2.68    10.03
  SINCE JAN 1     13.10                     17.37  -4.27    15.38

SNOWFALL (IN)
  YESTERDAY        0.0           0.0    MM   0.0             0.0
  MONTH TO DATE    0.0                       0.0             0.0
  SINCE MAR 1      T                         2.6             0.4
  SINCE JUL 1     13.3                       9.9             9.8
  SNOW DEPTH       0

DEGREE DAYS
 HEATING
  YESTERDAY        2                         2      0        0
  MONTH TO DATE   43                        97    -54       81
  SINCE MAR 1    674                       952   -278      973
  SINCE JUL 1   3983                      4169   -186     4292

 COOLING
  YESTERDAY        0                         2     -2        3
  MONTH TO DATE   66                        32     34       47
  SINCE MAR 1     85                        40     45       49
  SINCE JAN 1     85                        40     45       49
..................................................................


WIND (MPH)
  HIGHEST WIND SPEED    14   HIGHEST WIND DIRECTION     S (160)
  HIGHEST GUST SPEED    20   HIGHEST GUST DIRECTION     S (180)
  AVERAGE WIND SPEED     5.7


SKY COVER
  POSSIBLE SUNSHINE  MM
  AVERAGE SKY COVER 0.1


WEATHER CONDITIONS
 THE FOLLOWING WEATHER WAS RECORDED YESTERDAY.
  NO SIGNIFICANT WEATHER WAS OBSERVED.


RELATIVE HUMIDITY (PERCENT)
 HIGHEST    86           300 AM
 LOWEST     36           200 PM
 AVERAGE    61

..........................................................


THE ASHEVILLE NC CLIMATE NORMALS FOR TODAY
                         NORMAL    RECORD    YEAR
 MAXIMUM TEMPERATURE (F)   77        89      1896
 MINIMUM TEMPERATURE (F)   54        39      1925


SUNRISE AND SUNSET
MAY 25 2015...........SUNRISE   619 AM EDT   SUNSET   835 PM EDT
MAY 26 2015...........SUNRISE   619 AM EDT   SUNSET   836 PM EDT


-  INDICATES NEGATIVE NUMBERS.
R  INDICATES RECORD WAS SET OR TIED.
MM INDICATES DATA IS MISSING.
T  INDICATES TRACE AMOUNT.




$$
