000
CDUS42 KGSP 032033
CLIAVL

CLIMATE REPORT
NATIONAL WEATHER SERVICE GREENVILLE-SPARTANBURG SC
431 PM EDT MON AUG 3 2015


...................................

...THE ASHEVILLE NC CLIMATE SUMMARY FOR AUGUST 3 2015...VALID TODAY
AS OF 430 PM LOCAL TIME.

CLIMATE NORMAL PERIOD 1981 TO 2010
CLIMATE RECORD PERIOD 1869 TO 2015


WEATHER ITEM   OBSERVED TIME   RECORD YEAR NORMAL DEPARTURE LAST
                VALUE   (LST)  VALUE       VALUE  FROM      YEAR
                                                  NORMAL
..................................................................
TEMPERATURE (F)
 TODAY
  MAXIMUM         90    329 PM  94    1957  84      6       83
  MINIMUM         61    555 AM  50    1998  64     -3       64
  AVERAGE         76                        74      2       74

PRECIPITATION (IN)
  TODAY            0.00          2.66 1966   0.14  -0.14      T
  MONTH TO DATE    0.00                      0.41  -0.41     0.16
  SINCE JUN 1      9.08                      9.37  -0.29    10.48
  SINCE JAN 1     23.33                     27.62  -4.29    26.99

SNOWFALL (IN)
  TODAY            0.0           0.0    MM   0.0    0.0      0.0
  MONTH TO DATE    0.0                       0.0    0.0      0.0
  SINCE JUN 1      0.0                       0.0    0.0      0.0
  SINCE JUL 1      0.0                       0.0    0.0      0.0
  SNOW DEPTH       0

DEGREE DAYS
 HEATING
  TODAY            0                         0      0        0
  MONTH TO DATE    0                         0      0        0
  SINCE JUN 1      0                        14    -14        2
  SINCE JUL 1      0                         0      0        2

 COOLING
  TODAY           11                         9      2        9
  MONTH TO DATE   28                        27      1       17
  SINCE JUN 1    631                       479    152      451
  SINCE JAN 1    753                       537    216      532
..................................................................


WIND (MPH)
  HIGHEST WIND SPEED    12   HIGHEST WIND DIRECTION     N (350)
  HIGHEST GUST SPEED    15   HIGHEST GUST DIRECTION     N (350)
  AVERAGE WIND SPEED     3.2


SKY COVER
  POSSIBLE SUNSHINE  MM
  AVERAGE SKY COVER 0.1


WEATHER CONDITIONS
 THE FOLLOWING WEATHER WAS RECORDED TODAY.
  HAZE


RELATIVE HUMIDITY (PERCENT)
 HIGHEST    97           600 AM
 LOWEST     34           200 PM
 AVERAGE    66

..........................................................


THE ASHEVILLE NC CLIMATE NORMALS FOR TOMORROW
                         NORMAL    RECORD    YEAR
 MAXIMUM TEMPERATURE (F)   84        93      2008
 MINIMUM TEMPERATURE (F)   64        49      1998
                                             1907


SUNRISE AND SUNSET
AUGUST  3 2015........SUNRISE   640 AM EDT   SUNSET   832 PM EDT
AUGUST  4 2015........SUNRISE   641 AM EDT   SUNSET   831 PM EDT


-  INDICATES NEGATIVE NUMBERS.
R  INDICATES RECORD WAS SET OR TIED.
MM INDICATES DATA IS MISSING.
T  INDICATES TRACE AMOUNT.




$$
