000
CDUS41 KBGM 060727
CLIAVP


CLIMATE REPORT
NATIONAL WEATHER SERVICE BINGHAMTON NY
223 AM EST FRI MAR 6 2015


...................................

...THE AVOCA PA CLIMATE SUMMARY FOR MARCH 5 2015...

CLIMATE NORMAL PERIOD 1981 TO 2010
CLIMATE RECORD PERIOD 1901 TO 2015


WEATHER ITEM   OBSERVED TIME   RECORD YEAR NORMAL DEPARTURE LAST
                VALUE   (LST)  VALUE       VALUE  FROM      YEAR
                                                  NORMAL
..................................................................
TEMPERATURE (F)
 YESTERDAY
  MAXIMUM         34   1209 AM  69    1976  42     -8       30
  MINIMUM         10   1159 PM   2    1948  24    -14       15
  AVERAGE         22                        33    -11       23

PRECIPITATION (IN)
  YESTERDAY        0.06          1.91 1920   0.08  -0.02     0.00
  MONTH TO DATE    0.51                      0.36   0.15      T
  SINCE MAR 1      0.51                      0.36   0.15      T
  SINCE JAN 1      3.51                      4.76  -1.25     4.88

SNOWFALL (IN)
  YESTERDAY        0.6           4.2  2001   0.3    0.3      0.0
  MONTH TO DATE    3.2                       1.8    1.4       T
  SINCE MAR 1      3.2                       1.8    1.4       T
  SINCE JUL 1     45.3                      35.7    9.6     55.8

DEGREE DAYS
 HEATING
  YESTERDAY       43                        32     11       42
  MONTH TO DATE  202                       162     40      229
  SINCE MAR 1    202                       162     40      229
  SINCE JUL 1   4899                      4768    131     5052

 COOLING
  YESTERDAY        0                         0      0        0
  MONTH TO DATE    0                         0      0        0
  SINCE MAR 1      0                         0      0        0
  SINCE JAN 1      0                         0      0        0
..................................................................


WIND (MPH)
  HIGHEST WIND SPEED    24   HIGHEST WIND DIRECTION     N (340)
  HIGHEST GUST SPEED    31   HIGHEST GUST DIRECTION    NW (330)
  AVERAGE WIND SPEED    11.3


SKY COVER
  AVERAGE SKY COVER 0.8



RELATIVE HUMIDITY (PERCENT)
 HIGHEST    85           100 AM
 LOWEST     49          1000 AM
 AVERAGE    67

..........................................................


THE AVOCA PA CLIMATE NORMALS FOR TODAY
                         NORMAL    RECORD    YEAR
 MAXIMUM TEMPERATURE (F)   42        71      1946
 MINIMUM TEMPERATURE (F)   25         0      1948


SUNRISE AND SUNSET
MARCH  6 2015.........SUNRISE   630 AM EST   SUNSET   559 PM EST
MARCH  7 2015.........SUNRISE   628 AM EST   SUNSET   600 PM EST


-  INDICATES NEGATIVE NUMBERS.
R  INDICATES RECORD WAS SET OR TIED.
MM INDICATES DATA IS MISSING.
T  INDICATES TRACE AMOUNT.




$$
