000
CDUS41 KBGM 200527
CLIAVP


CLIMATE REPORT
NATIONAL WEATHER SERVICE BINGHAMTON NY
127 AM EDT WED SEP 20 2017


...................................

...THE AVOCA PA CLIMATE SUMMARY FOR SEPTEMBER 19 2017...

CLIMATE NORMAL PERIOD 1981 TO 2010
CLIMATE RECORD PERIOD 1901 TO 2017


WEATHER ITEM   OBSERVED TIME   RECORD YEAR NORMAL DEPARTURE LAST
                VALUE   (LST)  VALUE       VALUE  FROM      YEAR
                                                  NORMAL
..................................................................
TEMPERATURE (F)
 YESTERDAY
  MAXIMUM         84    237 PM  90    1983  71     13       79
  MINIMUM         62    502 AM  34    1959  51     11       66
  AVERAGE         73                        61     12       73

PRECIPITATION (IN)
  YESTERDAY        0.00          0.88 1960   0.14  -0.14     0.35
  MONTH TO DATE    1.65                      2.52  -0.87     1.81
  SINCE SEP 1      1.65                      2.52  -0.87     1.81
  SINCE JAN 1     31.77                     27.55   4.22    23.37

SNOWFALL (IN)
  YESTERDAY        0.0           0.0    MM   0.0    0.0      0.0
  MONTH TO DATE    0.0                       0.0    0.0      0.0
  SINCE SEP 1      0.0                       0.0    0.0      0.0
  SINCE JUL 1      0.0                       0.0    0.0      0.0

DEGREE DAYS
 HEATING
  YESTERDAY        0                         5     -5        0
  MONTH TO DATE   64                        57      7        8
  SINCE SEP 1     64                        57      7        8
  SINCE JUL 1     81                        83     -2        9

 COOLING
  YESTERDAY        8                         1      7        8
  MONTH TO DATE   53                        43     10      104
  SINCE SEP 1     53                        43     10      104
  SINCE JAN 1    692                       567    125      970
..................................................................


WIND (MPH)
  HIGHEST WIND SPEED    12   HIGHEST WIND DIRECTION    NE (50)
  HIGHEST GUST SPEED    17   HIGHEST GUST DIRECTION    NE (40)
  AVERAGE WIND SPEED     4.9


SKY COVER
  AVERAGE SKY COVER 0.5



RELATIVE HUMIDITY (PERCENT)
 HIGHEST    93           100 AM
 LOWEST     43           300 PM
 AVERAGE    68

..........................................................


THE AVOCA PA CLIMATE NORMALS FOR TODAY
                         NORMAL    RECORD    YEAR
 MAXIMUM TEMPERATURE (F)   71        91      1983
 MINIMUM TEMPERATURE (F)   51        33      1993


SUNRISE AND SUNSET
SEPTEMBER 20 2017.....SUNRISE   649 AM EDT   SUNSET   703 PM EDT
SEPTEMBER 21 2017.....SUNRISE   650 AM EDT   SUNSET   701 PM EDT


-  INDICATES NEGATIVE NUMBERS.
R  INDICATES RECORD WAS SET OR TIED.
MM INDICATES DATA IS MISSING.
T  INDICATES TRACE AMOUNT.




$$
