000
CDUS41 KBGM 150557
CLIAVP


CLIMATE REPORT
NATIONAL WEATHER SERVICE BINGHAMTON NY
1256 AM EST FRI DEC 15 2017


...................................

...THE AVOCA PA CLIMATE SUMMARY FOR DECEMBER 14 2017...

CLIMATE NORMAL PERIOD 1981 TO 2010
CLIMATE RECORD PERIOD 1901 TO 2017


WEATHER ITEM   OBSERVED TIME   RECORD YEAR NORMAL DEPARTURE LAST
                VALUE   (LST)  VALUE       VALUE  FROM      YEAR
                                                  NORMAL
..................................................................
TEMPERATURE (F)
 YESTERDAY
  MAXIMUM         25    235 PM  66    2015  38    -13       33
  MINIMUM         11   1159 PM  -5    2005  24    -13       24
  AVERAGE         18                        31    -13       29

PRECIPITATION (IN)
  YESTERDAY        0.09          1.26 1956   0.09   0.00      T
  MONTH TO DATE    0.70                      1.34  -0.64     0.97
  SINCE DEC 1      0.70                      1.34  -0.64     0.97
  SINCE JAN 1     36.53                     36.92  -0.39    30.21

SNOWFALL (IN)
  YESTERDAY       MM             6.5  2003   0.2   MM         T
  MONTH TO DATE    3.3                       2.5    0.8      3.8
  SINCE DEC 1      3.3                       2.5    0.8      3.8
  SINCE JUL 1      3.4                       5.5   -2.1      9.5

DEGREE DAYS
 HEATING
  YESTERDAY       47                        34     13       36
  MONTH TO DATE  447                       444      3      419
  SINCE DEC 1    447                       444      3      419
  SINCE JUL 1   1487                      1757   -270     1437

 COOLING
  YESTERDAY        0                         0      0        0
  MONTH TO DATE    0                         0      0        0
  SINCE DEC 1      0                         0      0        0
  SINCE JAN 1    804                       580    224      998
..................................................................


WIND (MPH)
  HIGHEST WIND SPEED    21   HIGHEST WIND DIRECTION    NW (330)
  HIGHEST GUST SPEED    26   HIGHEST GUST DIRECTION    NW (330)
  AVERAGE WIND SPEED     7.0


SKY COVER
  AVERAGE SKY COVER 0.6



RELATIVE HUMIDITY (PERCENT)
 HIGHEST    91          1200 AM
 LOWEST     46           300 PM
 AVERAGE    69

..........................................................


THE AVOCA PA CLIMATE NORMALS FOR TODAY
                         NORMAL    RECORD    YEAR
 MAXIMUM TEMPERATURE (F)   37        60      1971
 MINIMUM TEMPERATURE (F)   24         2      1904


SUNRISE AND SUNSET
DECEMBER 15 2017......SUNRISE   722 AM EST   SUNSET   435 PM EST
DECEMBER 16 2017......SUNRISE   723 AM EST   SUNSET   435 PM EST


-  INDICATES NEGATIVE NUMBERS.
R  INDICATES RECORD WAS SET OR TIED.
MM INDICATES DATA IS MISSING.
T  INDICATES TRACE AMOUNT.




$$
