000
CDUS41 KBGM 210218
CLIAVP


CLIMATE REPORT
NATIONAL WEATHER SERVICE BINGHAMTON NY
1017 PM EDT THU JUL 20 2017


...................................

...THE AVOCA PA CLIMATE SUMMARY FOR JULY 20 2017...
VALID AS OF 1000 PM LOCAL TIME.

CLIMATE NORMAL PERIOD 1981 TO 2010
CLIMATE RECORD PERIOD 1901 TO 2017


WEATHER ITEM   OBSERVED TIME   RECORD YEAR NORMAL DEPARTURE LAST
                VALUE   (LST)  VALUE       VALUE  FROM      YEAR
                                                  NORMAL
..................................................................
TEMPERATURE (F)
 TODAY
  MAXIMUM         90    116 PM  96    1991  82      8       84
  MINIMUM         67    518 AM  46    1965  61      6       55
                                      1929
                                      1912
  AVERAGE         79                        72      7       70

PRECIPITATION (IN)
  TODAY            0.32          1.49 1982   0.12   0.20     0.00
  MONTH TO DATE    3.50                      2.37   1.13     0.91
  SINCE JUN 1      7.38                      6.40   0.98     2.50
  SINCE JAN 1     25.71                     20.20   5.51    15.32

SNOWFALL (IN)
  TODAY            0.0           0.0  1995   0.0    0.0      0.0
  MONTH TO DATE    0.0                       0.0    0.0      0.0
  SINCE JUN 1      0.0                       0.0    0.0      0.0
  SINCE JUL 1      0.0                       0.0    0.0      0.0

DEGREE DAYS
 HEATING
  TODAY            0                         0      0        0
  MONTH TO DATE    0                         0      0        0
  SINCE JUN 1     43                        54    -11       24
  SINCE JUL 1      0                         0      0        0

 COOLING
  TODAY           14                         7      7        5
  MONTH TO DATE  185                       135     50      196
  SINCE JUN 1    342                       252     90      339
  SINCE JAN 1    394                       289    105      411
..................................................................


WIND (MPH)
  HIGHEST WIND SPEED    25   HIGHEST WIND DIRECTION     N (340)
  HIGHEST GUST SPEED    35   HIGHEST GUST DIRECTION    NW (330)
  AVERAGE WIND SPEED     4.5


SKY COVER
  AVERAGE SKY COVER 0.3


WEATHER CONDITIONS
 THE FOLLOWING WEATHER WAS RECORDED TODAY.
  THUNDERSTORM
  HEAVY RAIN
  RAIN
  LIGHT RAIN
  FOG
  HAZE


RELATIVE HUMIDITY (PERCENT)
 HIGHEST    93           400 AM
 LOWEST     50           300 PM
 AVERAGE    72

..........................................................


THE AVOCA PA CLIMATE NORMALS FOR TOMORROW
                         NORMAL    RECORD    YEAR
 MAXIMUM TEMPERATURE (F)   82        99      1930
 MINIMUM TEMPERATURE (F)   61        47      1965


SUNRISE AND SUNSET
JULY 20 2017..........SUNRISE   547 AM EDT   SUNSET   831 PM EDT
JULY 21 2017..........SUNRISE   548 AM EDT   SUNSET   830 PM EDT


-  INDICATES NEGATIVE NUMBERS.
R  INDICATES RECORD WAS SET OR TIED.
MM INDICATES DATA IS MISSING.
T  INDICATES TRACE AMOUNT.




$$
