000
CDUS41 KBGM 270552
CLIAVP


CLIMATE REPORT
NATIONAL WEATHER SERVICE BINGHAMTON NY
151 AM EDT SAT MAY 27 2017


...................................

...THE AVOCA PA CLIMATE SUMMARY FOR MAY 26 2017...

CLIMATE NORMAL PERIOD 1981 TO 2010
CLIMATE RECORD PERIOD 1901 TO 2017


WEATHER ITEM   OBSERVED TIME   RECORD YEAR NORMAL DEPARTURE LAST
                VALUE   (LST)  VALUE       VALUE  FROM      YEAR
                                                  NORMAL
..................................................................
TEMPERATURE (F)
 YESTERDAY
  MAXIMUM         71    400 PM  92    2010  72     -1       88
                                      1914
  MINIMUM         57    448 AM  39    1972  51      6       56
  AVERAGE         64                        62      2       72

PRECIPITATION (IN)
  YESTERDAY        0.12          0.98 1943   0.11   0.01     0.00
  MONTH TO DATE    2.96                      2.91   0.05     2.33
  SINCE MAR 1     11.40                      8.79   2.61     6.80
  SINCE JAN 1     17.63                     13.19   4.44    12.60

SNOWFALL (IN)
  YESTERDAY        0.0           0.0    MM   0.0    0.0      0.0
  MONTH TO DATE    0.0                       0.3   -0.3      0.0
  SINCE MAR 1     30.7                      12.6   18.1      3.5
  SINCE JUL 1     55.5                      46.5    9.0     15.5

DEGREE DAYS
 HEATING
  YESTERDAY        1                         5     -4        0
  MONTH TO DATE  203                       206     -3      231
  SINCE MAR 1   1427                      1573   -146     1372
  SINCE JUL 1   5182                      6179   -997     4942

 COOLING
  YESTERDAY        0                         2     -2        7
  MONTH TO DATE   26                        21      5       13
  SINCE MAR 1     48                        27     21       14
  SINCE JAN 1     48                        27     21       14
..................................................................


WIND (MPH)
  HIGHEST WIND SPEED    20   HIGHEST WIND DIRECTION    NW (330)
  HIGHEST GUST SPEED    25   HIGHEST GUST DIRECTION     N (340)
  AVERAGE WIND SPEED     6.9


SKY COVER
  AVERAGE SKY COVER 1.0



RELATIVE HUMIDITY (PERCENT)
 HIGHEST   100           300 AM
 LOWEST     57           400 PM
 AVERAGE    79

..........................................................


THE AVOCA PA CLIMATE NORMALS FOR TODAY
                         NORMAL    RECORD    YEAR
 MAXIMUM TEMPERATURE (F)   73        90      1914
 MINIMUM TEMPERATURE (F)   51        35      1969


SUNRISE AND SUNSET
MAY 27 2017...........SUNRISE   535 AM EDT   SUNSET   826 PM EDT
MAY 28 2017...........SUNRISE   534 AM EDT   SUNSET   827 PM EDT


-  INDICATES NEGATIVE NUMBERS.
R  INDICATES RECORD WAS SET OR TIED.
MM INDICATES DATA IS MISSING.
T  INDICATES TRACE AMOUNT.




$$
