000
CDUS41 KBGM 210547
CLIAVP


CLIMATE REPORT
NATIONAL WEATHER SERVICE BINGHAMTON NY
146 AM EDT SUN SEP 21 2014


...................................

...THE AVOCA PA CLIMATE SUMMARY FOR SEPTEMBER 20 2014...

CLIMATE NORMAL PERIOD 1981 TO 2010
CLIMATE RECORD PERIOD 1901 TO 2014


WEATHER ITEM   OBSERVED TIME   RECORD YEAR NORMAL DEPARTURE LAST
                VALUE   (LST)  VALUE       VALUE  FROM      YEAR
                                                  NORMAL
..................................................................
TEMPERATURE (F)
 YESTERDAY
  MAXIMUM         74    256 PM  91    1983  71      3       79
  MINIMUM         57    223 AM  33    1993  51      6       50
  AVERAGE         66                        61      5       65

PRECIPITATION (IN)
  YESTERDAY        0.00          1.43 1938   0.15  -0.15     0.00
  MONTH TO DATE    0.48                      2.67  -2.19     0.69
  SINCE SEP 1      0.48                      2.67  -2.19     0.69
  SINCE JAN 1     22.04                     27.70  -5.66    19.04

SNOWFALL (IN)
  YESTERDAY        0.0           T    1956   0.0    0.0      0.0
  MONTH TO DATE    0.0                       0.0    0.0      0.0
  SINCE SEP 1      0.0                       0.0    0.0      0.0
  SINCE JUL 1      0.0                       0.0    0.0      0.0

DEGREE DAYS
 HEATING
  YESTERDAY        0                         6     -6        0
  MONTH TO DATE   69                        63      6       90
  SINCE SEP 1     69                        63      6       90
  SINCE JUL 1     80                        89     -9       99

 COOLING
  YESTERDAY        1                         1      0        0
  MONTH TO DATE   78                        44     34       69
  SINCE SEP 1     78                        44     34       69
  SINCE JAN 1    664                       568     96      771
..................................................................


WIND (MPH)
  HIGHEST WIND SPEED    15   HIGHEST WIND DIRECTION    SW (210)
  HIGHEST GUST SPEED    25   HIGHEST GUST DIRECTION    SW (210)
  AVERAGE WIND SPEED     5.9


SKY COVER
  AVERAGE SKY COVER 0.7



RELATIVE HUMIDITY (PERCENT)
 HIGHEST    80           200 AM
 LOWEST     53           300 PM
 AVERAGE    67

..........................................................


THE AVOCA PA CLIMATE NORMALS FOR TODAY
                         NORMAL    RECORD    YEAR
 MAXIMUM TEMPERATURE (F)   70        92      1931
 MINIMUM TEMPERATURE (F)   50        32      1956


SUNRISE AND SUNSET
SEPTEMBER 21 2014.....SUNRISE   649 AM EDT   SUNSET   702 PM EDT
SEPTEMBER 22 2014.....SUNRISE   650 AM EDT   SUNSET   700 PM EDT


-  INDICATES NEGATIVE NUMBERS.
R  INDICATES RECORD WAS SET OR TIED.
MM INDICATES DATA IS MISSING.
T  INDICATES TRACE AMOUNT.




$$
