000
CDUS43 KGRR 300530
CLIAZO


CLIMATE REPORT
NATIONAL WEATHER SERVICE GRAND RAPIDS, MI
128 AM EDT WED JUL 30 2014


...................................

...THE KALAMAZOO MI CLIMATE SUMMARY FOR JULY 29 2014...

CLIMATE NORMAL PERIOD 1981 TO 2010
CLIMATE RECORD PERIOD 9999 TO 9999


WEATHER ITEM   OBSERVED TIME   NORMAL DEPARTURE LAST
                VALUE   (LST)  VALUE  FROM      YEAR
                                      NORMAL
......................................................
TEMPERATURE (F)
 YESTERDAY
  MAXIMUM         75        MM  83     -8       70
  MINIMUM         47        MM  62    -15       54
  AVERAGE         61            72    -11       62

PRECIPITATION (IN)
  YESTERDAY        T             0.12  -0.12      T
  MONTH TO DATE    2.95          3.46  -0.51     3.19
  SINCE JUN 1      6.82          7.04  -0.22     9.48
  SINCE JAN 1     15.24         19.48  -4.24    24.54

DEGREE DAYS
 HEATING
  YESTERDAY        4             0      4        3
  MONTH TO DATE   23             0     23       15
  SINCE JUN 1     42            48     -6       54
  SINCE JUL 1     23             0     23       15

 COOLING
  YESTERDAY        0             7     -7        0
  MONTH TO DATE  109           227   -118      231
  SINCE JUN 1    289           372    -83      377
  SINCE JAN 1    343           413    -70      457
......................................................


WIND (MPH)
  RESULTANT WIND SPEED   4   RESULTANT WIND DIRECTION   W (280)
  HIGHEST WIND SPEED    14   HIGHEST WIND DIRECTION     W (290)
  HIGHEST GUST SPEED    23   HIGHEST GUST DIRECTION     W (270)
  AVERAGE WIND SPEED     4.9


SKY COVER
  AVERAGE SKY COVER 0.4


WEATHER CONDITIONS
 THE FOLLOWING WEATHER WAS RECORDED YESTERDAY.
  NO SIGNIFICANT WEATHER WAS OBSERVED.


RELATIVE HUMIDITY (PERCENT)
 HIGHEST    86           200 AM
 LOWEST     53           300 PM
 AVERAGE    70

..........................................................


THE KALAMAZOO MI CLIMATE NORMALS FOR TODAY
                         NORMAL
 MAXIMUM TEMPERATURE (F)   83
 MINIMUM TEMPERATURE (F)   62


SUNRISE AND SUNSET
JULY 30 2014..........SUNRISE   633 AM EDT   SUNSET   904 PM EDT
JULY 31 2014..........SUNRISE   634 AM EDT   SUNSET   902 PM EDT


-  INDICATES NEGATIVE NUMBERS.
R  INDICATES RECORD WAS SET OR TIED.
MM INDICATES DATA IS MISSING.
T  INDICATES TRACE AMOUNT.




$$
