000
CDUS43 KGRR 050523
CLIAZO


CLIMATE REPORT
NATIONAL WEATHER SERVICE GRAND RAPIDS, MI
1223 AM EST MON DEC 5 2016


...................................

...THE KALAMAZOO MI CLIMATE SUMMARY FOR DECEMBER 4 2016...

CLIMATE NORMAL PERIOD 1981 TO 2010
CLIMATE RECORD PERIOD 1998 TO 2016


WEATHER ITEM   OBSERVED TIME   NORMAL DEPARTURE LAST
                VALUE   (LST)  VALUE  FROM      YEAR
                                      NORMAL
......................................................
TEMPERATURE (F)
 YESTERDAY
  MAXIMUM         37    150 PM  39     -2       49
  MINIMUM         32    720 AM  27      5       31
  AVERAGE         35            33      2       40

PRECIPITATION (IN)
  YESTERDAY        0.34          0.08   0.26     0.00
  MONTH TO DATE    0.56          0.33   0.23     0.10
  SINCE DEC 1      0.56          0.33   0.23     0.10
  SINCE JAN 1     37.04         34.09   2.95    29.00

DEGREE DAYS
 HEATING
  YESTERDAY       30            32     -2       25
  MONTH TO DATE  113           127    -14      108
  SINCE DEC 1    113           127    -14      108
  SINCE JUL 1   1013          1454   -441     1173

 COOLING
  YESTERDAY        0             0      0        0
  MONTH TO DATE    0             0      0        0
  SINCE DEC 1      0             0      0        0
  SINCE JAN 1    912           675    237      657
......................................................


WIND (MPH)
  RESULTANT WIND SPEED   3   RESULTANT WIND DIRECTION  SE (150)
  HIGHEST WIND SPEED     9   HIGHEST WIND DIRECTION    SE (120)
  HIGHEST GUST SPEED    14   HIGHEST GUST DIRECTION    SE (130)
  AVERAGE WIND SPEED     4.6


SKY COVER
  AVERAGE SKY COVER 1.0


WEATHER CONDITIONS
 THE FOLLOWING WEATHER WAS RECORDED YESTERDAY.
  HEAVY SNOW
  SNOW
  LIGHT SNOW
  FOG
  FOG W/VISIBILITY <= 1/4 MILE
  HAZE


RELATIVE HUMIDITY (PERCENT)
 HIGHEST    89           300 PM
 LOWEST     59          1200 AM
 AVERAGE    74

..........................................................


THE KALAMAZOO MI CLIMATE NORMALS FOR TODAY
                         NORMAL
 MAXIMUM TEMPERATURE (F)   38
 MINIMUM TEMPERATURE (F)   26


SUNRISE AND SUNSET
DECEMBER  5 2016......SUNRISE   756 AM EST   SUNSET   510 PM EST
DECEMBER  6 2016......SUNRISE   757 AM EST   SUNSET   510 PM EST


-  INDICATES NEGATIVE NUMBERS.
R  INDICATES RECORD WAS SET OR TIED.
MM INDICATES DATA IS MISSING.
T  INDICATES TRACE AMOUNT.




$$
