738
CDUS43 KGRR 250522
CLIAZO


CLIMATE REPORT
NATIONAL WEATHER SERVICE GRAND RAPIDS, MI
121 AM EDT SUN SEP 25 2016


...................................

...THE KALAMAZOO MI CLIMATE SUMMARY FOR SEPTEMBER 24 2016...

CLIMATE NORMAL PERIOD 1981 TO 2010
CLIMATE RECORD PERIOD 1998 TO 2016


WEATHER ITEM   OBSERVED TIME   NORMAL DEPARTURE LAST
                VALUE   (LST)  VALUE  FROM      YEAR
                                      NORMAL
......................................................
TEMPERATURE (F)
 YESTERDAY
  MAXIMUM         73    457 PM  69      4       79
  MINIMUM         55    453 AM  49      6       50
  AVERAGE         64            59      5       65

PRECIPITATION (IN)
  YESTERDAY        0.00          0.13  -0.13     0.00
  MONTH TO DATE    1.87          3.16  -1.29     4.33
  SINCE SEP 1      1.87          3.16  -1.29     4.33
  SINCE JAN 1     29.58         26.75   2.83    24.84

DEGREE DAYS
 HEATING
  YESTERDAY        1             7     -6        0
  MONTH TO DATE    7            80    -73       43
  SINCE SEP 1      7            80    -73       43
  SINCE JUL 1      8            96    -88       71

 COOLING
  YESTERDAY        0             1     -1        0
  MONTH TO DATE   99            52     47      129
  SINCE SEP 1     99            52     47      129
  SINCE JAN 1    893           663    230      644
......................................................


WIND (MPH)
  RESULTANT WIND SPEED   4   RESULTANT WIND DIRECTION   E (90)
  HIGHEST WIND SPEED    10   HIGHEST WIND DIRECTION    NE (50)
  HIGHEST GUST SPEED    16   HIGHEST GUST DIRECTION    NE (60)
  AVERAGE WIND SPEED     3.7


SKY COVER
  AVERAGE SKY COVER 0.5


WEATHER CONDITIONS
 THE FOLLOWING WEATHER WAS RECORDED YESTERDAY.
  NO SIGNIFICANT WEATHER WAS OBSERVED.


RELATIVE HUMIDITY (PERCENT)
 HIGHEST    86           400 AM
 LOWEST     53           500 PM
 AVERAGE    70

..........................................................


THE KALAMAZOO MI CLIMATE NORMALS FOR TODAY
                         NORMAL
 MAXIMUM TEMPERATURE (F)   69
 MINIMUM TEMPERATURE (F)   48


SUNRISE AND SUNSET
SEPTEMBER 25 2016.....SUNRISE   733 AM EDT   SUNSET   733 PM EDT
SEPTEMBER 26 2016.....SUNRISE   734 AM EDT   SUNSET   732 PM EDT


-  INDICATES NEGATIVE NUMBERS.
R  INDICATES RECORD WAS SET OR TIED.
MM INDICATES DATA IS MISSING.
T  INDICATES TRACE AMOUNT.




$$
