000
CDUS43 KGRR 240516
CLIAZO


CLIMATE REPORT
NATIONAL WEATHER SERVICE GRAND RAPIDS, MI
116 AM EDT FRI MAR 24 2017


...................................

...THE KALAMAZOO MI CLIMATE SUMMARY FOR MARCH 23 2017...

CLIMATE NORMAL PERIOD 1981 TO 2010
CLIMATE RECORD PERIOD 1998 TO 2017


WEATHER ITEM   OBSERVED TIME   NORMAL DEPARTURE LAST
                VALUE   (LST)  VALUE  FROM      YEAR
                                      NORMAL
......................................................
TEMPERATURE (F)
 YESTERDAY
  MAXIMUM         47    923 PM  49     -2       57
  MINIMUM         25    717 AM  30     -5       38
  AVERAGE         36            39     -3       48

PRECIPITATION (IN)
  YESTERDAY        0.17          0.07   0.10     0.05
  MONTH TO DATE    1.43          1.64  -0.21     1.24
  SINCE MAR 1      1.43          1.64  -0.21     1.24
  SINCE JAN 1      6.15          4.88   1.27     2.80

DEGREE DAYS
 HEATING
  YESTERDAY       29            26      3       17
  MONTH TO DATE  738           694     44      542
  SINCE MAR 1    738           694     44      542
  SINCE JUL 1   4634          5467   -833     4590

 COOLING
  YESTERDAY        0             0      0        0
  MONTH TO DATE    0             0      0        0
  SINCE MAR 1      0             0      0        0
  SINCE JAN 1      0             0      0        0
......................................................


WIND (MPH)
  RESULTANT WIND SPEED   9   RESULTANT WIND DIRECTION  SE (150)
  HIGHEST WIND SPEED    16   HIGHEST WIND DIRECTION     S (160)
  HIGHEST GUST SPEED    26   HIGHEST GUST DIRECTION    SE (130)
  AVERAGE WIND SPEED     9.3


SKY COVER
  AVERAGE SKY COVER 0.5


WEATHER CONDITIONS
 THE FOLLOWING WEATHER WAS RECORDED YESTERDAY.
  THUNDERSTORM
  RAIN
  LIGHT RAIN


RELATIVE HUMIDITY (PERCENT)
 HIGHEST    70          1100 PM
 LOWEST     19           200 PM
 AVERAGE    45

..........................................................


THE KALAMAZOO MI CLIMATE NORMALS FOR TODAY
                         NORMAL
 MAXIMUM TEMPERATURE (F)   49
 MINIMUM TEMPERATURE (F)   30


SUNRISE AND SUNSET
MARCH 24 2017.........SUNRISE   738 AM EDT   SUNSET   759 PM EDT
MARCH 25 2017.........SUNRISE   736 AM EDT   SUNSET   800 PM EDT


-  INDICATES NEGATIVE NUMBERS.
R  INDICATES RECORD WAS SET OR TIED.
MM INDICATES DATA IS MISSING.
T  INDICATES TRACE AMOUNT.




$$
