000
CDUS43 KGRR 051337
CLIAZO


CLIMATE REPORT
NATIONAL WEATHER SERVICE GRAND RAPIDS, MI
935 AM EDT THU MAY 5 2016


...................................

...THE KALAMAZOO MI CLIMATE SUMMARY FOR MAY 5 2016...
VALID AS OF 0900 AM LOCAL TIME.

CLIMATE NORMAL PERIOD 1981 TO 2010
CLIMATE RECORD PERIOD 1998 TO 2016


WEATHER ITEM   OBSERVED TIME   NORMAL DEPARTURE LAST
                VALUE   (LST)  VALUE  FROM      YEAR
                                      NORMAL
......................................................
TEMPERATURE (F)
 TODAY
  MAXIMUM         48    759 AM  67    -19       60
  MINIMUM         45    605 AM  45      0       50
  AVERAGE         47            56     -9       55

PRECIPITATION (IN)
  TODAY            0.03          0.12  -0.09     0.65
  MONTH TO DATE    1.17          0.59   0.58     0.91
  SINCE MAR 1      7.26          5.92   1.34     3.27
  SINCE JAN 1      8.82          9.16  -0.34     4.80

DEGREE DAYS
 HEATING
  TODAY           18            10      8       10
  MONTH TO DATE   77            52     25       25
  SINCE MAR 1   1287          1422   -135     1440
  SINCE JUL 1   5335          6195   -860     6726

 COOLING
  TODAY            0             0      0        0
  MONTH TO DATE    0             0      0        1
  SINCE MAR 1      2             4     -2        1
  SINCE JAN 1      2             4     -2        1
......................................................


WIND (MPH)
  RESULTANT WIND SPEED   8   RESULTANT WIND DIRECTION   N (20)
  HIGHEST WIND SPEED    16   HIGHEST WIND DIRECTION     N (20)
  HIGHEST GUST SPEED    21   HIGHEST GUST DIRECTION    NE (30)
  AVERAGE WIND SPEED     8.1


SKY COVER
  AVERAGE SKY COVER 1.0


WEATHER CONDITIONS
 THE FOLLOWING WEATHER WAS RECORDED TODAY.
  RAIN
  LIGHT RAIN
  FOG


RELATIVE HUMIDITY (PERCENT)
 HIGHEST    92          1200 AM
 LOWEST     77           800 AM
 AVERAGE    85

..........................................................


THE KALAMAZOO MI CLIMATE NORMALS FOR TOMORROW
                         NORMAL
 MAXIMUM TEMPERATURE (F)   67
 MINIMUM TEMPERATURE (F)   45


SUNRISE AND SUNSET
MAY  5 2016...........SUNRISE   632 AM EDT   SUNSET   846 PM EDT
MAY  6 2016...........SUNRISE   631 AM EDT   SUNSET   848 PM EDT


-  INDICATES NEGATIVE NUMBERS.
R  INDICATES RECORD WAS SET OR TIED.
MM INDICATES DATA IS MISSING.
T  INDICATES TRACE AMOUNT.




$$

63
