000
CDUS43 KGRR 250523
CLIAZO


CLIMATE REPORT
NATIONAL WEATHER SERVICE GRAND RAPIDS, MI
122 AM EDT WED MAY 25 2016


...................................

...THE KALAMAZOO MI CLIMATE SUMMARY FOR MAY 24 2016...

CLIMATE NORMAL PERIOD 1981 TO 2010
CLIMATE RECORD PERIOD 1998 TO 2016


WEATHER ITEM   OBSERVED TIME   NORMAL DEPARTURE LAST
                VALUE   (LST)  VALUE  FROM      YEAR
                                      NORMAL
......................................................
TEMPERATURE (F)
 YESTERDAY
  MAXIMUM         85    453 PM  72     13       77
  MINIMUM         48    522 AM  50     -2       52
  AVERAGE         67            61      6       65

PRECIPITATION (IN)
  YESTERDAY        0.00          0.11  -0.11      T
  MONTH TO DATE    2.84          3.04  -0.20     2.62
  SINCE MAR 1      8.93          8.37   0.56     4.98
  SINCE JAN 1     10.49         11.61  -1.12     6.51

DEGREE DAYS
 HEATING
  YESTERDAY        0             5     -5        0
  MONTH TO DATE  229           193     36      131
  SINCE MAR 1   1439          1563   -124     1546
  SINCE JUL 1   5487          6336   -849     6832

 COOLING
  YESTERDAY        2             2      0        0
  MONTH TO DATE    2            22    -20       37
  SINCE MAR 1      4            26    -22       37
  SINCE JAN 1      4            26    -22       37
......................................................


WIND (MPH)
  RESULTANT WIND SPEED   5   RESULTANT WIND DIRECTION  SW (220)
  HIGHEST WIND SPEED    18   HIGHEST WIND DIRECTION     S (200)
  HIGHEST GUST SPEED    24   HIGHEST GUST DIRECTION     S (200)
  AVERAGE WIND SPEED     6.1


SKY COVER
  AVERAGE SKY COVER 0.0


WEATHER CONDITIONS
 THE FOLLOWING WEATHER WAS RECORDED YESTERDAY.
  NO SIGNIFICANT WEATHER WAS OBSERVED.


RELATIVE HUMIDITY (PERCENT)
 HIGHEST    66           500 AM
 LOWEST     27           400 PM
 AVERAGE    47

..........................................................


THE KALAMAZOO MI CLIMATE NORMALS FOR TODAY
                         NORMAL
 MAXIMUM TEMPERATURE (F)   73
 MINIMUM TEMPERATURE (F)   51


SUNRISE AND SUNSET
MAY 25 2016...........SUNRISE   612 AM EDT   SUNSET   907 PM EDT
MAY 26 2016...........SUNRISE   612 AM EDT   SUNSET   908 PM EDT


-  INDICATES NEGATIVE NUMBERS.
R  INDICATES RECORD WAS SET OR TIED.
MM INDICATES DATA IS MISSING.
T  INDICATES TRACE AMOUNT.




$$
