000
CDUS43 KGRR 190528
CLIAZO


CLIMATE REPORT
NATIONAL WEATHER SERVICE GRAND RAPIDS, MI
1228 AM EST SUN NOV 19 2017


...................................

...THE KALAMAZOO MI CLIMATE SUMMARY FOR NOVEMBER 18 2017...

CLIMATE NORMAL PERIOD 1981 TO 2010
CLIMATE RECORD PERIOD 1998 TO 2017


WEATHER ITEM   OBSERVED TIME   NORMAL DEPARTURE LAST
                VALUE   (LST)  VALUE  FROM      YEAR
                                      NORMAL
......................................................
TEMPERATURE (F)
 YESTERDAY
  MAXIMUM         45   1126 AM  47     -2       70
  MINIMUM         37    709 PM  33      4       45
  AVERAGE         41            40      1       58

PRECIPITATION (IN)
  YESTERDAY        0.62          0.10   0.52     0.34
  MONTH TO DATE    3.24          1.93   1.31     0.72
  SINCE SEP 1     17.46          9.08   8.38     7.41
  SINCE JAN 1     38.49         32.67   5.82    35.12

DEGREE DAYS
 HEATING
  YESTERDAY       24            25     -1        7
  MONTH TO DATE  463           396     67      263
  SINCE SEP 1    843           972   -129      584
  SINCE JUL 1    861           988   -127      585

 COOLING
  YESTERDAY        0             0      0        0
  MONTH TO DATE    0             0      0        0
  SINCE SEP 1    152            64     88      118
  SINCE JAN 1    768           675     93      912
......................................................


WIND (MPH)
  RESULTANT WIND SPEED   5   RESULTANT WIND DIRECTION   N (340)
  HIGHEST WIND SPEED    24   HIGHEST WIND DIRECTION    NW (330)
  HIGHEST GUST SPEED    31   HIGHEST GUST DIRECTION    NW (330)
  AVERAGE WIND SPEED    11.0


SKY COVER
  AVERAGE SKY COVER 1.0


WEATHER CONDITIONS
 THE FOLLOWING WEATHER WAS RECORDED YESTERDAY.
  THUNDERSTORM
  RAIN
  LIGHT RAIN
  FOG
  FOG W/VISIBILITY <= 1/4 MILE


RELATIVE HUMIDITY (PERCENT)
 HIGHEST    96           100 PM
 LOWEST     82           300 PM
 AVERAGE    89

..........................................................


THE KALAMAZOO MI CLIMATE NORMALS FOR TODAY
                         NORMAL
 MAXIMUM TEMPERATURE (F)   46
 MINIMUM TEMPERATURE (F)   32


SUNRISE AND SUNSET
NOVEMBER 19 2017......SUNRISE   738 AM EST   SUNSET   517 PM EST
NOVEMBER 20 2017......SUNRISE   739 AM EST   SUNSET   516 PM EST


-  INDICATES NEGATIVE NUMBERS.
R  INDICATES RECORD WAS SET OR TIED.
MM INDICATES DATA IS MISSING.
T  INDICATES TRACE AMOUNT.




$$
