000
CDUS43 KGRR 200513
CLIAZO


CLIMATE REPORT
NATIONAL WEATHER SERVICE GRAND RAPIDS, MI
113 AM EDT MON OCT 20 2014


...................................

...THE KALAMAZOO MI CLIMATE SUMMARY FOR OCTOBER 19 2014...

CLIMATE NORMAL PERIOD 1981 TO 2010
CLIMATE RECORD PERIOD 1998 TO 2014


WEATHER ITEM   OBSERVED TIME   NORMAL DEPARTURE LAST
                VALUE   (LST)  VALUE  FROM      YEAR
                                      NORMAL
......................................................
TEMPERATURE (F)
 YESTERDAY
  MAXIMUM         54        MM  59     -5       53
  MINIMUM         29        MM  41    -12       42
  AVERAGE         42            50     -8       48

PRECIPITATION (IN)
  YESTERDAY        0.00          0.11  -0.11     0.10
  MONTH TO DATE    4.44          2.04   2.40     1.66
  SINCE SEP 1      7.26          5.86   1.40     3.39
  SINCE JAN 1     24.05         29.45  -5.40    32.48

DEGREE DAYS
 HEATING
  YESTERDAY       23            15      8       17
  MONTH TO DATE  246           239      7      152
  SINCE SEP 1    395           372     23      271
  SINCE JUL 1    427           388     39      308

 COOLING
  YESTERDAY        0             0      0        0
  MONTH TO DATE    0             7     -7       16
  SINCE SEP 1     58            63     -5       97
  SINCE JAN 1    609           674    -65      725
......................................................


WIND (MPH)
  RESULTANT WIND SPEED   5   RESULTANT WIND DIRECTION  SW (220)
  HIGHEST WIND SPEED    12   HIGHEST WIND DIRECTION    SW (230)
  HIGHEST GUST SPEED    31   HIGHEST GUST DIRECTION     S (170)
  AVERAGE WIND SPEED     6.2


SKY COVER
  AVERAGE SKY COVER 0.0


WEATHER CONDITIONS
 THE FOLLOWING WEATHER WAS RECORDED YESTERDAY.
  NO SIGNIFICANT WEATHER WAS OBSERVED.


RELATIVE HUMIDITY (PERCENT)
 HIGHEST     0          1200 AM
 LOWEST      0          1200 AM
 AVERAGE     0

..........................................................


THE KALAMAZOO MI CLIMATE NORMALS FOR TODAY
                         NORMAL
 MAXIMUM TEMPERATURE (F)   59
 MINIMUM TEMPERATURE (F)   40


SUNRISE AND SUNSET
OCTOBER 20 2014.......SUNRISE   801 AM EDT   SUNSET   653 PM EDT
OCTOBER 21 2014.......SUNRISE   802 AM EDT   SUNSET   651 PM EDT


-  INDICATES NEGATIVE NUMBERS.
R  INDICATES RECORD WAS SET OR TIED.
MM INDICATES DATA IS MISSING.
T  INDICATES TRACE AMOUNT.




$$
