000
CDUS43 KGRR 200516
CLIAZO


CLIMATE REPORT
NATIONAL WEATHER SERVICE GRAND RAPIDS, MI
1215 AM EST SAT DEC 20 2014


...................................

...THE KALAMAZOO MI CLIMATE SUMMARY FOR DECEMBER 19 2014...

CLIMATE NORMAL PERIOD 1981 TO 2010
CLIMATE RECORD PERIOD 1998 TO 2014


WEATHER ITEM   OBSERVED TIME   NORMAL DEPARTURE LAST
                VALUE   (LST)  VALUE  FROM      YEAR
                                      NORMAL
......................................................
TEMPERATURE (F)
 YESTERDAY
  MAXIMUM         33    437 PM  34     -1       42
  MINIMUM         22   1028 PM  22      0       30
  AVERAGE         28            28      0       36

PRECIPITATION (IN)
  YESTERDAY        0.00          0.06  -0.06      T
  MONTH TO DATE    0.17          1.32  -1.15     0.40
  SINCE DEC 1      0.17          1.32  -1.15     0.40
  SINCE JAN 1     27.24         35.08  -7.84    38.37

DEGREE DAYS
 HEATING
  YESTERDAY       37            38     -1       29
  MONTH TO DATE  596           657    -61      741
  SINCE DEC 1    596           657    -61      741
  SINCE JUL 1   2126          1984    142     2098

 COOLING
  YESTERDAY        0             0      0        0
  MONTH TO DATE    0             0      0        0
  SINCE DEC 1      0             0      0        0
  SINCE JAN 1    609           675    -66      725
......................................................


WIND (MPH)
  RESULTANT WIND SPEED   1   RESULTANT WIND DIRECTION  NW (320)
  HIGHEST WIND SPEED     9   HIGHEST WIND DIRECTION    NW (320)
  HIGHEST GUST SPEED    11   HIGHEST GUST DIRECTION    NW (310)
  AVERAGE WIND SPEED     3.2


SKY COVER
  AVERAGE SKY COVER 0.5


WEATHER CONDITIONS
 THE FOLLOWING WEATHER WAS RECORDED YESTERDAY.
  FOG


RELATIVE HUMIDITY (PERCENT)
 HIGHEST    88           900 AM
 LOWEST     61           400 PM
 AVERAGE    75

..........................................................


THE KALAMAZOO MI CLIMATE NORMALS FOR TODAY
                         NORMAL
 MAXIMUM TEMPERATURE (F)   33
 MINIMUM TEMPERATURE (F)   21


SUNRISE AND SUNSET
DECEMBER 20 2014......SUNRISE   807 AM EST   SUNSET   513 PM EST
DECEMBER 21 2014......SUNRISE   808 AM EST   SUNSET   513 PM EST


-  INDICATES NEGATIVE NUMBERS.
R  INDICATES RECORD WAS SET OR TIED.
MM INDICATES DATA IS MISSING.
T  INDICATES TRACE AMOUNT.




$$

JAM
