000
CDUS41 KBOX 300549
CLIBDL


CLIMATE REPORT
NATIONAL WEATHER SERVICE TAUNTON MA
145 AM EDT MON MAR 30 2015


...................................

...THE HARTFORD CT CLIMATE SUMMARY FOR MARCH 29 2015...

CLIMATE NORMAL PERIOD 1981 TO 2010
CLIMATE RECORD PERIOD 1904 TO 2015


WEATHER ITEM   OBSERVED TIME   RECORD YEAR NORMAL DEPARTURE LAST
                VALUE   (LST)  VALUE       VALUE  FROM      YEAR
                                                  NORMAL
..................................................................
TEMPERATURE (F)
 YESTERDAY
  MAXIMUM         45    457 PM  86    1945  53     -8       52
  MINIMUM         24    614 AM   4    1923  32     -8       37
  AVERAGE         35                        43     -8       45

PRECIPITATION (IN)
  YESTERDAY        0.00          1.58 2010   0.11  -0.11     1.48
  MONTH TO DATE    2.66                      3.37  -0.71     2.90
  SINCE MAR 1      2.66                      3.37  -0.71     2.90
  SINCE JAN 1      8.84                      9.49  -0.65    10.27

SNOWFALL (IN)
  YESTERDAY        0.0           7.0  1970   0.1   -0.1      0.0
  MONTH TO DATE    9.0                       6.2    2.8       T
  SINCE MAR 1      9.0                       6.2    2.8       T
  SINCE JUL 1     63.8                      38.9   24.9     50.1
  SNOW DEPTH       0

DEGREE DAYS
 HEATING
  YESTERDAY       30                        23      7       20
  MONTH TO DATE  948                       800    148      987
  SINCE MAR 1    948                       800    148      987
  SINCE JUL 1   5593                      5238    355     5666

 COOLING
  YESTERDAY        0                         0      0        0
  MONTH TO DATE    0                         0      0        0
  SINCE MAR 1      0                         0      0        0
  SINCE JAN 1      0                         0      0        0
..................................................................


WIND (MPH)
  RESULTANT WIND SPEED   5   RESULTANT WIND DIRECTION   N (340)
  HIGHEST WIND SPEED    16   HIGHEST WIND DIRECTION     N (10)
  HIGHEST GUST SPEED    21   HIGHEST GUST DIRECTION    NW (330)
  AVERAGE WIND SPEED     8.2


SKY COVER
  POSSIBLE SUNSHINE  MM
  AVERAGE SKY COVER 0.4


WEATHER CONDITIONS
 THE FOLLOWING WEATHER WAS RECORDED YESTERDAY.
  NO SIGNIFICANT WEATHER WAS OBSERVED.


RELATIVE HUMIDITY (PERCENT)
 HIGHEST    50          1200 AM
 LOWEST     16           300 PM
 AVERAGE    33

..........................................................


THE HARTFORD CT CLIMATE NORMALS FOR TODAY
                         NORMAL    RECORD    YEAR
 MAXIMUM TEMPERATURE (F)   53        87      1977
 MINIMUM TEMPERATURE (F)   33        15      1970


SUNRISE AND SUNSET
MARCH 30 2015.........SUNRISE   637 AM EDT   SUNSET   714 PM EDT
MARCH 31 2015.........SUNRISE   636 AM EDT   SUNSET   715 PM EDT


-  INDICATES NEGATIVE NUMBERS.
R  INDICATES RECORD WAS SET OR TIED.
MM INDICATES DATA IS MISSING.
T  INDICATES TRACE AMOUNT.




$$
