000
CDUS41 KBOX 291235
CLIBDL


CLIMATE REPORT
NATIONAL WEATHER SERVICE TAUNTON MA
835 AM EDT FRI MAY 29 2015


...................................

...THE HARTFORD CT CLIMATE SUMMARY FOR MAY 28 2015...

CLIMATE NORMAL PERIOD 1981 TO 2010
CLIMATE RECORD PERIOD 1904 TO 2015


WEATHER ITEM   OBSERVED TIME   RECORD YEAR NORMAL DEPARTURE LAST
                VALUE   (LST)  VALUE       VALUE  FROM      YEAR
                                                  NORMAL
..................................................................
TEMPERATURE (F)
 YESTERDAY
  MAXIMUM         83    226 PM  93    1977  75      8       56
  MINIMUM         60   1159 PM  38    1997  51      9       47
  AVERAGE         72                        63      9       52

PRECIPITATION (IN)
  YESTERDAY        0.04          2.16 1906   0.15  -0.11     0.03
  MONTH TO DATE    1.04                      3.86  -2.82     4.41
  SINCE MAR 1      7.10                     11.20  -4.10    14.59
  SINCE JAN 1     13.28                     17.32  -4.04    21.96

SNOWFALL (IN)
  YESTERDAY        0.0           0.0  2002   0.0    0.0      0.0
                                      2001
                                      2000
  MONTH TO DATE    0.0                       0.0    0.0      0.0
  SINCE MAR 1      9.0                       7.8    1.2      1.0
  SINCE JUL 1     63.8                      40.5   23.3     51.1
  SNOW DEPTH       0

DEGREE DAYS
 HEATING
  YESTERDAY        0                         4     -4       13
  MONTH TO DATE   74                       193   -119      138
  SINCE MAR 1   1532                      1508     24     1656
  SINCE JUL 1   6177                      5946    231     6335

 COOLING
  YESTERDAY        7                         2      5        0
  MONTH TO DATE  103                        26     77       31
  SINCE MAR 1    103                        32     71       32
  SINCE JAN 1    103                        32     71       32
..................................................................


WIND (MPH)
  RESULTANT WIND SPEED   7   RESULTANT WIND DIRECTION   S (190)
  HIGHEST WIND SPEED    20   HIGHEST WIND DIRECTION     S (180)
  HIGHEST GUST SPEED    24   HIGHEST GUST DIRECTION     S (180)
  AVERAGE WIND SPEED     9.7


SKY COVER
  POSSIBLE SUNSHINE  MM
  AVERAGE SKY COVER 0.8


WEATHER CONDITIONS
 THE FOLLOWING WEATHER WAS RECORDED YESTERDAY.
  FOG
  HAZE


RELATIVE HUMIDITY (PERCENT)
 HIGHEST    93           400 AM
 LOWEST     57           800 PM
 AVERAGE    75

..........................................................


THE HARTFORD CT CLIMATE NORMALS FOR TODAY
                         NORMAL    RECORD    YEAR
 MAXIMUM TEMPERATURE (F)   75        93      2012
                                             1987
 MINIMUM TEMPERATURE (F)   52        37      1962


SUNRISE AND SUNSET
MAY 29 2015...........SUNRISE   520 AM EDT   SUNSET   817 PM EDT
MAY 30 2015...........SUNRISE   519 AM EDT   SUNSET   818 PM EDT


-  INDICATES NEGATIVE NUMBERS.
R  INDICATES RECORD WAS SET OR TIED.
MM INDICATES DATA IS MISSING.
T  INDICATES TRACE AMOUNT.




$$
