000
CDUS41 KBOX 240542
CLIBDL


CLIMATE REPORT
NATIONAL WEATHER SERVICE TAUNTON MA
1236 AM EST TUE JAN 24 2017


...................................

...THE HARTFORD CT CLIMATE SUMMARY FOR JANUARY 23 2017...

CLIMATE NORMAL PERIOD 1981 TO 2010
CLIMATE RECORD PERIOD 1904 TO 2017


WEATHER ITEM   OBSERVED TIME   RECORD YEAR NORMAL DEPARTURE LAST
                VALUE   (LST)  VALUE       VALUE  FROM      YEAR
                                                  NORMAL
..................................................................
TEMPERATURE (F)
 YESTERDAY
  MAXIMUM         40    308 AM  60    1967  34      6       28
                                      1906
  MINIMUM         33   1159 PM -19    1961  18     15       22
  AVERAGE         37                        26     11       25

PRECIPITATION (IN)
  YESTERDAY        0.40          1.45 1992   0.11   0.29     0.10
  MONTH TO DATE    2.43                      2.40   0.03     1.96
  SINCE DEC 1      5.16                      5.84  -0.68     6.21
  SINCE JAN 1      2.43                      2.40   0.03     1.96

SNOWFALL (IN)
  YESTERDAY        0.6          11.6  1965   0.4    0.2      1.5
  MONTH TO DATE    4.7                       9.0   -4.3      1.9
  SINCE DEC 1     14.9                      16.4   -1.5      2.9
  SINCE JUL 1     16.4                      18.4   -2.0      2.9
  SNOW DEPTH       0

DEGREE DAYS
 HEATING
  YESTERDAY       28                        39    -11       40
  MONTH TO DATE  745                       894   -149      826
  SINCE DEC 1   1755                      1931   -176     1496
  SINCE JUL 1   2792                      3138   -346     2480

 COOLING
  YESTERDAY        0                         0      0        0
  MONTH TO DATE    0                         0      0        0
  SINCE DEC 1      0                         0      0        0
  SINCE JAN 1      0                         0      0        0
..................................................................


WIND (MPH)
  RESULTANT WIND SPEED  15   RESULTANT WIND DIRECTION  NE (30)
  HIGHEST WIND SPEED    26   HIGHEST WIND DIRECTION     N (20)
  HIGHEST GUST SPEED    32   HIGHEST GUST DIRECTION     N (20)
  AVERAGE WIND SPEED    15.5


SKY COVER
  POSSIBLE SUNSHINE  MM
  AVERAGE SKY COVER 1.0


WEATHER CONDITIONS
 THE FOLLOWING WEATHER WAS RECORDED YESTERDAY.
  RAIN
  LIGHT RAIN
  LIGHT SNOW
  SLEET
  FOG


RELATIVE HUMIDITY (PERCENT)
 HIGHEST   100          1200 AM
 LOWEST     70           400 PM
 AVERAGE    85

..........................................................


THE HARTFORD CT CLIMATE NORMALS FOR TODAY
                         NORMAL    RECORD    YEAR
 MAXIMUM TEMPERATURE (F)   35        65      1967
 MINIMUM TEMPERATURE (F)   18       -19      1961


SUNRISE AND SUNSET
JANUARY 24 2017.......SUNRISE   710 AM EST   SUNSET   456 PM EST
JANUARY 25 2017.......SUNRISE   710 AM EST   SUNSET   457 PM EST


-  INDICATES NEGATIVE NUMBERS.
R  INDICATES RECORD WAS SET OR TIED.
MM INDICATES DATA IS MISSING.
T  INDICATES TRACE AMOUNT.




$$
