000
CDUS41 KBOX 250603
CLIBDL


CLIMATE REPORT
NATIONAL WEATHER SERVICE TAUNTON MA
158 AM EDT FRI JUL 25 2014


...................................

...THE HARTFORD CT CLIMATE SUMMARY FOR JULY 24 2014...

CLIMATE NORMAL PERIOD 1981 TO 2010
CLIMATE RECORD PERIOD 1904 TO 2014


WEATHER ITEM   OBSERVED TIME   RECORD YEAR NORMAL DEPARTURE LAST
                VALUE   (LST)  VALUE       VALUE  FROM      YEAR
                                                  NORMAL
..................................................................
TEMPERATURE (F)
 YESTERDAY
  MAXIMUM         83        MM  96    1987  85     -2       82
  MINIMUM         63        MM  49    1985  63      0       63
  AVERAGE         73                        74     -1       73

PRECIPITATION (IN)
  YESTERDAY        T             2.72 1988   0.14  -0.14     0.00
  MONTH TO DATE    3.71                      3.13   0.58     3.85
  SINCE JUN 1      5.42                      7.48  -2.06    14.64
  SINCE JAN 1     27.43                     25.29   2.14    30.78

SNOWFALL (IN)
  YESTERDAY        0.0           0.0  2002   0.0    0.0      0.0
                                      2001
                                      2000
  MONTH TO DATE    0.0                       0.0    0.0      0.0
  SINCE JUN 1      0.0                       0.0    0.0      0.0
  SINCE JUL 1      0.0                       0.0    0.0      0.0
  SNOW DEPTH       0

DEGREE DAYS
 HEATING
  YESTERDAY        0                         0      0        0
  MONTH TO DATE    0                         0      0        0
  SINCE JUN 1      6                        40    -34       33
  SINCE JUL 1      0                         0      0        0

 COOLING
  YESTERDAY        8                         9     -1        8
  MONTH TO DATE  255                       208     47      369
  SINCE JUN 1    403                       352     51      544
  SINCE JAN 1    435                       391     44      598
..................................................................


WIND (MPH)
  RESULTANT WIND SPEED   7   RESULTANT WIND DIRECTION   N (350)
  HIGHEST WIND SPEED    14   HIGHEST WIND DIRECTION     N (10)
  HIGHEST GUST SPEED    17   HIGHEST GUST DIRECTION     N (360)
  AVERAGE WIND SPEED     7.4


SKY COVER
  POSSIBLE SUNSHINE  MM
  AVERAGE SKY COVER 0.7


WEATHER CONDITIONS
 THE FOLLOWING WEATHER WAS RECORDED YESTERDAY.
  LIGHT RAIN


RELATIVE HUMIDITY (PERCENT)
 HIGHEST    93          1200 AM
 LOWEST     42           200 PM
 AVERAGE    68

..........................................................


THE HARTFORD CT CLIMATE NORMALS FOR TODAY
                         NORMAL    RECORD    YEAR
 MAXIMUM TEMPERATURE (F)   85        98      2001
 MINIMUM TEMPERATURE (F)   63        50      1912


SUNRISE AND SUNSET
JULY 25 2014..........SUNRISE   537 AM EDT   SUNSET   816 PM EDT
JULY 26 2014..........SUNRISE   538 AM EDT   SUNSET   816 PM EDT


-  INDICATES NEGATIVE NUMBERS.
R  INDICATES RECORD WAS SET OR TIED.
MM INDICATES DATA IS MISSING.
T  INDICATES TRACE AMOUNT.




$$
