000
CDUS41 KBOX 240530
CLIBDL


CLIMATE REPORT
NATIONAL WEATHER SERVICE TAUNTON MA
130 AM EDT MON APR 24 2017


...................................

...THE HARTFORD CT CLIMATE SUMMARY FOR APRIL 23 2017...

CLIMATE NORMAL PERIOD 1981 TO 2010
CLIMATE RECORD PERIOD 1904 TO 2017


WEATHER ITEM   OBSERVED TIME   RECORD YEAR NORMAL DEPARTURE LAST
                VALUE   (LST)  VALUE       VALUE  FROM      YEAR
                                                  NORMAL
..................................................................
TEMPERATURE (F)
 YESTERDAY
  MAXIMUM         69    429 PM  88    2007  64      5       68
  MINIMUM         39    525 AM  26    1989  41     -2       45
  AVERAGE         54                        52      2       57

PRECIPITATION (IN)
  YESTERDAY        0.00          1.90 2006   0.12  -0.12     0.03
  MONTH TO DATE    2.88                      2.84   0.04     2.17
  SINCE MAR 1      6.81                      6.46   0.35     4.37
  SINCE JAN 1     12.79                     12.58   0.21    11.20

SNOWFALL (IN)
  YESTERDAY        0.0           1.0  1956   0.0    0.0      0.0
  MONTH TO DATE    0.5                       1.3   -0.8      6.9
  SINCE MAR 1     19.6                       7.7   11.9      9.8
  SINCE JUL 1     62.3                      40.4   21.9     26.9
  SNOW DEPTH       0

DEGREE DAYS
 HEATING
  YESTERDAY       11                        13     -2        8
  MONTH TO DATE  319                       392    -73      418
  SINCE MAR 1   1296                      1235     61     1062
  SINCE JUL 1   5189                      5673   -484     4738

 COOLING
  YESTERDAY        0                         0      0        0
  MONTH TO DATE    9                         0      9        2
  SINCE MAR 1      9                         0      9        2
  SINCE JAN 1      9                         0      9        2
..................................................................


WIND (MPH)
  RESULTANT WIND SPEED   2   RESULTANT WIND DIRECTION   S (190)
  HIGHEST WIND SPEED    18   HIGHEST WIND DIRECTION     S (200)
  HIGHEST GUST SPEED    23   HIGHEST GUST DIRECTION    SW (210)
  AVERAGE WIND SPEED     7.5


SKY COVER
  POSSIBLE SUNSHINE  MM
  AVERAGE SKY COVER 0.4


WEATHER CONDITIONS
 THE FOLLOWING WEATHER WAS RECORDED YESTERDAY.
  NO SIGNIFICANT WEATHER WAS OBSERVED.


RELATIVE HUMIDITY (PERCENT)
 HIGHEST    85           500 AM
 LOWEST     24           500 PM
 AVERAGE    55

..........................................................


THE HARTFORD CT CLIMATE NORMALS FOR TODAY
                         NORMAL    RECORD    YEAR
 MAXIMUM TEMPERATURE (F)   64        88      2001
 MINIMUM TEMPERATURE (F)   41        27      1930


SUNRISE AND SUNSET
APRIL 24 2017.........SUNRISE   556 AM EDT   SUNSET   742 PM EDT
APRIL 25 2017.........SUNRISE   555 AM EDT   SUNSET   743 PM EDT


-  INDICATES NEGATIVE NUMBERS.
R  INDICATES RECORD WAS SET OR TIED.
MM INDICATES DATA IS MISSING.
T  INDICATES TRACE AMOUNT.




$$
