000
CDUS41 KBOX 300555
CLIBDL


CLIMATE REPORT
NATIONAL WEATHER SERVICE TAUNTON MA
153 AM EDT SAT APR 30 2016


...................................

...THE HARTFORD CT CLIMATE SUMMARY FOR APRIL 29 2016...

CLIMATE NORMAL PERIOD 1981 TO 2010
CLIMATE RECORD PERIOD 1904 TO 2016


WEATHER ITEM   OBSERVED TIME   RECORD YEAR NORMAL DEPARTURE LAST
                VALUE   (LST)  VALUE       VALUE  FROM      YEAR
                                                  NORMAL
..................................................................
TEMPERATURE (F)
 YESTERDAY
  MAXIMUM         59    457 PM  91    1974  66     -7       75
  MINIMUM         44    540 AM  30    1949  43      1       47
  AVERAGE         52                        54     -2       61

PRECIPITATION (IN)
  YESTERDAY        0.00          1.19 1996   0.13  -0.13     0.00
  MONTH TO DATE    2.44                      3.60  -1.16     3.40
  SINCE MAR 1      4.64                      7.22  -2.58     6.06
  SINCE JAN 1     11.47                     13.34  -1.87    12.24

SNOWFALL (IN)
  YESTERDAY        0.0           0.5  1909   0.0    0.0      0.0
  MONTH TO DATE    6.9                       1.4    5.5       T
  SINCE MAR 1      9.8                       7.8    2.0      9.0
  SINCE JUL 1     26.9                      40.5  -13.6     63.8
  SNOW DEPTH       0

DEGREE DAYS
 HEATING
  YESTERDAY       13                        11      2        4
  MONTH TO DATE  506                       463     43      447
  SINCE MAR 1   1150                      1306   -156     1445
  SINCE JUL 1   4826                      5744   -918     6090

 COOLING
  YESTERDAY        0                         0      0        0
  MONTH TO DATE    2                         0      2        0
  SINCE MAR 1      2                         0      2        0
  SINCE JAN 1      2                         0      2        0
..................................................................


WIND (MPH)
  RESULTANT WIND SPEED   6   RESULTANT WIND DIRECTION   S (170)
  HIGHEST WIND SPEED    16   HIGHEST WIND DIRECTION     S (180)
  HIGHEST GUST SPEED    19   HIGHEST GUST DIRECTION     S (180)
  AVERAGE WIND SPEED     6.9


SKY COVER
  POSSIBLE SUNSHINE  MM
  AVERAGE SKY COVER 0.9


WEATHER CONDITIONS
 THE FOLLOWING WEATHER WAS RECORDED YESTERDAY.
  NO SIGNIFICANT WEATHER WAS OBSERVED.


RELATIVE HUMIDITY (PERCENT)
 HIGHEST    70           300 AM
 LOWEST     39           900 PM
 AVERAGE    55

..........................................................


THE HARTFORD CT CLIMATE NORMALS FOR TODAY
                         NORMAL    RECORD    YEAR
 MAXIMUM TEMPERATURE (F)   66        86      1942
 MINIMUM TEMPERATURE (F)   43        31      1978


SUNRISE AND SUNSET
APRIL 30 2016.........SUNRISE   548 AM EDT   SUNSET   749 PM EDT
MAY  1 2016...........SUNRISE   546 AM EDT   SUNSET   750 PM EDT


-  INDICATES NEGATIVE NUMBERS.
R  INDICATES RECORD WAS SET OR TIED.
MM INDICATES DATA IS MISSING.
T  INDICATES TRACE AMOUNT.




$$
