000
CDUS41 KOKX 012048
CLIBDR


CLIMATE REPORT
NATIONAL WEATHER SERVICE NEW YORK NY
448 PM EDT MON JUN 1 2015


...................................

...THE BRIDGEPORT CT CLIMATE SUMMARY FOR JUNE 1 2015...
VALID TODAY AS OF 0400 PM LOCAL TIME.

CLIMATE NORMAL PERIOD 1981 TO 2010
CLIMATE RECORD PERIOD 1948 TO 2015


WEATHER ITEM   OBSERVED TIME   RECORD YEAR NORMAL DEPARTURE LAST
                VALUE   (LST)  VALUE       VALUE  FROM      YEAR
                                                  NORMAL
..................................................................
TEMPERATURE (F)
 TODAY
  MAXIMUM         56    255 PM  88    1951  73    -17       75
  MINIMUM         53    823 AM  41    1967  56     -3       50
  AVERAGE         55                        64     -9       63

PRECIPITATION (IN)
  TODAY            0.34          1.48 1950   0.15   0.19     0.00
  MONTH TO DATE    0.34                      0.15   0.19     0.00
  SINCE JUN 1      0.34                      0.15   0.19     0.00
  SINCE JAN 1     14.64                     18.02  -3.38    21.66

SNOWFALL (IN)
  TODAY            0.0           0.0  2002   0.0    0.0      0.0
                                      2001
  MONTH TO DATE    0.0                       0.0    0.0      0.0
  SINCE OCT 1     59.7                      27.6   32.1     57.4
  SINCE JUL 1     59.7                      27.6   32.1     57.4
  SNOW DEPTH       0

DEGREE DAYS
 HEATING
  TODAY           10                         3      7        2
  MONTH TO DATE   10                         3      7        2
  SINCE JUN 1     10                         3      7        2
  SINCE JUL 1   5631                      5363    268     5616

 COOLING
  TODAY            0                         2     -2        0
  MONTH TO DATE    0                         2     -2        0
  SINCE JUN 1      0                         2     -2        0
  SINCE JAN 1     54                        26     28       23
..................................................................


WIND (MPH)
  HIGHEST WIND SPEED    20   HIGHEST WIND DIRECTION     E (70)
  HIGHEST GUST SPEED    24   HIGHEST GUST DIRECTION    NE (40)
  AVERAGE WIND SPEED    12.1


SKY COVER
  AVERAGE SKY COVER 1.0


WEATHER CONDITIONS
 THE FOLLOWING WEATHER WAS RECORDED TODAY.
  RAIN
  LIGHT RAIN
  FOG


RELATIVE HUMIDITY (PERCENT)
 HIGHEST    93           100 AM
 LOWEST     86          1200 AM
 AVERAGE    90

..........................................................


THE BRIDGEPORT CT CLIMATE NORMALS FOR TOMORROW
                         NORMAL    RECORD    YEAR
 MAXIMUM TEMPERATURE (F)   73        88      1989
 MINIMUM TEMPERATURE (F)   56        43      1966


SUNRISE AND SUNSET
JUNE  1 2015..........SUNRISE   522 AM EDT   SUNSET   819 PM EDT
JUNE  2 2015..........SUNRISE   522 AM EDT   SUNSET   819 PM EDT


-  INDICATES NEGATIVE NUMBERS.
R  INDICATES RECORD WAS SET OR TIED.
MM INDICATES DATA IS MISSING.
T  INDICATES TRACE AMOUNT.




$$
