000
CDUS41 KOKX 300737
CLIBDR


CLIMATE REPORT
NATIONAL WEATHER SERVICE NEW YORK NY
330 AM EDT SUN APR 30 2017


...................................

...THE BRIDGEPORT CT CLIMATE SUMMARY FOR APRIL 29 2017...

CLIMATE NORMAL PERIOD 1981 TO 2010
CLIMATE RECORD PERIOD 1948 TO 2017


WEATHER ITEM   OBSERVED TIME   RECORD YEAR NORMAL DEPARTURE LAST
                VALUE   (LST)  VALUE       VALUE  FROM      YEAR
                                                  NORMAL
..................................................................
TEMPERATURE (F)
 YESTERDAY
  MAXIMUM         86R   428 PM  86    2017  62     24       53
  MINIMUM         59    212 AM  34    1966  45     14       45
  AVERAGE         73                        54     19       49

PRECIPITATION (IN)
  YESTERDAY        0.01          0.65 1955   0.13  -0.12     0.10
  MONTH TO DATE    4.82                      4.01   0.81     2.71
  SINCE MAR 1      9.16                      8.06   1.10     4.88
  SINCE JAN 1     14.35                     13.95   0.40    12.04

SNOWFALL (IN)
  YESTERDAY        0.0           0.0  2002   0.0    0.0      0.0
                                      2001
  MONTH TO DATE    0.0                       0.9   -0.9      0.1
  SINCE OCT 1     40.9                      27.6   13.3     27.3
  SINCE JUL 1     40.9                      27.6   13.3     27.3
  SNOW DEPTH       0

DEGREE DAYS
 HEATING
  YESTERDAY        0                        11    -11       16
  MONTH TO DATE  325                       461   -136      450
  SINCE MAR 1   1173                      1258    -85     1073
  SINCE JUL 1   4340                      5145   -805     4208

 COOLING
  YESTERDAY        8                         0      8        0
  MONTH TO DATE    8                         0      8        0
  SINCE MAR 1      8                         0      8        0
  SINCE JAN 1      8                         0      8        0
..................................................................


WIND (MPH)
  HIGHEST WIND SPEED    31   HIGHEST WIND DIRECTION     W (290)
  HIGHEST GUST SPEED    47   HIGHEST GUST DIRECTION    NW (310)
  AVERAGE WIND SPEED     9.6


SKY COVER
  AVERAGE SKY COVER 0.1


WEATHER CONDITIONS
 THE FOLLOWING WEATHER WAS RECORDED YESTERDAY.
  LIGHT RAIN


RELATIVE HUMIDITY (PERCENT)
 HIGHEST    78           800 AM
 LOWEST     37           500 PM
 AVERAGE    58

..........................................................


THE BRIDGEPORT CT CLIMATE NORMALS FOR TODAY
                         NORMAL    RECORD    YEAR
 MAXIMUM TEMPERATURE (F)   63        79      2007
 MINIMUM TEMPERATURE (F)   46        38      2008
                                             1992


SUNRISE AND SUNSET
APRIL 30 2017.........SUNRISE   551 AM EDT   SUNSET   749 PM EDT
MAY  1 2017...........SUNRISE   550 AM EDT   SUNSET   750 PM EDT


-  INDICATES NEGATIVE NUMBERS.
R  INDICATES RECORD WAS SET OR TIED.
MM INDICATES DATA IS MISSING.
T  INDICATES TRACE AMOUNT.




$$
