000
CDUS41 KOKX 310626
CLIBDR


CLIMATE REPORT
NATIONAL WEATHER SERVICE NEW YORK NY
226 AM EDT FRI OCT 31 2014


...................................

...THE BRIDGEPORT CT CLIMATE SUMMARY FOR OCTOBER 30 2014...

CLIMATE NORMAL PERIOD 1981 TO 2010
CLIMATE RECORD PERIOD 1948 TO 2014


WEATHER ITEM   OBSERVED TIME   RECORD YEAR NORMAL DEPARTURE LAST
                VALUE   (LST)  VALUE       VALUE  FROM      YEAR
                                                  NORMAL
..................................................................
TEMPERATURE (F)
 YESTERDAY
  MAXIMUM         60    201 PM  77    1961  59      1       57
  MINIMUM         42    611 AM  29    1988  42      0       41
                                      1983
  AVERAGE         51                        50      1       49

PRECIPITATION (IN)
  YESTERDAY        0.00          2.02 1955   0.11  -0.11     0.00
  MONTH TO DATE    2.95                      3.53  -0.58     0.28
  SINCE SEP 1      5.05                      7.01  -1.96     3.00
  SINCE JAN 1     36.29                     35.91   0.38    29.78

SNOWFALL (IN)
  YESTERDAY        0.0           0.5  2011   0.0    0.0      0.0
  MONTH TO DATE    0.0                       0.0    0.0      0.0
  SINCE OCT 1      0.0                       0.0    0.0      0.0
  SINCE JUL 1      0.0                       0.0    0.0      0.0
  SNOW DEPTH       0

DEGREE DAYS
 HEATING
  YESTERDAY       14                        15     -1       16
  MONTH TO DATE  215                       308    -93      228
  SINCE SEP 1    255                       372   -117      309
  SINCE JUL 1    255                       376   -121      309

 COOLING
  YESTERDAY        0                         0      0        0
  MONTH TO DATE   19                         8     11       22
  SINCE SEP 1    150                       106     44      118
  SINCE JAN 1    884                       824     60     1003
..................................................................


WIND (MPH)
  HIGHEST WIND SPEED    15   HIGHEST WIND DIRECTION     N (360)
  HIGHEST GUST SPEED    20   HIGHEST GUST DIRECTION     N (10)
  AVERAGE WIND SPEED     5.2


SKY COVER
  AVERAGE SKY COVER 0.4


WEATHER CONDITIONS
 THE FOLLOWING WEATHER WAS RECORDED YESTERDAY.
  NO SIGNIFICANT WEATHER WAS OBSERVED.


RELATIVE HUMIDITY (PERCENT)
 HIGHEST   100           200 AM
 LOWEST     42           200 PM
 AVERAGE    71

..........................................................


THE BRIDGEPORT CT CLIMATE NORMALS FOR TODAY
                         NORMAL    RECORD    YEAR
 MAXIMUM TEMPERATURE (F)   58        75      2004
 MINIMUM TEMPERATURE (F)   42        26      1988


SUNRISE AND SUNSET
OCTOBER 31 2014.......SUNRISE   722 AM EDT   SUNSET   549 PM EDT
NOVEMBER  1 2014......SUNRISE   724 AM EDT   SUNSET   548 PM EDT


-  INDICATES NEGATIVE NUMBERS.
R  INDICATES RECORD WAS SET OR TIED.
MM INDICATES DATA IS MISSING.
T  INDICATES TRACE AMOUNT.




$$
