000
CDAK48 PABE 281237
CLIBET

CLIMATE REPORT
NATIONAL WEATHER SERVICE BETHEL, AK
437 AM AKDT THU APR 28 2016

...................................
...THE BETHEL AP CLIMATE SUMMARY FOR APRIL 27 2016...

CLIMATE NORMAL PERIOD  1981 TO  2010
CLIMATE RECORD PERIOD  1923 TO  2016

WEATHER ITEM   OBSERVED TIME    RECORD YEAR NORMAL DEPARTURE LAST
               VALUE    (LST)   VALUE       VALUE  FROM      YEAR
                                                   NORMAL
...................................................................
TEMPERATURE
YESTERDAY
 MAXIMUM            56  0236 PM    59  2014     41      15     53
 MINIMUM            29  0457 AM   -13  1924     26       3     27
 AVERAGE            43                          33      10     40

PRECIPITATION
(INCHES)
 YESTERDAY           T           0.24  1979   0.03   -0.03   0.00
 MONTH TO DATE    0.56                        0.65   -0.09   1.05
 SINCE MAR 1      1.31                        1.36   -0.05   1.55
 SINCE JAN 1      1.70                        2.86   -1.16   2.59

SNOWFALL
(INCHES)
 YESTERDAY         0.0            1.1  1970    0.1    -0.1    0.0
 MONTH TO DATE     0.4                         5.3    -4.9    9.8
 SINCE MAR 1       2.9                        13.5   -10.6   16.6
 SINCE JUL 1      29.4                        59.3   -29.9   42.1
 SNOW DEPTH (IN)     0                                          0

DEGREE DAYS
 HEATING
  YESTERDAY         22                          32     -10     25
  MONTH TO DATE    639                        1050    -411    969
  SINCE MAR 1     1992                        2594    -602   2339
  SINCE JUL 1     9441                       11340   -1899  10125

 COOLING
  YESTERDAY          0                           0       0      0
  MONTH TO DATE      0                           0       0      0
  SINCE MAR 1        0                           0       0      0
  SINCE JAN 1        0                           0       0      0
...................................................................

WIND (MPH)
 HIGHEST WIND SPEED    30     HIGHEST WIND DIRECTION    100
 HIGHEST GUST SPEED    37     HIGHEST GUST DIRECTION     80
 AVERAGE WIND SPEED  16.7

WEATHER CONDITIONS
 THE FOLLOWING WEATHER WAS RECORDED YESTERDAY.
 RAIN
 FOG

...................................................................

THE BETHEL CLIMATE NORMALS FOR TODAY
                           NORMAL    RECORD   YEAR
 MAXIMUM TEMPERATURE (F)     42        58     1940
 MINIMUM TEMPERATURE (F)     26       -16     1924

SUNRISE AND SUNSET
 APR 28 2016..........SUNRISE  6:48 AM      SUNSET 10:44 PM
 APR 29 2016..........SUNRISE  6:45 AM      SUNSET 10:47 PM

-  INDICATES NEGATIVE NUMBERS.
R  INDICATES RECORD HAS BEEN SET OR TIED.
MM INDICATES DATA IS MISSING.
T  INDICATES TRACE OF PRECIPITATION.

&&
-------------------------------------------------------------------

AMOUNT OF DAYLIGHT TODAY  (HOUR:MIN)........15 HOURS 56 MINUTES
GAIN SINCE YESTERDAY (HOUR:MIN:SEC)....+0:05:28

$$
CR APR 16
