913
CDAK48 PABE 121237
CLIBET

CLIMATE REPORT
NATIONAL WEATHER SERVICE BETHEL, AK
337 AM AKST FRI FEB 12 2016

...................................
...THE BETHEL AP CLIMATE SUMMARY FOR FEBRUARY 11 2016...

CLIMATE NORMAL PERIOD  1981 TO  2010
CLIMATE RECORD PERIOD  1923 TO  2016

WEATHER ITEM   OBSERVED TIME    RECORD YEAR NORMAL DEPARTURE LAST
               VALUE    (LST)   VALUE       VALUE  FROM      YEAR
                                                   NORMAL
...................................................................
TEMPERATURE
YESTERDAY
 MAXIMUM            13  1159 PM    43  1927     17      -4      8
 MINIMUM             8  1102 AM   -36  1969      4       4      0
 AVERAGE            11                          11       0      4

PRECIPITATION
(INCHES)
 YESTERDAY        0.00           0.25  1965   0.03   -0.03   0.02
 MONTH TO DATE    0.03                        0.28   -0.25   0.04
 SINCE DEC 1      1.50                        2.18   -0.68   2.14
 SINCE JAN 1      0.26                        1.06   -0.80   0.55

SNOWFALL
(INCHES)
 YESTERDAY         0.0            2.5  1965    0.2    -0.2      T
 MONTH TO DATE     0.3                         2.6    -2.3    0.6
 SINCE DEC 1      16.1                        23.6    -7.5    8.3
 SINCE JUL 1      25.5                        41.5   -16.0   20.5
 SNOW DEPTH (IN)     2                                          1

DEGREE DAYS
 HEATING
  YESTERDAY         54                          54       0     61
  MONTH TO DATE    482                         612    -130    695
  SINCE DEC 1     3398                        4118    -720   3859
  SINCE JUL 1     6686                        7848   -1162   7141

 COOLING
  YESTERDAY          0                           0       0      0
  MONTH TO DATE      0                           0       0      0
  SINCE DEC 1        0                           0       0      0
  SINCE JAN 1        0                           0       0      0
...................................................................

WIND (MPH)
 HIGHEST WIND SPEED    30     HIGHEST WIND DIRECTION     30
 HIGHEST GUST SPEED    37     HIGHEST GUST DIRECTION     30
 AVERAGE WIND SPEED  21.6

WEATHER CONDITIONS
 THE FOLLOWING WEATHER WAS RECORDED YESTERDAY.
 SMOKE OR HAZE

...................................................................

THE BETHEL CLIMATE NORMALS FOR TODAY
                           NORMAL    RECORD   YEAR
 MAXIMUM TEMPERATURE (F)     17        45     1986
 MINIMUM TEMPERATURE (F)      4       -33     1964

SUNRISE AND SUNSET
 FEB 12 2016..........SUNRISE  9:38 AM      SUNSET  6:28 PM
 FEB 13 2016..........SUNRISE  9:35 AM      SUNSET  6:30 PM

-  INDICATES NEGATIVE NUMBERS.
R  INDICATES RECORD HAS BEEN SET OR TIED.
MM INDICATES DATA IS MISSING.
T  INDICATES TRACE OF PRECIPITATION.

&&
-------------------------------------------------------------------

AMOUNT OF DAYLIGHT TODAY  (HOUR:MIN)........8 HOURS 50 MINUTES
GAIN SINCE YESTERDAY (HOUR:MIN:SEC)....+0:05:28

$$
CR FEB 16
