000
CDAK48 PAFC 190054
CLIBET


CLIMATE REPORT
NATIONAL WEATHER SERVICE ANCHORAGE, AK
453 PM AKDT FRI AUG 18 2017


...................................

...THE BETHEL CLIMATE SUMMARY FOR AUGUST 18 2017...
VALID TODAY AS OF 0400 PM LOCAL TIME.

CLIMATE NORMAL PERIOD 1981 TO 2010
CLIMATE RECORD PERIOD 1948 TO 2017


WEATHER ITEM   OBSERVED TIME   RECORD YEAR NORMAL DEPARTURE LAST
                VALUE   (LST)  VALUE       VALUE  FROM      YEAR
                                                  NORMAL
..................................................................
TEMPERATURE (F)
 TODAY
  MAXIMUM         56        MM  74    2004  60     -4       68
  MINIMUM         46        MM  36    1960  47     -1       46
  AVERAGE         51                        54     -3       57

PRECIPITATION (IN)
  TODAY            0.02          1.40 1947   0.11  -0.09     0.00
  MONTH TO DATE    3.67                      1.89   1.78     1.34
  SINCE JUN 1      8.67                      5.97   2.70     5.75
  SINCE JAN 1     13.64                     10.06   3.58     8.99

SNOWFALL (IN)
  TODAY            0.0          MM      MM   0.0    0.0      0.0
  MONTH TO DATE    0.0                       0.0    0.0      0.0
  SINCE JUN 1      0.0                       T      0.0      0.0
  SINCE JUL 1      0.0                       0.0    0.0      0.0
  SNOW DEPTH       0

DEGREE DAYS
 HEATING
  TODAY           14                        12      2        8
  MONTH TO DATE  145                       193    -48      109
  SINCE JUN 1    635                       849   -214      546
  SINCE JUL 1    360                       471   -111      273

 COOLING
  TODAY            0                         0      0        0
  MONTH TO DATE    3                         0      3        0
  SINCE JUN 1      6                         3      3       13
  SINCE JAN 1      6                         3      3       13
..................................................................


WIND (MPH)
  RESULTANT WIND SPEED   7   RESULTANT WIND DIRECTION   N (340)
  HIGHEST WIND SPEED    16   HIGHEST WIND DIRECTION     N (20)
  HIGHEST GUST SPEED    MM   HIGHEST GUST DIRECTION    MM
  AVERAGE WIND SPEED     8.9



WEATHER CONDITIONS
 THE FOLLOWING WEATHER WAS RECORDED TODAY.
  LIGHT RAIN


RELATIVE HUMIDITY (PERCENT)
 HIGHEST    93
 LOWEST     66
 AVERAGE    80

..........................................................


THE BETHEL CLIMATE NORMALS FOR TOMORROW
                         NORMAL    RECORD    YEAR
 MAXIMUM TEMPERATURE (F)   60        75      2004
 MINIMUM TEMPERATURE (F)   47        35      1984
                                             1966


SUNRISE AND SUNSET
AUGUST 18 2017........SUNRISE   706 AM AKDT  SUNSET  1034 PM AKDT
AUGUST 19 2017........SUNRISE   709 AM AKDT  SUNSET  1031 PM AKDT


-  INDICATES NEGATIVE NUMBERS.
R  INDICATES RECORD WAS SET OR TIED.
MM INDICATES DATA IS MISSING.
T  INDICATES TRACE AMOUNT.




$$
