000
CDAK48 PABE 280033
CLIBET


CLIMATE REPORT
NATIONAL WEATHER SERVICE ANCHORAGE, AK
431 PM AKDT TUE JUN 27 2017


...................................

...THE BETHEL CLIMATE SUMMARY FOR JUNE 27 2017...
VALID TODAY AS OF 0400 PM LOCAL TIME.

CLIMATE NORMAL PERIOD 1981 TO 2010
CLIMATE RECORD PERIOD 1948 TO 2017


WEATHER ITEM   OBSERVED TIME   RECORD YEAR NORMAL DEPARTURE LAST
                VALUE   (LST)  VALUE       VALUE  FROM      YEAR
                                                  NORMAL
..................................................................
TEMPERATURE (F)
 TODAY
  MAXIMUM         56        MM  84    2004  64     -8       71
  MINIMUM         48        MM  36    1978  47      1       45
  AVERAGE         52                        56     -4       58

PRECIPITATION (IN)
  TODAY            0.04          0.51 2003   0.06  -0.02      T
  MONTH TO DATE    1.00                      1.54  -0.54     1.42
  SINCE JUN 1      1.00                      1.54  -0.54     1.42
  SINCE JAN 1      5.97                      5.63   0.34     4.66

SNOWFALL (IN)
  TODAY            0.0          MM      MM   0.0    0.0      0.0
  MONTH TO DATE    0.0                       0.0    0.0      0.0
  SINCE JUN 1      0.0                       0.0    0.0      0.0
  SINCE JUL 1     31.2                      61.8  -30.6     29.9
  SNOW DEPTH       0

DEGREE DAYS
 HEATING
  TODAY           13                        10      3        7
  MONTH TO DATE  242                       350   -108      260
  SINCE JUN 1    242                       350   -108      260
  SINCE JUL 1  11812                     12491   -679     9973

 COOLING
  TODAY            0                         0      0        0
  MONTH TO DATE    0                         0      0        0
  SINCE JUN 1      0                         0      0        0
  SINCE JAN 1      0                         0      0        0
..................................................................


WIND (MPH)
  RESULTANT WIND SPEED   8   RESULTANT WIND DIRECTION   E (90)
  HIGHEST WIND SPEED    12   HIGHEST WIND DIRECTION     E (70)
  HIGHEST GUST SPEED    MM   HIGHEST GUST DIRECTION    MM
  AVERAGE WIND SPEED     8.8



WEATHER CONDITIONS
 THE FOLLOWING WEATHER WAS RECORDED TODAY.
  HEAVY RAIN
  RAIN
  LIGHT RAIN
  FOG


RELATIVE HUMIDITY (PERCENT)
 HIGHEST   100
 LOWEST     77
 AVERAGE    89

..........................................................


THE BETHEL CLIMATE NORMALS FOR TOMORROW
                         NORMAL    RECORD    YEAR
 MAXIMUM TEMPERATURE (F)   64        87      1939
 MINIMUM TEMPERATURE (F)   48        36      1933


SUNRISE AND SUNSET
JUNE 27 2017..........SUNRISE   517 AM AKDT  SUNSET  1224 AM AKDT
JUNE 28 2017..........SUNRISE   518 AM AKDT  SUNSET  1223 AM AKDT


-  INDICATES NEGATIVE NUMBERS.
R  INDICATES RECORD WAS SET OR TIED.
MM INDICATES DATA IS MISSING.
T  INDICATES TRACE AMOUNT.




$$
