473
CDAK48 PAFC 090050
CLIBET


CLIMATE REPORT
NATIONAL WEATHER SERVICE ANCHORAGE, AK
350 PM AKST THU DEC 8 2016


...................................

...THE BETHEL CLIMATE SUMMARY FOR DECEMBER 8 2016...
VALID TODAY AS OF 0300 PM LOCAL TIME.

CLIMATE NORMAL PERIOD 1981 TO 2010
CLIMATE RECORD PERIOD 1948 TO 2016


WEATHER ITEM   OBSERVED TIME   RECORD YEAR NORMAL DEPARTURE LAST
                VALUE   (LST)  VALUE       VALUE  FROM      YEAR
                                                  NORMAL
..................................................................
TEMPERATURE (F)
 TODAY
  MAXIMUM          3        MM  45    1932  19    -16        8
  MINIMUM         -5   1200 PM -28    1923   5    -10       -1
  AVERAGE         -1                        12    -13        4

PRECIPITATION (IN)
  TODAY            0.00          0.60 1961   0.03  -0.03      T
  MONTH TO DATE    T                         0.32  -0.32      T
  SINCE DEC 1      T                         0.32  -0.32      T
  SINCE JAN 1     15.30                     17.74  -2.44    17.77

SNOWFALL (IN)
  TODAY            0.0           2.3  1994   0.4   -0.4      0.0
  MONTH TO DATE    T                         3.2   -3.2       T
  SINCE DEC 1      T                         3.2   -3.2       T
  SINCE JUL 1      3.6                      21.1  -17.5      9.4
  SNOW DEPTH       2

DEGREE DAYS
 HEATING
  TODAY           66                        53     13       61
  MONTH TO DATE  568                       419    149      492
  SINCE DEC 1    568                       419    149      492
  SINCE JUL 1   3796                      4142   -346     3704

 COOLING
  TODAY            0                         0      0        0
  MONTH TO DATE    0                         0      0        0
  SINCE DEC 1      0                         0      0        0
  SINCE JAN 1     13                         4      9       11
..................................................................


WIND (MPH)
  RESULTANT WIND SPEED  22   RESULTANT WIND DIRECTION  NE (30)
  HIGHEST WIND SPEED    28   HIGHEST WIND DIRECTION     N (20)
  HIGHEST GUST SPEED    36   HIGHEST GUST DIRECTION    NE (30)
  AVERAGE WIND SPEED    22.1



WEATHER CONDITIONS
 THE FOLLOWING WEATHER WAS RECORDED TODAY.
  NO SIGNIFICANT WEATHER WAS OBSERVED.


RELATIVE HUMIDITY (PERCENT)
 HIGHEST    79
 LOWEST     65
 AVERAGE    72

..........................................................


THE BETHEL CLIMATE NORMALS FOR TOMORROW
                         NORMAL    RECORD    YEAR
 MAXIMUM TEMPERATURE (F)   18        43      1932
 MINIMUM TEMPERATURE (F)    5       -28      1975
                                             1964
                                             1923


SUNRISE AND SUNSET
DECEMBER  8 2016......SUNRISE  1044 AM AKST  SUNSET   435 PM AKST
DECEMBER  9 2016......SUNRISE  1045 AM AKST  SUNSET   434 PM AKST


-  INDICATES NEGATIVE NUMBERS.
R  INDICATES RECORD WAS SET OR TIED.
MM INDICATES DATA IS MISSING.
T  INDICATES TRACE AMOUNT.




$$
