089
CDAK48 PAFC 160150
CLIBET


CLIMATE REPORT
NATIONAL WEATHER SERVICE ANCHORAGE, AK
449 PM AKST MON JAN 15 2018


...................................

...THE BETHEL CLIMATE SUMMARY FOR JANUARY 15 2018...
VALID TODAY AS OF 0400 PM LOCAL TIME.

CLIMATE NORMAL PERIOD 1981 TO 2010
CLIMATE RECORD PERIOD 1948 TO 2018


WEATHER ITEM   OBSERVED TIME   RECORD YEAR NORMAL DEPARTURE LAST
                VALUE   (LST)  VALUE       VALUE  FROM      YEAR
                                                  NORMAL
..................................................................
TEMPERATURE (F)
 TODAY
  MAXIMUM         36    226 PM  47    1937  12     24        1
  MINIMUM         33    715 AM -46    1934   0     33       -9
  AVERAGE         35                         6     29       -4

PRECIPITATION (IN)
  TODAY            0.01          0.65 1952   0.03  -0.02      T
  MONTH TO DATE    0.29                      0.42  -0.13     0.37
  SINCE SEP 1     10.07                      7.54   2.53     5.51
  SINCE JAN 1      0.29                      0.42  -0.13     0.37

SNOWFALL (IN)
  TODAY           MM             3.0  1949   0.4   MM         T
  MONTH TO DATE    1.2                       5.1   -3.9      1.6
  SINCE SEP 1     19.6                      34.4  -14.8     12.7
  SINCE JUL 1     19.6                      34.4  -14.8     12.7
  SNOW DEPTH       0

DEGREE DAYS
 HEATING
  TODAY           30                        59    -29       69
  MONTH TO DATE  663                       880   -217      777
  SINCE DEC 1   1899                      2574   -675     2366
  SINCE JUL 1   5065                      6297  -1232     5594

 COOLING
  TODAY            0                         0      0        0
  MONTH TO DATE    0                         0      0        0
  SINCE DEC 1      0                         0      0        0
  SINCE JAN 1      0                         0      0        0
..................................................................


WIND (MPH)
  RESULTANT WIND SPEED  14   RESULTANT WIND DIRECTION  SE (150)
  HIGHEST WIND SPEED    22   HIGHEST WIND DIRECTION    SE (150)
  HIGHEST GUST SPEED    27   HIGHEST GUST DIRECTION    SE (140)
  AVERAGE WIND SPEED    14.2



WEATHER CONDITIONS
 THE FOLLOWING WEATHER WAS RECORDED TODAY.
  LIGHT RAIN


RELATIVE HUMIDITY (PERCENT)
 HIGHEST    96
 LOWEST     82
 AVERAGE    89

..........................................................


THE BETHEL CLIMATE NORMALS FOR TOMORROW
                         NORMAL    RECORD    YEAR
 MAXIMUM TEMPERATURE (F)   12        47      1963
 MINIMUM TEMPERATURE (F)    0       -50      1947


SUNRISE AND SUNSET
JANUARY 15 2018.......SUNRISE  1040 AM AKST  SUNSET   514 PM AKST
JANUARY 16 2018.......SUNRISE  1039 AM AKST  SUNSET   516 PM AKST


-  INDICATES NEGATIVE NUMBERS.
R  INDICATES RECORD WAS SET OR TIED.
MM INDICATES DATA IS MISSING.
T  INDICATES TRACE AMOUNT.




$$
