000
CDAK48 PAFC 210100
CLIBET


CLIMATE REPORT
NATIONAL WEATHER SERVICE ANCHORAGE, AK
400 PM AKST MON FEB 20 2017


...................................

...THE BETHEL CLIMATE SUMMARY FOR FEBRUARY 20 2017...
VALID TODAY AS OF 0400 PM LOCAL TIME.

CLIMATE NORMAL PERIOD 1981 TO 2010
CLIMATE RECORD PERIOD 1948 TO 2017


WEATHER ITEM   OBSERVED TIME   RECORD YEAR NORMAL DEPARTURE LAST
                VALUE   (LST)  VALUE       VALUE  FROM      YEAR
                                                  NORMAL
..................................................................
TEMPERATURE (F)
 TODAY
  MAXIMUM        -13    100 PM  44    2015  19    -32       21
                                      1934
  MINIMUM        -20        MM -33    1954   5    -25        3
  AVERAGE        -16                        12    -28       12

PRECIPITATION (IN)
  TODAY            T             0.85 1944   0.02  -0.02      T
  MONTH TO DATE    0.29                      0.51  -0.22     0.11
  SINCE DEC 1      2.26                      2.41  -0.15     1.58
  SINCE JAN 1      1.50                      1.29   0.21     0.34

SNOWFALL (IN)
  TODAY            T             2.5  1989   0.3   -0.3       T
  MONTH TO DATE    2.1                       4.8   -2.7      0.8
  SINCE DEC 1     19.4                      25.8   -6.4     17.1
  SINCE JUL 1     23.0                      43.7  -20.7     26.5
  SNOW DEPTH       9

DEGREE DAYS
 HEATING
  TODAY           81                        53     28       53
  MONTH TO DATE 1342                      1093    249      910
  SINCE DEC 1   4679                      4597     82     3710
  SINCE JUL 1   7907                      8320   -413     6922

 COOLING
  TODAY            0                         0      0        0
  MONTH TO DATE    0                         0      0        0
  SINCE DEC 1      0                         0      0        0
  SINCE JAN 1      0                         0      0        0
..................................................................


WIND (MPH)
  RESULTANT WIND SPEED   3   RESULTANT WIND DIRECTION  SW (210)
  HIGHEST WIND SPEED     9   HIGHEST WIND DIRECTION    SW (230)
  HIGHEST GUST SPEED    MM   HIGHEST GUST DIRECTION    MM
  AVERAGE WIND SPEED     4.3



WEATHER CONDITIONS
 THE FOLLOWING WEATHER WAS RECORDED TODAY.
  LIGHT SNOW
  FOG
  HAZE


RELATIVE HUMIDITY (PERCENT)
 HIGHEST    81
 LOWEST     77
 AVERAGE    79

..........................................................


THE BETHEL CLIMATE NORMALS FOR TOMORROW
                         NORMAL    RECORD    YEAR
 MAXIMUM TEMPERATURE (F)   19        44      1934
                                             1928
 MINIMUM TEMPERATURE (F)    5       -30      1930


SUNRISE AND SUNSET
FEBRUARY 20 2017......SUNRISE   912 AM AKST  SUNSET   651 PM AKST
FEBRUARY 21 2017......SUNRISE   909 AM AKST  SUNSET   653 PM AKST


-  INDICATES NEGATIVE NUMBERS.
R  INDICATES RECORD WAS SET OR TIED.
MM INDICATES DATA IS MISSING.
T  INDICATES TRACE AMOUNT.




$$
