000
CDAK48 PABE 241312
CLIBET


CLIMATE REPORT
NATIONAL WEATHER SERVICE ANCHORAGE, AK
512 AM AKDT FRI MAR 24 2017


...................................

...THE BETHEL CLIMATE SUMMARY FOR MARCH 23 2017...

CLIMATE NORMAL PERIOD 1981 TO 2010
CLIMATE RECORD PERIOD 1948 TO 2017


WEATHER ITEM   OBSERVED TIME   RECORD YEAR NORMAL DEPARTURE LAST
                VALUE   (LST)  VALUE       VALUE  FROM      YEAR
                                                  NORMAL
..................................................................
TEMPERATURE (F)
 YESTERDAY
  MAXIMUM         19    614 PM  48    1934  24     -5       37
  MINIMUM         -3    749 AM -30    1938   9    -12       28
  AVERAGE          8                        16     -8       33

PRECIPITATION (IN)
  YESTERDAY        0.00          0.64 2012   0.03  -0.03     0.00
  MONTH TO DATE    0.01                      0.53  -0.52      T
  SINCE MAR 1      0.01                      0.53  -0.52      T
  SINCE JAN 1      1.90                      2.03  -0.13     0.39

SNOWFALL (IN)
  YESTERDAY        0.0           5.6  2012   0.2   -0.2      0.0
  MONTH TO DATE    T                         6.1   -6.1       T
  SINCE MAR 1      T                         6.1   -6.1       T
  SINCE JUL 1     27.4                      51.9  -24.5     27.0
  SNOW DEPTH       5

DEGREE DAYS
 HEATING
  YESTERDAY       57                        49      8       32
  MONTH TO DATE 1394                      1164    230     1035
  SINCE MAR 1   1394                      1164    230     1035
  SINCE JUL 1   9654                      9902   -248     8292

 COOLING
  YESTERDAY        0                         0      0        0
  MONTH TO DATE    0                         0      0        0
  SINCE MAR 1      0                         0      0        0
  SINCE JAN 1      0                         0      0        0
..................................................................


WIND (MPH)
  RESULTANT WIND SPEED   9   RESULTANT WIND DIRECTION  NW (320)
  HIGHEST WIND SPEED    13   HIGHEST WIND DIRECTION    NW (330)
  HIGHEST GUST SPEED    16   HIGHEST GUST DIRECTION    NW (310)
  AVERAGE WIND SPEED     8.9



WEATHER CONDITIONS
 THE FOLLOWING WEATHER WAS RECORDED YESTERDAY.
  NO SIGNIFICANT WEATHER WAS OBSERVED.


RELATIVE HUMIDITY (PERCENT)
 HIGHEST    92
 LOWEST     56
 AVERAGE    74

..........................................................


THE BETHEL CLIMATE NORMALS FOR TODAY
                         NORMAL    RECORD    YEAR
 MAXIMUM TEMPERATURE (F)   24        47      2015
 MINIMUM TEMPERATURE (F)    9       -32      1938


SUNRISE AND SUNSET
MARCH 24 2017.........SUNRISE   835 AM AKDT  SUNSET   913 PM AKDT
MARCH 25 2017.........SUNRISE   831 AM AKDT  SUNSET   916 PM AKDT


-  INDICATES NEGATIVE NUMBERS.
R  INDICATES RECORD WAS SET OR TIED.
MM INDICATES DATA IS MISSING.
T  INDICATES TRACE AMOUNT.




$$
