000
CDAK48 PABE 011207
CLIBET

CLIMATE REPORT
NATIONAL WEATHER SERVICE BETHEL, AK
307 AM AKST SUN MAR 1 2015

...................................
...THE BETHEL AP CLIMATE SUMMARY FOR FEBRUARY 28 2015...

CLIMATE NORMAL PERIOD  1981 TO  2010
CLIMATE RECORD PERIOD  1923 TO  2015

WEATHER ITEM   OBSERVED TIME    RECORD YEAR NORMAL DEPARTURE LAST
               VALUE    (LST)   VALUE       VALUE  FROM      YEAR
                                                   NORMAL
...................................................................
TEMPERATURE
YESTERDAY
 MAXIMUM            34  0542 AM    41  2003     20      14     36
 MINIMUM            18  1159 PM   -37  1956      6      12     26
 AVERAGE            26                          13      13     31

PRECIPITATION
(INCHES)
 YESTERDAY        0.06           0.40  1944   0.02    0.04   0.01
 MONTH TO DATE    0.54                        0.72   -0.18   0.41
 SINCE DEC 1      2.64                        2.62    0.02   3.64
 SINCE JAN 1      1.05                        1.50   -0.45   1.58

SNOWFALL
(INCHES)
 YESTERDAY         0.3            5.6  2009    0.3     0.0    0.0
 MONTH TO DATE     5.7                         6.9    -1.2    0.4
 SINCE DEC 1      13.4                        27.9   -14.5   15.2
 SINCE JUL 1      25.6                        45.8   -20.2   22.1
 SNOW DEPTH (IN)     1                                          T

DEGREE DAYS
 HEATING
  YESTERDAY         39                          52     -13     34
  MONTH TO DATE   1336                        1510    -174   1373
  SINCE DEC 1     4500                        5016    -516   4117
  SINCE JUL 1     7775                        8746    -971   7475

 COOLING
  YESTERDAY          0                           0       0      0
  MONTH TO DATE      0                           0       0      0
  SINCE DEC 1        0                           0       0      0
  SINCE JAN 1        0                           0       0      0
...................................................................

WIND (MPH)
 HIGHEST WIND SPEED    22     HIGHEST WIND DIRECTION    280
 HIGHEST GUST SPEED    27     HIGHEST GUST DIRECTION    200
 AVERAGE WIND SPEED  11.8

SKY COVER
  POSSIBLE SUNSHINE    MM          AVERAGE SKY COVER     MM

WEATHER CONDITIONS
 THE FOLLOWING WEATHER WAS RECORDED YESTERDAY.
 DRIZZLE
 SNOW


RELATIVE HUMIDITY
 HIGHEST RH     MM PERCENT       MM
 LOWEST  RH     MM PERCENT       MM
 AVERAGE RH     MM PERCENT       MM
...................................................................

THE BETHEL CLIMATE NORMALS FOR TODAY
                           NORMAL    RECORD   YEAR
 MAXIMUM TEMPERATURE (F)     21        45     1938
 MINIMUM TEMPERATURE (F)      6       -42     1956

SUNRISE AND SUNSET
 MAR 1 2015..........SUNRISE  8:48 AM      SUNSET  7:14 PM
 MAR 2 2015..........SUNRISE  8:45 AM      SUNSET  7:16 PM

-  INDICATES NEGATIVE NUMBERS.
R  INDICATES RECORD HAS BEEN SET OR TIED.
MM INDICATES DATA IS MISSING.
T  INDICATES TRACE OF PRECIPITATION.

&&
-------------------------------------------------------------------

AMOUNT OF DAYLIGHT TODAY  (HOUR:MIN)........10 HOURS 26 MINUTES
GAIN/LOSS SINCE YESTERDAY (HOUR:MIN:SEC)....+0:05:38

$$
DAC
