000
CDAK48 PABE 191017
CLIBET

CLIMATE REPORT
NATIONAL WEATHER SERVICE BETHEL, AK
218 AM AKDT FRI SEP 19 2014

...................................
...THE BETHEL AP CLIMATE SUMMARY FOR SEPTEMBER 18 2014...

CLIMATE NORMAL PERIOD  1981 TO  2010
CLIMATE RECORD PERIOD  1923 TO  2014

WEATHER ITEM   OBSERVED TIME    RECORD YEAR NORMAL DEPARTURE LAST
               VALUE    (LST)   VALUE       VALUE  FROM      YEAR
                                                   NORMAL
...................................................................
TEMPERATURE
YESTERDAY
 MAXIMUM            56  0515 PM    68  2010     52       4     43
 MINIMUM            46  0848 AM    26  1960     38       8     31
 AVERAGE            51                          45       6     37

PRECIPITATION
(INCHES)
 YESTERDAY        0.14           0.89  2007   0.09    0.05   0.00
 MONTH TO DATE    1.16                        1.72   -0.56   2.20
 SINCE SEP 1      1.16                        1.72   -0.56   2.20
 SINCE JAN 1     10.47                       13.14   -2.67  12.68

SNOWFALL
(INCHES)
 YESTERDAY         0.0            0.1  1996    0.0     0.0    0.0
 MONTH TO DATE     0.0                         0.1    -0.1    0.0
 SINCE SEP 1       0.0                         0.1    -0.1    0.0
 SINCE JUL 1       0.0                         0.1    -0.1    0.0
 SNOW DEPTH (IN)     0                                          0

DEGREE DAYS
 HEATING
  YESTERDAY         14                          20      -6     28
  MONTH TO DATE    240                         302     -62    282
  SINCE SEP 1      240                         302     -62    282
  SINCE JUL 1      761                         944    -183    866

 COOLING
  YESTERDAY          0                           0       0      0
  MONTH TO DATE      0                           0       0      0
  SINCE SEP 1        0                           0       0      0
  SINCE JAN 1        0                           0       0     18
...................................................................

WIND (MPH)
 HIGHEST WIND SPEED    17     HIGHEST WIND DIRECTION    330
 HIGHEST GUST SPEED    22     HIGHEST GUST DIRECTION    340
 AVERAGE WIND SPEED  10.7

SKY COVER
  POSSIBLE SUNSHINE    MM          AVERAGE SKY COVER     MM

WEATHER CONDITIONS
 THE FOLLOWING WEATHER WAS RECORDED YESTERDAY.
  FOG
RAIN


RELATIVE HUMIDITY
 HIGHEST RH     MM PERCENT       MM
 LOWEST  RH     MM PERCENT       MM
 AVERAGE RH     MM PERCENT       MM
...................................................................

THE BETHEL CLIMATE NORMALS FOR TODAY
                           NORMAL    RECORD   YEAR
 MAXIMUM TEMPERATURE (F)     51        71     2010
 MINIMUM TEMPERATURE (F)     38        25     1972

SUNRISE AND SUNSET
 SEP 19 2014..........SUNRISE  8:25 AM      SUNSET  8:56 PM
 SEP 20 2014..........SUNRISE  8:28 AM      SUNSET  8:53 PM

-  INDICATES NEGATIVE NUMBERS.
R  INDICATES RECORD HAS BEEN SET OR TIED.
MM INDICATES DATA IS MISSING.
T  INDICATES TRACE OF PRECIPITATION.

&&
-------------------------------------------------------------------

AMOUNT OF DAYLIGHT TODAY  (HOUR:MIN)........12 HOURS 31 MINUTES
GAIN/LOSS SINCE YESTERDAY (HOUR:MIN:SEC)....-0:05:33

$$
DPA SEP 14
