000
CDUS45 KCYS 030733
CLIBFF


CLIMATE REPORT
NATIONAL WEATHER SERVICE CHEYENNE WY
1232 AM MST TUE MAR 3 2015


...................................

...THE SCOTTSBLUFF NEBRASKA AIRPORT CLIMATE SUMMARY FOR MARCH 2 2015...

CLIMATE NORMAL PERIOD 1981 TO 2010
CLIMATE RECORD PERIOD 1871 TO 2015


WEATHER ITEM   OBSERVED TIME   RECORD YEAR NORMAL DEPARTURE LAST
                VALUE   (LST)  VALUE       VALUE  FROM      YEAR
                                                  NORMAL
..................................................................
TEMPERATURE (F)
 YESTERDAY
  MAXIMUM         47    342 PM  74    1974  49     -2       10
  MINIMUM         26    328 AM -14    1896  20      6       -3
  AVERAGE         37                        34      3        4

PRECIPITATION (IN)
  YESTERDAY        0.04          0.80 1906   0.03   0.01     0.01
  MONTH TO DATE    0.04                      0.05  -0.01     0.16
  SINCE JAN 1      0.88                      1.06  -0.18     1.76

SNOWFALL (IN)
  YESTERDAY       MM             8.0  1906   0.2   MM        0.2
  MONTH TO DATE    0.0                       0.4   -0.4      3.8
  SINCE JUL 1     42.3                      28.8   13.5     55.1
  SNOW DEPTH      MM

DEGREE DAYS
 HEATING
  YESTERDAY       28                        31     -3       61
  MONTH TO DATE   67                        62      5      122
  SINCE MAR 1     67                        62      5      122
  SINCE JUL 1   4782                      4974   -192     5155

 COOLING
  YESTERDAY        0                         0      0        0
  MONTH TO DATE    0                         0      0        0
  SINCE MAR 1      0                         0      0        0
  SINCE JAN 1      0                         0      0        0
..................................................................


WIND (MPH)
  HIGHEST WIND SPEED    23   HIGHEST WIND DIRECTION    SE (120)
  HIGHEST GUST SPEED    29   HIGHEST GUST DIRECTION    SE (150)
  AVERAGE WIND SPEED    12.1


SKY COVER
  AVERAGE SKY COVER 0.4


WEATHER CONDITIONS
 THE FOLLOWING WEATHER WAS RECORDED YESTERDAY.
  LIGHT SNOW
  FOG
  HAZE


RELATIVE HUMIDITY (PERCENT)
 HIGHEST    85           900 PM
 LOWEST     42           200 PM
 AVERAGE    64

..........................................................


THE SCOTTSBLUFF NEBRASKA AIRPORT CLIMATE NORMALS FOR TODAY
                         NORMAL    RECORD    YEAR
 MAXIMUM TEMPERATURE (F)   49        78      1921
 MINIMUM TEMPERATURE (F)   20       -16      1960


SUNRISE AND SUNSET
MARCH  3 2015.........SUNRISE   626 AM MST   SUNSET   547 PM MST
MARCH  4 2015.........SUNRISE   625 AM MST   SUNSET   548 PM MST


-  INDICATES NEGATIVE NUMBERS.
R  INDICATES RECORD WAS SET OR TIED.
MM INDICATES DATA IS MISSING.
T  INDICATES TRACE AMOUNT.




$$
