503
CDUS45 KCYS 040731
CLIBFF


CLIMATE REPORT
NATIONAL WEATHER SERVICE CHEYENNE WY
1230 AM MST SUN DEC 4 2016


...................................

...THE SCOTTSBLUFF NE AIRPORT CLIMATE SUMMARY FOR DECEMBER 3 2016...

CLIMATE NORMAL PERIOD 1981 TO 2010
CLIMATE RECORD PERIOD 1871 TO 2016


WEATHER ITEM   OBSERVED TIME   RECORD YEAR NORMAL DEPARTURE LAST
                VALUE   (LST)  VALUE       VALUE  FROM      YEAR
                                                  NORMAL
..................................................................
TEMPERATURE (F)
 YESTERDAY
  MAXIMUM         45    145 PM  67    1998  42      3       53
                                      1948
  MINIMUM         12    658 AM -10    1978  14     -2       16
  AVERAGE         29                        28      1       35

PRECIPITATION (IN)
  YESTERDAY        0.00          0.45 1913   0.02  -0.02     0.00
  MONTH TO DATE    0.00                      0.05  -0.05      T
  SINCE JAN 1     15.19                     15.33  -0.14    22.85

SNOWFALL (IN)
  YESTERDAY        0.0           7.2  2013   0.2   -0.2      0.0
  MONTH TO DATE    0.0                       0.6   -0.6       T
  SINCE JUL 1      0.4                       9.5   -9.1      4.8
  SNOW DEPTH       0

DEGREE DAYS
 HEATING
  YESTERDAY       36                        37     -1       30
  MONTH TO DATE  111                       110      1       92
  SINCE DEC 1    111                       110      1       92
  SINCE JUL 1   1188                      1675   -487     1367

 COOLING
  YESTERDAY        0                         0      0        0
  MONTH TO DATE    0                         0      0        0
  SINCE DEC 1      0                         0      0        0
  SINCE JAN 1    898                       724    174      792
..................................................................


WIND (MPH)
  HIGHEST WIND SPEED    24   HIGHEST WIND DIRECTION     W (290)
  HIGHEST GUST SPEED    31   HIGHEST GUST DIRECTION     W (270)
  AVERAGE WIND SPEED     9.9


SKY COVER
  AVERAGE SKY COVER 0.4


WEATHER CONDITIONS
 THE FOLLOWING WEATHER WAS RECORDED YESTERDAY.
  NO SIGNIFICANT WEATHER WAS OBSERVED.


RELATIVE HUMIDITY (PERCENT)
 HIGHEST    84           500 AM
 LOWEST     25           200 PM
 AVERAGE    55

..........................................................


THE SCOTTSBLUFF NE AIRPORT CLIMATE NORMALS FOR TODAY
                         NORMAL    RECORD    YEAR
 MAXIMUM TEMPERATURE (F)   41        71      1975
 MINIMUM TEMPERATURE (F)   14       -10      1992


SUNRISE AND SUNSET
DECEMBER  4 2016......SUNRISE   706 AM MST   SUNSET   424 PM MST
DECEMBER  5 2016......SUNRISE   707 AM MST   SUNSET   423 PM MST


-  INDICATES NEGATIVE NUMBERS.
R  INDICATES RECORD WAS SET OR TIED.
MM INDICATES DATA IS MISSING.
T  INDICATES TRACE AMOUNT.




$$
