000
CDUS45 KCYS 280727
CLIBFF


CLIMATE REPORT
NATIONAL WEATHER SERVICE CHEYENNE WY
126 AM MDT THU AUG 28 2014


...................................

...THE SCOTTSBLUFF NEBRASKA AIRPORT CLIMATE SUMMARY FOR AUGUST 27 2014...

CLIMATE NORMAL PERIOD 1981 TO 2010
CLIMATE RECORD PERIOD 1871 TO 2014


WEATHER ITEM   OBSERVED TIME   RECORD YEAR NORMAL DEPARTURE LAST
                VALUE   (LST)  VALUE       VALUE  FROM      YEAR
                                                  NORMAL
..................................................................
TEMPERATURE (F)
 YESTERDAY
  MAXIMUM         71   1006 AM 106    1898  86    -15       98
  MINIMUM         60   1159 AM  40    1992  54      6       65
  AVERAGE         66                        70     -4       82

PRECIPITATION (IN)
  YESTERDAY        0.64          1.70 1920   0.03   0.61     0.00
  MONTH TO DATE    1.40                      1.15   0.25     0.62
  SINCE JAN 1     11.78                     12.15  -0.37     7.68

SNOWFALL (IN)
  YESTERDAY        0.0          MM      MM   0.0    0.0      0.0
  MONTH TO DATE    0.0                       0.0    0.0      0.0
  SINCE JUL 1      0.0                       0.0    0.0      0.0
  SNOW DEPTH       0

DEGREE DAYS
 HEATING
  YESTERDAY        0                         1     -1        0
  MONTH TO DATE    1                         6     -5        0
  SINCE JUN 1     61                        72    -11       23
  SINCE JUL 1      8                        12     -4        2

 COOLING
  YESTERDAY        1                         6     -5       17
  MONTH TO DATE  230                       209     21      265
  SINCE JUN 1    607                       622    -15      777
  SINCE JAN 1    634                       645    -11      831
..................................................................


WIND (MPH)
  HIGHEST WIND SPEED    21   HIGHEST WIND DIRECTION    NW (300)
  HIGHEST GUST SPEED    25   HIGHEST GUST DIRECTION    NW (310)
  AVERAGE WIND SPEED     6.1


SKY COVER
  AVERAGE SKY COVER 0.6


WEATHER CONDITIONS
 THE FOLLOWING WEATHER WAS RECORDED YESTERDAY.
  THUNDERSTORM
  HEAVY RAIN
  RAIN
  LIGHT RAIN
  FOG


RELATIVE HUMIDITY (PERCENT)
 HIGHEST   100          1200 AM
 LOWEST     73          1000 AM
 AVERAGE    87

..........................................................


THE SCOTTSBLUFF NEBRASKA AIRPORT CLIMATE NORMALS FOR TODAY
                         NORMAL    RECORD    YEAR
 MAXIMUM TEMPERATURE (F)   86       101      2012
 MINIMUM TEMPERATURE (F)   53        39      2004
                                             1964


SUNRISE AND SUNSET
AUGUST 28 2014........SUNRISE   616 AM MDT   SUNSET   734 PM MDT
AUGUST 29 2014........SUNRISE   617 AM MDT   SUNSET   733 PM MDT


-  INDICATES NEGATIVE NUMBERS.
R  INDICATES RECORD WAS SET OR TIED.
MM INDICATES DATA IS MISSING.
T  INDICATES TRACE AMOUNT.




$$
