000
CDUS45 KCYS 010733
CLIBFF


CLIMATE REPORT
NATIONAL WEATHER SERVICE CHEYENNE WY
132 AM MDT WED OCT 1 2014


...................................

...THE SCOTTSBLUFF NEBRASKA AIRPORT CLIMATE SUMMARY FOR SEPTEMBER 30 2014...

CLIMATE NORMAL PERIOD 1981 TO 2010
CLIMATE RECORD PERIOD 1871 TO 2014


WEATHER ITEM   OBSERVED TIME   RECORD YEAR NORMAL DEPARTURE LAST
                VALUE   (LST)  VALUE       VALUE  FROM      YEAR
                                                  NORMAL
..................................................................
TEMPERATURE (F)
 YESTERDAY
  MAXIMUM         70    313 PM  94    1989  71     -1       85
                                      1980
  MINIMUM         50    251 AM  19    1985  39     11       45
  AVERAGE         60                        55      5       65

PRECIPITATION (IN)
  YESTERDAY        0.60          0.78 1904   0.04   0.56     0.00
  MONTH TO DATE    4.26                      1.18   3.08     2.37
  SINCE JAN 1     16.30                     13.48   2.82    10.22

SNOWFALL (IN)
  YESTERDAY        0.0          MM      MM   0.0    0.0      0.0
  MONTH TO DATE    T                         0.5   -0.5      0.0
  SINCE JUL 1      T                         0.5   -0.5      0.0
  SNOW DEPTH       0

DEGREE DAYS
 HEATING
  YESTERDAY        5                        10     -5        0
  MONTH TO DATE  111                       159    -48       86
  SINCE SEP 1    111                       159    -48       86
  SINCE JUL 1    124                       179    -55       88

 COOLING
  YESTERDAY        0                         0      0        0
  MONTH TO DATE   76                        58     18      155
  SINCE SEP 1     76                        58     18      155
  SINCE JAN 1    719                       723     -4     1047
..................................................................


WIND (MPH)
  HIGHEST WIND SPEED    35   HIGHEST WIND DIRECTION     W (270)
  HIGHEST GUST SPEED    42   HIGHEST GUST DIRECTION     W (260)
  AVERAGE WIND SPEED    15.9


SKY COVER
  AVERAGE SKY COVER 0.5


WEATHER CONDITIONS
 THE FOLLOWING WEATHER WAS RECORDED YESTERDAY.
  HEAVY RAIN
  RAIN
  LIGHT RAIN
  FOG


RELATIVE HUMIDITY (PERCENT)
 HIGHEST    96          1200 AM
 LOWEST     36           200 PM
 AVERAGE    66

..........................................................


THE SCOTTSBLUFF NEBRASKA AIRPORT CLIMATE NORMALS FOR TODAY
                         NORMAL    RECORD    YEAR
 MAXIMUM TEMPERATURE (F)   70        91      1899
 MINIMUM TEMPERATURE (F)   38        20      1985


SUNRISE AND SUNSET
OCTOBER  1 2014.......SUNRISE   651 AM MDT   SUNSET   636 PM MDT
OCTOBER  2 2014.......SUNRISE   652 AM MDT   SUNSET   634 PM MDT


-  INDICATES NEGATIVE NUMBERS.
R  INDICATES RECORD WAS SET OR TIED.
MM INDICATES DATA IS MISSING.
T  INDICATES TRACE AMOUNT.




$$
