000
CDUS46 KHNX 280822
CLIBFL


CLIMATE REPORT
NATIONAL WEATHER SERVICE SAN JOAQUIN VALLEY, CA
122 AM PDT SUN MAY 28 2017


...................................

...THE BAKERSFIELD CLIMATE SUMMARY FOR MAY 27 2017...

CLIMATE NORMAL PERIOD 1981 TO 2010
CLIMATE RECORD PERIOD 1889 TO 2017


WEATHER ITEM   OBSERVED TIME   RECORD YEAR NORMAL DEPARTURE
                VALUE   (LST)  VALUE       VALUE  FROM
                                                  NORMAL
...............................................................
TEMPERATURE (F)
 YESTERDAY
  MAXIMUM         83        MM 106    1974  86     -3
  MINIMUM         57        MM  42    1917  60     -3
  AVERAGE         70                        73     -3

PRECIPITATION (IN)
  YESTERDAY        0.00          0.75 1906   0.01  -0.01
  MONTH TO DATE    0.05                      0.17  -0.12
  SINCE OCT 1      7.81                      6.26   1.55
  SINCE JAN 1      4.78                      4.30   0.48

SNOWFALL (IN)
  YESTERDAY        0.0
  MONTH TO DATE    0.0
  SINCE MAR 1      0.0
  SINCE JUL 1      0.0
  SNOW DEPTH       0

DEGREE DAYS
 HEATING
  YESTERDAY        0                                0
  MONTH TO DATE   23                               -7
  SINCE MAR 1    247                             -151
  SINCE JUL 1   1615                             -557

 COOLING
  YESTERDAY        5                               -3
  MONTH TO DATE  221                               55
  SINCE MAR 1    298                               66
  SINCE JAN 1    300                               68
...............................................................


WIND (MPH)
  HIGHEST WIND SPEED    13   HIGHEST WIND DIRECTION     W (290)
  HIGHEST GUST SPEED    16   HIGHEST GUST DIRECTION    NW (300)
  AVERAGE WIND SPEED     5.5




RELATIVE HUMIDITY (PERCENT)
 HIGHEST    67
 LOWEST     34
 AVERAGE    51

..........................................................


THE BAKERSFIELD CLIMATE NORMALS FOR TODAY
                         NORMAL    RECORD    YEAR
 MAXIMUM TEMPERATURE (F)   86       107      1973
 MINIMUM TEMPERATURE (F)   60        43      1906


SUNRISE AND SUNSET
MAY 28 2017...........SUNRISE   544 AM PDT   SUNSET   804 PM PDT
MAY 29 2017...........SUNRISE   543 AM PDT   SUNSET   804 PM PDT


-  INDICATES NEGATIVE NUMBERS.
R  INDICATES RECORD WAS SET OR TIED.
MM INDICATES DATA IS MISSING.
T  INDICATES TRACE AMOUNT.




$$
