000
CDUS46 KHNX 240826
CLIBFL


CLIMATE REPORT
NATIONAL WEATHER SERVICE SAN JOAQUIN VALLEY, CA
125 AM PDT THU APR 24 2014


...................................

...THE BAKERSFIELD CLIMATE SUMMARY FOR APRIL 23 2014...

CLIMATE NORMAL PERIOD 1981 TO 2010
CLIMATE RECORD PERIOD 1889 TO 2014


WEATHER ITEM   OBSERVED TIME   RECORD YEAR NORMAL DEPARTURE
                VALUE   (LST)  VALUE       VALUE  FROM
                                                  NORMAL
...............................................................
TEMPERATURE (F)
 YESTERDAY
  MAXIMUM         73    403 PM 100    1910  77     -4
  MINIMUM         46    532 AM  33    1904  52     -6
  AVERAGE         60                        64     -4

PRECIPITATION (IN)
  YESTERDAY        0.00          0.29 1988   0.01  -0.01
  MONTH TO DATE    0.14                      0.43  -0.29
  SINCE JUL 1      2.01                      6.12  -4.11
  SINCE JAN 1      0.94                      4.04  -3.10

SNOWFALL (IN)
  YESTERDAY        0.0
  MONTH TO DATE    0.0
  SINCE MAR 1      0.0
  SINCE JUL 1      0.0
  SNOW DEPTH       0

DEGREE DAYS
 HEATING
  YESTERDAY        5                                2
  MONTH TO DATE   51                              -61
  SINCE MAR 1    151                             -200
  SINCE JUL 1   1479                             -646

 COOLING
  YESTERDAY        0                               -3
  MONTH TO DATE  117                               81
  SINCE MAR 1    137                               92
  SINCE JAN 1    146                              101
...............................................................


WIND (MPH)
  HIGHEST WIND SPEED    16   HIGHEST WIND DIRECTION    NW (310)
  HIGHEST GUST SPEED    20   HIGHEST GUST DIRECTION    NW (310)
  AVERAGE WIND SPEED     4.7




RELATIVE HUMIDITY (PERCENT)
 HIGHEST    61
 LOWEST     20
 AVERAGE    41

..........................................................


THE BAKERSFIELD CLIMATE NORMALS FOR TODAY
                         NORMAL    RECORD    YEAR
 MAXIMUM TEMPERATURE (F)   77       100      1910
 MINIMUM TEMPERATURE (F)   52        34      1904


SUNRISE AND SUNSET
APRIL 24 2014.........SUNRISE   612 AM PDT   SUNSET   737 PM PDT
APRIL 25 2014.........SUNRISE   611 AM PDT   SUNSET   737 PM PDT


-  INDICATES NEGATIVE NUMBERS.
R  INDICATES RECORD WAS SET OR TIED.
MM INDICATES DATA IS MISSING.
T  INDICATES TRACE AMOUNT.




$$
