000
CDUS46 KHNX 260824
CLIBFL


CLIMATE REPORT
NATIONAL WEATHER SERVICE SAN JOAQUIN VALLEY, CA
122 AM PDT THU MAR 26 2015


...................................

...THE BAKERSFIELD CLIMATE SUMMARY FOR MARCH 25 2015...

CLIMATE NORMAL PERIOD 1981 TO 2010
CLIMATE RECORD PERIOD 1889 TO 2015


WEATHER ITEM   OBSERVED TIME   RECORD YEAR NORMAL DEPARTURE
                VALUE   (LST)  VALUE       VALUE  FROM
                                                  NORMAL
...............................................................
TEMPERATURE (F)
 YESTERDAY
  MAXIMUM         78    344 PM  90    1997  70      8
  MINIMUM         50    502 AM  32    1907  47      3
                                      1904
                                      1902
  AVERAGE         64                        59      5

PRECIPITATION (IN)
  YESTERDAY        0.00          0.78 1977   0.04  -0.04
  MONTH TO DATE    0.27                      1.02  -0.75
  SINCE OCT 1      4.53                      5.38  -0.85
  SINCE JAN 1      1.86                      3.42  -1.56

SNOWFALL (IN)
  YESTERDAY        0.0
  MONTH TO DATE    0.0
  SINCE MAR 1      0.0
  SINCE JUL 1      0.0
  SNOW DEPTH       0

DEGREE DAYS
 HEATING
  YESTERDAY        1                               -6
  MONTH TO DATE   84                             -115
  SINCE MAR 1     84                             -115
  SINCE JUL 1   1219                             -754

 COOLING
  YESTERDAY        0                                0
  MONTH TO DATE   34                               34
  SINCE MAR 1     34                               34
  SINCE JAN 1     38                               38
...............................................................


WIND (MPH)
  HIGHEST WIND SPEED    13   HIGHEST WIND DIRECTION     W (270)
  HIGHEST GUST SPEED    19   HIGHEST GUST DIRECTION    NW (330)
  AVERAGE WIND SPEED     4.2




RELATIVE HUMIDITY (PERCENT)
 HIGHEST    77
 LOWEST     36
 AVERAGE    57

..........................................................


THE BAKERSFIELD CLIMATE NORMALS FOR TODAY
                         NORMAL    RECORD    YEAR
 MAXIMUM TEMPERATURE (F)   70        87      1997
                                             1988
                                             1946
 MINIMUM TEMPERATURE (F)   47        21      1907


SUNRISE AND SUNSET
MARCH 26 2015.........SUNRISE   652 AM PDT   SUNSET   713 PM PDT
MARCH 27 2015.........SUNRISE   650 AM PDT   SUNSET   714 PM PDT


-  INDICATES NEGATIVE NUMBERS.
R  INDICATES RECORD WAS SET OR TIED.
MM INDICATES DATA IS MISSING.
T  INDICATES TRACE AMOUNT.




$$
