000
CDUS46 KHNX 230822
CLIBFL


CLIMATE REPORT
NATIONAL WEATHER SERVICE SAN JOAQUIN VALLEY, CA
122 AM PDT TUE SEP 23 2014


...................................

...THE BAKERSFIELD CLIMATE SUMMARY FOR SEPTEMBER 22 2014...

CLIMATE NORMAL PERIOD 1981 TO 2010
CLIMATE RECORD PERIOD 1889 TO 2014


WEATHER ITEM   OBSERVED TIME   RECORD YEAR NORMAL DEPARTURE
                VALUE   (LST)  VALUE       VALUE  FROM
                                                  NORMAL
...............................................................
TEMPERATURE (F)
 YESTERDAY
  MAXIMUM         89    448 PM 105    2003  89      0
                                      1928
  MINIMUM         67    636 AM  40    1908  63      4
  AVERAGE         78                        76      2

PRECIPITATION (IN)
  YESTERDAY        0.00          0.12 2007   0.00   0.00
  MONTH TO DATE    0.01                      0.05  -0.04
  SINCE JUL 1      0.01                      0.09  -0.08
  SINCE JAN 1      1.35                      4.48  -3.13

SNOWFALL (IN)
  YESTERDAY        0.0
  MONTH TO DATE    0.0
  SINCE SEP 1      0.0
  SINCE JUL 1      0.0
  SNOW DEPTH       0

DEGREE DAYS
 HEATING
  YESTERDAY        0                                0
  MONTH TO DATE    0                                0
  SINCE SEP 1      0                                0
  SINCE JUL 1      0                                0

 COOLING
  YESTERDAY       13                                2
  MONTH TO DATE  414                              127
  SINCE SEP 1    414                              127
  SINCE JAN 1   2695                              640
...............................................................


WIND (MPH)
  HIGHEST WIND SPEED    12   HIGHEST WIND DIRECTION    NW (300)
  HIGHEST GUST SPEED    16   HIGHEST GUST DIRECTION    NW (300)
  AVERAGE WIND SPEED     5.7




RELATIVE HUMIDITY (PERCENT)
 HIGHEST    68
 LOWEST     29
 AVERAGE    49

..........................................................


THE BAKERSFIELD CLIMATE NORMALS FOR TODAY
                         NORMAL    RECORD    YEAR
 MAXIMUM TEMPERATURE (F)   88       107      1943
 MINIMUM TEMPERATURE (F)   62        31      1903


SUNRISE AND SUNSET
SEPTEMBER 23 2014.....SUNRISE   645 AM PDT   SUNSET   651 PM PDT
SEPTEMBER 24 2014.....SUNRISE   646 AM PDT   SUNSET   650 PM PDT


-  INDICATES NEGATIVE NUMBERS.
R  INDICATES RECORD WAS SET OR TIED.
MM INDICATES DATA IS MISSING.
T  INDICATES TRACE AMOUNT.




$$
