000
CDUS46 KHNX 210824
CLIBFL


CLIMATE REPORT
NATIONAL WEATHER SERVICE SAN JOAQUIN VALLEY, CA
1224 AM PST TUE NOV 21 2017


...................................

...THE BAKERSFIELD CLIMATE SUMMARY FOR NOVEMBER 20 2017...

CLIMATE NORMAL PERIOD 1981 TO 2010
CLIMATE RECORD PERIOD 1889 TO 2017


WEATHER ITEM   OBSERVED TIME   RECORD YEAR NORMAL DEPARTURE
                VALUE   (LST)  VALUE       VALUE  FROM
                                                  NORMAL
...............................................................
TEMPERATURE (F)
 YESTERDAY
  MAXIMUM         72    257 PM  83    1926  64      8
  MINIMUM         46    509 AM  27    1906  43      3
                                      1905
  AVERAGE         59                        53      6

PRECIPITATION (IN)
  YESTERDAY        0.00          0.60 1905   0.02  -0.02
  MONTH TO DATE    0.03                      0.40  -0.37
  SINCE OCT 1      0.03                      0.70  -0.67
  SINCE JAN 1      5.34                      5.21   0.13

SNOWFALL (IN)
  YESTERDAY        0.0
  MONTH TO DATE    0.0
  SINCE SEP 1      0.0
  SINCE JUL 1      0.0
  SNOW DEPTH       0

DEGREE DAYS
 HEATING
  YESTERDAY        6                               -6
  MONTH TO DATE   96                              -70
  SINCE SEP 1    125                              -99
  SINCE JUL 1    125                              -99

 COOLING
  YESTERDAY        0                                0
  MONTH TO DATE    6                                3
  SINCE SEP 1    576                               87
  SINCE JAN 1   2944                              687
...............................................................


WIND (MPH)
  HIGHEST WIND SPEED     8   HIGHEST WIND DIRECTION    NE (50)
  HIGHEST GUST SPEED    10   HIGHEST GUST DIRECTION     E (100)
  AVERAGE WIND SPEED     2.7




RELATIVE HUMIDITY (PERCENT)
 HIGHEST    82
 LOWEST     33
 AVERAGE    58

..........................................................


THE BAKERSFIELD CLIMATE NORMALS FOR TODAY
                         NORMAL    RECORD    YEAR
 MAXIMUM TEMPERATURE (F)   63        83      1926
 MINIMUM TEMPERATURE (F)   43        26      1905


SUNRISE AND SUNSET
NOVEMBER 21 2017......SUNRISE   638 AM PST   SUNSET   446 PM PST
NOVEMBER 22 2017......SUNRISE   639 AM PST   SUNSET   446 PM PST


-  INDICATES NEGATIVE NUMBERS.
R  INDICATES RECORD WAS SET OR TIED.
MM INDICATES DATA IS MISSING.
T  INDICATES TRACE AMOUNT.




$$
