000
CDUS46 KHNX 270821
CLIBFL


CLIMATE REPORT
NATIONAL WEATHER SERVICE SAN JOAQUIN VALLEY, CA
1221 AM PST FRI FEB 27 2015


...................................

...THE BAKERSFIELD CLIMATE SUMMARY FOR FEBRUARY 26 2015...

CLIMATE NORMAL PERIOD 1981 TO 2010
CLIMATE RECORD PERIOD 1889 TO 2015


WEATHER ITEM   OBSERVED TIME   RECORD YEAR NORMAL DEPARTURE
                VALUE   (LST)  VALUE       VALUE  FROM
                                                  NORMAL
...............................................................
TEMPERATURE (F)
 YESTERDAY
  MAXIMUM         67    146 PM  80    1992  66      1
                                      1926
                                      1905
  MINIMUM         43    410 AM  30    1971  45     -2
  AVERAGE         55                        55      0

PRECIPITATION (IN)
  YESTERDAY        0.00          0.69 1918   0.04  -0.04
  MONTH TO DATE    0.75                      1.15  -0.40
  SINCE OCT 1      4.11                      4.27  -0.16
  SINCE JAN 1      1.44                      2.31  -0.87

SNOWFALL (IN)
  YESTERDAY        0.0
  MONTH TO DATE    0.0
  SINCE DEC 1      0.0
  SINCE JUL 1      0.0
  SNOW DEPTH       0

DEGREE DAYS
 HEATING
  YESTERDAY       10                                0
  MONTH TO DATE  149                             -179
  SINCE DEC 1    942                             -454
  SINCE JUL 1   1116                             -638

 COOLING
  YESTERDAY        0                                0
  MONTH TO DATE    4                                4
  SINCE DEC 1      4                                4
  SINCE JAN 1      4                                4
...............................................................


WIND (MPH)
  HIGHEST WIND SPEED    12   HIGHEST WIND DIRECTION     W (270)
  HIGHEST GUST SPEED    14   HIGHEST GUST DIRECTION     N (340)
  AVERAGE WIND SPEED     3.3




RELATIVE HUMIDITY (PERCENT)
 HIGHEST    83
 LOWEST     34
 AVERAGE    59

..........................................................


THE BAKERSFIELD CLIMATE NORMALS FOR TODAY
                         NORMAL    RECORD    YEAR
 MAXIMUM TEMPERATURE (F)   66        83      1980
 MINIMUM TEMPERATURE (F)   45        24      1893


SUNRISE AND SUNSET
FEBRUARY 27 2015......SUNRISE   629 AM PST   SUNSET   550 PM PST
FEBRUARY 28 2015......SUNRISE   627 AM PST   SUNSET   551 PM PST


-  INDICATES NEGATIVE NUMBERS.
R  INDICATES RECORD WAS SET OR TIED.
MM INDICATES DATA IS MISSING.
T  INDICATES TRACE AMOUNT.




$$
