604
CDUS46 KHNX 210823
CLIBFL


CLIMATE REPORT
NATIONAL WEATHER SERVICE SAN JOAQUIN VALLEY, CA
123 AM PDT THU SEP 21 2017


...................................

...THE BAKERSFIELD CLIMATE SUMMARY FOR SEPTEMBER 20 2017...

CLIMATE NORMAL PERIOD 1981 TO 2010
CLIMATE RECORD PERIOD 1889 TO 2017


WEATHER ITEM   OBSERVED TIME   RECORD YEAR NORMAL DEPARTURE
                VALUE   (LST)  VALUE       VALUE  FROM
                                                  NORMAL
...............................................................
TEMPERATURE (F)
 YESTERDAY
  MAXIMUM         83        MM 104    1899  89     -6
  MINIMUM         58        MM  38    1908  63     -5
  AVERAGE         71                        76     -5

PRECIPITATION (IN)
  YESTERDAY        0.00          0.16 1939   0.00   0.00
  MONTH TO DATE    0.51                      0.04   0.47
  SINCE OCT 1      8.33                      6.43   1.90
  SINCE JAN 1      5.30                      4.47   0.83

SNOWFALL (IN)
  YESTERDAY        0.0
  MONTH TO DATE    0.0
  SINCE SEP 1      0.0
  SINCE JUL 1      0.0
  SNOW DEPTH       0

DEGREE DAYS
 HEATING
  YESTERDAY        0                                0
  MONTH TO DATE    0                                0
  SINCE SEP 1      0                                0
  SINCE JUL 1      0                                0

 COOLING
  YESTERDAY        6                               -5
  MONTH TO DATE  361                               96
  SINCE SEP 1    361                               96
  SINCE JAN 1   2729                              696
...............................................................


WIND (MPH)
  HIGHEST WIND SPEED     9   HIGHEST WIND DIRECTION     W (270)
  HIGHEST GUST SPEED    MM   HIGHEST GUST DIRECTION    MM
  AVERAGE WIND SPEED     4.4




RELATIVE HUMIDITY (PERCENT)
 HIGHEST    60
 LOWEST     26
 AVERAGE    43

..........................................................


THE BAKERSFIELD CLIMATE NORMALS FOR TODAY
                         NORMAL    RECORD    YEAR
 MAXIMUM TEMPERATURE (F)   89       105      2003
 MINIMUM TEMPERATURE (F)   63        37      1908


SUNRISE AND SUNSET
SEPTEMBER 21 2017.....SUNRISE   644 AM PDT   SUNSET   654 PM PDT
SEPTEMBER 22 2017.....SUNRISE   644 AM PDT   SUNSET   652 PM PDT


-  INDICATES NEGATIVE NUMBERS.
R  INDICATES RECORD WAS SET OR TIED.
MM INDICATES DATA IS MISSING.
T  INDICATES TRACE AMOUNT.




$$
