000
CDUS46 KHNX 040823
CLIBFL


CLIMATE REPORT
NATIONAL WEATHER SERVICE SAN JOAQUIN VALLEY, CA
122 AM PDT WED MAY 4 2016


...................................

...THE BAKERSFIELD CLIMATE SUMMARY FOR MAY 3 2016...

CLIMATE NORMAL PERIOD 1981 TO 2010
CLIMATE RECORD PERIOD 1889 TO 2016


WEATHER ITEM   OBSERVED TIME   RECORD YEAR NORMAL DEPARTURE
                VALUE   (LST)  VALUE       VALUE  FROM
                                                  NORMAL
...............................................................
TEMPERATURE (F)
 YESTERDAY
  MAXIMUM         93    347 PM 102    1966  80     13
  MINIMUM         60    507 AM  40    1938  55      5
                                      1933
                                      1913
  AVERAGE         77                        67     10

PRECIPITATION (IN)
  YESTERDAY        0.00          0.92 1930   0.01  -0.01
  MONTH TO DATE    0.00                      0.03  -0.03
  SINCE OCT 1      4.88                      6.12  -1.24
  SINCE JAN 1      3.55                      4.16  -0.61

SNOWFALL (IN)
  YESTERDAY        0.0
  MONTH TO DATE    0.0
  SINCE MAR 1      0.0
  SINCE JUL 1      0.0
  SNOW DEPTH       0

DEGREE DAYS
 HEATING
  YESTERDAY        0                               -2
  MONTH TO DATE    0                               -6
  SINCE MAR 1    168                             -206
  SINCE JUL 1   1686                             -462

 COOLING
  YESTERDAY       12                                8
  MONTH TO DATE   30                               18
  SINCE MAR 1    132                               54
  SINCE JAN 1    132                               54
...............................................................


WIND (MPH)
  HIGHEST WIND SPEED    15   HIGHEST WIND DIRECTION     N (350)
  HIGHEST GUST SPEED    20   HIGHEST GUST DIRECTION     N (10)
  AVERAGE WIND SPEED     5.3




RELATIVE HUMIDITY (PERCENT)
 HIGHEST    51
 LOWEST     15
 AVERAGE    33

..........................................................


THE BAKERSFIELD CLIMATE NORMALS FOR TODAY
                         NORMAL    RECORD    YEAR
 MAXIMUM TEMPERATURE (F)   80       101      2004
 MINIMUM TEMPERATURE (F)   55        39      1893


SUNRISE AND SUNSET
MAY  4 2016...........SUNRISE   601 AM PDT   SUNSET   745 PM PDT
MAY  5 2016...........SUNRISE   600 AM PDT   SUNSET   746 PM PDT


-  INDICATES NEGATIVE NUMBERS.
R  INDICATES RECORD WAS SET OR TIED.
MM INDICATES DATA IS MISSING.
T  INDICATES TRACE AMOUNT.




$$
