000
CDUS46 KHNX 300023
CLIBFL


CLIMATE REPORT
NATIONAL WEATHER SERVICE SAN JOAQUIN VALLEY, CA
522 PM PDT SUN MAY 29 2016


...................................

...THE BAKERSFIELD CLIMATE SUMMARY FOR MAY 29 2016...
VALID AS OF 0400 PM LOCAL TIME.

CLIMATE NORMAL PERIOD 1981 TO 2010
CLIMATE RECORD PERIOD 1889 TO 2016


WEATHER ITEM   OBSERVED TIME   RECORD YEAR NORMAL DEPARTURE LAST
                VALUE   (LST)  VALUE       VALUE  FROM      YEAR
                                                  NORMAL
..................................................................
TEMPERATURE (F)
 TODAY
  MAXIMUM         94    349 PM 106    1973  87      7       95
  MINIMUM         66    403 AM  45    1927  60      6       62
                                      1893
  AVERAGE         80                        73      7       79

PRECIPITATION (IN)
  TODAY            0.00          0.70 1919   0.00   0.00     0.00
  MONTH TO DATE    0.55                      0.17   0.38     0.68
  SINCE OCT 1      5.43                      6.26  -0.83     5.29
  SINCE JAN 1      4.10                      4.30  -0.20     2.62

SNOWFALL (IN)
  TODAY            0.0
  MONTH TO DATE    0.0
  SINCE MAR 1      0.0
  SINCE JUL 1      0.0
  SNOW DEPTH       0

DEGREE DAYS
 HEATING
  TODAY            0                         0      0        0
  MONTH TO DATE    6                        30    -24       19
  SINCE MAR 1    174                       398   -224      172
  SINCE JUL 1   1692                      2172   -480     1307

 COOLING
  TODAY           15                         9      6       14
  MONTH TO DATE  218                       184     34      142
  SINCE MAR 1    320                       250     70      304
  SINCE JAN 1    320                       250     70      308
..................................................................


WIND (MPH)
  HIGHEST WIND SPEED    18   HIGHEST WIND DIRECTION     W (290)
  HIGHEST GUST SPEED    24   HIGHEST GUST DIRECTION    NW (320)
  AVERAGE WIND SPEED     7.0




RELATIVE HUMIDITY (PERCENT)
 HIGHEST    45
 LOWEST     16
 AVERAGE    31

..........................................................


THE BAKERSFIELD CLIMATE NORMALS FOR TOMORROW
                         NORMAL    RECORD    YEAR
 MAXIMUM TEMPERATURE (F)   87       108      1910
 MINIMUM TEMPERATURE (F)   60        41      1906


SUNRISE AND SUNSET
MAY 29 2016...........SUNRISE   543 AM PDT   SUNSET   804 PM PDT
MAY 30 2016...........SUNRISE   543 AM PDT   SUNSET   805 PM PDT


-  INDICATES NEGATIVE NUMBERS.
R  INDICATES RECORD WAS SET OR TIED.
MM INDICATES DATA IS MISSING.
T  INDICATES TRACE AMOUNT.




$$
