000
CDUS44 KAMA 292137
CLIBGD


CLIMATE REPORT
NATIONAL WEATHER SERVICE AMARILLO TX
436 PM CDT SAT APR 29 2017


...................................

...THE BORGER CLIMATE SUMMARY FOR APRIL 29 2017...
VALID TODAY AS OF 0400 PM LOCAL TIME.

CLIMATE NORMAL PERIOD 1981 TO 2010
CLIMATE RECORD PERIOD 1949 TO 2017


WEATHER ITEM   OBSERVED TIME   RECORD YEAR NORMAL DEPARTURE LAST
                VALUE   (LST)  VALUE       VALUE  FROM      YEAR
                                                  NORMAL
..................................................................
TEMPERATURE (F)
 TODAY
  MAXIMUM         44    327 AM  96    2011  76    -32       55
  MINIMUM         34    910 AM  30    1994  49    -15       43
  AVERAGE         39                        63    -24       49

PRECIPITATION (IN)
  TODAY            0.50          2.10 2012   0.04   0.46     1.15
  MONTH TO DATE    2.16                      1.50   0.66     3.53
  SINCE MAR 1      4.86                      2.91   1.95     4.24
  SINCE JAN 1      8.34                      4.12   4.22     5.16

SNOWFALL (IN)
  TODAY            T             2.5  1994                   0.0
  MONTH TO DATE    T                                         0.0
  SINCE MAR 1      T                                         2.7
  SINCE JUL 1      0.1                                       8.9
  SNOW DEPTH       0

DEGREE DAYS
 HEATING
  TODAY           26                         5     21       16
  MONTH TO DATE  186                       223    -37      161
  SINCE MAR 1    484                       707   -223      471
  SINCE JUL 1   2819                      3700   -881     2966

 COOLING
  TODAY            0                         2     -2        0
  MONTH TO DATE   68                        35     33       34
  SINCE MAR 1    101                        42     59       45
  SINCE JAN 1    115                        42     73       51
..................................................................


WIND (MPH)
  RESULTANT WIND SPEED  17   RESULTANT WIND DIRECTION   N (360)
  HIGHEST WIND SPEED    31   HIGHEST WIND DIRECTION     N (350)
  HIGHEST GUST SPEED    42   HIGHEST GUST DIRECTION     N (360)
  AVERAGE WIND SPEED    17.8


SKY COVER
  AVERAGE SKY COVER 0.8


WEATHER CONDITIONS
 THE FOLLOWING WEATHER WAS RECORDED TODAY.
  THUNDERSTORM
  HEAVY RAIN
  RAIN
  LIGHT RAIN
  LIGHT SNOW
  FOG


RELATIVE HUMIDITY (PERCENT)
 HIGHEST   100           900 AM
 LOWEST     85          1100 AM
 AVERAGE    93

..........................................................


THE BORGER CLIMATE NORMALS FOR TOMORROW
                         NORMAL    RECORD    YEAR
 MAXIMUM TEMPERATURE (F)   76        96      2013
 MINIMUM TEMPERATURE (F)   50        31      1994


SUNRISE AND SUNSET
APRIL 29 2017.........SUNRISE   655 AM CDT   SUNSET   831 PM CDT
APRIL 30 2017.........SUNRISE   654 AM CDT   SUNSET   832 PM CDT


-  INDICATES NEGATIVE NUMBERS.
R  INDICATES RECORD WAS SET OR TIED.
MM INDICATES DATA IS MISSING.
T  INDICATES TRACE AMOUNT.




$$
