000
CDUS44 KAMA 022159
CLIBGD


CLIMATE REPORT
NATIONAL WEATHER SERVICE AMARILLO TX
455 PM CDT THU JUL 2 2015


...................................

...THE BORGER CLIMATE SUMMARY FOR JULY 2 2015...
VALID TODAY AS OF 0400 PM LOCAL TIME.

CLIMATE NORMAL PERIOD 1981 TO 2013
CLIMATE RECORD PERIOD 1949 TO 2015


WEATHER ITEM   OBSERVED TIME   RECORD YEAR NORMAL DEPARTURE LAST
                VALUE   (LST)  VALUE       VALUE  FROM      YEAR
                                                  NORMAL
..................................................................
TEMPERATURE (F)
 TODAY
  MAXIMUM         92    350 PM 104    1953  93     -1       76
  MINIMUM         73    625 AM  57    2013  68      5       65
                                      1995
  AVERAGE         83                        81      2       71

PRECIPITATION (IN)
  TODAY            T             1.44 1951   0.12  -0.12     0.20
  MONTH TO DATE    T                         0.25  -0.25     0.90
  SINCE JUN 1      5.15                      3.42   1.73     2.64
  SINCE JAN 1     20.67                     10.47  10.20     4.76

SNOWFALL (IN)
  TODAY            0.0           T    1951                   0.0
  MONTH TO DATE    0.0                                       0.0
  SINCE JUN 1      0.0                                       0.0
  SINCE JUL 1      0.0                                       0.0
  SNOW DEPTH       0

DEGREE DAYS
 HEATING
  TODAY            0                         0      0        0
  MONTH TO DATE    0                         0      0        0
  SINCE JUN 1      0                         3     -3        3
  SINCE JUL 1      0                         0      0        0

 COOLING
  TODAY           18                        16      2        6
  MONTH TO DATE   37                        31      6       16
  SINCE JUN 1    450                       389     61      423
  SINCE JAN 1    574                       586    -12      737
..................................................................


WIND (MPH)
  RESULTANT WIND SPEED   2   RESULTANT WIND DIRECTION   W (260)
  HIGHEST WIND SPEED    16   HIGHEST WIND DIRECTION    NW (300)
  HIGHEST GUST SPEED    26   HIGHEST GUST DIRECTION    NW (300)
  AVERAGE WIND SPEED     5.4


SKY COVER
  AVERAGE SKY COVER 0.3


WEATHER CONDITIONS
 THE FOLLOWING WEATHER WAS RECORDED TODAY.
  NO SIGNIFICANT WEATHER WAS OBSERVED.


RELATIVE HUMIDITY (PERCENT)
 HIGHEST    74           900 AM
 LOWEST     38           100 PM
 AVERAGE    56

..........................................................


THE BORGER CLIMATE NORMALS FOR TOMORROW
                         NORMAL    RECORD    YEAR
 MAXIMUM TEMPERATURE (F)   93       104      2005
 MINIMUM TEMPERATURE (F)   69        57      1992


SUNRISE AND SUNSET
JULY  2 2015..........SUNRISE   634 AM CDT   SUNSET   905 PM CDT
JULY  3 2015..........SUNRISE   634 AM CDT   SUNSET   905 PM CDT


-  INDICATES NEGATIVE NUMBERS.
R  INDICATES RECORD WAS SET OR TIED.
MM INDICATES DATA IS MISSING.
T  INDICATES TRACE AMOUNT.

$$
