000
CDUS44 KAMA 210633
CLIBGD


CLIMATE REPORT
NATIONAL WEATHER SERVICE AMARILLO TX
132 AM CDT SAT OCT 21 2017


...................................

...THE BORGER CLIMATE SUMMARY FOR OCTOBER 20 2017...

CLIMATE NORMAL PERIOD 1981 TO 2010
CLIMATE RECORD PERIOD 1949 TO 2017


WEATHER ITEM   OBSERVED TIME   RECORD YEAR NORMAL DEPARTURE LAST
                VALUE   (LST)  VALUE       VALUE  FROM      YEAR
                                                  NORMAL
..................................................................
TEMPERATURE (F)
 YESTERDAY
  MAXIMUM         83    340 PM  92    2007  72     11       67
  MINIMUM         59    553 AM  27    1976  46     13       45
  AVERAGE         71                        59     12       56

PRECIPITATION (IN)
  YESTERDAY        0.00          1.18 1983   0.05  -0.05     0.00
  MONTH TO DATE    2.13                      1.24   0.89     0.05
  SINCE SEP 1      5.04                      3.62   1.42     1.07
  SINCE JAN 1     26.04                     19.63   6.41    15.41

SNOWFALL (IN)
  YESTERDAY        0.0           0.0  2013                   0.0
                                      2012
                                      2011
  MONTH TO DATE    0.0                                       0.0
  SINCE SEP 1      0.0                                       0.0
  SINCE JUL 1      0.0                                       0.0
  SNOW DEPTH       0

DEGREE DAYS
 HEATING
  YESTERDAY        0                         7     -7        9
  MONTH TO DATE   53                        96    -43       40
  SINCE SEP 1     78                       123    -45       44
  SINCE JUL 1     78                       124    -46       44

 COOLING
  YESTERDAY        6                         1      5        0
  MONTH TO DATE   68                        44     24      111
  SINCE SEP 1    329                       279     50      403
  SINCE JAN 1   1992                      1829    163     2121
..................................................................


WIND (MPH)
  RESULTANT WIND SPEED  17   RESULTANT WIND DIRECTION   S (180)
  HIGHEST WIND SPEED    28   HIGHEST WIND DIRECTION     S (180)
  HIGHEST GUST SPEED    39   HIGHEST GUST DIRECTION     S (180)
  AVERAGE WIND SPEED    17.1


SKY COVER
  AVERAGE SKY COVER 0.2


WEATHER CONDITIONS
 THE FOLLOWING WEATHER WAS RECORDED YESTERDAY.
  NO SIGNIFICANT WEATHER WAS OBSERVED.


RELATIVE HUMIDITY (PERCENT)
 HIGHEST    78           700 AM
 LOWEST     34           300 PM
 AVERAGE    56

..........................................................


THE BORGER CLIMATE NORMALS FOR TODAY
                         NORMAL    RECORD    YEAR
 MAXIMUM TEMPERATURE (F)   71        90      2012
                                             1975
 MINIMUM TEMPERATURE (F)   46        31      1996


SUNRISE AND SUNSET
OCTOBER 21 2017.......SUNRISE   758 AM CDT   SUNSET   702 PM CDT
OCTOBER 22 2017.......SUNRISE   759 AM CDT   SUNSET   701 PM CDT


-  INDICATES NEGATIVE NUMBERS.
R  INDICATES RECORD WAS SET OR TIED.
MM INDICATES DATA IS MISSING.
T  INDICATES TRACE AMOUNT.




$$
