000
CDUS44 KAMA 220734
CLIBGD


CLIMATE REPORT
NATIONAL WEATHER SERVICE AMARILLO TX
134 AM CST MON DEC 22 2014


...................................

...THE BORGER CLIMATE SUMMARY FOR DECEMBER 21 2014...

CLIMATE NORMAL PERIOD 1981 TO 2013
CLIMATE RECORD PERIOD 1949 TO 2014


WEATHER ITEM   OBSERVED TIME   RECORD YEAR NORMAL DEPARTURE LAST
                VALUE   (LST)  VALUE       VALUE  FROM      YEAR
                                                  NORMAL
..................................................................
TEMPERATURE (F)
 YESTERDAY
  MAXIMUM         59    349 PM  74    2003  49     10       32
  MINIMUM         35    843 AM  -2    1990  26      9       17
  AVERAGE         47                        37     10       25

PRECIPITATION (IN)
  YESTERDAY        0.00          0.51 1997   0.03  -0.03     0.27
  MONTH TO DATE    0.13                      0.42  -0.29     0.27
  SINCE DEC 1      0.13                      0.42  -0.29     0.27
  SINCE JAN 1     10.77                     21.37 -10.60    15.20

SNOWFALL (IN)
  YESTERDAY        0.0          MM      MM                   3.4
  MONTH TO DATE    0.0                                       3.4
  SINCE DEC 1      0.0                                       3.4
  SINCE JUL 1      1.9                                       7.2
  SNOW DEPTH       0

DEGREE DAYS
 HEATING
  YESTERDAY       18                        28    -10       40
  MONTH TO DATE  408                       542   -134      560
  SINCE DEC 1    408                       542   -134      560
  SINCE JUL 1   1093                      1259   -166     1274

 COOLING
  YESTERDAY        0                         0      0        0
  MONTH TO DATE    0                         0      0        0
  SINCE DEC 1      0                         0      0        0
  SINCE JAN 1   2053                      1839    214     2220
..................................................................


WIND (MPH)
  RESULTANT WIND SPEED   7   RESULTANT WIND DIRECTION   S (190)
  HIGHEST WIND SPEED    18   HIGHEST WIND DIRECTION     S (200)
  HIGHEST GUST SPEED    25   HIGHEST GUST DIRECTION     S (190)
  AVERAGE WIND SPEED     7.5


SKY COVER
  AVERAGE SKY COVER 0.1


WEATHER CONDITIONS
 THE FOLLOWING WEATHER WAS RECORDED YESTERDAY.
  FOG
  HAZE


RELATIVE HUMIDITY (PERCENT)
 HIGHEST    92           700 AM
 LOWEST     25           500 PM
 AVERAGE    59

..........................................................


THE BORGER CLIMATE NORMALS FOR TODAY
                         NORMAL    RECORD    YEAR
 MAXIMUM TEMPERATURE (F)   49        76      1955
 MINIMUM TEMPERATURE (F)   26        -7      1989


SUNRISE AND SUNSET
DECEMBER 22 2014......SUNRISE   752 AM CST   SUNSET   536 PM CST
DECEMBER 23 2014......SUNRISE   752 AM CST   SUNSET   537 PM CST


-  INDICATES NEGATIVE NUMBERS.
R  INDICATES RECORD WAS SET OR TIED.
MM INDICATES DATA IS MISSING.
T  INDICATES TRACE AMOUNT.




$$
