000
CDUS44 KAMA 220729
CLIBGD


CLIMATE REPORT
NATIONAL WEATHER SERVICE AMARILLO TX
128 AM CST THU FEB 22 2018


...................................

...THE BORGER CLIMATE SUMMARY FOR FEBRUARY 21 2018...

CLIMATE NORMAL PERIOD 1981 TO 2010
CLIMATE RECORD PERIOD 1949 TO 2018


WEATHER ITEM   OBSERVED TIME   RECORD YEAR NORMAL DEPARTURE LAST
                VALUE   (LST)  VALUE       VALUE  FROM      YEAR
                                                  NORMAL
..................................................................
TEMPERATURE (F)
 YESTERDAY
  MAXIMUM         31    301 PM  80    1996  56    -25       78
  MINIMUM         19    843 AM   7    1978  31    -12       32
  AVERAGE         25                        43    -18       55

PRECIPITATION (IN)
  YESTERDAY        0.00          1.38 1971   0.02  -0.02     0.00
  MONTH TO DATE    T                         0.49  -0.49     0.37
  SINCE DEC 1      0.01                      1.85  -1.84     3.70
  SINCE JAN 1      0.01                      1.08  -1.07     3.48

SNOWFALL (IN)
  YESTERDAY        0.0          15.0  1971                   0.0
  MONTH TO DATE    T                                          T
  SINCE DEC 1      1.2                                       3.6
  SINCE JUL 1      2.0                                       3.6
  SNOW DEPTH       0

DEGREE DAYS
 HEATING
  YESTERDAY       40                        22     18       10
  MONTH TO DATE  493                       495     -2      331
  SINCE DEC 1   2010                      2130   -120     1860
  SINCE JUL 1   2533                      2847   -314     2233

 COOLING
  YESTERDAY        0                         0      0        0
  MONTH TO DATE    0                         0      0       14
  SINCE DEC 1      0                         0      0       14
  SINCE JAN 1      0                         0      0       14
..................................................................


WIND (MPH)
  RESULTANT WIND SPEED  11   RESULTANT WIND DIRECTION  NE (40)
  HIGHEST WIND SPEED    18   HIGHEST WIND DIRECTION     N (20)
  HIGHEST GUST SPEED    23   HIGHEST GUST DIRECTION     N (20)
  AVERAGE WIND SPEED    10.8


SKY COVER
  AVERAGE SKY COVER 0.7


WEATHER CONDITIONS
 THE FOLLOWING WEATHER WAS RECORDED YESTERDAY.
  NO SIGNIFICANT WEATHER WAS OBSERVED.


RELATIVE HUMIDITY (PERCENT)
 HIGHEST    60          1100 PM
 LOWEST     31           100 PM
 AVERAGE    46

..........................................................


THE BORGER CLIMATE NORMALS FOR TODAY
                         NORMAL    RECORD    YEAR
 MAXIMUM TEMPERATURE (F)   56        82      1996
 MINIMUM TEMPERATURE (F)   31        13      2013
                                             1966


SUNRISE AND SUNSET
FEBRUARY 22 2018......SUNRISE   724 AM CST   SUNSET   634 PM CST
FEBRUARY 23 2018......SUNRISE   723 AM CST   SUNSET   635 PM CST


-  INDICATES NEGATIVE NUMBERS.
R  INDICATES RECORD WAS SET OR TIED.
MM INDICATES DATA IS MISSING.
T  INDICATES TRACE AMOUNT.




$$
