000
CDUS44 KAMA 290638
CLIBGD


CLIMATE REPORT
NATIONAL WEATHER SERVICE AMARILLO TX
137 AM CDT FRI MAY 29 2015


...................................

...THE BORGER CLIMATE SUMMARY FOR MAY 28 2015...

CLIMATE NORMAL PERIOD 1981 TO 2013
CLIMATE RECORD PERIOD 1949 TO 2015


WEATHER ITEM   OBSERVED TIME   RECORD YEAR NORMAL DEPARTURE LAST
                VALUE   (LST)  VALUE       VALUE  FROM      YEAR
                                                  NORMAL
..................................................................
TEMPERATURE (F)
 YESTERDAY
  MAXIMUM         74    556 PM 100    2006  84    -10       90
  MINIMUM         62   1134 PM  38    1992  59      3       59
  AVERAGE         68                        72     -4       75

PRECIPITATION (IN)
  YESTERDAY        0.00          1.42 1958   0.14  -0.14     0.00
  MONTH TO DATE    9.00                      2.49   6.51     1.49
  SINCE MAR 1     13.67                      5.44   8.23     1.69
  SINCE JAN 1     15.52                      6.65   8.87     2.07

SNOWFALL (IN)
  YESTERDAY        0.0           T    1996                   0.0
  MONTH TO DATE    0.0                                       0.0
  SINCE MAR 1      T                                         2.1
  SINCE JUL 1     17.5                                      14.7
  SNOW DEPTH       0

DEGREE DAYS
 HEATING
  YESTERDAY        0                         0      0        0
  MONTH TO DATE   77                        60     17       56
  SINCE MAR 1    578                       770   -192      760
  SINCE JUL 1   3450                      3763   -313     3838

 COOLING
  YESTERDAY        3                         7     -4       10
  MONTH TO DATE   62                       130    -68      211
  SINCE MAR 1    118                       174    -56      276
  SINCE JAN 1    118                       174    -56      276
..................................................................


WIND (MPH)
  RESULTANT WIND SPEED   7   RESULTANT WIND DIRECTION  SE (140)
  HIGHEST WIND SPEED    21   HIGHEST WIND DIRECTION    SE (140)
  HIGHEST GUST SPEED    29   HIGHEST GUST DIRECTION     S (200)
  AVERAGE WIND SPEED     9.2


SKY COVER
  AVERAGE SKY COVER 0.2


WEATHER CONDITIONS
 THE FOLLOWING WEATHER WAS RECORDED YESTERDAY.
  NO SIGNIFICANT WEATHER WAS OBSERVED.


RELATIVE HUMIDITY (PERCENT)
 HIGHEST    76           100 AM
 LOWEST     41           600 PM
 AVERAGE    59

..........................................................


THE BORGER CLIMATE NORMALS FOR TODAY
                         NORMAL    RECORD    YEAR
 MAXIMUM TEMPERATURE (F)   85       105      2011
 MINIMUM TEMPERATURE (F)   60        41      1984


SUNRISE AND SUNSET
MAY 29 2015...........SUNRISE   632 AM CDT   SUNSET   854 PM CDT
MAY 30 2015...........SUNRISE   632 AM CDT   SUNSET   855 PM CDT


-  INDICATES NEGATIVE NUMBERS.
R  INDICATES RECORD WAS SET OR TIED.
MM INDICATES DATA IS MISSING.
T  INDICATES TRACE AMOUNT.




$$
