000
CDUS44 KAMA 112234
CLIBGD


CLIMATE REPORT
NATIONAL WEATHER SERVICE AMARILLO TX
434 PM CST MON DEC 11 2017


...................................

...THE BORGER CLIMATE SUMMARY FOR DECEMBER 11 2017...
VALID TODAY AS OF 0400 PM LOCAL TIME.

CLIMATE NORMAL PERIOD 1981 TO 2010
CLIMATE RECORD PERIOD 1949 TO 2017


WEATHER ITEM   OBSERVED TIME   RECORD YEAR NORMAL DEPARTURE LAST
                VALUE   (LST)  VALUE       VALUE  FROM      YEAR
                                                  NORMAL
..................................................................
TEMPERATURE (F)
 TODAY
  MAXIMUM         65    410 PM  75    2015  51     14       57
  MINIMUM         29    745 AM   8    1972  27      2       32
  AVERAGE         47                        39      8       45

PRECIPITATION (IN)
  TODAY            0.00          0.37 2007   0.01  -0.01     0.00
  MONTH TO DATE    0.00                      0.19  -0.19     0.11
  SINCE DEC 1      0.00                      0.19  -0.19     0.11
  SINCE JAN 1     26.10                     21.14   4.96    15.67

SNOWFALL (IN)
  TODAY            0.0          MM      MM                   0.0
  MONTH TO DATE    0.0                                       0.0
  SINCE DEC 1      0.0                                       0.0
  SINCE JUL 1      0.8                                       0.0
  SNOW DEPTH       0

DEGREE DAYS
 HEATING
  TODAY           18                        26     -8       20
  MONTH TO DATE  212                       271    -59      296
  SINCE DEC 1    212                       271    -59      296
  SINCE JUL 1    735                       988   -253      669

 COOLING
  TODAY            0                         0      0        0
  MONTH TO DATE    0                         0      0        0
  SINCE DEC 1      0                         0      0        0
  SINCE JAN 1   2001                      1839    162     2180
..................................................................


WIND (MPH)
  RESULTANT WIND SPEED   3   RESULTANT WIND DIRECTION  NW (330)
  HIGHEST WIND SPEED    20   HIGHEST WIND DIRECTION    NE (30)
  HIGHEST GUST SPEED    25   HIGHEST GUST DIRECTION    NE (40)
  AVERAGE WIND SPEED     8.8


SKY COVER
  AVERAGE SKY COVER 0.0


WEATHER CONDITIONS
 THE FOLLOWING WEATHER WAS RECORDED TODAY.
  NO SIGNIFICANT WEATHER WAS OBSERVED.


RELATIVE HUMIDITY (PERCENT)
 HIGHEST    39           800 AM
 LOWEST     10           100 PM
 AVERAGE    25

..........................................................


THE BORGER CLIMATE NORMALS FOR TOMORROW
                         NORMAL    RECORD    YEAR
 MAXIMUM TEMPERATURE (F)   50        75      1977
 MINIMUM TEMPERATURE (F)   27        -2      1961


SUNRISE AND SUNSET
DECEMBER 11 2017......SUNRISE   745 AM CST   SUNSET   533 PM CST
DECEMBER 12 2017......SUNRISE   746 AM CST   SUNSET   533 PM CST


-  INDICATES NEGATIVE NUMBERS.
R  INDICATES RECORD WAS SET OR TIED.
MM INDICATES DATA IS MISSING.
T  INDICATES TRACE AMOUNT.




$$
