000
CDUS44 KAMA 281413
CLIBGD


CLIMATE REPORT
NATIONAL WEATHER SERVICE AMARILLO TX
908 AM CDT SUN AUG 28 2016


...................................

...THE BORGER CLIMATE SUMMARY FOR AUGUST 28 2016...
VALID AS OF 0908 AM LOCAL TIME.

CLIMATE NORMAL PERIOD 1981 TO 2010
CLIMATE RECORD PERIOD 1949 TO 2016


WEATHER ITEM   OBSERVED TIME   RECORD YEAR NORMAL DEPARTURE LAST
                VALUE   (LST)  VALUE       VALUE  FROM      YEAR
                                                  NORMAL
..................................................................
TEMPERATURE (F)
 TODAY
  MINIMUM         65    422 AM  52    1987  66     -1       71

PRECIPITATION (IN)
  TODAY            T             0.86 2002   0.10  -0.10      T
  MONTH TO DATE    1.93                      2.88  -0.95     5.77
  SINCE JUN 1      4.61                      8.67  -4.06    19.44
  SINCE JAN 1     13.48                     15.72  -2.24    34.96

SNOWFALL (IN)
  TODAY            0.0           0.0  2013                   0.0
                                      2012
                                      2011
  MONTH TO DATE    0.0                                       0.0
  SINCE JUN 1      0.0                                       0.0
  SINCE JUL 1      0.0                                       0.0
  SNOW DEPTH       0

..................................................................


WIND (MPH)
  RESULTANT WIND SPEED   6   RESULTANT WIND DIRECTION   E (110)
  HIGHEST WIND SPEED    14   HIGHEST WIND DIRECTION    SE (150)
  HIGHEST GUST SPEED    21   HIGHEST GUST DIRECTION     S (160)
  AVERAGE WIND SPEED     8.1


SKY COVER
  AVERAGE SKY COVER 0.4


WEATHER CONDITIONS
 THE FOLLOWING WEATHER WAS RECORDED TODAY.
  THUNDERSTORM
  LIGHT RAIN


RELATIVE HUMIDITY (PERCENT)
 HIGHEST    93           700 AM
 LOWEST     79           100 AM
 AVERAGE    86

..........................................................


THE BORGER CLIMATE NORMALS FOR TOMORROW
                         NORMAL    RECORD    YEAR
 MAXIMUM TEMPERATURE (F)   90       102      1959
 MINIMUM TEMPERATURE (F)   66        51      1988


SUNRISE AND SUNSET
AUGUST 28 2016........SUNRISE   715 AM CDT   SUNSET   818 PM CDT
AUGUST 29 2016........SUNRISE   716 AM CDT   SUNSET   816 PM CDT


-  INDICATES NEGATIVE NUMBERS.
R  INDICATES RECORD WAS SET OR TIED.
MM INDICATES DATA IS MISSING.
T  INDICATES TRACE AMOUNT.




$$
