000
CDUS41 KBGM 140548
CLIBGM


CLIMATE REPORT
NATIONAL WEATHER SERVICE BINGHAMTON NY
1247 AM EST THU DEC 14 2017


...................................

...THE BINGHAMTON NY CLIMATE SUMMARY FOR DECEMBER 13 2017...

CLIMATE NORMAL PERIOD 1981 TO 2010
CLIMATE RECORD PERIOD 1951 TO 2017


WEATHER ITEM   OBSERVED TIME   RECORD YEAR NORMAL DEPARTURE LAST
                VALUE   (LST)  VALUE       VALUE  FROM      YEAR
                                                  NORMAL
..................................................................
TEMPERATURE (F)
 YESTERDAY
  MAXIMUM         18    252 PM  62    2015  34    -16       30
  MINIMUM          9    633 AM  -1    1976  22    -13       25
  AVERAGE         14                        28    -14       28

PRECIPITATION (IN)
  YESTERDAY        0.09          2.66 1983   0.09   0.00     0.17
  MONTH TO DATE    0.46                      1.32  -0.86     1.94
  SINCE DEC 1      0.46                      1.32  -0.86     1.94
  SINCE JAN 1     47.35                     37.79   9.56    34.46

SNOWFALL (IN)
  YESTERDAY        1.3           6.8  2007   0.6    0.7      1.8
  MONTH TO DATE    2.4                       6.7   -4.3     19.2
  SINCE DEC 1      2.4                       6.7   -4.3     19.2
  SINCE JUL 1      4.2                      13.5   -9.3     47.8
  SNOW DEPTH       1

DEGREE DAYS
 HEATING
  YESTERDAY       51                        37     14       37
  MONTH TO DATE  459                       454      5      463
  SINCE DEC 1    459                       454      5      463
  SINCE JUL 1   1857                      2029   -172     1812

 COOLING
  YESTERDAY        0                         0      0        0
  MONTH TO DATE    0                         0      0        0
  SINCE DEC 1      0                         0      0        0
  SINCE JAN 1    349                       381    -32      563
..................................................................


WIND (MPH)
  HIGHEST WIND SPEED    24   HIGHEST WIND DIRECTION     W (290)
  HIGHEST GUST SPEED    38   HIGHEST GUST DIRECTION     W (280)
  AVERAGE WIND SPEED    11.5


SKY COVER
  AVERAGE SKY COVER 0.7


WEATHER CONDITIONS
 THE FOLLOWING WEATHER WAS RECORDED YESTERDAY.
  SNOW
  LIGHT SNOW
  FOG
  FOG W/VISIBILITY <= 1/4 MILE
  HAZE
  BLOWING SNOW


RELATIVE HUMIDITY (PERCENT)
 HIGHEST    92           900 AM
 LOWEST     49           300 PM
 AVERAGE    71

..........................................................


THE BINGHAMTON NY CLIMATE NORMALS FOR TODAY
                         NORMAL    RECORD    YEAR
 MAXIMUM TEMPERATURE (F)   34        61      2015
 MINIMUM TEMPERATURE (F)   22        -6      2005


SUNRISE AND SUNSET
DECEMBER 14 2017......SUNRISE   725 AM EST   SUNSET   432 PM EST
DECEMBER 15 2017......SUNRISE   726 AM EST   SUNSET   433 PM EST


-  INDICATES NEGATIVE NUMBERS.
R  INDICATES RECORD WAS SET OR TIED.
MM INDICATES DATA IS MISSING.
T  INDICATES TRACE AMOUNT.




$$
