000
CDUS41 KBGM 240557
CLIBGM


CLIMATE REPORT
NATIONAL WEATHER SERVICE BINGHAMTON NY
157 AM EDT WED MAY 24 2017


...................................

...THE BINGHAMTON NY CLIMATE SUMMARY FOR MAY 23 2017...

CLIMATE NORMAL PERIOD 1981 TO 2010
CLIMATE RECORD PERIOD 1951 TO 2017


WEATHER ITEM   OBSERVED TIME   RECORD YEAR NORMAL DEPARTURE LAST
                VALUE   (LST)  VALUE       VALUE  FROM      YEAR
                                                  NORMAL
..................................................................
TEMPERATURE (F)
 YESTERDAY
  MAXIMUM         69    416 PM  87    1980  68      1       74
  MINIMUM         43    522 AM  31    1967  48     -5       50
  AVERAGE         56                        58     -2       62

PRECIPITATION (IN)
  YESTERDAY        0.00          0.78 2000   0.12  -0.12     0.00
  MONTH TO DATE    4.13                      2.59   1.54     2.67
  SINCE MAR 1     15.34                      9.01   6.33     6.90
  SINCE JAN 1     21.61                     13.77   7.84    12.21

SNOWFALL (IN)
  YESTERDAY        0.0           T    1963   0.0    0.0      0.0
  MONTH TO DATE    0.0                       0.1   -0.1       T
  SINCE MAR 1     41.7                      19.5   22.2     10.3
  SINCE JUL 1    135.2                      83.4   51.8     32.0
  SNOW DEPTH       0

DEGREE DAYS
 HEATING
  YESTERDAY        9                         8      1        3
  MONTH TO DATE  305                       251     54      321
  SINCE MAR 1   1852                      1851      1     1771
  SINCE JUL 1   6465                      7050   -585     6129

 COOLING
  YESTERDAY        0                         1     -1        0
  MONTH TO DATE   17                        11      6        0
  SINCE MAR 1     21                        15      6        0
  SINCE JAN 1     21                        15      6        0
..................................................................


WIND (MPH)
  HIGHEST WIND SPEED     9   HIGHEST WIND DIRECTION    SE (130)
  HIGHEST GUST SPEED    11   HIGHEST GUST DIRECTION    SE (150)
  AVERAGE WIND SPEED     3.7


SKY COVER
  AVERAGE SKY COVER 0.0


WEATHER CONDITIONS
 THE FOLLOWING WEATHER WAS RECORDED YESTERDAY.
  NO SIGNIFICANT WEATHER WAS OBSERVED.


RELATIVE HUMIDITY (PERCENT)
 HIGHEST    86           600 AM
 LOWEST     39           400 PM
 AVERAGE    63

..........................................................


THE BINGHAMTON NY CLIMATE NORMALS FOR TODAY
                         NORMAL    RECORD    YEAR
 MAXIMUM TEMPERATURE (F)   68        87      1980
                                             1975
 MINIMUM TEMPERATURE (F)   49        28      1963


SUNRISE AND SUNSET
MAY 24 2017...........SUNRISE   535 AM EDT   SUNSET   827 PM EDT
MAY 25 2017...........SUNRISE   534 AM EDT   SUNSET   828 PM EDT


-  INDICATES NEGATIVE NUMBERS.
R  INDICATES RECORD WAS SET OR TIED.
MM INDICATES DATA IS MISSING.
T  INDICATES TRACE AMOUNT.




$$
