000
CDUS41 KBGM 300550
CLIBGM


CLIMATE REPORT
NATIONAL WEATHER SERVICE BINGHAMTON NY
150 AM EDT THU OCT 30 2014


...................................

...THE BINGHAMTON NY CLIMATE SUMMARY FOR OCTOBER 29 2014...

CLIMATE NORMAL PERIOD 1981 TO 2010
CLIMATE RECORD PERIOD 1951 TO 2014


WEATHER ITEM   OBSERVED TIME   RECORD YEAR NORMAL DEPARTURE LAST
                VALUE   (LST)  VALUE       VALUE  FROM      YEAR
                                                  NORMAL
..................................................................
TEMPERATURE (F)
 YESTERDAY
  MAXIMUM         64   1241 AM  70    1989  52     12       46
                                      1982
  MINIMUM         45   1159 PM  22    1965  37      8       31
  AVERAGE         55                        44     11       39

PRECIPITATION (IN)
  YESTERDAY        T             1.18 1973   0.10  -0.10     0.00
  MONTH TO DATE    3.29                      3.12   0.17     2.21
  SINCE SEP 1      5.20                      6.75  -1.55     5.12
  SINCE JAN 1     34.23                     32.96   1.27    35.41

SNOWFALL (IN)
  YESTERDAY        0.0           0.7  2011   0.0    0.0      0.0
  MONTH TO DATE    T                         0.8   -0.8       T
  SINCE SEP 1      T                         0.8   -0.8       T
  SINCE JUL 1      T                         0.8   -0.8       T
  SNOW DEPTH       0

DEGREE DAYS
 HEATING
  YESTERDAY       10                        21    -11       26
  MONTH TO DATE  372                       472   -100      360
  SINCE SEP 1    533                       666   -133      601
  SINCE JUL 1    599                       729   -130      652

 COOLING
  YESTERDAY        0                         0      0        0
  MONTH TO DATE    1                         0      1       12
  SINCE SEP 1     39                        31      8       53
  SINCE JAN 1    341                       379    -38      480
..................................................................


WIND (MPH)
  HIGHEST WIND SPEED    20   HIGHEST WIND DIRECTION     W (280)
  HIGHEST GUST SPEED    24   HIGHEST GUST DIRECTION     W (280)
  AVERAGE WIND SPEED     6.4


SKY COVER
  AVERAGE SKY COVER 0.9


WEATHER CONDITIONS
 THE FOLLOWING WEATHER WAS RECORDED YESTERDAY.
  LIGHT RAIN


RELATIVE HUMIDITY (PERCENT)
 HIGHEST    86           500 AM
 LOWEST     54           100 PM
 AVERAGE    70

..........................................................


THE BINGHAMTON NY CLIMATE NORMALS FOR TODAY
                         NORMAL    RECORD    YEAR
 MAXIMUM TEMPERATURE (F)   52        71      1999
 MINIMUM TEMPERATURE (F)   36        24      1988
                                             1978


SUNRISE AND SUNSET
OCTOBER 30 2014.......SUNRISE   734 AM EDT   SUNSET   600 PM EDT
OCTOBER 31 2014.......SUNRISE   736 AM EDT   SUNSET   559 PM EDT


-  INDICATES NEGATIVE NUMBERS.
R  INDICATES RECORD WAS SET OR TIED.
MM INDICATES DATA IS MISSING.
T  INDICATES TRACE AMOUNT.




$$
