000
CDUS41 KCAR 290529
CLIBGR


CLIMATE REPORT
NATIONAL WEATHER SERVICE CARIBOU, ME
128 AM EDT FRI MAY 29 2015


...................................

...THE BANGOR ME CLIMATE SUMMARY FOR MAY 28 2015...

CLIMATE NORMAL PERIOD 1981 TO 2010
CLIMATE RECORD PERIOD 1925 TO 2015


WEATHER ITEM   OBSERVED TIME   RECORD YEAR NORMAL DEPARTURE LAST
                VALUE   (LST)  VALUE       VALUE  FROM      YEAR
                                                  NORMAL
..................................................................
TEMPERATURE (F)
 YESTERDAY
  MAXIMUM         82   1240 PM  90    1959  69     13       61
  MINIMUM         60    443 AM  33    1994  46     14       40
  AVERAGE         71                        58     13       51

PRECIPITATION (IN)
  YESTERDAY        0.83          1.43 1961   0.12   0.71     0.05
  MONTH TO DATE    2.03                      3.27  -1.24     3.31
  SINCE MAR 1      5.87                     10.27  -4.40     9.24
  SINCE JAN 1     10.76                     15.68  -4.92    14.41

SNOWFALL (IN)
  YESTERDAY        0.0           0.0  2002   0.0             0.0
                                      2001
  MONTH TO DATE    0.0                       0.1             0.0
  SINCE MAR 1     21.9                      15.5            16.8
  SINCE JUL 1    139.0                      66.2            80.0
  SNOW DEPTH       0

DEGREE DAYS
 HEATING
  YESTERDAY        0                         8     -8       14
  MONTH TO DATE  244                       334    -90      291
  SINCE MAR 1   2219                      2086    133     2284
  SINCE JUL 1   8109                      7732    377     8036

 COOLING
  YESTERDAY        6                         0      6        0
  MONTH TO DATE   17                         0     17        0
  SINCE MAR 1     17                         0     17        0
  SINCE JAN 1     17                         0     17        0
..................................................................


WIND (MPH)
  RESULTANT WIND SPEED   6   RESULTANT WIND DIRECTION   S (190)
  HIGHEST WIND SPEED    22   HIGHEST WIND DIRECTION     S (190)
  HIGHEST GUST SPEED    25   HIGHEST GUST DIRECTION     S (190)


SKY COVER
  POSSIBLE SUNSHINE  MM
  AVERAGE SKY COVER 0.5


WEATHER CONDITIONS
 THE FOLLOWING WEATHER WAS RECORDED YESTERDAY.
  THUNDERSTORM
  LIGHT RAIN
  FOG


RELATIVE HUMIDITY (PERCENT)
 HIGHEST   100
 LOWEST     58
 AVERAGE    79

..........................................................


THE BANGOR ME CLIMATE NORMALS FOR TODAY
                         NORMAL    RECORD    YEAR
 MAXIMUM TEMPERATURE (F)   69        94      1931
 MINIMUM TEMPERATURE (F)   47        33      1970


SUNRISE AND SUNSET
MAY 29 2015...........SUNRISE   455 AM EDT   SUNSET   811 PM EDT
MAY 30 2015...........SUNRISE   454 AM EDT   SUNSET   812 PM EDT


-  INDICATES NEGATIVE NUMBERS.
R  INDICATES RECORD WAS SET OR TIED.
MM INDICATES DATA IS MISSING.
T  INDICATES TRACE AMOUNT.




$$
