000
CDUS41 KCAR 250538
CLIBGR


CLIMATE REPORT
NATIONAL WEATHER SERVICE CARIBOU, ME
1234 AM EST SAT FEB 25 2017


...................................

...THE BANGOR ME CLIMATE SUMMARY FOR FEBRUARY 24 2017...

CLIMATE NORMAL PERIOD 1981 TO 2010
CLIMATE RECORD PERIOD 1925 TO 2017


WEATHER ITEM   OBSERVED TIME   RECORD YEAR NORMAL DEPARTURE LAST
                VALUE   (LST)  VALUE       VALUE  FROM      YEAR
                                                  NORMAL
..................................................................
TEMPERATURE (F)
 YESTERDAY
  MAXIMUM         55R   122 PM  53    1930  34     21       42
  MINIMUM         32    204 AM -26    1929  13     19       23
  AVERAGE         44                        23     21       33

PRECIPITATION (IN)
  YESTERDAY        0.05          0.85 1979   0.09  -0.04     0.51
  MONTH TO DATE    1.83                      2.13  -0.30     3.26
  SINCE DEC 1      9.23                      8.50   0.73     9.70
  SINCE JAN 1      5.46                      5.02   0.44     5.64

SNOWFALL (IN)
  YESTERDAY        0.0          10.0  1962   0.5             1.8
  MONTH TO DATE   37.4                      12.8            19.4
  SINCE DEC 1     61.8                      46.4            35.9
  SINCE JUL 1     63.3                      48.8            38.4
  SNOW DEPTH      12

DEGREE DAYS
 HEATING
  YESTERDAY       21                        42    -21       32
  MONTH TO DATE 1049                      1075    -26      993
  SINCE DEC 1   3598                      3813   -215     3259
  SINCE JUL 1   5017                      5482   -465     4760

 COOLING
  YESTERDAY        0                         0      0        0
  MONTH TO DATE    0                         0      0        0
  SINCE DEC 1      0                         0      0        0
  SINCE JAN 1      0                         0      0        0
..................................................................


WIND (MPH)
  RESULTANT WIND SPEED   2   RESULTANT WIND DIRECTION  SW (210)
  HIGHEST WIND SPEED    10   HIGHEST WIND DIRECTION     S (160)
  HIGHEST GUST SPEED    12   HIGHEST GUST DIRECTION     S (200)


SKY COVER
  POSSIBLE SUNSHINE  MM
  AVERAGE SKY COVER 0.7


WEATHER CONDITIONS
 THE FOLLOWING WEATHER WAS RECORDED YESTERDAY.
  LIGHT RAIN
  FOG
  FOG W/VISIBILITY <= 1/4 MILE


RELATIVE HUMIDITY (PERCENT)
 HIGHEST   100
 LOWEST     59
 AVERAGE    80

..........................................................


THE BANGOR ME CLIMATE NORMALS FOR TODAY
                         NORMAL    RECORD    YEAR
 MAXIMUM TEMPERATURE (F)   34        59      1984
 MINIMUM TEMPERATURE (F)   13       -11      1929


SUNRISE AND SUNSET
FEBRUARY 25 2017......SUNRISE   619 AM EST   SUNSET   518 PM EST
FEBRUARY 26 2017......SUNRISE   618 AM EST   SUNSET   519 PM EST


-  INDICATES NEGATIVE NUMBERS.
R  INDICATES RECORD WAS SET OR TIED.
MM INDICATES DATA IS MISSING.
T  INDICATES TRACE AMOUNT.




$$
