000
CDUS41 KCAR 280537
CLIBGR


CLIMATE REPORT
NATIONAL WEATHER SERVICE CARIBOU, ME
133 AM EDT SAT MAR 28 2015


...................................

...THE BANGOR ME CLIMATE SUMMARY FOR MARCH 27 2015...

CLIMATE NORMAL PERIOD 1981 TO 2010
CLIMATE RECORD PERIOD 1925 TO 2015


WEATHER ITEM   OBSERVED TIME   RECORD YEAR NORMAL DEPARTURE LAST
                VALUE   (LST)  VALUE       VALUE  FROM      YEAR
                                                  NORMAL
..................................................................
TEMPERATURE (F)
 YESTERDAY
  MAXIMUM         46    335 PM  70    1993  44      2       35
  MINIMUM         29   1119 PM   9    1990  25      4       13
                                      1975
                                      1947
  AVERAGE         38                        34      4       24

PRECIPITATION (IN)
  YESTERDAY        0.02          1.38 1992   0.11  -0.09     0.00
  MONTH TO DATE    1.41                      2.90  -1.49     2.15
  SINCE MAR 1      1.41                      2.90  -1.49     2.15
  SINCE JAN 1      6.30                      8.31  -2.01     7.32

SNOWFALL (IN)
  YESTERDAY        0.0           2.8  2002   0.3             0.0
  MONTH TO DATE   15.6                      10.6            15.7
  SINCE MAR 1     15.6                      10.6            15.7
  SINCE JUL 1    132.7                      61.3            78.9
  SNOW DEPTH      MM

DEGREE DAYS
 HEATING
  YESTERDAY       27                        31     -4       41
  MONTH TO DATE 1120                       958    162     1190
  SINCE MAR 1   1120                       958    162     1190
  SINCE JUL 1   7010                      6604    406     6942

 COOLING
  YESTERDAY        0                         0      0        0
  MONTH TO DATE    0                         0      0        0
  SINCE MAR 1      0                         0      0        0
  SINCE JAN 1      0                         0      0        0
..................................................................


WIND (MPH)
  RESULTANT WIND SPEED   4   RESULTANT WIND DIRECTION  NW (310)
  HIGHEST WIND SPEED    16   HIGHEST WIND DIRECTION    NW (330)
  HIGHEST GUST SPEED    19   HIGHEST GUST DIRECTION    NW (330)


SKY COVER
  POSSIBLE SUNSHINE  MM
  AVERAGE SKY COVER 0.9


WEATHER CONDITIONS
 THE FOLLOWING WEATHER WAS RECORDED YESTERDAY.
  LIGHT RAIN
  FOG


RELATIVE HUMIDITY (PERCENT)
 HIGHEST   100
 LOWEST     49
 AVERAGE    75

..........................................................


THE BANGOR ME CLIMATE NORMALS FOR TODAY
                         NORMAL    RECORD    YEAR
 MAXIMUM TEMPERATURE (F)   44        65      1999
                                             1989
 MINIMUM TEMPERATURE (F)   25         9      1982
                                             1974


SUNRISE AND SUNSET
MARCH 28 2015.........SUNRISE   624 AM EDT   SUNSET   658 PM EDT
MARCH 29 2015.........SUNRISE   622 AM EDT   SUNSET   659 PM EDT


-  INDICATES NEGATIVE NUMBERS.
R  INDICATES RECORD WAS SET OR TIED.
MM INDICATES DATA IS MISSING.
T  INDICATES TRACE AMOUNT.




$$
