000
CDUS41 KCAR 080618
CLIBGR


CLIMATE REPORT
NATIONAL WEATHER SERVICE CARIBOU, ME
118 AM EST THU DEC 8 2016


...................................

...THE BANGOR ME CLIMATE SUMMARY FOR DECEMBER 7 2016...

CLIMATE NORMAL PERIOD 1981 TO 2010
CLIMATE RECORD PERIOD 1925 TO 2016


WEATHER ITEM   OBSERVED TIME   RECORD YEAR NORMAL DEPARTURE LAST
                VALUE   (LST)  VALUE       VALUE  FROM      YEAR
                                                  NORMAL
..................................................................
TEMPERATURE (F)
 YESTERDAY
  MAXIMUM         30   1159 PM  65    1998  37     -7       51
  MINIMUM         16   1228 AM -15    1964  20     -4       24
  AVERAGE         23                        28     -5       38

PRECIPITATION (IN)
  YESTERDAY        0.01          1.91 1999   0.13  -0.12     0.00
  MONTH TO DATE    0.96                      0.92   0.04     0.80
  SINCE DEC 1      0.96                      0.92   0.04     0.80
  SINCE JAN 1     31.54                     39.37  -7.83    32.27

SNOWFALL (IN)
  YESTERDAY        T            14.0  2003   0.4             0.0
  MONTH TO DATE    1.8                       2.5              T
  SINCE DEC 1      1.8                       2.5              T
  SINCE JUL 1      3.3                       4.9             2.5
  SNOW DEPTH       2

DEGREE DAYS
 HEATING
  YESTERDAY       42                        37      5       27
  MONTH TO DATE  258                       247     11      210
  SINCE DEC 1    258                       247     11      210
  SINCE JUL 1   1677                      1916   -239     1711

 COOLING
  YESTERDAY        0                         0      0        0
  MONTH TO DATE    0                         0      0        0
  SINCE DEC 1      0                         0      0        0
  SINCE JAN 1    448                       318    130      406
..................................................................


WIND (MPH)
  RESULTANT WIND SPEED   0   RESULTANT WIND DIRECTION   S (170)
  HIGHEST WIND SPEED     7   HIGHEST WIND DIRECTION     N (20)
  HIGHEST GUST SPEED     8   HIGHEST GUST DIRECTION     N (10)


SKY COVER
  POSSIBLE SUNSHINE  MM
  AVERAGE SKY COVER 0.9


WEATHER CONDITIONS
 THE FOLLOWING WEATHER WAS RECORDED YESTERDAY.
  LIGHT SNOW
  FOG


RELATIVE HUMIDITY (PERCENT)
 HIGHEST   100
 LOWEST     84
 AVERAGE    92

..........................................................


THE BANGOR ME CLIMATE NORMALS FOR TODAY
                         NORMAL    RECORD    YEAR
 MAXIMUM TEMPERATURE (F)   36        56      1974
 MINIMUM TEMPERATURE (F)   19       -12      1964


SUNRISE AND SUNSET
DECEMBER  8 2016......SUNRISE   700 AM EST   SUNSET   354 PM EST
DECEMBER  9 2016......SUNRISE   701 AM EST   SUNSET   354 PM EST


-  INDICATES NEGATIVE NUMBERS.
R  INDICATES RECORD WAS SET OR TIED.
MM INDICATES DATA IS MISSING.
T  INDICATES TRACE AMOUNT.




$$
