000
CDUS41 KCAR 042027
CLIBGR


CLIMATE REPORT
NATIONAL WEATHER SERVICE CARIBOU, ME
427 PM EDT WED MAY 4 2016


...................................

...THE BANGOR ME CLIMATE SUMMARY FOR MAY 4 2016...
VALID TODAY AS OF 0400 PM LOCAL TIME.

CLIMATE NORMAL PERIOD 1981 TO 2010
CLIMATE RECORD PERIOD 1925 TO 2016


WEATHER ITEM   OBSERVED TIME   RECORD YEAR NORMAL DEPARTURE LAST
                VALUE   (LST)  VALUE       VALUE  FROM      YEAR
                                                  NORMAL
..................................................................
TEMPERATURE (F)
 TODAY
  MAXIMUM         59    146 PM  87    1937  61     -2       77
  MINIMUM         47    535 AM  26    1939  39      8       38
  AVERAGE         53                        50      3       58

PRECIPITATION (IN)
  TODAY            0.00          1.24 1936   0.12  -0.12     0.00
  MONTH TO DATE    0.58                      0.46   0.12     0.00
  SINCE MAR 1      6.43                      7.46  -1.03     3.84
  SINCE JAN 1     12.70                     12.87  -0.17     8.73

SNOWFALL (IN)
  TODAY            0.0           0.0  2002   0.0    0.0      0.0
                                      2001
  MONTH TO DATE    0.0                       0.0    0.0      0.0
  SINCE MAR 1      6.0                      15.4   -9.4     21.9
  SINCE JUL 1     44.6                      66.1  -21.5    139.0
  SNOW DEPTH       0

DEGREE DAYS
 HEATING
  TODAY           12                        15     -3        7
  MONTH TO DATE   61                        63     -2       55
  SINCE MAR 1   1774                      1815    -41     2030
  SINCE JUL 1   6689                      7461   -772     7920

 COOLING
  TODAY            0                         0      0        0
  MONTH TO DATE    0                         0      0        0
  SINCE MAR 1      0                         0      0        0
  SINCE JAN 1      0                         0      0        0
..................................................................


WIND (MPH)
  HIGHEST WIND SPEED    14   HIGHEST WIND DIRECTION    NE (40)
  HIGHEST GUST SPEED    18   HIGHEST GUST DIRECTION     N (20)
  AVERAGE WIND SPEED     6.9


SKY COVER
  POSSIBLE SUNSHINE  MM
  AVERAGE SKY COVER 1.0


WEATHER CONDITIONS
 THE FOLLOWING WEATHER WAS RECORDED TODAY.
  NO SIGNIFICANT WEATHER WAS OBSERVED.


RELATIVE HUMIDITY (PERCENT)
 HIGHEST    82           400 AM
 LOWEST     51           100 PM
 AVERAGE    67

..........................................................


THE BANGOR ME CLIMATE NORMALS FOR TOMORROW
                         NORMAL    RECORD    YEAR
 MAXIMUM TEMPERATURE (F)   61        87      1944
 MINIMUM TEMPERATURE (F)   39        27      1946


SUNRISE AND SUNSET
MAY  4 2016...........SUNRISE   520 AM EDT   SUNSET   745 PM EDT
MAY  5 2016...........SUNRISE   519 AM EDT   SUNSET   746 PM EDT


-  INDICATES NEGATIVE NUMBERS.
R  INDICATES RECORD WAS SET OR TIED.
MM INDICATES DATA IS MISSING.
T  INDICATES TRACE AMOUNT.




$$
