000
CDUS41 KCAR 180555
CLIBGR


CLIMATE REPORT
NATIONAL WEATHER SERVICE CARIBOU, ME
1252 AM EST SUN FEB 18 2018


...................................

...THE BANGOR ME CLIMATE SUMMARY FOR FEBRUARY 17 2018...

CLIMATE NORMAL PERIOD 1981 TO 2010
CLIMATE RECORD PERIOD 1925 TO 2018


WEATHER ITEM   OBSERVED TIME   RECORD YEAR NORMAL DEPARTURE LAST
                VALUE   (LST)  VALUE       VALUE  FROM      YEAR
                                                  NORMAL
..................................................................
TEMPERATURE (F)
 YESTERDAY
  MAXIMUM         27   1132 PM  58    1981  32     -5       35
  MINIMUM         13    720 AM -23    1934  11      2       14
  AVERAGE         20                        21     -1       25

PRECIPITATION (IN)
  YESTERDAY        T             1.21 1954   0.09  -0.09     0.00
  MONTH TO DATE    2.38                      1.50   0.88     1.77
  SINCE DEC 1     11.74                      7.87   3.87     9.17
  SINCE JAN 1      7.91                      4.39   3.52     5.40

SNOWFALL (IN)
  YESTERDAY        T            12.1  1954   0.6             0.0
  MONTH TO DATE   14.7                       9.2            37.4
  SINCE DEC 1     72.5                      42.8            61.8
  SINCE JUL 1     72.5                      45.2            63.3
  SNOW DEPTH       4

DEGREE DAYS
 HEATING
  YESTERDAY       45                        44      1       40
  MONTH TO DATE  744                       777    -33      820
  SINCE DEC 1   3610                      3515     95     3369
  SINCE JUL 1   4869                      5184   -315     4788

 COOLING
  YESTERDAY        0                         0      0        0
  MONTH TO DATE    0                         0      0        0
  SINCE DEC 1      0                         0      0        0
  SINCE JAN 1      0                         0      0        0
..................................................................


WIND (MPH)
  RESULTANT WIND SPEED   2   RESULTANT WIND DIRECTION  NW (300)
  HIGHEST WIND SPEED    23   HIGHEST WIND DIRECTION    NW (330)
  HIGHEST GUST SPEED    26   HIGHEST GUST DIRECTION    NW (320)


SKY COVER
  POSSIBLE SUNSHINE  MM
  AVERAGE SKY COVER 0.5


WEATHER CONDITIONS
 THE FOLLOWING WEATHER WAS RECORDED YESTERDAY.
  LIGHT SNOW
  FOG


RELATIVE HUMIDITY (PERCENT)
 HIGHEST    75
 LOWEST     36
 AVERAGE    56

..........................................................


THE BANGOR ME CLIMATE NORMALS FOR TODAY
                         NORMAL    RECORD    YEAR
 MAXIMUM TEMPERATURE (F)   32        55      1981
 MINIMUM TEMPERATURE (F)   11       -16      1934


SUNRISE AND SUNSET
FEBRUARY 18 2018......SUNRISE   631 AM EST   SUNSET   508 PM EST
FEBRUARY 19 2018......SUNRISE   630 AM EST   SUNSET   509 PM EST


-  INDICATES NEGATIVE NUMBERS.
R  INDICATES RECORD WAS SET OR TIED.
MM INDICATES DATA IS MISSING.
T  INDICATES TRACE AMOUNT.




$$
