664
CDUS41 KCAR 230536
CLIBGR


CLIMATE REPORT
NATIONAL WEATHER SERVICE CARIBOU, ME
131 AM EDT SAT SEP 23 2017


...................................

...THE BANGOR ME CLIMATE SUMMARY FOR SEPTEMBER 22 2017...

CLIMATE NORMAL PERIOD 1981 TO 2010
CLIMATE RECORD PERIOD 1925 TO 2017


WEATHER ITEM   OBSERVED TIME   RECORD YEAR NORMAL DEPARTURE LAST
                VALUE   (LST)  VALUE       VALUE  FROM      YEAR
                                                  NORMAL
..................................................................
TEMPERATURE (F)
 YESTERDAY
  MAXIMUM         79    337 PM  90    1965  67     12       78
  MINIMUM         49    551 AM  30    1929  46      3       50
  AVERAGE         64                        56      8       64

PRECIPITATION (IN)
  YESTERDAY        0.00          1.22 1983   0.14  -0.14      T
  MONTH TO DATE    2.69                      2.67   0.02     0.68
  SINCE SEP 1      2.69                      2.67   0.02     0.68
  SINCE JAN 1     28.86                     28.92  -0.06    22.67

SNOWFALL (IN)
  YESTERDAY        0.0           0.0  2002   0.0             0.0
                                      2001
  MONTH TO DATE    T                         0.0             0.0
  SINCE SEP 1      T                         0.0             0.0
  SINCE JUL 1      T                         0.0             0.0
  SNOW DEPTH       0

DEGREE DAYS
 HEATING
  YESTERDAY        1                         9     -8        1
  MONTH TO DATE   37                       124    -87       44
  SINCE SEP 1     37                       124    -87       44
  SINCE JUL 1     84                       187   -103       71

 COOLING
  YESTERDAY        0                         0      0        0
  MONTH TO DATE   42                        21     21       59
  SINCE SEP 1     42                        21     21       59
  SINCE JAN 1    324                       315      9      448
..................................................................


WIND (MPH)
  RESULTANT WIND SPEED   6   RESULTANT WIND DIRECTION   N (20)
  HIGHEST WIND SPEED    15   HIGHEST WIND DIRECTION    NE (30)
  HIGHEST GUST SPEED    19   HIGHEST GUST DIRECTION    NE (40)


SKY COVER
  POSSIBLE SUNSHINE  MM
  AVERAGE SKY COVER 0.3


WEATHER CONDITIONS
 THE FOLLOWING WEATHER WAS RECORDED YESTERDAY.
  NO SIGNIFICANT WEATHER WAS OBSERVED.


RELATIVE HUMIDITY (PERCENT)
 HIGHEST    86
 LOWEST     30
 AVERAGE    58

..........................................................


THE BANGOR ME CLIMATE NORMALS FOR TODAY
                         NORMAL    RECORD    YEAR
 MAXIMUM TEMPERATURE (F)   67        80      1989
 MINIMUM TEMPERATURE (F)   45        29      1945
                                             1929


SUNRISE AND SUNSET
SEPTEMBER 23 2017.....SUNRISE   624 AM EDT   SUNSET   630 PM EDT
SEPTEMBER 24 2017.....SUNRISE   625 AM EDT   SUNSET   629 PM EDT


-  INDICATES NEGATIVE NUMBERS.
R  INDICATES RECORD WAS SET OR TIED.
MM INDICATES DATA IS MISSING.
T  INDICATES TRACE AMOUNT.




$$
