000
CDUS41 KCAR 250528
CLIBGR


CLIMATE REPORT
NATIONAL WEATHER SERVICE CARIBOU, ME
127 AM EDT SAT OCT 25 2014


...................................

...THE BANGOR ME CLIMATE SUMMARY FOR OCTOBER 24 2014...

CLIMATE NORMAL PERIOD 1981 TO 2010
CLIMATE RECORD PERIOD 1925 TO 2014


WEATHER ITEM   OBSERVED TIME   RECORD YEAR NORMAL DEPARTURE LAST
                VALUE   (LST)  VALUE       VALUE  FROM      YEAR
                                                  NORMAL
..................................................................
TEMPERATURE (F)
 YESTERDAY
  MAXIMUM         47    243 PM  76    1963  54     -7       49
  MINIMUM         43   1133 PM  19    1969  34      9       31
  AVERAGE         45                        44      1       40

PRECIPITATION (IN)
  YESTERDAY        0.26          3.16 1937   0.14   0.12     0.00
  MONTH TO DATE    6.57                      3.26   3.31     0.71
  SINCE SEP 1      7.46                      7.09   0.37     7.88
  SINCE JAN 1     35.20                     33.34   1.86    33.06

SNOWFALL (IN)
  YESTERDAY        0.0           0.0  2002   0.0             0.0
                                      2001
  MONTH TO DATE    0.0                       0.1             0.0
  SINCE SEP 1      0.0                       0.1             0.0
  SINCE JUL 1      0.0                       0.1             0.0
  SNOW DEPTH       0

DEGREE DAYS
 HEATING
  YESTERDAY       20                        21     -1       25
  MONTH TO DATE  289                       400   -111      280
  SINCE SEP 1    503                       609   -106      482
  SINCE JUL 1    524                       672   -148      514

 COOLING
  YESTERDAY        0                         0      0        0
  MONTH TO DATE    2                         0      2        0
  SINCE SEP 1     49                        23     26       33
  SINCE JAN 1    363                       317     46      355
..................................................................


WIND (MPH)
  RESULTANT WIND SPEED  14   RESULTANT WIND DIRECTION   N (360)
  HIGHEST WIND SPEED    26   HIGHEST WIND DIRECTION     N (360)
  HIGHEST GUST SPEED    34   HIGHEST GUST DIRECTION     N (360)


SKY COVER
  POSSIBLE SUNSHINE  MM
  AVERAGE SKY COVER 1.0


WEATHER CONDITIONS
 THE FOLLOWING WEATHER WAS RECORDED YESTERDAY.
  LIGHT RAIN
  FOG


RELATIVE HUMIDITY (PERCENT)
 HIGHEST   100
 LOWEST     89
 AVERAGE    95

..........................................................


THE BANGOR ME CLIMATE NORMALS FOR TODAY
                         NORMAL    RECORD    YEAR
 MAXIMUM TEMPERATURE (F)   54        77      1963
 MINIMUM TEMPERATURE (F)   34        21      1947


SUNRISE AND SUNSET
OCTOBER 25 2014.......SUNRISE   704 AM EDT   SUNSET   534 PM EDT
OCTOBER 26 2014.......SUNRISE   705 AM EDT   SUNSET   533 PM EDT


-  INDICATES NEGATIVE NUMBERS.
R  INDICATES RECORD WAS SET OR TIED.
MM INDICATES DATA IS MISSING.
T  INDICATES TRACE AMOUNT.




$$
