000
CDUS41 KCAR 202026
CLIBGR


CLIMATE REPORT
NATIONAL WEATHER SERVICE CARIBOU, ME
426 PM EDT THU JUL 20 2017


...................................

...THE BANGOR ME CLIMATE SUMMARY FOR JULY 20 2017...
VALID TODAY AS OF 0400 PM LOCAL TIME.

CLIMATE NORMAL PERIOD 1981 TO 2010
CLIMATE RECORD PERIOD 1925 TO 2017


WEATHER ITEM   OBSERVED TIME   RECORD YEAR NORMAL DEPARTURE LAST
                VALUE   (LST)  VALUE       VALUE  FROM      YEAR
                                                  NORMAL
..................................................................
TEMPERATURE (F)
 TODAY
  MAXIMUM         87    259 PM  96    1991  80      7       79
  MINIMUM         64    443 AM  41    1943  58      6       55
  AVERAGE         76                        69      7       67

PRECIPITATION (IN)
  TODAY            0.00          1.87 1951   0.12  -0.12     0.00
  MONTH TO DATE    1.65                      2.17  -0.52     2.65
  SINCE JUN 1      5.97                      5.93   0.04     5.50
  SINCE JAN 1     24.27                     21.98   2.29    19.71

SNOWFALL (IN)
  TODAY            0.0           0.0  2002   0.0    0.0      0.0
                                      2001
  MONTH TO DATE    0.0                       0.0    0.0      0.0
  SINCE JUN 1      T                         0.0    0.0      0.0
  SINCE JUL 1      0.0                       0.0    0.0      0.0
  SNOW DEPTH       0

DEGREE DAYS
 HEATING
  TODAY            0                         1     -1        0
  MONTH TO DATE   10                        20    -10       23
  SINCE JUN 1    101                       127    -26      126
  SINCE JUL 1     10                        20    -10       23

 COOLING
  TODAY           11                         5      6        2
  MONTH TO DATE   76                        81     -5       92
  SINCE JUN 1    129                       133     -4      114
  SINCE JAN 1    136                       139     -3      124
..................................................................


WIND (MPH)
  HIGHEST WIND SPEED    12   HIGHEST WIND DIRECTION     W (270)
  HIGHEST GUST SPEED    18   HIGHEST GUST DIRECTION    NW (300)
  AVERAGE WIND SPEED     3.6


SKY COVER
  POSSIBLE SUNSHINE  MM
  AVERAGE SKY COVER 0.5


WEATHER CONDITIONS
 THE FOLLOWING WEATHER WAS RECORDED TODAY.
  FOG


RELATIVE HUMIDITY (PERCENT)
 HIGHEST   100           400 AM
 LOWEST     43           300 PM
 AVERAGE    72

..........................................................


THE BANGOR ME CLIMATE NORMALS FOR TOMORROW
                         NORMAL    RECORD    YEAR
 MAXIMUM TEMPERATURE (F)   80        95      1994
 MINIMUM TEMPERATURE (F)   58        44      1929


SUNRISE AND SUNSET
JULY 20 2017..........SUNRISE   509 AM EDT   SUNSET   814 PM EDT
JULY 21 2017..........SUNRISE   510 AM EDT   SUNSET   813 PM EDT


-  INDICATES NEGATIVE NUMBERS.
R  INDICATES RECORD WAS SET OR TIED.
MM INDICATES DATA IS MISSING.
T  INDICATES TRACE AMOUNT.




$$
