000
CDUS41 KCAR 250528
CLIBGR


CLIMATE REPORT
NATIONAL WEATHER SERVICE CARIBOU, ME
127 AM EDT FRI JUL 25 2014


...................................

...THE BANGOR ME CLIMATE SUMMARY FOR JULY 24 2014...

CLIMATE NORMAL PERIOD 1981 TO 2010
CLIMATE RECORD PERIOD 1925 TO 2014


WEATHER ITEM   OBSERVED TIME   RECORD YEAR NORMAL DEPARTURE LAST
                VALUE   (LST)  VALUE       VALUE  FROM      YEAR
                                                  NORMAL
..................................................................
TEMPERATURE (F)
 YESTERDAY
  MAXIMUM         78    157 PM  96    1941  80     -2       82
  MINIMUM         58   1159 PM  47    2002  58      0       55
  AVERAGE         68                        69     -1       69

PRECIPITATION (IN)
  YESTERDAY        0.02          1.32 1927   0.11  -0.09     0.36
  MONTH TO DATE    5.90                      2.63   3.27     2.68
  SINCE JUN 1      9.49                      6.39   3.10     8.14
  SINCE JAN 1     23.90                     22.44   1.46    19.43

SNOWFALL (IN)
  YESTERDAY        0.0           0.0  2002   0.0             0.0
                                      2001
  MONTH TO DATE    0.0                       0.0             0.0
  SINCE JUN 1      0.0                       0.0             0.0
  SINCE JUL 1      0.0                       0.0             0.0
  SNOW DEPTH       0

DEGREE DAYS
 HEATING
  YESTERDAY        0                         1     -1        0
  MONTH TO DATE    5                        24    -19        4
  SINCE JUN 1     76                       131    -55      104
  SINCE JUL 1      5                        24    -19        4

 COOLING
  YESTERDAY        3                         5     -2        4
  MONTH TO DATE  152                       101     51      164
  SINCE JUN 1    198                       153     45      221
  SINCE JAN 1    198                       159     39      229
..................................................................


WIND (MPH)
  RESULTANT WIND SPEED   7   RESULTANT WIND DIRECTION   N (350)
  HIGHEST WIND SPEED    20   HIGHEST WIND DIRECTION     N (20)
  HIGHEST GUST SPEED    24   HIGHEST GUST DIRECTION     N (20)


SKY COVER
  POSSIBLE SUNSHINE  MM
  AVERAGE SKY COVER 0.6


WEATHER CONDITIONS
 THE FOLLOWING WEATHER WAS RECORDED YESTERDAY.
  LIGHT RAIN
  FOG


RELATIVE HUMIDITY (PERCENT)
 HIGHEST    90
 LOWEST     43
 AVERAGE    67

..........................................................


THE BANGOR ME CLIMATE NORMALS FOR TODAY
                         NORMAL    RECORD    YEAR
 MAXIMUM TEMPERATURE (F)   80        98      1941
 MINIMUM TEMPERATURE (F)   58        44      2002


SUNRISE AND SUNSET
JULY 25 2014..........SUNRISE   513 AM EDT   SUNSET   809 PM EDT
JULY 26 2014..........SUNRISE   515 AM EDT   SUNSET   808 PM EDT


-  INDICATES NEGATIVE NUMBERS.
R  INDICATES RECORD WAS SET OR TIED.
MM INDICATES DATA IS MISSING.
T  INDICATES TRACE AMOUNT.




$$
