000
CDUS41 KCAR 142027
CLIBGR


CLIMATE REPORT
NATIONAL WEATHER SERVICE CARIBOU, ME
426 PM EDT SUN SEP 14 2014


...................................

...THE BANGOR ME CLIMATE SUMMARY FOR SEPTEMBER 14 2014...
VALID TODAY AS OF 0400 PM LOCAL TIME.

CLIMATE NORMAL PERIOD 1981 TO 2010
CLIMATE RECORD PERIOD 1925 TO 2014


WEATHER ITEM   OBSERVED TIME   RECORD YEAR NORMAL DEPARTURE LAST
                VALUE   (LST)  VALUE       VALUE  FROM      YEAR
                                                  NORMAL
..................................................................
TEMPERATURE (F)
 TODAY
  MAXIMUM         62   1232 PM  97    1948  71     -9       70
  MINIMUM         50    818 AM  30    1946  49      1       52
  AVERAGE         56                        60     -4       61

PRECIPITATION (IN)
  TODAY            T             1.50 1977   0.14  -0.14     0.00
  MONTH TO DATE    0.83                      1.58  -0.75     6.66
  SINCE SEP 1      0.83                      1.58  -0.75     6.66
  SINCE JAN 1     28.57                     27.83   0.74    31.84

SNOWFALL (IN)
  TODAY            0.0           0.0  2002   0.0    0.0      0.0
                                      2001
  MONTH TO DATE    0.0                       0.0    0.0      0.0
  SINCE SEP 1      0.0                       0.0    0.0      0.0
  SINCE JUL 1      0.0                       0.0    0.0      0.0
  SNOW DEPTH       0

DEGREE DAYS
 HEATING
  TODAY            9                         6      3        4
  MONTH TO DATE   61                        62     -1       58
  SINCE SEP 1     61                        62     -1       58
  SINCE JUL 1     82                       125    -43       90

 COOLING
  TODAY            0                         1     -1        0
  MONTH TO DATE   42                        18     24       33
  SINCE SEP 1     42                        18     24       33
  SINCE JAN 1    356                       312     44      355
..................................................................


WIND (MPH)
  HIGHEST WIND SPEED    22   HIGHEST WIND DIRECTION    NW (320)
  HIGHEST GUST SPEED    29   HIGHEST GUST DIRECTION    NW (320)
  AVERAGE WIND SPEED     9.0


SKY COVER
  POSSIBLE SUNSHINE  MM
  AVERAGE SKY COVER 0.7


WEATHER CONDITIONS
 THE FOLLOWING WEATHER WAS RECORDED TODAY.
  FOG


RELATIVE HUMIDITY (PERCENT)
 HIGHEST    93          1200 AM
 LOWEST     51           200 PM
 AVERAGE    72

..........................................................


THE BANGOR ME CLIMATE NORMALS FOR TOMORROW
                         NORMAL    RECORD    YEAR
 MAXIMUM TEMPERATURE (F)   70        97      1939
 MINIMUM TEMPERATURE (F)   48        34      1963


SUNRISE AND SUNSET
SEPTEMBER 14 2014.....SUNRISE   613 AM EDT   SUNSET   648 PM EDT
SEPTEMBER 15 2014.....SUNRISE   614 AM EDT   SUNSET   646 PM EDT


-  INDICATES NEGATIVE NUMBERS.
R  INDICATES RECORD WAS SET OR TIED.
MM INDICATES DATA IS MISSING.
T  INDICATES TRACE AMOUNT.




$$
