000
CDUS41 KCAR 010534
CLIBGR


CLIMATE REPORT
NATIONAL WEATHER SERVICE CARIBOU, ME
131 AM EDT WED JUL 1 2015


...................................

...THE BANGOR ME CLIMATE SUMMARY FOR JUNE 30 2015...

CLIMATE NORMAL PERIOD 1981 TO 2010
CLIMATE RECORD PERIOD 1925 TO 2015


WEATHER ITEM   OBSERVED TIME   RECORD YEAR NORMAL DEPARTURE LAST
                VALUE   (LST)  VALUE       VALUE  FROM      YEAR
                                                  NORMAL
..................................................................
TEMPERATURE (F)
 YESTERDAY
  MAXIMUM         77    308 PM  96    1933  78     -1       87
  MINIMUM         56    246 AM  42    1936  56      0       60
  AVERAGE         67                        67      0       74

PRECIPITATION (IN)
  YESTERDAY        0.00          0.88 1928   0.11  -0.11     0.00
  MONTH TO DATE    4.90                      3.76   1.14     3.59
  SINCE JUN 1      4.90                      3.76   1.14     3.59
  SINCE JAN 1     15.95                     19.81  -3.86    18.00

SNOWFALL (IN)
  YESTERDAY        0.0           0.0  2002   0.0             0.0
                                      2001
  MONTH TO DATE    0.0                       0.0             0.0
  SINCE JUN 1      0.0                       0.0             0.0
  SINCE JUL 1    139.0                      66.1            80.0
  SNOW DEPTH       0

DEGREE DAYS
 HEATING
  YESTERDAY        0                         1     -1        0
  MONTH TO DATE  179                       108     71       71
  SINCE JUN 1    179                       107     72       71
  SINCE JUL 1   8295                      7860    435     8134

 COOLING
  YESTERDAY        2                         3     -1        9
  MONTH TO DATE   24                        52    -28       46
  SINCE JUN 1     24                        52    -28       46
  SINCE JAN 1     47                        58    -11       46
..................................................................


WIND (MPH)
  RESULTANT WIND SPEED   5   RESULTANT WIND DIRECTION   S (180)
  HIGHEST WIND SPEED    17   HIGHEST WIND DIRECTION     S (190)
  HIGHEST GUST SPEED    21   HIGHEST GUST DIRECTION     S (200)


SKY COVER
  POSSIBLE SUNSHINE  MM
  AVERAGE SKY COVER 0.8


WEATHER CONDITIONS
 THE FOLLOWING WEATHER WAS RECORDED YESTERDAY.
  FOG


RELATIVE HUMIDITY (PERCENT)
 HIGHEST   100
 LOWEST     46
 AVERAGE    73

..........................................................


THE BANGOR ME CLIMATE NORMALS FOR TODAY
                         NORMAL    RECORD    YEAR
 MAXIMUM TEMPERATURE (F)   78        92      1971
 MINIMUM TEMPERATURE (F)   56        45      1943


SUNRISE AND SUNSET
JULY  1 2015..........SUNRISE   453 AM EDT   SUNSET   825 PM EDT
JULY  2 2015..........SUNRISE   454 AM EDT   SUNSET   825 PM EDT


-  INDICATES NEGATIVE NUMBERS.
R  INDICATES RECORD WAS SET OR TIED.
MM INDICATES DATA IS MISSING.
T  INDICATES TRACE AMOUNT.




$$
