000
CDUS44 KBMX 100854
CLIBHM


CLIMATE REPORT
NATIONAL WEATHER SERVICE BIRMINGHAM, AL
253 AM CST SAT DEC 10 2016


...................................

...THE BIRMINGHAM CLIMATE SUMMARY FOR DECEMBER 9 2016...

CLIMATE NORMAL PERIOD 1981 TO 2010
CLIMATE RECORD PERIOD 1895 TO 2016


WEATHER ITEM   OBSERVED TIME   RECORD YEAR NORMAL DEPARTURE LAST
                VALUE   (LST)  VALUE       VALUE  FROM      YEAR
                                                  NORMAL
..................................................................
TEMPERATURE (F)
 YESTERDAY
  MAXIMUM         42    259 PM  74    1946  57    -15       66
  MINIMUM         25    652 AM   9    1917  37    -12       44
  AVERAGE         34                        47    -13       55

PRECIPITATION (IN)
  YESTERDAY        0.00          2.08 1953   0.15  -0.15     0.00
  MONTH TO DATE    1.40                      1.45  -0.05     2.35
  SINCE DEC 1      1.40                      1.45  -0.05     2.35
  SINCE JAN 1     39.32                     50.72 -11.40    52.74

SNOWFALL (IN)
  YESTERDAY        0.0                       0.0    0.0      0.0
  MONTH TO DATE    0.0                       0.0    0.0      0.0
  SINCE DEC 1      0.0                       0.0    0.0      0.0
  SINCE JUL 1      0.0                       0.0    0.0      0.0
  SNOW DEPTH       0

DEGREE DAYS
 HEATING
  YESTERDAY       31                        18     13       10
  MONTH TO DATE  164                       152     12      120
  SINCE DEC 1    164                       152     12      120
  SINCE JUL 1    396                       610   -214      391
..................................................................


WIND (MPH)
  HIGHEST WIND SPEED    18   HIGHEST WIND DIRECTION     N (360)
  HIGHEST GUST SPEED    22   HIGHEST GUST DIRECTION     N (350)
  AVERAGE WIND SPEED     7.0


SKY COVER
  AVERAGE SKY COVER 0.0


WEATHER CONDITIONS
 THE FOLLOWING WEATHER WAS RECORDED YESTERDAY.
  NO SIGNIFICANT WEATHER WAS OBSERVED.


RELATIVE HUMIDITY (PERCENT)
 HIGHEST    75          1000 PM
 LOWEST     34           200 PM
 AVERAGE    55

..........................................................


THE BIRMINGHAM CLIMATE NORMALS FOR TODAY
                         NORMAL    RECORD    YEAR
 MAXIMUM TEMPERATURE (F)   57        79      2007
 MINIMUM TEMPERATURE (F)   37        13      1995


SUNRISE AND SUNSET
DECEMBER 10 2016......SUNRISE   641 AM CST   SUNSET   439 PM CST
DECEMBER 11 2016......SUNRISE   641 AM CST   SUNSET   439 PM CST


-  INDICATES NEGATIVE NUMBERS.
R  INDICATES RECORD WAS SET OR TIED.
MM INDICATES DATA IS MISSING.
T  INDICATES TRACE AMOUNT.




$$
