000
CDUS44 KBMX 291023
CLIBHM


CLIMATE REPORT
NATIONAL WEATHER SERVICE BIRMINGHAM, AL
523 AM CDT FRI APR 29 2016


...................................

...THE BIRMINGHAM CLIMATE SUMMARY FOR APRIL 28 2016...

CLIMATE NORMAL PERIOD 1981 TO 2010
CLIMATE RECORD PERIOD 1895 TO 2016


WEATHER ITEM   OBSERVED TIME   RECORD YEAR NORMAL DEPARTURE LAST
                VALUE   (LST)  VALUE       VALUE  FROM      YEAR
                                                  NORMAL
..................................................................
TEMPERATURE (F)
 YESTERDAY
  MAXIMUM         85    440 PM  89    1899  77      8       73
  MINIMUM         66   1159 PM  37    1973  54     12       48
  AVERAGE         76                        66     10       61

PRECIPITATION (IN)
  YESTERDAY        0.00          1.60 1984   0.14  -0.14     0.21
  MONTH TO DATE    2.87                      4.09  -1.22    10.10
  SINCE MAR 1      8.57                      9.32  -0.75    14.33
  SINCE JAN 1     19.31                     18.69   0.62    23.03

SNOWFALL (IN)
  YESTERDAY        0.0                       0.0    0.0      0.0
  MONTH TO DATE    0.0                       0.2   -0.2      0.0
  SINCE MAR 1      0.0                       0.8   -0.8      0.1
  SINCE JUL 1      T                         1.6   -1.6      0.8
  SNOW DEPTH       0

DEGREE DAYS
 HEATING
  YESTERDAY        0                         2     -2        4
  MONTH TO DATE   78                       136    -58       44
  SINCE MAR 1    269                       458   -189      303
  SINCE JUL 1   1939                      2648   -709     2769

 COOLING
  YESTERDAY       11                         3      8        0
  MONTH TO DATE   49                        56     -7       77
  SINCE MAR 1     90                        74     16       82
  SINCE JAN 1     97                        78     19       82
..................................................................


WIND (MPH)
  HIGHEST WIND SPEED    13   HIGHEST WIND DIRECTION    SW (240)
  HIGHEST GUST SPEED    17   HIGHEST GUST DIRECTION     W (260)
  AVERAGE WIND SPEED     3.7


SKY COVER
  AVERAGE SKY COVER 0.4


WEATHER CONDITIONS
 THE FOLLOWING WEATHER WAS RECORDED YESTERDAY.
  FOG


RELATIVE HUMIDITY (PERCENT)
 HIGHEST    93          1200 AM
 LOWEST     43           200 PM
 AVERAGE    68

..........................................................


THE BIRMINGHAM CLIMATE NORMALS FOR TODAY
                         NORMAL    RECORD    YEAR
 MAXIMUM TEMPERATURE (F)   78        89      1915
 MINIMUM TEMPERATURE (F)   54        37      1992


SUNRISE AND SUNSET
APRIL 29 2016.........SUNRISE   600 AM CDT   SUNSET   729 PM CDT
APRIL 30 2016.........SUNRISE   559 AM CDT   SUNSET   730 PM CDT


-  INDICATES NEGATIVE NUMBERS.
R  INDICATES RECORD WAS SET OR TIED.
MM INDICATES DATA IS MISSING.
T  INDICATES TRACE AMOUNT.




$$
