000
CDUS45 KVEF 230025
CLIBIH


CLIMATE REPORT
NATIONAL WEATHER SERVICE LAS VEGAS, NV
425 PM PST SAT NOV 22 2014


...................................

...THE BISHOP CA CLIMATE SUMMARY FOR NOVEMBER 22 2014...
VALID TODAY AS OF 0400 PM LOCAL TIME.

CLIMATE NORMAL PERIOD 1981 TO 2010
CLIMATE RECORD PERIOD 1943 TO 2014


WEATHER ITEM   OBSERVED RECORD YEAR NORMAL DEPARTURE LAST
                VALUE   VALUE       VALUE  FROM      YEAR
                                           NORMAL
...........................................................
TEMPERATURE (F)
 TODAY
  MAXIMUM         67     76    1954  59      8       38
  MINIMUM         29     16    1979  26      3       32
                               1975
  AVERAGE         48

PRECIPITATION (IN)
  TODAY            0.00   0.93 1984   0.02  -0.02      T
  MONTH TO DATE    T                  0.37  -0.37     0.03
  SINCE OCT 1      T                  0.67  -0.67     0.19
  SINCE JAN 1      2.77               4.23  -1.46     1.30

SNOWFALL (IN)
  TODAY            0.0    T    2013   0.0    0.0       T
                               1947
  MONTH TO DATE    0.0                0.2   -0.2       T
  SINCE SEP 1      0.0                0.2   -0.2       T
  SINCE JUL 1      0.0                0.2   -0.2       T
  SNOW DEPTH      MM

DEGREE DAYS
 HEATING
  TODAY           17                 22     -5       30
  MONTH TO DATE  348                403    -55      403
  SINCE SEP 1    506                708   -202      826
  SINCE JUL 1    506                710   -204      826

 COOLING
  TODAY            0                  0      0        0
  MONTH TO DATE    0                  0      0        0
  SINCE SEP 1    237                127    110      172
  SINCE JAN 1   1384               1104    280     1337
...........................................................


WIND (MPH)
  RESULTANT WIND SPEED   2   RESULTANT WIND DIRECTION   N (0)
  HIGHEST WIND SPEED    12   HIGHEST WIND DIRECTION     W (260)
  HIGHEST GUST SPEED    13   HIGHEST GUST DIRECTION     N (360)
  AVERAGE WIND SPEED     3.3


SKY COVER
  POSSIBLE SUNSHINE  MM
  AVERAGE SKY COVER 0.2


WEATHER CONDITIONS
 THE FOLLOWING WEATHER WAS RECORDED TODAY.
  NO SIGNIFICANT WEATHER WAS OBSERVED.


RELATIVE HUMIDITY (PERCENT)
 HIGHEST    53           500 AM
 LOWEST     19           200 PM
 AVERAGE    36

..........................................................


THE BISHOP CA CLIMATE NORMALS FOR TOMORROW
                         NORMAL    RECORD    YEAR
 MAXIMUM TEMPERATURE (F)   59        78      1959
 MINIMUM TEMPERATURE (F)   26        11      1955


SUNRISE AND SUNSET
NOVEMBER 22 2014......SUNRISE   640 AM PST   SUNSET   439 PM PST
NOVEMBER 23 2014......SUNRISE   641 AM PST   SUNSET   438 PM PST


-  INDICATES NEGATIVE NUMBERS.
R  INDICATES RECORD WAS SET OR TIED.
MM INDICATES DATA IS MISSING.
T  INDICATES TRACE AMOUNT.




$$
