939
CDUS45 KVEF 260026
CLIBIH


CLIMATE REPORT
NATIONAL WEATHER SERVICE LAS VEGAS, NV
426 PM PST SAT FEB 25 2017


...................................

...THE BISHOP CA CLIMATE SUMMARY FOR FEBRUARY 25 2017...
VALID TODAY AS OF 0400 PM LOCAL TIME.

CLIMATE NORMAL PERIOD 1981 TO 2010
CLIMATE RECORD PERIOD 1943 TO 2017


WEATHER ITEM   OBSERVED RECORD YEAR NORMAL DEPARTURE LAST
                VALUE   VALUE       VALUE  FROM      YEAR
                                           NORMAL
...........................................................
TEMPERATURE (F)
 TODAY
  MAXIMUM         53     79    1986  61     -8       73
  MINIMUM         20     13    1956  28     -8       27
                               1955
                               1944
  AVERAGE         37

PRECIPITATION (IN)
  TODAY            0.00   1.12 2004   0.03  -0.03     0.00
  MONTH TO DATE    2.21               0.76   1.45     0.06
  SINCE OCT 1      7.80               3.43   4.37     1.93
  SINCE JAN 1      7.44               1.81   5.63     1.12

SNOWFALL (IN)
  TODAY            0.0    4.0  1993   0.0    0.0      0.0
  MONTH TO DATE    0.0                0.7   -0.7      0.0
  SINCE DEC 1      8.6                7.1    1.5      2.0
  SINCE JUL 1      8.6                7.4    1.2      2.0
  SNOW DEPTH       0

DEGREE DAYS
 HEATING
  TODAY           28                 21      7       15
  MONTH TO DATE  517                578    -61      474
  SINCE DEC 1   2181               2246    -65     2200
  SINCE JUL 1   2924               3147   -223     3014

 COOLING
  TODAY            0                  0      0        0
  MONTH TO DATE    0                  0      0        0
  SINCE DEC 1      0                  0      0        0
  SINCE JAN 1      0                  0      0        0
...........................................................


WIND (MPH)
  RESULTANT WIND SPEED   3   RESULTANT WIND DIRECTION   N (340)
  HIGHEST WIND SPEED     9   HIGHEST WIND DIRECTION     W (250)
  HIGHEST GUST SPEED    13   HIGHEST GUST DIRECTION    SW (240)
  AVERAGE WIND SPEED     4.6


SKY COVER
  POSSIBLE SUNSHINE  MM
  AVERAGE SKY COVER 0.0


WEATHER CONDITIONS
 THE FOLLOWING WEATHER WAS RECORDED TODAY.
  NO SIGNIFICANT WEATHER WAS OBSERVED.


RELATIVE HUMIDITY (PERCENT)
 HIGHEST    88           200 AM
 LOWEST     14           300 PM
 AVERAGE    51

..........................................................


THE BISHOP CA CLIMATE NORMALS FOR TOMORROW
                         NORMAL    RECORD    YEAR
 MAXIMUM TEMPERATURE (F)   61        80      1986
 MINIMUM TEMPERATURE (F)   29        17      1969
                                             1962
                                             1955


SUNRISE AND SUNSET
FEBRUARY 25 2017......SUNRISE   630 AM PST   SUNSET   544 PM PST
FEBRUARY 26 2017......SUNRISE   628 AM PST   SUNSET   545 PM PST


-  INDICATES NEGATIVE NUMBERS.
R  INDICATES RECORD WAS SET OR TIED.
MM INDICATES DATA IS MISSING.
T  INDICATES TRACE AMOUNT.




$$
