000
CDUS45 KVEF 280827
CLIBIH


CLIMATE REPORT
NATIONAL WEATHER SERVICE LAS VEGAS, NV
126 AM PDT TUE MAR 28 2017


...................................

...THE BISHOP CA CLIMATE SUMMARY FOR MARCH 27 2017...

CLIMATE NORMAL PERIOD 1981 TO 2010
CLIMATE RECORD PERIOD 1943 TO 2017


WEATHER ITEM   OBSERVED TIME   RECORD YEAR NORMAL DEPARTURE LAST
                VALUE   (LST)  VALUE       VALUE  FROM      YEAR
                                                  NORMAL
..................................................................
TEMPERATURE (F)
 YESTERDAY
  MAXIMUM         64    318 PM  85    2015  68     -4       74
  MINIMUM         40    215 AM  23    1964  33      7       31
  AVERAGE         52                        50      2       53

PRECIPITATION (IN)
  YESTERDAY        0.00          0.21 1979   0.01  -0.01     0.00
  MONTH TO DATE    0.09                      0.48  -0.39     0.07
  SINCE OCT 1      7.89                      4.00   3.89     2.00
  SINCE JAN 1      7.53                      2.38   5.15     1.19

SNOWFALL (IN)
  YESTERDAY        0.0          MM      MM   0.0    0.0      0.0
  MONTH TO DATE    T                         0.4   -0.4      0.0
  SINCE MAR 1      T                         0.4   -0.4      0.0
  SINCE JUL 1      8.6                       7.8    0.8      2.0
  SNOW DEPTH       0

DEGREE DAYS
 HEATING
  YESTERDAY       13                        15     -2       12
  MONTH TO DATE  360                       459    -99      330
  SINCE MAR 1    360                       459    -99      330
  SINCE JUL 1   3360                      3666   -306     3386

 COOLING
  YESTERDAY        0                         0      0        0
  MONTH TO DATE    0                         0      0        0
  SINCE MAR 1      0                         0      0        0
  SINCE JAN 1      0                         0      0        0
..................................................................


WIND (MPH)
  RESULTANT WIND SPEED  16   RESULTANT WIND DIRECTION   N (350)
  HIGHEST WIND SPEED    32   HIGHEST WIND DIRECTION     N (350)
  HIGHEST GUST SPEED    41   HIGHEST GUST DIRECTION     N (350)
  AVERAGE WIND SPEED    17.1


SKY COVER
  POSSIBLE SUNSHINE  MM
  AVERAGE SKY COVER 0.1


WEATHER CONDITIONS
 THE FOLLOWING WEATHER WAS RECORDED YESTERDAY.
  NO SIGNIFICANT WEATHER WAS OBSERVED.


RELATIVE HUMIDITY (PERCENT)
 HIGHEST    64          1200 AM
 LOWEST     11           200 PM
 AVERAGE    38

..........................................................


THE BISHOP CA CLIMATE NORMALS FOR TODAY
                         NORMAL    RECORD    YEAR
 MAXIMUM TEMPERATURE (F)   68        85      2015
 MINIMUM TEMPERATURE (F)   33        15      1972


SUNRISE AND SUNSET
MARCH 28 2017.........SUNRISE   644 AM PDT   SUNSET   713 PM PDT
MARCH 29 2017.........SUNRISE   643 AM PDT   SUNSET   714 PM PDT


-  INDICATES NEGATIVE NUMBERS.
R  INDICATES RECORD WAS SET OR TIED.
MM INDICATES DATA IS MISSING.
T  INDICATES TRACE AMOUNT.




$$
