000
CDUS45 KVEF 260826
CLIBIH


CLIMATE REPORT
NATIONAL WEATHER SERVICE LAS VEGAS, NV
1225 AM PST THU FEB 26 2015


...................................

...THE BISHOP CA CLIMATE SUMMARY FOR FEBRUARY 25 2015...

CLIMATE NORMAL PERIOD 1981 TO 2010
CLIMATE RECORD PERIOD 1943 TO 2015


WEATHER ITEM   OBSERVED TIME   RECORD YEAR NORMAL DEPARTURE LAST
                VALUE   (LST)  VALUE       VALUE  FROM      YEAR
                                                  NORMAL
..................................................................
TEMPERATURE (F)
 YESTERDAY
  MAXIMUM         75    137 PM  79    1986  61     14       72
  MINIMUM         26    639 AM  13    1956  28     -2       28
                                      1955
                                      1944
  AVERAGE         51                        44      7       50

PRECIPITATION (IN)
  YESTERDAY        0.00          1.12 2004   0.03  -0.03     0.00
  MONTH TO DATE    0.17                      0.76  -0.59     0.00
  SINCE OCT 1      0.72                      3.43  -2.71     0.42
  SINCE JAN 1      0.26                      1.81  -1.55     0.20

SNOWFALL (IN)
  YESTERDAY        0.0           4.0  1993   0.0    0.0      0.0
  MONTH TO DATE    0.0                       0.1   -0.1      0.0
  SINCE DEC 1      0.0                       5.5   -5.5      0.5
  SINCE JUL 1      0.0                       5.9   -5.9      0.5
  SNOW DEPTH       0

DEGREE DAYS
 HEATING
  YESTERDAY       14                        21     -7       15
  MONTH TO DATE  345                       578   -233      470
  SINCE DEC 1   1732                      2246   -514     1893
  SINCE JUL 1   2383                      3147   -764     2896

 COOLING
  YESTERDAY        0                         0      0        0
  MONTH TO DATE    0                         0      0        0
  SINCE DEC 1      0                         0      0        0
  SINCE JAN 1      0                         0      0        0
..................................................................


WIND (MPH)
  RESULTANT WIND SPEED  10   RESULTANT WIND DIRECTION   N (340)
  HIGHEST WIND SPEED    28   HIGHEST WIND DIRECTION     N (360)
  HIGHEST GUST SPEED    37   HIGHEST GUST DIRECTION     N (360)
  AVERAGE WIND SPEED    11.2


SKY COVER
  POSSIBLE SUNSHINE  MM
  AVERAGE SKY COVER 0.0


WEATHER CONDITIONS
 THE FOLLOWING WEATHER WAS RECORDED YESTERDAY.
  NO SIGNIFICANT WEATHER WAS OBSERVED.


RELATIVE HUMIDITY (PERCENT)
 HIGHEST    46           700 AM
 LOWEST      5           100 PM
 AVERAGE    26

..........................................................


THE BISHOP CA CLIMATE NORMALS FOR TODAY
                         NORMAL    RECORD    YEAR
 MAXIMUM TEMPERATURE (F)   61        80      1986
 MINIMUM TEMPERATURE (F)   29        17      1969
                                             1962
                                             1955


SUNRISE AND SUNSET
FEBRUARY 26 2015......SUNRISE   629 AM PST   SUNSET   544 PM PST
FEBRUARY 27 2015......SUNRISE   628 AM PST   SUNSET   545 PM PST


-  INDICATES NEGATIVE NUMBERS.
R  INDICATES RECORD WAS SET OR TIED.
MM INDICATES DATA IS MISSING.
T  INDICATES TRACE AMOUNT.




$$
