000
CDUS45 KVEF 240827
CLIBIH


CLIMATE REPORT
NATIONAL WEATHER SERVICE LAS VEGAS, NV
127 AM PDT FRI OCT 24 2014


...................................

...THE BISHOP CA CLIMATE SUMMARY FOR OCTOBER 23 2014...

CLIMATE NORMAL PERIOD 1981 TO 2010
CLIMATE RECORD PERIOD 1943 TO 2014


WEATHER ITEM   OBSERVED TIME   RECORD YEAR NORMAL DEPARTURE LAST
                VALUE   (LST)  VALUE       VALUE  FROM      YEAR
                                                  NORMAL
..................................................................
TEMPERATURE (F)
 YESTERDAY
  MAXIMUM         78    356 PM  93    1959  73      5       78
  MINIMUM         38    459 AM  24    1961  35      3       35
  AVERAGE         58                        54      4       57

PRECIPITATION (IN)
  YESTERDAY        0.00          0.09 1953   0.01  -0.01     0.00
  MONTH TO DATE    T                         0.20  -0.20     0.13
  SINCE OCT 1      T                         0.20  -0.20     0.13
  SINCE JAN 1      2.77                      3.76  -0.99     1.24

SNOWFALL (IN)
  YESTERDAY        0.0          MM      MM   0.0    0.0      0.0
  MONTH TO DATE    0.0                       0.0    0.0      0.0
  SINCE SEP 1      0.0                       0.0    0.0      0.0
  SINCE JUL 1      0.0                       0.0    0.0      0.0
  SNOW DEPTH       0

DEGREE DAYS
 HEATING
  YESTERDAY        7                        11     -4        8
  MONTH TO DATE   65                       163    -98      245
  SINCE SEP 1     90                       204   -114      301
  SINCE JUL 1     90                       206   -116      301

 COOLING
  YESTERDAY        0                         0      0        0
  MONTH TO DATE   18                         7     11        0
  SINCE SEP 1    237                       126    111      172
  SINCE JAN 1   1384                      1103    281     1337
..................................................................


WIND (MPH)
  RESULTANT WIND SPEED   1   RESULTANT WIND DIRECTION  NW (330)
  HIGHEST WIND SPEED    12   HIGHEST WIND DIRECTION     W (280)
  HIGHEST GUST SPEED    15   HIGHEST GUST DIRECTION    SE (150)
  AVERAGE WIND SPEED     5.8


SKY COVER
  POSSIBLE SUNSHINE  MM
  AVERAGE SKY COVER 0.0


WEATHER CONDITIONS
 THE FOLLOWING WEATHER WAS RECORDED YESTERDAY.
  NO SIGNIFICANT WEATHER WAS OBSERVED.


RELATIVE HUMIDITY (PERCENT)
 HIGHEST    54           500 AM
 LOWEST     15           400 PM
 AVERAGE    35

..........................................................


THE BISHOP CA CLIMATE NORMALS FOR TODAY
                         NORMAL    RECORD    YEAR
 MAXIMUM TEMPERATURE (F)   73        90      1959
 MINIMUM TEMPERATURE (F)   35        22      1975


SUNRISE AND SUNSET
OCTOBER 24 2014.......SUNRISE   710 AM PDT   SUNSET   605 PM PDT
OCTOBER 25 2014.......SUNRISE   711 AM PDT   SUNSET   603 PM PDT


-  INDICATES NEGATIVE NUMBERS.
R  INDICATES RECORD WAS SET OR TIED.
MM INDICATES DATA IS MISSING.
T  INDICATES TRACE AMOUNT.




$$
