000
CDUS45 KVEF 240027
CLIBIH


CLIMATE REPORT
NATIONAL WEATHER SERVICE LAS VEGAS, NV
526 PM PDT MON OCT 23 2017


...................................

...THE BISHOP CA CLIMATE SUMMARY FOR OCTOBER 23 2017...
VALID TODAY AS OF 0500 PM LOCAL TIME.

CLIMATE NORMAL PERIOD 1981 TO 2010
CLIMATE RECORD PERIOD 1943 TO 2017


WEATHER ITEM   OBSERVED RECORD YEAR NORMAL DEPARTURE LAST
                VALUE   VALUE       VALUE  FROM      YEAR
                                           NORMAL
...........................................................
TEMPERATURE (F)
 TODAY
  MAXIMUM         87     93    1959  73     14       83
  MINIMUM         39     24    1961  35      4       37
  AVERAGE         63

PRECIPITATION (IN)
  TODAY            0.00   0.09 1953   0.01  -0.01     0.00
  MONTH TO DATE    0.00               0.20  -0.20     0.00
  SINCE OCT 1      0.00               0.20  -0.20     0.00
  SINCE JAN 1      8.82               3.75   5.07     3.07

SNOWFALL (IN)
  TODAY            0.0   MM      MM   0.0    0.0      0.0
  MONTH TO DATE    0.0                0.0    0.0      0.0
  SINCE SEP 1      0.0                0.0    0.0      0.0
  SINCE JUL 1      0.0                0.0    0.0      0.0
  SNOW DEPTH       0

DEGREE DAYS
 HEATING
  TODAY            2                 11     -9        5
  MONTH TO DATE  201                163     38      124
  SINCE SEP 1    273                204     69      141
  SINCE JUL 1    273                206     67      141

 COOLING
  TODAY            0                  0      0        0
  MONTH TO DATE    0                  7     -7       10
  SINCE SEP 1    134                126      8      138
  SINCE JAN 1   1407               1103    304     1361
...........................................................


WIND (MPH)
  RESULTANT WIND SPEED   4   RESULTANT WIND DIRECTION  NW (330)
  HIGHEST WIND SPEED    10   HIGHEST WIND DIRECTION    NW (330)
  HIGHEST GUST SPEED    14   HIGHEST GUST DIRECTION    NW (320)
  AVERAGE WIND SPEED     6.1


SKY COVER
  POSSIBLE SUNSHINE  MM
  AVERAGE SKY COVER 0.0


WEATHER CONDITIONS
 THE FOLLOWING WEATHER WAS RECORDED TODAY.
  NO SIGNIFICANT WEATHER WAS OBSERVED.


RELATIVE HUMIDITY (PERCENT)
 HIGHEST    44           400 AM
 LOWEST     12           300 PM
 AVERAGE    28

..........................................................


THE BISHOP CA CLIMATE NORMALS FOR TOMORROW
                         NORMAL    RECORD    YEAR
 MAXIMUM TEMPERATURE (F)   73        90      1959
 MINIMUM TEMPERATURE (F)   35        22      1975


SUNRISE AND SUNSET
OCTOBER 23 2017.......SUNRISE   709 AM PDT   SUNSET   605 PM PDT
OCTOBER 24 2017.......SUNRISE   710 AM PDT   SUNSET   604 PM PDT


-  INDICATES NEGATIVE NUMBERS.
R  INDICATES RECORD WAS SET OR TIED.
MM INDICATES DATA IS MISSING.
T  INDICATES TRACE AMOUNT.




$$
