000
CDUS45 KVEF 180825
CLIBIH


CLIMATE REPORT
NATIONAL WEATHER SERVICE LAS VEGAS, NV
125 AM PDT FRI AUG 18 2017


...................................

...THE BISHOP CA CLIMATE SUMMARY FOR AUGUST 17 2017...

CLIMATE NORMAL PERIOD 1981 TO 2010
CLIMATE RECORD PERIOD 1943 TO 2017


WEATHER ITEM   OBSERVED TIME   RECORD YEAR NORMAL DEPARTURE LAST
                VALUE   (LST)  VALUE       VALUE  FROM      YEAR
                                                  NORMAL
..................................................................
TEMPERATURE (F)
 YESTERDAY
  MAXIMUM         98    253 PM 106    2015  96      2       99
  MINIMUM         57    505 AM  46    1972  54      3       52
                                      1954
  AVERAGE         78                        75      3       76

PRECIPITATION (IN)
  YESTERDAY        T             0.43 1977   0.00   0.00     0.00
  MONTH TO DATE    0.02                      0.07  -0.05     0.00
  SINCE OCT 1      9.18                      4.92   4.26     3.88
  SINCE JAN 1      8.82                      3.30   5.52     3.07

SNOWFALL (IN)
  YESTERDAY        0.0          MM      MM   0.0    0.0      0.0
  MONTH TO DATE    0.0                       0.0    0.0      0.0
  SINCE JUN 1      0.0                       0.0    0.0      0.0
  SINCE JUL 1      0.0                       0.0    0.0      0.0
  SNOW DEPTH       0

DEGREE DAYS
 HEATING
  YESTERDAY        0                         0      0        0
  MONTH TO DATE    0                         0      0        0
  SINCE JUN 1     14                        20     -6        3
  SINCE JUL 1      0                         1     -1        0

 COOLING
  YESTERDAY       13                        10      3       11
  MONTH TO DATE  216                       191     25      208
  SINCE JUN 1   1047                       787    260     1027
  SINCE JAN 1   1104                       855    249     1074
..................................................................


WIND (MPH)
  RESULTANT WIND SPEED   0   RESULTANT WIND DIRECTION   E (70)
  HIGHEST WIND SPEED    13   HIGHEST WIND DIRECTION    SE (140)
  HIGHEST GUST SPEED    17   HIGHEST GUST DIRECTION    SE (150)
  AVERAGE WIND SPEED     5.4


SKY COVER
  POSSIBLE SUNSHINE  MM
  AVERAGE SKY COVER 0.0


WEATHER CONDITIONS
 THE FOLLOWING WEATHER WAS RECORDED YESTERDAY.
  NO SIGNIFICANT WEATHER WAS OBSERVED.


RELATIVE HUMIDITY (PERCENT)
 HIGHEST    67           500 AM
 LOWEST     12           300 PM
 AVERAGE    40

..........................................................


THE BISHOP CA CLIMATE NORMALS FOR TODAY
                         NORMAL    RECORD    YEAR
 MAXIMUM TEMPERATURE (F)   96       105      2001
                                             1950
 MINIMUM TEMPERATURE (F)   54        43      1954


SUNRISE AND SUNSET
AUGUST 18 2017........SUNRISE   612 AM PDT   SUNSET   741 PM PDT
AUGUST 19 2017........SUNRISE   613 AM PDT   SUNSET   740 PM PDT


-  INDICATES NEGATIVE NUMBERS.
R  INDICATES RECORD WAS SET OR TIED.
MM INDICATES DATA IS MISSING.
T  INDICATES TRACE AMOUNT.




$$
