000
CDUS45 KVEF 250027
CLIBIH


CLIMATE REPORT
NATIONAL WEATHER SERVICE LAS VEGAS, NV
526 PM PDT SAT JUN 24 2017


...................................

...THE BISHOP CA CLIMATE SUMMARY FOR JUNE 24 2017...
VALID TODAY AS OF 0500 PM LOCAL TIME.

CLIMATE NORMAL PERIOD 1981 TO 2010
CLIMATE RECORD PERIOD 1943 TO 2017


WEATHER ITEM   OBSERVED RECORD YEAR NORMAL DEPARTURE LAST
                VALUE   VALUE       VALUE  FROM      YEAR
                                           NORMAL
...........................................................
TEMPERATURE (F)
 TODAY
  MAXIMUM        104    105    1961  95      9      102
                               1954
  MINIMUM         64     42    1944  53     11       55
  AVERAGE         84

PRECIPITATION (IN)
  TODAY            T      0.01 1989   0.01  -0.01     0.00
  MONTH TO DATE    T                  0.16  -0.16     0.50
  SINCE OCT 1      9.16               4.66   4.50     3.88
  SINCE JAN 1      8.80               3.04   5.76     3.07

SNOWFALL (IN)
  TODAY            0.0   MM      MM   0.0    0.0      0.0
  MONTH TO DATE    0.0                0.0    0.0      0.0
  SINCE JUN 1      0.0                0.0    0.0      0.0
  SINCE JUL 1      8.6                8.0    0.6      2.0
  SNOW DEPTH       0

DEGREE DAYS
 HEATING
  TODAY            0                  0      0        0
  MONTH TO DATE   14                 17     -3        3
  SINCE JUN 1     14                 17     -3        3
  SINCE JUL 1   3797               4175   -378     3757

 COOLING
  TODAY           19                  9     10       14
  MONTH TO DATE  253                154     99      257
  SINCE JUN 1    253                154     99      257
  SINCE JAN 1    310                222     88      304
...........................................................


WIND (MPH)
  RESULTANT WIND SPEED   4   RESULTANT WIND DIRECTION  NW (320)
  HIGHEST WIND SPEED    36   HIGHEST WIND DIRECTION     W (250)
  HIGHEST GUST SPEED    47   HIGHEST GUST DIRECTION     W (260)
  AVERAGE WIND SPEED     5.6


SKY COVER
  POSSIBLE SUNSHINE  MM
  AVERAGE SKY COVER 0.0


WEATHER CONDITIONS
 THE FOLLOWING WEATHER WAS RECORDED TODAY.
  RAIN
  LIGHT RAIN
  HAZE


RELATIVE HUMIDITY (PERCENT)
 HIGHEST    38           200 AM
 LOWEST      8           200 PM
 AVERAGE    23

..........................................................


THE BISHOP CA CLIMATE NORMALS FOR TOMORROW
                         NORMAL    RECORD    YEAR
 MAXIMUM TEMPERATURE (F)   95       107      2006
 MINIMUM TEMPERATURE (F)   53        41      1975


SUNRISE AND SUNSET
JUNE 24 2017..........SUNRISE   534 AM PDT   SUNSET   818 PM PDT
JUNE 25 2017..........SUNRISE   534 AM PDT   SUNSET   818 PM PDT


-  INDICATES NEGATIVE NUMBERS.
R  INDICATES RECORD WAS SET OR TIED.
MM INDICATES DATA IS MISSING.
T  INDICATES TRACE AMOUNT.




$$
