000
CDUS45 KBYZ 190932
CLIBIL


CLIMATE REPORT
NATIONAL WEATHER SERVICE BILLINGS MT
331 AM MDT SAT APR 19 2014


...................................

...THE BILLINGS MT CLIMATE SUMMARY FOR APRIL 18 2014...

CLIMATE NORMAL PERIOD 1981 TO 2010
CLIMATE RECORD PERIOD 1934 TO 2014


WEATHER ITEM   OBSERVED TIME   RECORD YEAR NORMAL DEPARTURE LAST
                VALUE   (LST)  VALUE       VALUE  FROM      YEAR
                                                  NORMAL
..................................................................
TEMPERATURE (F)
 YESTERDAY
  MAXIMUM         62    353 PM  83    1936  58      4       53
  MINIMUM         41   1127 PM  18    1951  35      6       21
  AVERAGE         52                        47      5       37

PRECIPITATION (IN)
  YESTERDAY        0.17          0.97 2005   0.06   0.11     0.00
  MONTH TO DATE    0.26                      0.94  -0.68     0.75
  SINCE OCT 1      9.55                      5.27   4.28     3.94
  SINCE JAN 1      4.66                      2.96   1.70     1.89

SNOWFALL (IN)
  YESTERDAY        0.0           6.4  2002   0.3   -0.3      0.0
  MONTH TO DATE    0.6                       5.7   -5.1      3.7
  SINCE MAR 1     11.2                      15.9   -4.7      6.4
  SINCE JUL 1    101.4                      50.4   51.0     38.5
  SNOW DEPTH       0

DEGREE DAYS
 HEATING
  YESTERDAY       13                        18     -5       28
  MONTH TO DATE  370                       372     -2      480
  SINCE MAR 1   1337                      1217    120     1322
  SINCE JUL 1   6610                      6182    428     5883

 COOLING
  YESTERDAY        0                         0      0        0
  MONTH TO DATE    0                         0      0        0
  SINCE MAR 1      0                         0      0        0
  SINCE JAN 1      0                         0      0        0
..................................................................


WIND (MPH)
  HIGHEST WIND SPEED    33   HIGHEST WIND DIRECTION    NW (330)
  HIGHEST GUST SPEED    40   HIGHEST GUST DIRECTION    NW (310)
  AVERAGE WIND SPEED    12.2


SKY COVER
  POSSIBLE SUNSHINE  MM
  AVERAGE SKY COVER 0.7


WEATHER CONDITIONS
 THE FOLLOWING WEATHER WAS RECORDED YESTERDAY.
  THUNDERSTORM
  RAIN
  LIGHT RAIN


RELATIVE HUMIDITY (PERCENT)
 HIGHEST    66           500 PM
 LOWEST     27          1000 PM
 AVERAGE    47

..........................................................


THE BILLINGS MT CLIMATE NORMALS FOR TODAY
                         NORMAL    RECORD    YEAR
 MAXIMUM TEMPERATURE (F)   59        87      1962
 MINIMUM TEMPERATURE (F)   36        11      1951


SUNRISE AND SUNSET
APRIL 19 2014.........SUNRISE   621 AM MDT   SUNSET   806 PM MDT
APRIL 20 2014.........SUNRISE   619 AM MDT   SUNSET   807 PM MDT


-  INDICATES NEGATIVE NUMBERS.
R  INDICATES RECORD WAS SET OR TIED.
MM INDICATES DATA IS MISSING.
T  INDICATES TRACE AMOUNT.





&&

...THE CLIMATE SUMMARY FOR SOUTHWEST BILLINGS FOR 18 APRIL 2014...

HIGH TEMPERATURE........................66
LOW TEMPERATURE.........................38

PRECIPITATION...........................T
MONTHLY PRECIPITATION TOTAL.............0.08
YEARLY PRECIPITATION TOTAL..............4.44

SNOWFALL................................0.0
MONTHLY SNOWFALL TOTAL..................0.8
TOTAL SNOWFALL SINCE JULY 1.............93.8

SNOW DEPTH AT MIDNIGHT..................0

$$
