000
CDUS45 KBYZ 201032
CLIBIL


CLIMATE REPORT
NATIONAL WEATHER SERVICE BILLINGS MT
331 AM MST FRI JAN 20 2017


...................................

...THE BILLINGS MT CLIMATE SUMMARY FOR JANUARY 19 2017...

CLIMATE NORMAL PERIOD 1981 TO 2010
CLIMATE RECORD PERIOD 1934 TO 2017


WEATHER ITEM   OBSERVED TIME   RECORD YEAR NORMAL DEPARTURE LAST
                VALUE   (LST)  VALUE       VALUE  FROM      YEAR
                                                  NORMAL
..................................................................
TEMPERATURE (F)
 YESTERDAY
  MAXIMUM         43    111 PM  65    1986  37      6       42
  MINIMUM         32    833 AM -26    1963  18     14       22
  AVERAGE         38                        27     11       32

PRECIPITATION (IN)
  YESTERDAY        0.01          0.22 1991   0.01   0.00     0.00
  MONTH TO DATE    0.31                      0.29   0.02     0.29
  SINCE OCT 1      5.87                      2.60   3.27     3.14
  SINCE JAN 1      0.31                      0.29   0.02     0.29

SNOWFALL (IN)
  YESTERDAY        0.0           3.0  2008   0.3   -0.3      0.0
  MONTH TO DATE    6.2                       5.4    0.8      6.1
  SINCE DEC 1     36.6                      13.6   23.0     19.8
  SINCE JUL 1     41.9                      25.3   16.6     23.9
  SNOW DEPTH       4

DEGREE DAYS
 HEATING
  YESTERDAY       27                        38    -11       33
  MONTH TO DATE  985                       729    256      760
  SINCE DEC 1   2412                      1922    490     1863
  SINCE JUL 1   3671                      3550    121     3251

 COOLING
  YESTERDAY        0                         0      0        0
  MONTH TO DATE    0                         0      0        0
  SINCE DEC 1      0                         0      0        0
  SINCE JAN 1      0                         0      0        0
..................................................................


WIND (MPH)
  HIGHEST WIND SPEED    24   HIGHEST WIND DIRECTION    SW (240)
  HIGHEST GUST SPEED    27   HIGHEST GUST DIRECTION    SW (240)
  AVERAGE WIND SPEED    14.0


SKY COVER
  POSSIBLE SUNSHINE  MM
  AVERAGE SKY COVER 0.6


WEATHER CONDITIONS
 THE FOLLOWING WEATHER WAS RECORDED YESTERDAY.
  LIGHT RAIN


RELATIVE HUMIDITY (PERCENT)
 HIGHEST    70          1000 PM
 LOWEST     48          1200 PM
 AVERAGE    59

..........................................................


THE BILLINGS MT CLIMATE NORMALS FOR TODAY
                         NORMAL    RECORD    YEAR
 MAXIMUM TEMPERATURE (F)   37        56      2005
                                             1981
 MINIMUM TEMPERATURE (F)   18       -27      1954


SUNRISE AND SUNSET
JANUARY 20 2017.......SUNRISE   748 AM MST   SUNSET   503 PM MST
JANUARY 21 2017.......SUNRISE   747 AM MST   SUNSET   505 PM MST


-  INDICATES NEGATIVE NUMBERS.
R  INDICATES RECORD WAS SET OR TIED.
MM INDICATES DATA IS MISSING.
T  INDICATES TRACE AMOUNT.





&&

...THE CLIMATE SUMMARY FOR SOUTHWEST BILLINGS FOR 19 JANUARY 2017...

HIGH TEMPERATURE........................43
LOW TEMPERATURE.........................26

PRECIPITATION...........................T
MONTHLY PRECIPITATION TOTAL.............0.36
YEARLY PRECIPITATION TOTAL..............0.36

SNOWFALL................................0.0
MONTHLY SNOWFALL TOTAL..................6.1
TOTAL SNOWFALL SINCE JULY 1.............34.6

SNOW DEPTH AT MIDNIGHT..................7

$$
