000
CDUS45 KBYZ 250841
CLIBIL


CLIMATE REPORT
NATIONAL WEATHER SERVICE BILLINGS MT
140 AM MST SAT NOV 25 2017


...................................

...THE BILLINGS MT CLIMATE SUMMARY FOR NOVEMBER 24 2017...

CLIMATE NORMAL PERIOD 1981 TO 2010
CLIMATE RECORD PERIOD 1934 TO 2017


WEATHER ITEM   OBSERVED TIME   RECORD YEAR NORMAL DEPARTURE LAST
                VALUE   (LST)  VALUE       VALUE  FROM      YEAR
                                                  NORMAL
..................................................................
TEMPERATURE (F)
 YESTERDAY
  MAXIMUM         56   1246 AM  66    1990  41     15       48
  MINIMUM         33   1146 PM -14    2010  23     10       33
  AVERAGE         45                        32     13       41

PRECIPITATION (IN)
  YESTERDAY        T             0.31 1975   0.02  -0.02      T
  MONTH TO DATE    1.31                      0.52   0.79     0.38
  SINCE OCT 1      1.80                      1.70   0.10     3.89
  SINCE JAN 1     15.78                     13.05   2.73    13.22

SNOWFALL (IN)
  YESTERDAY        0.0           2.9  1975   0.2   -0.2       T
  MONTH TO DATE   12.2                       5.0    7.2      2.3
  SINCE SEP 1     12.2                      10.2    2.0      5.3
  SINCE JUL 1     12.2                      10.2    2.0      5.3
  SNOW DEPTH       0

DEGREE DAYS
 HEATING
  YESTERDAY       20                        33    -13       24
  MONTH TO DATE  727                       669     58      457
  SINCE SEP 1   1461                      1384     77     1069
  SINCE JUL 1   1463                      1421     42     1097

 COOLING
  YESTERDAY        0                         0      0        0
  MONTH TO DATE    0                         0      0        0
  SINCE SEP 1    100                        54     46       54
  SINCE JAN 1    840                       636    204      738
..................................................................


WIND (MPH)
  HIGHEST WIND SPEED    36   HIGHEST WIND DIRECTION    NW (330)
  HIGHEST GUST SPEED    44   HIGHEST GUST DIRECTION    NW (320)
  AVERAGE WIND SPEED    13.4


SKY COVER
  POSSIBLE SUNSHINE  MM
  AVERAGE SKY COVER 0.3


WEATHER CONDITIONS
 THE FOLLOWING WEATHER WAS RECORDED YESTERDAY.
  LIGHT RAIN


RELATIVE HUMIDITY (PERCENT)
 HIGHEST    61           400 AM
 LOWEST     26          1200 PM
 AVERAGE    44

..........................................................


THE BILLINGS MT CLIMATE NORMALS FOR TODAY
                         NORMAL    RECORD    YEAR
 MAXIMUM TEMPERATURE (F)   40        68      1949
 MINIMUM TEMPERATURE (F)   23       -11      1985


SUNRISE AND SUNSET
NOVEMBER 25 2017......SUNRISE   728 AM MST   SUNSET   434 PM MST
NOVEMBER 26 2017......SUNRISE   729 AM MST   SUNSET   434 PM MST


-  INDICATES NEGATIVE NUMBERS.
R  INDICATES RECORD WAS SET OR TIED.
MM INDICATES DATA IS MISSING.
T  INDICATES TRACE AMOUNT.




$$
