878
CDUS45 KBYZ 242223
CLIBIL


CLIMATE REPORT
NATIONAL WEATHER SERVICE BILLINGS MT
423 PM MDT MON JUL 24 2017


...................................

...THE BILLINGS MT CLIMATE SUMMARY FOR JULY 24 2017...
VALID TODAY AS OF 0400 PM LOCAL TIME.

CLIMATE NORMAL PERIOD 1981 TO 2010
CLIMATE RECORD PERIOD 1934 TO 2017


WEATHER ITEM   OBSERVED TIME   RECORD YEAR NORMAL DEPARTURE LAST
                VALUE   (LST)  VALUE       VALUE  FROM      YEAR
                                                  NORMAL
..................................................................
TEMPERATURE (F)
 TODAY
  MAXIMUM         93    259 PM 105    1999  88      5       90
  MINIMUM         65    547 AM  49    2004  60      5       57
  AVERAGE         79                        74      5       74

PRECIPITATION (IN)
  TODAY            0.00          0.30 1993   0.04  -0.04     0.00
  MONTH TO DATE    0.09                      1.07  -0.98     0.16
  SINCE OCT 1     16.59                     11.36   5.23     8.64
  SINCE JAN 1     11.03                      9.05   1.98     5.79

DEGREE DAYS
 HEATING
  TODAY            0                         0      0        0
  MONTH TO DATE    0                        12    -12        4
  SINCE JUN 1     38                       108    -70       15
  SINCE JUL 1      0                        12    -12        4

 COOLING
  TODAY           14                         9      5        9
  MONTH TO DATE  329                       189    140      200
  SINCE JUN 1    432                       274    158      388
  SINCE JAN 1    447                       291    156      399
..................................................................


WIND (MPH)
  HIGHEST WIND SPEED    18   HIGHEST WIND DIRECTION    SW (230)
  HIGHEST GUST SPEED    22   HIGHEST GUST DIRECTION     N (360)
  AVERAGE WIND SPEED    10.9


SKY COVER
  POSSIBLE SUNSHINE  MM
  AVERAGE SKY COVER 0.1


WEATHER CONDITIONS
 THE FOLLOWING WEATHER WAS RECORDED TODAY.
  NO SIGNIFICANT WEATHER WAS OBSERVED.


RELATIVE HUMIDITY (PERCENT)
 HIGHEST    42           500 AM
 LOWEST     15           300 PM
 AVERAGE    29

..........................................................


THE BILLINGS MT CLIMATE NORMALS FOR TOMORROW
                         NORMAL    RECORD    YEAR
 MAXIMUM TEMPERATURE (F)   89        98      2011
                                             1945
                                             1936
 MINIMUM TEMPERATURE (F)   60        48      2005


SUNRISE AND SUNSET
JULY 24 2017..........SUNRISE   548 AM MDT   SUNSET   852 PM MDT
JULY 25 2017..........SUNRISE   550 AM MDT   SUNSET   851 PM MDT


-  INDICATES NEGATIVE NUMBERS.
R  INDICATES RECORD WAS SET OR TIED.
MM INDICATES DATA IS MISSING.
T  INDICATES TRACE AMOUNT.




$$
