000
CDUS45 KBYZ 231031
CLIBIL


CLIMATE REPORT
NATIONAL WEATHER SERVICE BILLINGS MT
331 AM MST THU FEB 23 2017


...................................

...THE BILLINGS MT CLIMATE SUMMARY FOR FEBRUARY 22 2017...

CLIMATE NORMAL PERIOD 1981 TO 2010
CLIMATE RECORD PERIOD 1934 TO 2017


WEATHER ITEM   OBSERVED TIME   RECORD YEAR NORMAL DEPARTURE LAST
                VALUE   (LST)  VALUE       VALUE  FROM      YEAR
                                                  NORMAL
..................................................................
TEMPERATURE (F)
 YESTERDAY
  MAXIMUM         43    344 AM  64    2002  42      1       49
                                      1958
  MINIMUM         29   1106 PM -13    1965  22      7       28
  AVERAGE         36                        32      4       39

PRECIPITATION (IN)
  YESTERDAY        0.23          0.32 1965   0.02   0.21     0.00
  MONTH TO DATE    0.78                      0.36   0.42     0.09
  SINCE OCT 1      6.97                      3.15   3.82     3.38
  SINCE JAN 1      1.41                      0.84   0.57     0.53

SNOWFALL (IN)
  YESTERDAY        1.1           4.3  2003   0.3    0.8      0.0
  MONTH TO DATE   11.8                       4.7    7.1      0.2
  SINCE DEC 1     54.4                      21.3   33.1     20.3
  SINCE JUL 1     59.7                      33.0   26.7     24.4
  SNOW DEPTH       0

DEGREE DAYS
 HEATING
  YESTERDAY       29                        33     -4       26
  MONTH TO DATE  755                       775    -20      533
  SINCE DEC 1   3601                      3143    458     2716
  SINCE JUL 1   4860                      4771     89     4104

 COOLING
  YESTERDAY        0                         0      0        0
  MONTH TO DATE    0                         0      0        0
  SINCE DEC 1      0                         0      0        0
  SINCE JAN 1      0                         0      0        0
..................................................................


WIND (MPH)
  HIGHEST WIND SPEED    24   HIGHEST WIND DIRECTION     W (290)
  HIGHEST GUST SPEED    31   HIGHEST GUST DIRECTION     W (290)
  AVERAGE WIND SPEED    10.4


SKY COVER
  POSSIBLE SUNSHINE  MM
  AVERAGE SKY COVER 0.9


WEATHER CONDITIONS
 THE FOLLOWING WEATHER WAS RECORDED YESTERDAY.
  LIGHT RAIN
  HAIL
  SNOW
  LIGHT SNOW
  SLEET
  FOG


RELATIVE HUMIDITY (PERCENT)
 HIGHEST   100           800 PM
 LOWEST     43           100 AM
 AVERAGE    72

..........................................................


THE BILLINGS MT CLIMATE NORMALS FOR TODAY
                         NORMAL    RECORD    YEAR
 MAXIMUM TEMPERATURE (F)   42        61      1981
                                             1976
                                             1954
 MINIMUM TEMPERATURE (F)   22       -20      1965


SUNRISE AND SUNSET
FEBRUARY 23 2017......SUNRISE   703 AM MST   SUNSET   553 PM MST
FEBRUARY 24 2017......SUNRISE   701 AM MST   SUNSET   554 PM MST


-  INDICATES NEGATIVE NUMBERS.
R  INDICATES RECORD WAS SET OR TIED.
MM INDICATES DATA IS MISSING.
T  INDICATES TRACE AMOUNT.





&&

...THE CLIMATE SUMMARY FOR SOUTHWEST BILLINGS FOR 22 FEBRUARY 2017...

HIGH TEMPERATURE........................44
LOW TEMPERATURE.........................32

PRECIPITATION...........................0.27
MONTHLY PRECIPITATION TOTAL.............0.75
YEARLY PRECIPITATION TOTAL..............1.42

SNOWFALL................................0.3
MONTHLY SNOWFALL TOTAL..................7.6
TOTAL SNOWFALL SINCE JULY 1.............46.1

SNOW DEPTH AT MIDNIGHT..................T

$$
