000
CDUS45 KBYZ 260935
CLIBIL


CLIMATE REPORT
NATIONAL WEATHER SERVICE BILLINGS MT
333 AM MDT TUE MAY 26 2015


...................................

...THE BILLINGS MT CLIMATE SUMMARY FOR MAY 25 2015...

CLIMATE NORMAL PERIOD 1981 TO 2010
CLIMATE RECORD PERIOD 1934 TO 2015


WEATHER ITEM   OBSERVED TIME   RECORD YEAR NORMAL DEPARTURE LAST
                VALUE   (LST)  VALUE       VALUE  FROM      YEAR
                                                  NORMAL
..................................................................
TEMPERATURE (F)
 YESTERDAY
  MAXIMUM         70    428 PM  88    1983  70      0       76
  MINIMUM         50    530 AM  31    2012  46      4       53
  AVERAGE         60                        58      2       65

PRECIPITATION (IN)
  YESTERDAY        T             0.81 1980   0.08  -0.08      T
  MONTH TO DATE    1.56                      1.73  -0.17     1.72
  SINCE OCT 1      6.37                      7.72  -1.35    12.19
  SINCE JAN 1      4.80                      5.41  -0.61     7.30

SNOWFALL (IN)
  YESTERDAY        0.0           2.2  2012   0.1   -0.1      0.0
  MONTH TO DATE    T                         2.0   -2.0      2.1
  SINCE MAR 1     11.3                      20.5   -9.2     13.3
  SINCE JUL 1     55.4                      55.0    0.4    103.5
  SNOW DEPTH       0

DEGREE DAYS
 HEATING
  YESTERDAY        5                         7     -2        0
  MONTH TO DATE  313                       269     44      291
  SINCE MAR 1   1379                      1681   -302     1800
  SINCE JUL 1   6020                      6646   -626     7073

 COOLING
  YESTERDAY        0                         1     -1        0
  MONTH TO DATE    0                         7     -7        6
  SINCE MAR 1      0                         8     -8        6
  SINCE JAN 1      0                         8     -8        6
..................................................................


WIND (MPH)
  HIGHEST WIND SPEED    15   HIGHEST WIND DIRECTION    SE (120)
  HIGHEST GUST SPEED    20   HIGHEST GUST DIRECTION    SE (120)
  AVERAGE WIND SPEED     5.4


SKY COVER
  POSSIBLE SUNSHINE  MM
  AVERAGE SKY COVER 0.6


WEATHER CONDITIONS
 THE FOLLOWING WEATHER WAS RECORDED YESTERDAY.
  LIGHT RAIN


RELATIVE HUMIDITY (PERCENT)
 HIGHEST    86           300 AM
 LOWEST     40           400 PM
 AVERAGE    63

..........................................................


THE BILLINGS MT CLIMATE NORMALS FOR TODAY
                         NORMAL    RECORD    YEAR
 MAXIMUM TEMPERATURE (F)   70        95      1936
 MINIMUM TEMPERATURE (F)   47        31      2012


SUNRISE AND SUNSET
MAY 26 2015...........SUNRISE   532 AM MDT   SUNSET   851 PM MDT
MAY 27 2015...........SUNRISE   531 AM MDT   SUNSET   852 PM MDT


-  INDICATES NEGATIVE NUMBERS.
R  INDICATES RECORD WAS SET OR TIED.
MM INDICATES DATA IS MISSING.
T  INDICATES TRACE AMOUNT.





&&

...THE CLIMATE SUMMARY FOR SOUTHWEST BILLINGS FOR 25 MAY 2015...

HIGH TEMPERATURE........................72
LOW TEMPERATURE.........................50

PRECIPITATION...........................0.01
MONTHLY PRECIPITATION TOTAL.............1.99
YEARLY PRECIPITATION TOTAL..............5.24

SNOWFALL................................0.0
MONTHLY SNOWFALL TOTAL..................0.0
TOTAL SNOWFALL SINCE JULY 1.............53.3

SNOW DEPTH AT MIDNIGHT..................0

$$
