000
CDUS45 KBYZ 261031
CLIBIL


CLIMATE REPORT
NATIONAL WEATHER SERVICE BILLINGS MT
330 AM MST MON JAN 26 2015


...................................

...THE BILLINGS MT CLIMATE SUMMARY FOR JANUARY 25 2015...

CLIMATE NORMAL PERIOD 1981 TO 2010
CLIMATE RECORD PERIOD 1934 TO 2015


WEATHER ITEM   OBSERVED TIME   RECORD YEAR NORMAL DEPARTURE LAST
                VALUE   (LST)  VALUE       VALUE  FROM      YEAR
                                                  NORMAL
..................................................................
TEMPERATURE (F)
 YESTERDAY
  MAXIMUM         63R   307 PM  59    2006  37     26       55
                                      1992
  MINIMUM         38    633 AM -28    1957  19     19       32
  AVERAGE         51                        28     23       44

PRECIPITATION (IN)
  YESTERDAY        0.00          0.33 1975   0.02  -0.02     0.00
  MONTH TO DATE    1.02                      0.39   0.63     0.62
  SINCE OCT 1      2.59                      2.70  -0.11     5.51
  SINCE JAN 1      1.02                      0.39   0.63     0.62

SNOWFALL (IN)
  YESTERDAY        0.0           4.4  1978   0.3   -0.3      0.0
  MONTH TO DATE   17.8                       7.0   10.8     10.1
  SINCE DEC 1     26.2                      15.2   11.0     34.0
  SINCE JUL 1     39.4                      26.9   12.5     45.1
  SNOW DEPTH       0

DEGREE DAYS
 HEATING
  YESTERDAY       14                        37    -23       21
  MONTH TO DATE  946                       953     -7      797
  SINCE DEC 1   2028                      2146   -118     2121
  SINCE JUL 1   3629                      3774   -145     3722

 COOLING
  YESTERDAY        0                         0      0        0
  MONTH TO DATE    0                         0      0        0
  SINCE DEC 1      0                         0      0        0
  SINCE JAN 1      0                         0      0        0
..................................................................


WIND (MPH)
  HIGHEST WIND SPEED    28   HIGHEST WIND DIRECTION     W (270)
  HIGHEST GUST SPEED    35   HIGHEST GUST DIRECTION     W (270)
  AVERAGE WIND SPEED    16.1


SKY COVER
  POSSIBLE SUNSHINE  MM
  AVERAGE SKY COVER 0.7


WEATHER CONDITIONS
 THE FOLLOWING WEATHER WAS RECORDED YESTERDAY.
  NO SIGNIFICANT WEATHER WAS OBSERVED.


RELATIVE HUMIDITY (PERCENT)
 HIGHEST    76           600 AM
 LOWEST     28           600 PM
 AVERAGE    52

..........................................................


THE BILLINGS MT CLIMATE NORMALS FOR TODAY
                         NORMAL    RECORD    YEAR
 MAXIMUM TEMPERATURE (F)   37        54      2013
                                             2006
                                             1982
 MINIMUM TEMPERATURE (F)   19       -27      1972


SUNRISE AND SUNSET
JANUARY 26 2015.......SUNRISE   743 AM MST   SUNSET   511 PM MST
JANUARY 27 2015.......SUNRISE   742 AM MST   SUNSET   513 PM MST


-  INDICATES NEGATIVE NUMBERS.
R  INDICATES RECORD WAS SET OR TIED.
MM INDICATES DATA IS MISSING.
T  INDICATES TRACE AMOUNT.





&&

...THE CLIMATE SUMMARY FOR SOUTHWEST BILLINGS FOR 25 JANUARY 2015...

HIGH TEMPERATURE........................63
LOW TEMPERATURE.........................32

PRECIPITATION...........................0.00
MONTHLY PRECIPITATION TOTAL.............0.97
YEARLY PRECIPITATION TOTAL..............0.97

SNOWFALL................................0.0
MONTHLY SNOWFALL TOTAL..................17.3
TOTAL SNOWFALL SINCE JULY 1.............42.1

SNOW DEPTH AT MIDNIGHT..................0

$$
