760
CDUS43 KBIS 210033
CLIBIS


CLIMATE REPORT
NATIONAL WEATHER SERVICE BISMARCK ND
733 PM CDT SUN AUG 20 2017


...................................

...THE BISMARCK ND CLIMATE SUMMARY FOR AUGUST 20 2017...
VALID TODAY AS OF 0700 PM LOCAL TIME.

CLIMATE NORMAL PERIOD 1981 TO 2010
CLIMATE RECORD PERIOD 1875 TO 2017


WEATHER ITEM   OBSERVED TIME   RECORD YEAR NORMAL DEPARTURE LAST
                VALUE   (LST)  VALUE       VALUE  FROM      YEAR
                                                  NORMAL
..................................................................
TEMPERATURE (F)
 TODAY
  MAXIMUM         75    156 PM 102    2013  83     -8       73
  MINIMUM         53    701 AM  34    1907  55     -2       50
  AVERAGE         64                        69     -5       62

PRECIPITATION (IN)
  TODAY            T             2.00 1879   0.07  -0.07      T
  MONTH TO DATE    4.97                      1.53   3.44     1.88
  SINCE JUN 1      8.39                      7.59   0.80    11.36
  SINCE JAN 1     11.52                     13.06  -1.54    18.54

DEGREE DAYS
 HEATING
  TODAY            1                         1      0        3
  MONTH TO DATE    9                        17     -8       11
  SINCE JUN 1     39                       127    -88       45
  SINCE JUL 1      9                        34    -25       19

 COOLING
  TODAY            0                         5     -5        0
  MONTH TO DATE   48                       130    -82      121
  SINCE JUN 1    515                       417     98      476
  SINCE JAN 1    529                       434     95      486
..................................................................


WIND (MPH)
  RESULTANT WIND SPEED   5   RESULTANT WIND DIRECTION   N (340)
  HIGHEST WIND SPEED    15   HIGHEST WIND DIRECTION     N (340)
  HIGHEST GUST SPEED    20   HIGHEST GUST DIRECTION    NW (330)
  AVERAGE WIND SPEED     5.8


SKY COVER
  POSSIBLE SUNSHINE  MM
  AVERAGE SKY COVER 0.2


WEATHER CONDITIONS
 THE FOLLOWING WEATHER WAS RECORDED TODAY.
  LIGHT RAIN


RELATIVE HUMIDITY (PERCENT)
 HIGHEST    77           700 AM
 LOWEST     33           200 PM
 AVERAGE    55

..........................................................


THE BISMARCK ND CLIMATE NORMALS FOR TOMORROW
                         NORMAL    RECORD    YEAR
 MAXIMUM TEMPERATURE (F)   83       105      1947
 MINIMUM TEMPERATURE (F)   55        38      1920


SUNRISE AND SUNSET
AUGUST 20 2017........SUNRISE   648 AM CDT   SUNSET   844 PM CDT
AUGUST 21 2017........SUNRISE   649 AM CDT   SUNSET   842 PM CDT


-  INDICATES NEGATIVE NUMBERS.
R  INDICATES RECORD WAS SET OR TIED.
MM INDICATES DATA IS MISSING.
T  INDICATES TRACE AMOUNT.




$$
