000
CDUS43 KBIS 130737
CLIBIS


CLIMATE REPORT
NATIONAL WEATHER SERVICE BISMARCK ND
237 AM CDT SUN JUL 13 2014


...................................

...THE BISMARCK ND CLIMATE SUMMARY FOR JULY 12 2014...

CLIMATE NORMAL PERIOD 1981 TO 2010
CLIMATE RECORD PERIOD 1875 TO 2014


WEATHER ITEM   OBSERVED TIME   RECORD YEAR NORMAL DEPARTURE LAST
                VALUE   (LST)  VALUE       VALUE  FROM      YEAR
                                                  NORMAL
..................................................................
TEMPERATURE (F)
 YESTERDAY
  MAXIMUM         85    323 PM 105    2006  84      1       86
  MINIMUM         62    418 AM  41    1975  57      5       67
  AVERAGE         74                        71      3       77

PRECIPITATION (IN)
  YESTERDAY        T             1.85 1891   0.11  -0.11     0.01
  MONTH TO DATE    0.42                      1.20  -0.78     0.39
  SINCE JUN 1      3.44                      4.37  -0.93     3.10
  SINCE JAN 1      7.63                      9.84  -2.21    13.70

SNOWFALL (IN)
  YESTERDAY        0.0           0.0  2002   0.0    0.0      0.0
                                      2001
  MONTH TO DATE    0.0                       0.0    0.0      0.0
  SINCE JUN 1      0.0                       0.0    0.0      0.0
  SINCE JUL 1      0.0                       0.0    0.0      0.0
  SNOW DEPTH       0

DEGREE DAYS
 HEATING
  YESTERDAY        0                         1     -1        0
  MONTH TO DATE   12                        12      0        0
  SINCE JUN 1    106                       105      1       86
  SINCE JUL 1     12                        12      0        0

 COOLING
  YESTERDAY        9                         6      3       12
  MONTH TO DATE   59                        67     -8       84
  SINCE JUN 1    112                       150    -38      168
  SINCE JAN 1    163                       167     -4      180
..................................................................


WIND (MPH)
  HIGHEST WIND SPEED    21   HIGHEST WIND DIRECTION    NW (310)
  HIGHEST GUST SPEED    27   HIGHEST GUST DIRECTION    NW (310)
  AVERAGE WIND SPEED     8.6


SKY COVER
  POSSIBLE SUNSHINE  MM
  AVERAGE SKY COVER 0.4


WEATHER CONDITIONS
 THE FOLLOWING WEATHER WAS RECORDED YESTERDAY.
  LIGHT RAIN


RELATIVE HUMIDITY (PERCENT)
 HIGHEST    93           700 AM
 LOWEST     40           300 PM
 AVERAGE    67

..........................................................


THE BISMARCK ND CLIMATE NORMALS FOR TODAY
                         NORMAL    RECORD    YEAR
 MAXIMUM TEMPERATURE (F)   85       100      2003
 MINIMUM TEMPERATURE (F)   57        39      1967


SUNRISE AND SUNSET
JULY 13 2014..........SUNRISE   602 AM CDT   SUNSET   935 PM CDT
JULY 14 2014..........SUNRISE   603 AM CDT   SUNSET   934 PM CDT


-  INDICATES NEGATIVE NUMBERS.
R  INDICATES RECORD WAS SET OR TIED.
MM INDICATES DATA IS MISSING.
T  INDICATES TRACE AMOUNT.




$$
