000
CDUS43 KBIS 090738
CLIBIS


CLIMATE REPORT
NATIONAL WEATHER SERVICE BISMARCK ND
138 AM CST FRI DEC 9 2016


...................................

...THE BISMARCK ND CLIMATE SUMMARY FOR DECEMBER 8 2016...

CLIMATE NORMAL PERIOD 1981 TO 2010
CLIMATE RECORD PERIOD 1875 TO 2016


WEATHER ITEM   OBSERVED TIME   RECORD YEAR NORMAL DEPARTURE LAST
                VALUE   (LST)  VALUE       VALUE  FROM      YEAR
                                                  NORMAL
..................................................................
TEMPERATURE (F)
 YESTERDAY
  MAXIMUM          6    239 PM  56    1939  28    -22       50
  MINIMUM         -5   1108 PM -28    1927   8    -13       25
  AVERAGE          1                        18    -17       38

PRECIPITATION (IN)
  YESTERDAY        0.02          0.10 1973   0.02   0.00     0.00
  MONTH TO DATE    0.46                      0.13   0.33     0.15
  SINCE DEC 1      0.46                      0.13   0.33     0.15
  SINCE JAN 1     21.88                     17.49   4.39    16.97

SNOWFALL (IN)
  YESTERDAY        T             1.8  2012   0.3   -0.3      0.0
  MONTH TO DATE    7.5                       2.3    5.2      1.9
  SINCE DEC 1      7.5                       2.3    5.2      1.9
  SINCE JUL 1     26.5                      13.5   13.0      3.7
  SNOW DEPTH       9

DEGREE DAYS
 HEATING
  YESTERDAY       64                        47     17       27
  MONTH TO DATE  383                       363     20      263
  SINCE DEC 1    383                       363     20      263
  SINCE JUL 1   1863                      2349   -486     1848

 COOLING
  YESTERDAY        0                         0      0        0
  MONTH TO DATE    0                         0      0        0
  SINCE DEC 1      0                         0      0        0
  SINCE JAN 1    548                       520     28      622
..................................................................


WIND (MPH)
  HIGHEST WIND SPEED    24   HIGHEST WIND DIRECTION    NW (320)
  HIGHEST GUST SPEED    31   HIGHEST GUST DIRECTION    NW (310)
  AVERAGE WIND SPEED    13.1


SKY COVER
  POSSIBLE SUNSHINE  MM
  AVERAGE SKY COVER 0.9


WEATHER CONDITIONS
 THE FOLLOWING WEATHER WAS RECORDED YESTERDAY.
  LIGHT SNOW
  FOG
  HAZE
  BLOWING SNOW


RELATIVE HUMIDITY (PERCENT)
 HIGHEST    87          1200 AM
 LOWEST     72           700 PM
 AVERAGE    80

..........................................................


THE BISMARCK ND CLIMATE NORMALS FOR TODAY
                         NORMAL    RECORD    YEAR
 MAXIMUM TEMPERATURE (F)   28        64      1939
 MINIMUM TEMPERATURE (F)    8       -26      1927


SUNRISE AND SUNSET
DECEMBER  9 2016......SUNRISE   816 AM CST   SUNSET   455 PM CST
DECEMBER 10 2016......SUNRISE   817 AM CST   SUNSET   455 PM CST


-  INDICATES NEGATIVE NUMBERS.
R  INDICATES RECORD WAS SET OR TIED.
MM INDICATES DATA IS MISSING.
T  INDICATES TRACE AMOUNT.




$$
