000
CDUS43 KBIS 040727
CLIBIS


CLIMATE REPORT
NATIONAL WEATHER SERVICE BISMARCK ND
227 AM CDT SAT JUL 4 2015


...................................

...THE BISMARCK ND CLIMATE SUMMARY FOR JULY 3 2015...

CLIMATE NORMAL PERIOD 1981 TO 2010
CLIMATE RECORD PERIOD 1875 TO 2015


WEATHER ITEM   OBSERVED TIME   RECORD YEAR NORMAL DEPARTURE LAST
                VALUE   (LST)  VALUE       VALUE  FROM      YEAR
                                                  NORMAL
..................................................................
TEMPERATURE (F)
 YESTERDAY
  MAXIMUM         83    230 PM 101    1881  82      1       79
  MINIMUM         62    547 AM  38    1967  56      6       46
  AVERAGE         73                        69      4       63

PRECIPITATION (IN)
  YESTERDAY        0.00          1.41 1980   0.09  -0.09     0.00
  MONTH TO DATE    0.56                      0.29   0.27     0.05
  SINCE JUN 1      5.54                      3.46   2.08     3.07
  SINCE JAN 1     12.81                      8.93   3.88     7.26

SNOWFALL (IN)
  YESTERDAY        0.0           0.0  2002   0.0    0.0      0.0
                                      2001
  MONTH TO DATE    0.0                       0.0    0.0      0.0
  SINCE JUN 1      0.0                       0.0    0.0      0.0
  SINCE JUL 1      0.0                       0.0    0.0      0.0
  SNOW DEPTH       0

DEGREE DAYS
 HEATING
  YESTERDAY        0                         1     -1        2
  MONTH TO DATE    0                         3     -3       12
  SINCE JUN 1     43                        96    -53      106
  SINCE JUL 1      0                         3     -3       12

 COOLING
  YESTERDAY        8                         5      3        0
  MONTH TO DATE   20                        15      5        0
  SINCE JUN 1    114                        98     16       53
  SINCE JAN 1    120                       115      5      104
..................................................................


WIND (MPH)
  HIGHEST WIND SPEED     8   HIGHEST WIND DIRECTION     S (160)
  HIGHEST GUST SPEED    11   HIGHEST GUST DIRECTION    SW (210)
  AVERAGE WIND SPEED     3.3


SKY COVER
  POSSIBLE SUNSHINE  MM
  AVERAGE SKY COVER 0.8


WEATHER CONDITIONS
 THE FOLLOWING WEATHER WAS RECORDED YESTERDAY.
  FOG
  HAZE


RELATIVE HUMIDITY (PERCENT)
 HIGHEST   100           400 AM
 LOWEST     51           200 PM
 AVERAGE    76

..........................................................


THE BISMARCK ND CLIMATE NORMALS FOR TODAY
                         NORMAL    RECORD    YEAR
 MAXIMUM TEMPERATURE (F)   83       102      1989
 MINIMUM TEMPERATURE (F)   56        36      1967


SUNRISE AND SUNSET
JULY  4 2015..........SUNRISE   555 AM CDT   SUNSET   940 PM CDT
JULY  5 2015..........SUNRISE   555 AM CDT   SUNSET   939 PM CDT


-  INDICATES NEGATIVE NUMBERS.
R  INDICATES RECORD WAS SET OR TIED.
MM INDICATES DATA IS MISSING.
T  INDICATES TRACE AMOUNT.




$$
