000
CDUS43 KBIS 111245
CLIBIS


CLIMATE REPORT
NATIONAL WEATHER SERVICE BISMARCK ND
645 AM CST THU FEB 11 2016


...................................

...THE BISMARCK ND CLIMATE SUMMARY FOR FEBRUARY 10 2016...

CLIMATE NORMAL PERIOD 1981 TO 2010
CLIMATE RECORD PERIOD 1875 TO 2016


WEATHER ITEM   OBSERVED TIME   RECORD YEAR NORMAL DEPARTURE LAST
                VALUE   (LST)  VALUE       VALUE  FROM      YEAR
                                                  NORMAL
..................................................................
TEMPERATURE (F)
 YESTERDAY
  MAXIMUM         30   1221 AM  54    1918  27      3       34
  MINIMUM         17   1159 PM -31    1899   6     11       14
  AVERAGE         24                        16      8       24

PRECIPITATION (IN)
  YESTERDAY        0.00          0.22 1938   0.01  -0.01     0.04
  MONTH TO DATE    0.02                      0.13  -0.11     0.24
  SINCE DEC 1      1.14                      1.05   0.09     1.10
  SINCE JAN 1      0.23                      0.56  -0.33     0.99

SNOWFALL (IN)
  YESTERDAY        0.0           3.0  1992   0.2   -0.2       T
  MONTH TO DATE    0.4                       2.5   -2.1      2.5
  SINCE DEC 1     16.2                      20.7   -4.5     12.1
  SINCE JUL 1     18.0                      31.9  -13.9     20.0
  SNOW DEPTH       0

DEGREE DAYS
 HEATING
  YESTERDAY       41                        49     -8       41
  MONTH TO DATE  339                       497   -158      492
  SINCE DEC 1   3139                      3629   -490     3305
  SINCE JUL 1   4724                      5615   -891     5377

 COOLING
  YESTERDAY        0                         0      0        0
  MONTH TO DATE    0                         0      0        0
  SINCE DEC 1      0                         0      0        0
  SINCE JAN 1      0                         0      0        0
..................................................................


WIND (MPH)
  HIGHEST WIND SPEED    16   HIGHEST WIND DIRECTION     E (80)
  HIGHEST GUST SPEED    19   HIGHEST GUST DIRECTION     E (70)
  AVERAGE WIND SPEED     8.7


SKY COVER
  POSSIBLE SUNSHINE  MM
  AVERAGE SKY COVER 0.8


WEATHER CONDITIONS
 THE FOLLOWING WEATHER WAS RECORDED YESTERDAY.
  NO SIGNIFICANT WEATHER WAS OBSERVED.


RELATIVE HUMIDITY (PERCENT)
 HIGHEST    84           800 AM
 LOWEST     67           800 PM
 AVERAGE    76

..........................................................


THE BISMARCK ND CLIMATE NORMALS FOR TODAY
                         NORMAL    RECORD    YEAR
 MAXIMUM TEMPERATURE (F)   27        58      2005
 MINIMUM TEMPERATURE (F)    6       -35      1988


SUNRISE AND SUNSET
FEBRUARY 11 2016......SUNRISE   754 AM CST   SUNSET   601 PM CST
FEBRUARY 12 2016......SUNRISE   752 AM CST   SUNSET   603 PM CST


-  INDICATES NEGATIVE NUMBERS.
R  INDICATES RECORD WAS SET OR TIED.
MM INDICATES DATA IS MISSING.
T  INDICATES TRACE AMOUNT.




$$
