000
CDUS43 KBIS 180730
CLIBIS


CLIMATE REPORT
NATIONAL WEATHER SERVICE BISMARCK ND
130 AM CST SUN FEB 18 2018


...................................

...THE BISMARCK ND CLIMATE SUMMARY FOR FEBRUARY 17 2018...

CLIMATE NORMAL PERIOD 1981 TO 2010
CLIMATE RECORD PERIOD 1875 TO 2018


WEATHER ITEM   OBSERVED TIME   RECORD YEAR NORMAL DEPARTURE LAST
                VALUE   (LST)  VALUE       VALUE  FROM      YEAR
                                                  NORMAL
..................................................................
TEMPERATURE (F)
 YESTERDAY
  MAXIMUM         27    244 PM  59    1954  29     -2       51
  MINIMUM         14    425 AM -30    1903   9      5       26
                                      1875
  AVERAGE         21                        19      2       39

PRECIPITATION (IN)
  YESTERDAY        0.00          0.25 1891   0.02  -0.02     0.00
  MONTH TO DATE    0.21                      0.26  -0.05     0.17
  SINCE DEC 1      1.05                      1.18  -0.13     2.86
  SINCE JAN 1      0.63                      0.69  -0.06     0.81

SNOWFALL (IN)
  YESTERDAY        0.0           2.5  1931   0.3   -0.3      0.0
  MONTH TO DATE    3.6                       4.5   -0.9      2.7
  SINCE DEC 1     15.4                      22.7   -7.3     42.4
  SINCE JUL 1     16.7                      33.9  -17.2     61.4

DEGREE DAYS
 HEATING
  YESTERDAY       44                        46     -2       26
  MONTH TO DATE 1004                       828    176      778
  SINCE DEC 1   4007                      3960     47     4121
  SINCE JUL 1   5746                      5946   -200     5601

 COOLING
  YESTERDAY        0                         0      0        0
  MONTH TO DATE    0                         0      0        0
  SINCE DEC 1      0                         0      0        0
  SINCE JAN 1      0                         0      0        0
..................................................................


WIND (MPH)
  HIGHEST WIND SPEED    22   HIGHEST WIND DIRECTION     W (280)
  HIGHEST GUST SPEED    27   HIGHEST GUST DIRECTION     W (280)
  AVERAGE WIND SPEED     8.6


SKY COVER
  POSSIBLE SUNSHINE  MM
  AVERAGE SKY COVER 0.4


WEATHER CONDITIONS
 THE FOLLOWING WEATHER WAS RECORDED YESTERDAY.
  NO SIGNIFICANT WEATHER WAS OBSERVED.


RELATIVE HUMIDITY (PERCENT)
 HIGHEST    92           200 AM
 LOWEST     55           100 PM
 AVERAGE    74

..........................................................


THE BISMARCK ND CLIMATE NORMALS FOR TODAY
                         NORMAL    RECORD    YEAR
 MAXIMUM TEMPERATURE (F)   29        62      1954
 MINIMUM TEMPERATURE (F)    9       -37      1910


SUNRISE AND SUNSET
FEBRUARY 18 2018......SUNRISE   742 AM CST   SUNSET   612 PM CST
FEBRUARY 19 2018......SUNRISE   740 AM CST   SUNSET   614 PM CST


-  INDICATES NEGATIVE NUMBERS.
R  INDICATES RECORD WAS SET OR TIED.
MM INDICATES DATA IS MISSING.
T  INDICATES TRACE AMOUNT.




$$
