000
CDUS43 KBIS 280740
CLIBIS


CLIMATE REPORT
NATIONAL WEATHER SERVICE BISMARCK ND
240 AM CDT THU AUG 28 2014


...................................

...THE BISMARCK ND CLIMATE SUMMARY FOR AUGUST 27 2014...

CLIMATE NORMAL PERIOD 1981 TO 2010
CLIMATE RECORD PERIOD 1875 TO 2014


WEATHER ITEM   OBSERVED TIME   RECORD YEAR NORMAL DEPARTURE LAST
                VALUE   (LST)  VALUE       VALUE  FROM      YEAR
                                                  NORMAL
..................................................................
TEMPERATURE (F)
 YESTERDAY
  MAXIMUM         78    513 PM 107    1973  81     -3       97
  MINIMUM         48    551 AM  33    1982  53     -5       60
  AVERAGE         63                        67     -4       79

PRECIPITATION (IN)
  YESTERDAY        0.00          1.32 1892   0.07  -0.07     0.05
  MONTH TO DATE    4.22                      2.03   2.19     0.43
  SINCE JUN 1      7.97                      8.09  -0.12     4.77
  SINCE JAN 1     12.16                     13.56  -1.40    15.37

SNOWFALL (IN)
  YESTERDAY        0.0           0.0  2002   0.0    0.0      0.0
                                      2001
  MONTH TO DATE    0.0                       0.0    0.0      0.0
  SINCE JUN 1      0.0                       0.0    0.0      0.0
  SINCE JUL 1      0.0                       0.0    0.0      0.0
  SNOW DEPTH       0

DEGREE DAYS
 HEATING
  YESTERDAY        2                         2      0        0
  MONTH TO DATE   29                        29      0        6
  SINCE JUN 1    151                       139     12      114
  SINCE JUL 1     57                        46     11       28

 COOLING
  YESTERDAY        0                         4     -4       14
  MONTH TO DATE  149                       162    -13      152
  SINCE JUN 1    350                       449    -99      421
  SINCE JAN 1    401                       466    -65      433
..................................................................


WIND (MPH)
  HIGHEST WIND SPEED    15   HIGHEST WIND DIRECTION    SE (150)
  HIGHEST GUST SPEED    17   HIGHEST GUST DIRECTION     S (170)
  AVERAGE WIND SPEED     4.8


SKY COVER
  POSSIBLE SUNSHINE  MM
  AVERAGE SKY COVER 0.5


WEATHER CONDITIONS
 THE FOLLOWING WEATHER WAS RECORDED YESTERDAY.
  FOG
  FOG W/VISIBILITY <= 1/4 MILE


RELATIVE HUMIDITY (PERCENT)
 HIGHEST   100           100 AM
 LOWEST     52           400 PM
 AVERAGE    76

..........................................................


THE BISMARCK ND CLIMATE NORMALS FOR TODAY
                         NORMAL    RECORD    YEAR
 MAXIMUM TEMPERATURE (F)   80       101      1991
                                             1969
                                             1905
 MINIMUM TEMPERATURE (F)   53        32      1911


SUNRISE AND SUNSET
AUGUST 28 2014........SUNRISE   658 AM CDT   SUNSET   830 PM CDT
AUGUST 29 2014........SUNRISE   659 AM CDT   SUNSET   828 PM CDT


-  INDICATES NEGATIVE NUMBERS.
R  INDICATES RECORD WAS SET OR TIED.
MM INDICATES DATA IS MISSING.
T  INDICATES TRACE AMOUNT.




$$
