000
CDUS43 KGRR 292131
CLIBIV


CLIMATE REPORT
NATIONAL WEATHER SERVICE GRAND RAPIDS, MI
530 PM EDT FRI AUG 29 2014


...................................

...THE HOLLAND/TULIP CITY MI CLIMATE SUMMARY FOR AUGUST 29 2014...
VALID TODAY AS OF 0500 PM LOCAL TIME.

CLIMATE NORMAL PERIOD 1981 TO 2010
CLIMATE RECORD PERIOD 1996 TO 2014


WEATHER ITEM   OBSERVED TIME   RECORD YEAR NORMAL DEPARTURE LAST
                VALUE   (LST)  VALUE       VALUE  FROM      YEAR
                                                  NORMAL
..................................................................
TEMPERATURE (F)
 TODAY
  MAXIMUM         79    300 PM  MM      MM  79      0       89
  MINIMUM         63    102 AM  MM      MM  59      4       62
  AVERAGE         71                        69      2       76

PRECIPITATION (IN)
  TODAY            0.04         MM      MM   0.12  -0.08     0.00
  MONTH TO DATE    4.94                      3.34   1.60     1.57
  SINCE JUN 1     11.50                     10.39   1.11     9.23
  SINCE JAN 1     21.03                     22.98  -1.95    27.76

DEGREE DAYS
 HEATING
  TODAY            0                         1     -1        0
  MONTH TO DATE   14                         2     12       11
  SINCE JUN 1     59                        56      3       53
  SINCE JUL 1     36                         8     28       19

 COOLING
  TODAY            6                         5      1       11
  MONTH TO DATE  171                       184    -13      162
  SINCE JUN 1    458                       565   -107      597
  SINCE JAN 1    497                       607   -110      687
..................................................................


WIND (MPH)
  RESULTANT WIND SPEED   9   RESULTANT WIND DIRECTION  SE (130)
  HIGHEST WIND SPEED    15   HIGHEST WIND DIRECTION    SE (140)
  HIGHEST GUST SPEED    19   HIGHEST GUST DIRECTION    SE (150)
  AVERAGE WIND SPEED     9.0



WEATHER CONDITIONS
 THE FOLLOWING WEATHER WAS RECORDED TODAY.
  THUNDERSTORM
  RAIN


RELATIVE HUMIDITY (PERCENT)
 HIGHEST    87           400 PM
 LOWEST     67          1200 AM
 AVERAGE    77

..........................................................




SUNRISE AND SUNSET
AUGUST 29 2014........SUNRISE   706 AM EDT   SUNSET   824 PM EDT
AUGUST 30 2014........SUNRISE   707 AM EDT   SUNSET   823 PM EDT


-  INDICATES NEGATIVE NUMBERS.
R  INDICATES RECORD WAS SET OR TIED.
MM INDICATES DATA IS MISSING.
T  INDICATES TRACE AMOUNT.




$$
