000
CDUS43 KGRR 210600
CLIBIV


CLIMATE REPORT
NATIONAL WEATHER SERVICE GRAND RAPIDS, MI
100 AM EST SUN DEC 21 2014


...................................

...THE HOLLAND/TULIP CITY MI CLIMATE SUMMARY FOR DECEMBER 20 2014...

CLIMATE NORMAL PERIOD 1981 TO 2010
CLIMATE RECORD PERIOD 1996 TO 2014


WEATHER ITEM   OBSERVED TIME   NORMAL DEPARTURE LAST
                VALUE   (LST)  VALUE  FROM      YEAR
                                      NORMAL
......................................................
TEMPERATURE (F)
 YESTERDAY
  MAXIMUM         32   1159 PM  35     -3       34
  MINIMUM         21    753 AM  25     -4       32
  AVERAGE         27            30     -3       33

PRECIPITATION (IN)
  YESTERDAY        T             0.07  -0.07     0.26
  MONTH TO DATE    0.38          1.66  -1.28     0.86
  SINCE DEC 1      0.38          1.66  -1.28     0.86
  SINCE JAN 1     32.55         35.82  -3.27    39.37

DEGREE DAYS
 HEATING
  YESTERDAY       38            35      3       32
  MONTH TO DATE  604           646    -42      749
  SINCE DEC 1    604           646    -42      749
  SINCE JUL 1   1995          1869    126     1985

 COOLING
  YESTERDAY        0             0      0        0
  MONTH TO DATE    0             0      0        0
  SINCE DEC 1      0             0      0        0
  SINCE JAN 1    570           693   -123      813
......................................................


WIND (MPH)
  RESULTANT WIND SPEED   3   RESULTANT WIND DIRECTION  SE (140)
  HIGHEST WIND SPEED     8   HIGHEST WIND DIRECTION     S (170)
  HIGHEST GUST SPEED    10   HIGHEST GUST DIRECTION    SE (150)
  AVERAGE WIND SPEED     4.0


SKY COVER
  AVERAGE SKY COVER 0.6


WEATHER CONDITIONS
 THE FOLLOWING WEATHER WAS RECORDED YESTERDAY.
  LIGHT SNOW
  FOG
  HAZE


RELATIVE HUMIDITY (PERCENT)
 HIGHEST    85           400 PM
 LOWEST     75          1100 AM
 AVERAGE    80

..........................................................


THE HOLLAND/TULIP CITY MI CLIMATE NORMALS FOR TODAY
                         NORMAL
 MAXIMUM TEMPERATURE (F)   35
 MINIMUM TEMPERATURE (F)   25


SUNRISE AND SUNSET
DECEMBER 21 2014......SUNRISE   812 AM EST   SUNSET   514 PM EST
DECEMBER 22 2014......SUNRISE   813 AM EST   SUNSET   514 PM EST


-  INDICATES NEGATIVE NUMBERS.
R  INDICATES RECORD WAS SET OR TIED.
MM INDICATES DATA IS MISSING.
T  INDICATES TRACE AMOUNT.




$$
