000
CDUS43 KGRR 300522
CLIBIV


CLIMATE REPORT
NATIONAL WEATHER SERVICE GRAND RAPIDS, MI
120 AM EDT TUE SEP 30 2014


...................................

...THE HOLLAND/TULIP CITY MI CLIMATE SUMMARY FOR SEPTEMBER 29 2014...

CLIMATE NORMAL PERIOD 1981 TO 2010
CLIMATE RECORD PERIOD 1996 TO 2014


WEATHER ITEM   OBSERVED TIME   NORMAL DEPARTURE LAST
                VALUE   (LST)  VALUE  FROM      YEAR
                                      NORMAL
......................................................
TEMPERATURE (F)
 YESTERDAY
  MAXIMUM         77    252 PM  68      9       72
  MINIMUM         50    602 AM  48      2       53
  AVERAGE         64            58      6       63

PRECIPITATION (IN)
  YESTERDAY        0.08          0.18  -0.10     0.30
  MONTH TO DATE    3.94          3.71   0.23     1.18
  SINCE SEP 1      3.94          3.71   0.23     1.18
  SINCE JAN 1     24.97         26.92  -1.95    29.19

DEGREE DAYS
 HEATING
  YESTERDAY        1             8     -7        2
  MONTH TO DATE  123           108     15      106
  SINCE SEP 1    123           108     15      106
  SINCE JUL 1    159           123     36      125

 COOLING
  YESTERDAY        0             1     -1        0
  MONTH TO DATE   52            62    -10       90
  SINCE SEP 1     52            62    -10       90
  SINCE JAN 1    569           680   -111      797
......................................................


WIND (MPH)
  RESULTANT WIND SPEED   4   RESULTANT WIND DIRECTION   W (280)
  HIGHEST WIND SPEED    14   HIGHEST WIND DIRECTION    NW (320)
  HIGHEST GUST SPEED    18   HIGHEST GUST DIRECTION    NW (320)
  AVERAGE WIND SPEED     5.8


SKY COVER
  AVERAGE SKY COVER 0.3


WEATHER CONDITIONS
 THE FOLLOWING WEATHER WAS RECORDED YESTERDAY.
  LIGHT RAIN
  FOG
  FOG W/VISIBILITY <= 1/4 MILE
  HAZE


RELATIVE HUMIDITY (PERCENT)
 HIGHEST    93           400 AM
 LOWEST     54          1200 PM
 AVERAGE    74

..........................................................


THE HOLLAND/TULIP CITY MI CLIMATE NORMALS FOR TODAY
                         NORMAL
 MAXIMUM TEMPERATURE (F)   68
 MINIMUM TEMPERATURE (F)   48


SUNRISE AND SUNSET
SEPTEMBER 30 2014.....SUNRISE   741 AM EDT   SUNSET   728 PM EDT
OCTOBER  1 2014.......SUNRISE   742 AM EDT   SUNSET   726 PM EDT


-  INDICATES NEGATIVE NUMBERS.
R  INDICATES RECORD WAS SET OR TIED.
MM INDICATES DATA IS MISSING.
T  INDICATES TRACE AMOUNT.




$$
