000
CDUS43 KGRR 180532
CLIBIV


CLIMATE REPORT
NATIONAL WEATHER SERVICE GRAND RAPIDS, MI
1232 AM EST SAT NOV 18 2017


...................................

...THE HOLLAND/TULIP CITY MI CLIMATE SUMMARY FOR NOVEMBER 17 2017...

CLIMATE NORMAL PERIOD 1981 TO 2010
CLIMATE RECORD PERIOD 1996 TO 2017


WEATHER ITEM   OBSERVED TIME   NORMAL DEPARTURE LAST
                VALUE   (LST)  VALUE  FROM      YEAR
                                      NORMAL
......................................................
TEMPERATURE (F)
 YESTERDAY
  MAXIMUM         44    546 PM  48     -4       70
  MINIMUM         31    257 AM  35     -4       41
  AVERAGE         38            41     -3       56

PRECIPITATION (IN)
  YESTERDAY        0.56          0.11   0.45     0.00
  MONTH TO DATE    2.13          2.23  -0.10     1.51
  SINCE SEP 1     13.54          9.72   3.82     6.18
  SINCE JAN 1     38.36         32.93   5.43    28.06

DEGREE DAYS
 HEATING
  YESTERDAY       27            24      3        9
  MONTH TO DATE  436           352     84      245
  SINCE SEP 1    832           862    -30      583
  SINCE JUL 1    853           877    -24      590

 COOLING
  YESTERDAY        0             0      0        0
  MONTH TO DATE    0             0      0        0
  SINCE SEP 1    128            75     53      106
  SINCE JAN 1    613           693    -80      785
......................................................


WIND (MPH)
  RESULTANT WIND SPEED   9   RESULTANT WIND DIRECTION  SE (150)
  HIGHEST WIND SPEED    18   HIGHEST WIND DIRECTION     S (160)
  HIGHEST GUST SPEED    25   HIGHEST GUST DIRECTION    SE (150)
  AVERAGE WIND SPEED    10.2


SKY COVER
  AVERAGE SKY COVER 0.7


WEATHER CONDITIONS
 THE FOLLOWING WEATHER WAS RECORDED YESTERDAY.
  HEAVY RAIN
  RAIN
  LIGHT RAIN
  FOG


RELATIVE HUMIDITY (PERCENT)
 HIGHEST    96          1100 PM
 LOWEST     62           300 PM
 AVERAGE    79

..........................................................


THE HOLLAND/TULIP CITY MI CLIMATE NORMALS FOR TODAY
                         NORMAL
 MAXIMUM TEMPERATURE (F)   47
 MINIMUM TEMPERATURE (F)   34


SUNRISE AND SUNSET
NOVEMBER 18 2017......SUNRISE   741 AM EST   SUNSET   519 PM EST
NOVEMBER 19 2017......SUNRISE   742 AM EST   SUNSET   518 PM EST


-  INDICATES NEGATIVE NUMBERS.
R  INDICATES RECORD WAS SET OR TIED.
MM INDICATES DATA IS MISSING.
T  INDICATES TRACE AMOUNT.




$$
