000
CDUS43 KGRR 210516
CLIBIV


CLIMATE REPORT
NATIONAL WEATHER SERVICE GRAND RAPIDS, MI
1214 AM EST FRI NOV 21 2014


...................................

...THE HOLLAND/TULIP CITY MI CLIMATE SUMMARY FOR NOVEMBER 20 2014...

CLIMATE NORMAL PERIOD 1981 TO 2010
CLIMATE RECORD PERIOD 1996 TO 2014


WEATHER ITEM   OBSERVED TIME   NORMAL DEPARTURE LAST
                VALUE   (LST)  VALUE  FROM      YEAR
                                      NORMAL
......................................................
TEMPERATURE (F)
 YESTERDAY
  MAXIMUM         27    628 AM  46    -19       45
  MINIMUM         22   1159 PM  34    -12       30
  AVERAGE         25            40    -15       38

PRECIPITATION (IN)
  YESTERDAY        T             0.10  -0.10     0.01
  MONTH TO DATE    1.06          2.54  -1.48     3.81
  SINCE SEP 1      8.99         10.03  -1.04    10.16
  SINCE JAN 1     30.02         33.24  -3.22    38.17

DEGREE DAYS
 HEATING
  YESTERDAY       40            25     15       27
  MONTH TO DATE  551           426    125      399
  SINCE SEP 1   1066           936    130      874
  SINCE JUL 1   1102           951    151      893

 COOLING
  YESTERDAY        0             0      0        0
  MONTH TO DATE    0             0      0        2
  SINCE SEP 1     53            75    -22      106
  SINCE JAN 1    570           693   -123      813
......................................................


WIND (MPH)
  RESULTANT WIND SPEED  16   RESULTANT WIND DIRECTION   W (280)
  HIGHEST WIND SPEED    29   HIGHEST WIND DIRECTION     W (260)
  HIGHEST GUST SPEED    37   HIGHEST GUST DIRECTION     W (270)
  AVERAGE WIND SPEED    16.0


SKY COVER
  AVERAGE SKY COVER 1.0


WEATHER CONDITIONS
 THE FOLLOWING WEATHER WAS RECORDED YESTERDAY.
  LIGHT SNOW
  HAZE


RELATIVE HUMIDITY (PERCENT)
 HIGHEST    68           300 AM
 LOWEST     50           500 PM
 AVERAGE    59

..........................................................


THE HOLLAND/TULIP CITY MI CLIMATE NORMALS FOR TODAY
                         NORMAL
 MAXIMUM TEMPERATURE (F)   46
 MINIMUM TEMPERATURE (F)   33


SUNRISE AND SUNSET
NOVEMBER 21 2014......SUNRISE   744 AM EST   SUNSET   517 PM EST
NOVEMBER 22 2014......SUNRISE   745 AM EST   SUNSET   516 PM EST


-  INDICATES NEGATIVE NUMBERS.
R  INDICATES RECORD WAS SET OR TIED.
MM INDICATES DATA IS MISSING.
T  INDICATES TRACE AMOUNT.




$$

JAM
