000
CDUS43 KGRR 290516
CLIBIV


CLIMATE REPORT
NATIONAL WEATHER SERVICE GRAND RAPIDS, MI
116 AM EDT SAT APR 29 2017


...................................

...THE HOLLAND/TULIP CITY MI CLIMATE SUMMARY FOR APRIL 28 2017...

CLIMATE NORMAL PERIOD 1981 TO 2010
CLIMATE RECORD PERIOD 1996 TO 2017


WEATHER ITEM   OBSERVED TIME   NORMAL DEPARTURE LAST
                VALUE   (LST)  VALUE  FROM      YEAR
                                      NORMAL
......................................................
TEMPERATURE (F)
 YESTERDAY
  MAXIMUM         59    518 PM  63     -4       51
  MINIMUM         44    531 AM  43      1       37
  AVERAGE         52            53     -1       44

PRECIPITATION (IN)
  YESTERDAY        T             0.15  -0.15     0.30
  MONTH TO DATE    4.27          2.93   1.34     2.68
  SINCE MAR 1      7.38          5.20   2.18     6.55
  SINCE JAN 1     12.04          9.09   2.95    10.41

DEGREE DAYS
 HEATING
  YESTERDAY       13            12      1       21
  MONTH TO DATE  375           481   -106      511
  SINCE MAR 1   1258          1355    -97     1267
  SINCE JUL 1   5120          5855   -735     5257

 COOLING
  YESTERDAY        0             0      0        0
  MONTH TO DATE    8             0      8        1
  SINCE MAR 1      8             0      8        1
  SINCE JAN 1      8             0      8        1
......................................................


WIND (MPH)
  RESULTANT WIND SPEED   7   RESULTANT WIND DIRECTION   W (250)
  HIGHEST WIND SPEED    22   HIGHEST WIND DIRECTION     W (260)
  HIGHEST GUST SPEED    28   HIGHEST GUST DIRECTION     W (260)
  AVERAGE WIND SPEED     8.4


SKY COVER
  AVERAGE SKY COVER 0.9


WEATHER CONDITIONS
 THE FOLLOWING WEATHER WAS RECORDED YESTERDAY.
  NO SIGNIFICANT WEATHER WAS OBSERVED.


RELATIVE HUMIDITY (PERCENT)
 HIGHEST    76           600 AM
 LOWEST     62           100 PM
 AVERAGE    69

..........................................................


THE HOLLAND/TULIP CITY MI CLIMATE NORMALS FOR TODAY
                         NORMAL
 MAXIMUM TEMPERATURE (F)   63
 MINIMUM TEMPERATURE (F)   43


SUNRISE AND SUNSET
APRIL 29 2017.........SUNRISE   641 AM EDT   SUNSET   843 PM EDT
APRIL 30 2017.........SUNRISE   640 AM EDT   SUNSET   844 PM EDT


-  INDICATES NEGATIVE NUMBERS.
R  INDICATES RECORD WAS SET OR TIED.
MM INDICATES DATA IS MISSING.
T  INDICATES TRACE AMOUNT.




$$
