000
CDUS43 KGRR 230511
CLIBIV


CLIMATE REPORT
NATIONAL WEATHER SERVICE GRAND RAPIDS, MI
111 AM EDT WED JUL 23 2014


...................................

...THE HOLLAND/TULIP CITY MI CLIMATE SUMMARY FOR JULY 22 2014...

CLIMATE NORMAL PERIOD 1981 TO 2010
CLIMATE RECORD PERIOD 9999 TO 9999


WEATHER ITEM   OBSERVED TIME   NORMAL DEPARTURE LAST
                VALUE   (LST)  VALUE  FROM      YEAR
                                      NORMAL
......................................................
TEMPERATURE (F)
 YESTERDAY
  MAXIMUM         91    421 PM  82      9       86
  MINIMUM         64    404 AM  63      1       67
  AVERAGE         78            73      5       77

PRECIPITATION (IN)
  YESTERDAY        0.76          0.10   0.66     0.00
  MONTH TO DATE    2.59          2.05   0.54     1.63
  SINCE JUN 1      6.32          6.27   0.05     6.26
  SINCE JAN 1     15.85         18.86  -3.01    24.79

DEGREE DAYS
 HEATING
  YESTERDAY        0             0      0        0
  MONTH TO DATE    8             0      8        0
  SINCE JUN 1     31            48    -17       34
  SINCE JUL 1      8             0      8        0

 COOLING
  YESTERDAY       13             8      5       12
  MONTH TO DATE   88           170    -82      258
  SINCE JUN 1    271           316    -45      422
  SINCE JAN 1    310           358    -48      512
......................................................


WIND (MPH)
  RESULTANT WIND SPEED  10   RESULTANT WIND DIRECTION   S (200)
  HIGHEST WIND SPEED    30   HIGHEST WIND DIRECTION     W (290)
  HIGHEST GUST SPEED    45   HIGHEST GUST DIRECTION     W (290)
  AVERAGE WIND SPEED    10.8


SKY COVER
  AVERAGE SKY COVER 0.2


WEATHER CONDITIONS
 THE FOLLOWING WEATHER WAS RECORDED YESTERDAY.
  THUNDERSTORM
  HEAVY RAIN
  RAIN
  LIGHT RAIN
  FOG
  HAZE


RELATIVE HUMIDITY (PERCENT)
 HIGHEST    93           300 AM
 LOWEST     50           200 PM
 AVERAGE    72

..........................................................


THE HOLLAND/TULIP CITY MI CLIMATE NORMALS FOR TODAY
                         NORMAL
 MAXIMUM TEMPERATURE (F)   82
 MINIMUM TEMPERATURE (F)   63


SUNRISE AND SUNSET
JULY 23 2014..........SUNRISE   627 AM EDT   SUNSET   915 PM EDT
JULY 24 2014..........SUNRISE   628 AM EDT   SUNSET   914 PM EDT


-  INDICATES NEGATIVE NUMBERS.
R  INDICATES RECORD WAS SET OR TIED.
MM INDICATES DATA IS MISSING.
T  INDICATES TRACE AMOUNT.




$$
