000
CDUS46 KBOI 010932
CLIBKE


CLIMATE REPORT
NATIONAL WEATHER SERVICE BOISE ID
331 AM MDT MON SEP 1 2014


...................................

...THE BAKER OR CLIMATE SUMMARY FOR AUGUST 31 2014...

CLIMATE NORMAL PERIOD 1981 TO 2010
CLIMATE RECORD PERIOD 1948 TO 2014


WEATHER ITEM   OBSERVED TIME   RECORD YEAR NORMAL DEPARTURE LAST
                VALUE   (LST)  VALUE       VALUE  FROM      YEAR
                                                  NORMAL
..................................................................
TEMPERATURE (F)
 YESTERDAY
  MAXIMUM         68    429 PM  94    1998  80    -12       91
  MINIMUM         41   1238 AM  31    1999  42     -1       45
  AVERAGE         55                        61     -6       68

PRECIPITATION (IN)
  YESTERDAY        0.00          2.29 1984   0.02  -0.02     0.00
  MONTH TO DATE    0.70                      0.71  -0.01     0.47
  SINCE OCT 1      6.79                      9.58  -2.79     8.33
  SINCE JAN 1      5.62                      7.07  -1.45     6.15

DEGREE DAYS
 HEATING
  YESTERDAY       10                         5      5        0
  MONTH TO DATE   64                        80    -16       11
  SINCE JUN 1    310                       377    -67      228
  SINCE JUL 1     77                       151    -74       32

 COOLING
  YESTERDAY        0                         1     -1        3
  MONTH TO DATE   70                        67      3       97
  SINCE JUN 1    235                       158     77      226
  SINCE JAN 1    235                       160     75      230
..................................................................


WIND (MPH)
  RESULTANT WIND SPEED   2   RESULTANT WIND DIRECTION   W (280)
  HIGHEST WIND SPEED    12   HIGHEST WIND DIRECTION    NW (310)
  HIGHEST GUST SPEED    14   HIGHEST GUST DIRECTION    NW (310)
  AVERAGE WIND SPEED     4.4


SKY COVER
  AVERAGE SKY COVER 0.3


WEATHER CONDITIONS
 THE FOLLOWING WEATHER WAS RECORDED YESTERDAY.
  NO SIGNIFICANT WEATHER WAS OBSERVED.


RELATIVE HUMIDITY (PERCENT)
 HIGHEST   100          1200 AM
 LOWEST     35           300 PM
 AVERAGE    68

..........................................................


THE BAKER OR CLIMATE NORMALS FOR TODAY
                         NORMAL    RECORD    YEAR
 MAXIMUM TEMPERATURE (F)   80        99      1998
 MINIMUM TEMPERATURE (F)   41        31      2011
                                             2006


SUNRISE AND SUNSET
SEPTEMBER  1 2014.....SUNRISE   613 AM PDT   SUNSET   728 PM PDT
SEPTEMBER  2 2014.....SUNRISE   615 AM PDT   SUNSET   726 PM PDT


-  INDICATES NEGATIVE NUMBERS.
R  INDICATES RECORD WAS SET OR TIED.
MM INDICATES DATA IS MISSING.
T  INDICATES TRACE AMOUNT.




$$
