000
CDUS46 KBOI 020934
CLIBKE


CLIMATE REPORT
NATIONAL WEATHER SERVICE BOISE ID
333 AM MDT WED SEP 2 2015


...................................

...THE BAKER OR CLIMATE SUMMARY FOR SEPTEMBER 1 2015...

CLIMATE NORMAL PERIOD 1981 TO 2010
CLIMATE RECORD PERIOD 1948 TO 2015


WEATHER ITEM   OBSERVED TIME   RECORD YEAR NORMAL DEPARTURE LAST
                VALUE   (LST)  VALUE       VALUE  FROM      YEAR
                                                  NORMAL
..................................................................
TEMPERATURE (F)
 YESTERDAY
  MAXIMUM         86    342 PM  99    1998  80      6       74
  MINIMUM         43    530 AM  31    2011  41      2       38
                                      2006
  AVERAGE         65                        61      4       56

PRECIPITATION (IN)
  YESTERDAY        0.00          0.39 1964   0.02  -0.02     0.00
  MONTH TO DATE    0.00                      0.02  -0.02     0.00
  SINCE OCT 1      9.48                      9.60  -0.12     6.79
  SINCE JAN 1      7.28                      7.09   0.19     5.62

DEGREE DAYS
 HEATING
  YESTERDAY        0                         5     -5        9
  MONTH TO DATE    0                         5     -5        9
  SINCE SEP 1      0                         5     -5        9
  SINCE JUL 1     96                       156    -60       86

 COOLING
  YESTERDAY        0                         1     -1        0
  MONTH TO DATE    0                         1     -1        0
  SINCE SEP 1      0                         1     -1        0
  SINCE JAN 1    223                       161     62      235
..................................................................


WIND (MPH)
  RESULTANT WIND SPEED   3   RESULTANT WIND DIRECTION  NW (300)
  HIGHEST WIND SPEED    18   HIGHEST WIND DIRECTION    NW (330)
  HIGHEST GUST SPEED    24   HIGHEST GUST DIRECTION    NW (320)
  AVERAGE WIND SPEED     5.3


SKY COVER
  AVERAGE SKY COVER 0.0


WEATHER CONDITIONS
 THE FOLLOWING WEATHER WAS RECORDED YESTERDAY.
  NO SIGNIFICANT WEATHER WAS OBSERVED.


RELATIVE HUMIDITY (PERCENT)
 HIGHEST    89           400 AM
 LOWEST     16           300 PM
 AVERAGE    53

..........................................................


THE BAKER OR CLIMATE NORMALS FOR TODAY
                         NORMAL    RECORD    YEAR
 MAXIMUM TEMPERATURE (F)   80        99      1950
 MINIMUM TEMPERATURE (F)   41        26      2008


SUNRISE AND SUNSET
SEPTEMBER  2 2015.....SUNRISE   614 AM PDT   SUNSET   727 PM PDT
SEPTEMBER  3 2015.....SUNRISE   616 AM PDT   SUNSET   725 PM PDT


-  INDICATES NEGATIVE NUMBERS.
R  INDICATES RECORD WAS SET OR TIED.
MM INDICATES DATA IS MISSING.
T  INDICATES TRACE AMOUNT.




$$
