000
CDUS46 KBOI 240931
CLIBKE


CLIMATE REPORT
NATIONAL WEATHER SERVICE BOISE ID
331 AM MDT THU APR 24 2014


...................................

...THE BAKER OR CLIMATE SUMMARY FOR APRIL 23 2014...

CLIMATE NORMAL PERIOD 1981 TO 2010
CLIMATE RECORD PERIOD 1948 TO 2014


WEATHER ITEM   OBSERVED TIME   RECORD YEAR NORMAL DEPARTURE LAST
                VALUE   (LST)  VALUE       VALUE  FROM      YEAR
                                                  NORMAL
..................................................................
TEMPERATURE (F)
 YESTERDAY
  MAXIMUM         56    230 PM  86    1977  60     -4       55
  MINIMUM         21    231 AM  12    2013  30     -9       12
  AVERAGE         39                        45     -6       34

PRECIPITATION (IN)
  YESTERDAY        T             0.45 1998   0.03  -0.03     0.00
  MONTH TO DATE    0.15                      0.61  -0.46     0.35
  SINCE OCT 1      4.05                      5.32  -1.27     4.11
  SINCE JAN 1      2.88                      2.81   0.07     1.93

DEGREE DAYS
 HEATING
  YESTERDAY       26                        20      6       31
  MONTH TO DATE  481                       512    -31      552
  SINCE MAR 1   1236                      1360   -124     1381
  SINCE JUL 1   6762                      6880   -118     6773

 COOLING
  YESTERDAY        0                         0      0        0
  MONTH TO DATE    0                         0      0        0
  SINCE MAR 1      0                         0      0        0
  SINCE JAN 1      0                         0      0        0
..................................................................


WIND (MPH)
  RESULTANT WIND SPEED   4   RESULTANT WIND DIRECTION   S (180)
  HIGHEST WIND SPEED    28   HIGHEST WIND DIRECTION    SW (210)
  HIGHEST GUST SPEED    33   HIGHEST GUST DIRECTION    SW (210)
  AVERAGE WIND SPEED     7.2


SKY COVER
  AVERAGE SKY COVER 0.6


WEATHER CONDITIONS
 THE FOLLOWING WEATHER WAS RECORDED YESTERDAY.
  LIGHT RAIN


RELATIVE HUMIDITY (PERCENT)
 HIGHEST    92           200 AM
 LOWEST     32           200 PM
 AVERAGE    62

..........................................................


THE BAKER OR CLIMATE NORMALS FOR TODAY
                         NORMAL    RECORD    YEAR
 MAXIMUM TEMPERATURE (F)   60        89      1977
 MINIMUM TEMPERATURE (F)   30        14      2002


SUNRISE AND SUNSET
APRIL 24 2014.........SUNRISE   552 AM PDT   SUNSET   748 PM PDT
APRIL 25 2014.........SUNRISE   550 AM PDT   SUNSET   749 PM PDT


-  INDICATES NEGATIVE NUMBERS.
R  INDICATES RECORD WAS SET OR TIED.
MM INDICATES DATA IS MISSING.
T  INDICATES TRACE AMOUNT.




$$
