000
CDUS46 KBOI 020931
CLIBKE


CLIMATE REPORT
NATIONAL WEATHER SERVICE BOISE ID
330 AM MDT TUE JUN 2 2015


...................................

...THE BAKER OR CLIMATE SUMMARY FOR JUNE 1 2015...

CLIMATE NORMAL PERIOD 1981 TO 2010
CLIMATE RECORD PERIOD 1948 TO 2015


WEATHER ITEM   OBSERVED TIME   RECORD YEAR NORMAL DEPARTURE LAST
                VALUE   (LST)  VALUE       VALUE  FROM      YEAR
                                                  NORMAL
..................................................................
TEMPERATURE (F)
 YESTERDAY
  MAXIMUM         82    303 PM  92    2001  70     12       77
  MINIMUM         52   1159 PM  27    2000  40     12       36
  AVERAGE         67                        55     12       57

PRECIPITATION (IN)
  YESTERDAY        0.12          0.75 1985   0.05   0.07     0.00
  MONTH TO DATE    0.12                      0.05   0.07     0.00
  SINCE OCT 1      6.54                      7.09  -0.55     5.02
  SINCE JAN 1      4.34                      4.58  -0.24     3.85

DEGREE DAYS
 HEATING
  YESTERDAY        0                        10    -10        8
  MONTH TO DATE    0                        10    -10        8
  SINCE JUN 1      0                        10    -10        8
  SINCE JUL 1   6378                      7457  -1079     7325

 COOLING
  YESTERDAY        2                         0      2        0
  MONTH TO DATE    2                         0      2        0
  SINCE JUN 1      2                         0      2        0
  SINCE JAN 1      3                         2      1        0
..................................................................


WIND (MPH)
  RESULTANT WIND SPEED   1   RESULTANT WIND DIRECTION   S (190)
  HIGHEST WIND SPEED    36   HIGHEST WIND DIRECTION    NW (330)
  HIGHEST GUST SPEED    42   HIGHEST GUST DIRECTION    NW (330)
  AVERAGE WIND SPEED     9.2


SKY COVER
  AVERAGE SKY COVER 0.2


WEATHER CONDITIONS
 THE FOLLOWING WEATHER WAS RECORDED YESTERDAY.
  THUNDERSTORM
  RAIN
  LIGHT RAIN
  FOG


RELATIVE HUMIDITY (PERCENT)
 HIGHEST    83           100 AM
 LOWEST     21           300 PM
 AVERAGE    52

..........................................................


THE BAKER OR CLIMATE NORMALS FOR TODAY
                         NORMAL    RECORD    YEAR
 MAXIMUM TEMPERATURE (F)   70        90      2007
 MINIMUM TEMPERATURE (F)   40        30      1954


SUNRISE AND SUNSET
JUNE  2 2015..........SUNRISE   508 AM PDT   SUNSET   831 PM PDT
JUNE  3 2015..........SUNRISE   507 AM PDT   SUNSET   832 PM PDT


-  INDICATES NEGATIVE NUMBERS.
R  INDICATES RECORD WAS SET OR TIED.
MM INDICATES DATA IS MISSING.
T  INDICATES TRACE AMOUNT.




$$
