000
CDUS46 KBOI 250935
CLIBKE


CLIMATE REPORT
NATIONAL WEATHER SERVICE BOISE ID
234 AM MST THU DEC 25 2014


...................................

...THE BAKER OR CLIMATE SUMMARY FOR DECEMBER 24 2014...

CLIMATE NORMAL PERIOD 1981 TO 2010
CLIMATE RECORD PERIOD 1948 TO 2014


WEATHER ITEM   OBSERVED TIME   RECORD YEAR NORMAL DEPARTURE LAST
                VALUE   (LST)  VALUE       VALUE  FROM      YEAR
                                                  NORMAL
..................................................................
TEMPERATURE (F)
 YESTERDAY
  MAXIMUM         36    959 AM  51    1964  33      3       33
  MINIMUM         28   1159 PM -30    1983  15     13        7
  AVERAGE         32                        24      8       20

PRECIPITATION (IN)
  YESTERDAY        0.07          0.22 1981   0.03   0.04     0.00
  MONTH TO DATE    1.35                      0.76   0.59     0.58
  SINCE OCT 1      2.07                      2.29  -0.22     1.12
  SINCE JAN 1      8.07                      9.91  -1.84     8.89

DEGREE DAYS
 HEATING
  YESTERDAY       33                        41     -8       45
  MONTH TO DATE  699                       959   -260     1085
  SINCE DEC 1    699                       959   -260     1085
  SINCE JUL 1   2502                      2996   -494     3010

 COOLING
  YESTERDAY        0                         0      0        0
  MONTH TO DATE    0                         0      0        0
  SINCE DEC 1      0                         0      0        0
  SINCE JAN 1    250                       169     81      258
..................................................................


WIND (MPH)
  RESULTANT WIND SPEED  10   RESULTANT WIND DIRECTION   N (340)
  HIGHEST WIND SPEED    29   HIGHEST WIND DIRECTION    NW (320)
  HIGHEST GUST SPEED    36   HIGHEST GUST DIRECTION    NW (320)
  AVERAGE WIND SPEED    13.6


SKY COVER
  AVERAGE SKY COVER 0.8


WEATHER CONDITIONS
 THE FOLLOWING WEATHER WAS RECORDED YESTERDAY.
  SNOW
  LIGHT SNOW
  FOG


RELATIVE HUMIDITY (PERCENT)
 HIGHEST    92           200 PM
 LOWEST     64           800 AM
 AVERAGE    78

..........................................................


THE BAKER OR CLIMATE NORMALS FOR TODAY
                         NORMAL    RECORD    YEAR
 MAXIMUM TEMPERATURE (F)   33        51      1980
 MINIMUM TEMPERATURE (F)   15        -3      2008


SUNRISE AND SUNSET
DECEMBER 25 2014......SUNRISE   728 AM PST   SUNSET   415 PM PST
DECEMBER 26 2014......SUNRISE   728 AM PST   SUNSET   416 PM PST


-  INDICATES NEGATIVE NUMBERS.
R  INDICATES RECORD WAS SET OR TIED.
MM INDICATES DATA IS MISSING.
T  INDICATES TRACE AMOUNT.




$$
