000
CDUS46 KBOI 200934
CLIBKE


CLIMATE REPORT
NATIONAL WEATHER SERVICE BOISE ID
234 AM MST MON FEB 20 2017


...................................

...THE BAKER OR CLIMATE SUMMARY FOR FEBRUARY 19 2017...

CLIMATE NORMAL PERIOD 1981 TO 2010
CLIMATE RECORD PERIOD 1948 TO 2017


WEATHER ITEM   OBSERVED TIME   RECORD YEAR NORMAL DEPARTURE LAST
                VALUE   (LST)  VALUE       VALUE  FROM      YEAR
                                                  NORMAL
..................................................................
TEMPERATURE (F)
 YESTERDAY
  MAXIMUM         48    111 PM  60    1977  41      7       51
  MINIMUM         33    628 AM  -2    2006  20     13       28
  AVERAGE         41                        30     11       40

PRECIPITATION (IN)
  YESTERDAY        0.03          0.21 1980   0.02   0.01      T
  MONTH TO DATE    0.73                      0.39   0.34     0.21
  SINCE OCT 1      4.15                      3.70   0.45     3.14
  SINCE JAN 1      1.41                      1.19   0.22     0.60

DEGREE DAYS
 HEATING
  YESTERDAY       24                        35    -11       25
  MONTH TO DATE  601                       698    -97      607
  SINCE DEC 1   3755                      3184    571     2902
  SINCE JUL 1   5529                      5221    308     4753

 COOLING
  YESTERDAY        0                         0      0        0
  MONTH TO DATE    0                         0      0        0
  SINCE DEC 1      0                         0      0        0
  SINCE JAN 1      0                         0      0        0
..................................................................


WIND (MPH)
  RESULTANT WIND SPEED   9   RESULTANT WIND DIRECTION  SE (150)
  HIGHEST WIND SPEED    21   HIGHEST WIND DIRECTION     S (170)
  HIGHEST GUST SPEED    25   HIGHEST GUST DIRECTION    SE (150)
  AVERAGE WIND SPEED     9.8


SKY COVER
  AVERAGE SKY COVER 0.6


WEATHER CONDITIONS
 THE FOLLOWING WEATHER WAS RECORDED YESTERDAY.
  LIGHT RAIN
  LIGHT SNOW


RELATIVE HUMIDITY (PERCENT)
 HIGHEST   100          1200 AM
 LOWEST     49           100 PM
 AVERAGE    75

..........................................................


THE BAKER OR CLIMATE NORMALS FOR TODAY
                         NORMAL    RECORD    YEAR
 MAXIMUM TEMPERATURE (F)   42        59      1968
 MINIMUM TEMPERATURE (F)   20         0      1957


SUNRISE AND SUNSET
FEBRUARY 20 2017......SUNRISE   643 AM PST   SUNSET   527 PM PST
FEBRUARY 21 2017......SUNRISE   642 AM PST   SUNSET   528 PM PST


-  INDICATES NEGATIVE NUMBERS.
R  INDICATES RECORD WAS SET OR TIED.
MM INDICATES DATA IS MISSING.
T  INDICATES TRACE AMOUNT.




$$
