000
CDUS46 KBOI 200932
CLIBKE


CLIMATE REPORT
NATIONAL WEATHER SERVICE BOISE ID
231 AM MST MON NOV 20 2017


...................................

...THE BAKER OR CLIMATE SUMMARY FOR NOVEMBER 19 2017...

CLIMATE NORMAL PERIOD 1981 TO 2010
CLIMATE RECORD PERIOD 1928 TO 2017


WEATHER ITEM   OBSERVED TIME   RECORD YEAR NORMAL DEPARTURE LAST
                VALUE   (LST)  VALUE       VALUE  FROM      YEAR
                                                  NORMAL
..................................................................
TEMPERATURE (F)
 YESTERDAY
  MAXIMUM         44    136 PM  63    2003  42      2       43
  MINIMUM         30    633 AM   1    1956  22      8       38
  AVERAGE         37                        32      5       41

PRECIPITATION (IN)
  YESTERDAY        0.00          0.81 1937   0.03  -0.03      T
  MONTH TO DATE    0.26                      0.56  -0.30     0.33
  SINCE OCT 1      0.82                      1.19  -0.37     1.66
  SINCE JAN 1      6.56                      8.81  -2.25     5.36

DEGREE DAYS
 HEATING
  YESTERDAY       28                        33     -5       24
  MONTH TO DATE  496                       566    -70      414
  SINCE SEP 1   1354                      1494   -140     1297
  SINCE JUL 1   1366                      1645   -279     1443

 COOLING
  YESTERDAY        0                         0      0        0
  MONTH TO DATE    0                         0      0        0
  SINCE SEP 1     53                         9     44        0
  SINCE JAN 1    357                       169    188      132
..................................................................


WIND (MPH)
  RESULTANT WIND SPEED  16   RESULTANT WIND DIRECTION   E (100)
  HIGHEST WIND SPEED    25   HIGHEST WIND DIRECTION     E (100)
  HIGHEST GUST SPEED    31   HIGHEST GUST DIRECTION     E (110)
  AVERAGE WIND SPEED    15.9


SKY COVER
  AVERAGE SKY COVER 0.1


WEATHER CONDITIONS
 THE FOLLOWING WEATHER WAS RECORDED YESTERDAY.
  NO SIGNIFICANT WEATHER WAS OBSERVED.


RELATIVE HUMIDITY (PERCENT)
 HIGHEST    63          1200 AM
 LOWEST     43          1100 AM
 AVERAGE    53

..........................................................


THE BAKER OR CLIMATE NORMALS FOR TODAY
                         NORMAL    RECORD    YEAR
 MAXIMUM TEMPERATURE (F)   41        59      1966
 MINIMUM TEMPERATURE (F)   21         4      1977


SUNRISE AND SUNSET
NOVEMBER 20 2017......SUNRISE   656 AM PST   SUNSET   418 PM PST
NOVEMBER 21 2017......SUNRISE   657 AM PST   SUNSET   417 PM PST


-  INDICATES NEGATIVE NUMBERS.
R  INDICATES RECORD WAS SET OR TIED.
MM INDICATES DATA IS MISSING.
T  INDICATES TRACE AMOUNT.




$$
