000
CDUS46 KBOI 220934
CLIBKE


CLIMATE REPORT
NATIONAL WEATHER SERVICE BOISE ID
334 AM MDT SAT JUL 22 2017


...................................

...THE BAKER OR CLIMATE SUMMARY FOR JULY 21 2017...

CLIMATE NORMAL PERIOD 1981 TO 2010
CLIMATE RECORD PERIOD 1928 TO 2017


WEATHER ITEM   OBSERVED TIME   RECORD YEAR NORMAL DEPARTURE LAST
                VALUE   (LST)  VALUE       VALUE  FROM      YEAR
                                                  NORMAL
..................................................................
TEMPERATURE (F)
 YESTERDAY
  MAXIMUM         86    234 PM 100    2005  86      0       94
  MINIMUM         45    425 AM  36    1949  47     -2       41
  AVERAGE         66                        66      0       68

PRECIPITATION (IN)
  YESTERDAY        0.00          0.26 1987   0.01  -0.01     0.00
  MONTH TO DATE    T                         0.47  -0.47     0.80
  SINCE OCT 1      7.53                      8.69  -1.16     6.05
  SINCE JAN 1      4.79                      6.18  -1.39     3.51

DEGREE DAYS
 HEATING
  YESTERDAY        0                         1     -1        0
  MONTH TO DATE    6                        57    -51       81
  SINCE JUN 1    182                       283   -101      273
  SINCE JUL 1      6                        57    -51       81

 COOLING
  YESTERDAY        1                         3     -2        3
  MONTH TO DATE   82                        44     38        3
  SINCE JUN 1    103                        60     43       49
  SINCE JAN 1    103                        62     41       49
..................................................................


WIND (MPH)
  RESULTANT WIND SPEED   6   RESULTANT WIND DIRECTION  NW (300)
  HIGHEST WIND SPEED    17   HIGHEST WIND DIRECTION    NW (320)
  HIGHEST GUST SPEED    22   HIGHEST GUST DIRECTION    NW (320)
  AVERAGE WIND SPEED     6.4


SKY COVER
  AVERAGE SKY COVER 0.0


WEATHER CONDITIONS
 THE FOLLOWING WEATHER WAS RECORDED YESTERDAY.
  NO SIGNIFICANT WEATHER WAS OBSERVED.


RELATIVE HUMIDITY (PERCENT)
 HIGHEST    71           100 AM
 LOWEST     16           200 PM
 AVERAGE    44

..........................................................


THE BAKER OR CLIMATE NORMALS FOR TODAY
                         NORMAL    RECORD    YEAR
 MAXIMUM TEMPERATURE (F)   86       102      1980
                                             1961
 MINIMUM TEMPERATURE (F)   47        34      1965


SUNRISE AND SUNSET
JULY 22 2017..........SUNRISE   527 AM PDT   SUNSET   828 PM PDT
JULY 23 2017..........SUNRISE   528 AM PDT   SUNSET   827 PM PDT


-  INDICATES NEGATIVE NUMBERS.
R  INDICATES RECORD WAS SET OR TIED.
MM INDICATES DATA IS MISSING.
T  INDICATES TRACE AMOUNT.




$$
