000
CDUS41 KRLX 300735
CLIBKW


CLIMATE REPORT
NATIONAL WEATHER SERVICE CHARLESTON WV
329 AM EDT WED JUL 30 2014


...................................

...THE BECKLEY WV CLIMATE SUMMARY FOR JULY 29 2014...

CLIMATE NORMAL PERIOD 1981 TO 2010
CLIMATE RECORD PERIOD 1963 TO 2014


WEATHER ITEM   OBSERVED TIME   RECORD YEAR NORMAL DEPARTURE LAST
                VALUE   (LST)  VALUE       VALUE  FROM      YEAR
                                                  NORMAL
..................................................................
TEMPERATURE (F)
 YESTERDAY
  MAXIMUM         70    227 PM  96    1896  80    -10       73
  MINIMUM         53   1159 PM  46    1914  61     -8       50
  AVERAGE         62                        70     -8       62

PRECIPITATION (IN)
  YESTERDAY        0.01          1.69 1972   0.17  -0.16     0.00
  MONTH TO DATE    2.50                      4.69  -2.19     4.45
  SINCE JAN 1     20.48                     25.85  -5.37    24.65

SNOWFALL (IN)
  YESTERDAY        0.0
  MONTH TO DATE    0.0
  SINCE SEP 1     76.3
  SNOW DEPTH       0

DEGREE DAYS
 HEATING
  YESTERDAY        3                         0      3        3
  MONTH TO DATE   18                         0     18        3
  SINCE JUN 1     30                        39     -9       10
  SINCE JUL 1     18                         0     18        3

 COOLING
  YESTERDAY        0                         6     -6        0
  MONTH TO DATE  150                       174    -24      205
  SINCE JUN 1    321                       285     36      330
  SINCE JAN 1    396                       326     70      397
..................................................................


WIND (MPH)
  HIGHEST WIND SPEED    15   HIGHEST WIND DIRECTION    NW (320)
  HIGHEST GUST SPEED    20   HIGHEST GUST DIRECTION    NW (320)
  AVERAGE WIND SPEED     5.8


SKY COVER
  POSSIBLE SUNSHINE  MM
  AVERAGE SKY COVER 0.7


WEATHER CONDITIONS
 THE FOLLOWING WEATHER WAS RECORDED YESTERDAY.
  RAIN
  LIGHT RAIN
  FOG


RELATIVE HUMIDITY (PERCENT)
 HIGHEST    93           400 AM
 LOWEST     47           400 PM
 AVERAGE    70

..........................................................


THE BECKLEY WV CLIMATE NORMALS FOR TODAY
                         NORMAL    RECORD    YEAR
 MAXIMUM TEMPERATURE (F)   80        92      1931
                                             1917
 MINIMUM TEMPERATURE (F)   61        47      1932


SUNRISE AND SUNSET
JULY 30 2014..........SUNRISE   626 AM EDT   SUNSET   835 PM EDT
JULY 31 2014..........SUNRISE   627 AM EDT   SUNSET   834 PM EDT


-  INDICATES NEGATIVE NUMBERS.
R  INDICATES RECORD WAS SET OR TIED.
MM INDICATES DATA IS MISSING.
T  INDICATES TRACE AMOUNT.




$$
