000
CDUS41 KRLX 252129
CLIBKW


CLIMATE REPORT
NATIONAL WEATHER SERVICE CHARLESTON WV
529 PM EDT TUE APR 25 2017


...................................

...THE BECKLEY WV CLIMATE SUMMARY FOR APRIL 25 2017...
VALID TODAY AS OF 0500 PM LOCAL TIME.

CLIMATE NORMAL PERIOD 1981 TO 2010
CLIMATE RECORD PERIOD 1963 TO 2017


WEATHER ITEM   OBSERVED TIME   RECORD YEAR NORMAL DEPARTURE LAST
                VALUE   (LST)  VALUE       VALUE  FROM      YEAR
                                                  NORMAL
..................................................................
TEMPERATURE (F)
 TODAY
  MAXIMUM         65   1250 PM  87    1925  66     -1       77
  MINIMUM         50    250 AM  21    1956  44      6       50
  AVERAGE         58                        55      3       64

PRECIPITATION (IN)
  TODAY            0.02          1.23 1901   0.12  -0.10     0.00
  MONTH TO DATE    3.18                      2.76   0.42     1.36
  SINCE MAR 1      7.35                      6.33   1.02     3.66
  SINCE JAN 1     13.72                     11.90   1.82     9.52

DEGREE DAYS
 HEATING
  TODAY            7                        10     -3        1
  MONTH TO DATE  221                       346   -125      342
  SINCE MAR 1    915                      1058   -143      798
  SINCE JUL 1   4049                      5059  -1010     4173

 COOLING
  TODAY            0                         0      0        0
  MONTH TO DATE    9                         0      9        1
  SINCE MAR 1      9                         1      8        3
  SINCE JAN 1      9                         1      8        3
..................................................................


WIND (MPH)
  HIGHEST WIND SPEED    14   HIGHEST WIND DIRECTION     E (90)
  HIGHEST GUST SPEED    20   HIGHEST GUST DIRECTION    SE (120)
  AVERAGE WIND SPEED     6.4


SKY COVER
  POSSIBLE SUNSHINE  MM
  AVERAGE SKY COVER 1.0


WEATHER CONDITIONS
 THE FOLLOWING WEATHER WAS RECORDED TODAY.
  LIGHT RAIN


RELATIVE HUMIDITY (PERCENT)
 HIGHEST    89           100 AM
 LOWEST     67           100 PM
 AVERAGE    78

..........................................................


THE BECKLEY WV CLIMATE NORMALS FOR TOMORROW
                         NORMAL    RECORD    YEAR
 MAXIMUM TEMPERATURE (F)   66        87      1949
 MINIMUM TEMPERATURE (F)   44        24      1934


SUNRISE AND SUNSET
APRIL 25 2017.........SUNRISE   636 AM EDT   SUNSET   810 PM EDT
APRIL 26 2017.........SUNRISE   634 AM EDT   SUNSET   811 PM EDT


-  INDICATES NEGATIVE NUMBERS.
R  INDICATES RECORD WAS SET OR TIED.
MM INDICATES DATA IS MISSING.
T  INDICATES TRACE AMOUNT.




$$
