000
CDUS41 KRLX 170722
CLIBKW


CLIMATE REPORT
NATIONAL WEATHER SERVICE CHARLESTON WV
320 AM EDT THU APR 17 2014


...................................

...THE BECKLEY WV CLIMATE SUMMARY FOR APRIL 16 2014...

CLIMATE NORMAL PERIOD 1981 TO 2010
CLIMATE RECORD PERIOD 1963 TO 2014


WEATHER ITEM   OBSERVED TIME   RECORD YEAR NORMAL DEPARTURE LAST
                VALUE   (LST)  VALUE       VALUE  FROM      YEAR
                                                  NORMAL
..................................................................
TEMPERATURE (F)
 YESTERDAY
  MAXIMUM         50    548 PM  84    2002  63    -13       80
  MINIMUM         21    605 AM  16    1935  42    -21       54
  AVERAGE         36                        52    -16       67

PRECIPITATION (IN)
  YESTERDAY        0.00          1.33 1908   0.11  -0.11     0.04
  MONTH TO DATE    1.52                      1.73  -0.21     1.68
  SINCE JAN 1      9.09                     10.87  -1.78    10.02

SNOWFALL (IN)
  YESTERDAY        0.0
  MONTH TO DATE    0.6
  SINCE SEP 1     76.3
  SNOW DEPTH       0

DEGREE DAYS
 HEATING
  YESTERDAY       29                        13     16        0
  MONTH TO DATE  183                       243    -60      204
  SINCE MAR 1   1001                       955     46     1118
  SINCE JUL 1   5209                      4956    253     4932

 COOLING
  YESTERDAY        0                         0      0        2
  MONTH TO DATE    5                         0      5       13
  SINCE MAR 1      5                         1      4       13
  SINCE JAN 1      5                         1      4       13
..................................................................


WIND (MPH)
  HIGHEST WIND SPEED    20   HIGHEST WIND DIRECTION    SE (140)
  HIGHEST GUST SPEED    30   HIGHEST GUST DIRECTION    SE (130)
  AVERAGE WIND SPEED     8.3


SKY COVER
  POSSIBLE SUNSHINE  MM
  AVERAGE SKY COVER 0.1


WEATHER CONDITIONS
 THE FOLLOWING WEATHER WAS RECORDED YESTERDAY.
  NO SIGNIFICANT WEATHER WAS OBSERVED.


RELATIVE HUMIDITY (PERCENT)
 HIGHEST    68           500 AM
 LOWEST     29           500 PM
 AVERAGE    49

..........................................................


THE BECKLEY WV CLIMATE NORMALS FOR TODAY
                         NORMAL    RECORD    YEAR
 MAXIMUM TEMPERATURE (F)   64        84      1976
 MINIMUM TEMPERATURE (F)   42        21      1962


SUNRISE AND SUNSET
APRIL 17 2014.........SUNRISE   647 AM EDT   SUNSET   802 PM EDT
APRIL 18 2014.........SUNRISE   645 AM EDT   SUNSET   803 PM EDT


-  INDICATES NEGATIVE NUMBERS.
R  INDICATES RECORD WAS SET OR TIED.
MM INDICATES DATA IS MISSING.
T  INDICATES TRACE AMOUNT.




$$
