000
CDUS41 KRLX 202136
CLIBKW


CLIMATE REPORT
NATIONAL WEATHER SERVICE CHARLESTON WV
535 PM EDT SAT SEP 20 2014


...................................

...THE BECKLEY WV CLIMATE SUMMARY FOR SEPTEMBER 20 2014...
VALID TODAY AS OF 0500 PM LOCAL TIME.

CLIMATE NORMAL PERIOD 1981 TO 2010
CLIMATE RECORD PERIOD 1963 TO 2014


WEATHER ITEM   OBSERVED TIME   RECORD YEAR NORMAL DEPARTURE LAST
                VALUE   (LST)  VALUE       VALUE  FROM      YEAR
                                                  NORMAL
..................................................................
TEMPERATURE (F)
 TODAY
  MAXIMUM         77    107 PM  86    1931  71      6       75
  MINIMUM         58    631 AM  29    1937  52      6       63
  AVERAGE         68                        62      6       69

PRECIPITATION (IN)
  TODAY            0.00          2.75 1954   0.10  -0.10     0.09
  MONTH TO DATE    2.08                      2.06   0.02     0.89
  SINCE SEP 1      2.08                      2.06   0.02     0.89
  SINCE JAN 1     26.58                     31.72  -5.14    30.86

DEGREE DAYS
 HEATING
  TODAY            0                         5     -5        0
  MONTH TO DATE   31                        50    -19       42
  SINCE SEP 1     31                        50    -19       42
  SINCE JUL 1     60                        71    -11       62

 COOLING
  TODAY            3                         1      2        4
  MONTH TO DATE   77                        49     28       57
  SINCE SEP 1     77                        49     28       57
  SINCE JAN 1    601                       542     59      600
..................................................................


WIND (MPH)
  HIGHEST WIND SPEED    16   HIGHEST WIND DIRECTION    SE (140)
  HIGHEST GUST SPEED    23   HIGHEST GUST DIRECTION    SE (150)
  AVERAGE WIND SPEED     7.7


SKY COVER
  POSSIBLE SUNSHINE  MM
  AVERAGE SKY COVER 0.3


WEATHER CONDITIONS
 THE FOLLOWING WEATHER WAS RECORDED TODAY.
  NO SIGNIFICANT WEATHER WAS OBSERVED.


RELATIVE HUMIDITY (PERCENT)
 HIGHEST    87          1200 AM
 LOWEST     53          1200 PM
 AVERAGE    70

..........................................................


THE BECKLEY WV CLIMATE NORMALS FOR TOMORROW
                         NORMAL    RECORD    YEAR
 MAXIMUM TEMPERATURE (F)   71        89      1931
 MINIMUM TEMPERATURE (F)   52        25      1956


SUNRISE AND SUNSET
SEPTEMBER 20 2014.....SUNRISE   710 AM EDT   SUNSET   725 PM EDT
SEPTEMBER 21 2014.....SUNRISE   711 AM EDT   SUNSET   723 PM EDT


-  INDICATES NEGATIVE NUMBERS.
R  INDICATES RECORD WAS SET OR TIED.
MM INDICATES DATA IS MISSING.
T  INDICATES TRACE AMOUNT.




$$
