748
CDUS41 KRLX 260725
CLIBKW


CLIMATE REPORT
NATIONAL WEATHER SERVICE CHARLESTON WV
325 AM EDT WED JUL 26 2017


...................................

...THE BECKLEY WV CLIMATE SUMMARY FOR JULY 25 2017...

CLIMATE NORMAL PERIOD 1981 TO 2010
CLIMATE RECORD PERIOD 1963 TO 2017


WEATHER ITEM   OBSERVED TIME   RECORD YEAR NORMAL DEPARTURE LAST
                VALUE   (LST)  VALUE       VALUE  FROM      YEAR
                                                  NORMAL
..................................................................
TEMPERATURE (F)
 YESTERDAY
  MAXIMUM         79    359 PM  93    1934  80     -1       88
  MINIMUM         60   1152 PM  46    1954  61     -1       68
                                      1953
  AVERAGE         70                        70      0       78

PRECIPITATION (IN)
  YESTERDAY        0.00          1.49 1933   0.17  -0.17     0.04
  MONTH TO DATE    1.99                      4.02  -2.03     4.67
  SINCE JAN 1     29.82                     25.18   4.64    29.85

SNOWFALL (IN)
  YESTERDAY        0.0
  MONTH TO DATE    0.0
  SINCE SEP 1     26.0
  SNOW DEPTH       0

DEGREE DAYS
 HEATING
  YESTERDAY        0                         0      0        0
  MONTH TO DATE    0                         0      0        0
  SINCE JUN 1     38                        39     -1       16
  SINCE JUL 1      0                         0      0        0

 COOLING
  YESTERDAY        5                         6     -1       13
  MONTH TO DATE  197                       150     47      194
  SINCE JUN 1    298                       261     37      333
  SINCE JAN 1    363                       302     61      374
..................................................................


WIND (MPH)
  HIGHEST WIND SPEED    13   HIGHEST WIND DIRECTION    NW (320)
  HIGHEST GUST SPEED    27   HIGHEST GUST DIRECTION    NW (330)
  AVERAGE WIND SPEED     5.8


SKY COVER
  POSSIBLE SUNSHINE  MM
  AVERAGE SKY COVER 0.4


WEATHER CONDITIONS
 THE FOLLOWING WEATHER WAS RECORDED YESTERDAY.
  FOG


RELATIVE HUMIDITY (PERCENT)
 HIGHEST    93          1200 AM
 LOWEST     43           200 PM
 AVERAGE    68

..........................................................


THE BECKLEY WV CLIMATE NORMALS FOR TODAY
                         NORMAL    RECORD    YEAR
 MAXIMUM TEMPERATURE (F)   80        93      1934
 MINIMUM TEMPERATURE (F)   61        42      1911


SUNRISE AND SUNSET
JULY 26 2017..........SUNRISE   623 AM EDT   SUNSET   838 PM EDT
JULY 27 2017..........SUNRISE   624 AM EDT   SUNSET   837 PM EDT


-  INDICATES NEGATIVE NUMBERS.
R  INDICATES RECORD WAS SET OR TIED.
MM INDICATES DATA IS MISSING.
T  INDICATES TRACE AMOUNT.




$$
