108
CDUS41 KRLX 262116
CLIBKW


CLIMATE REPORT
NATIONAL WEATHER SERVICE CHARLESTON WV
516 PM EDT THU MAY 26 2016


...................................

...THE BECKLEY WV CLIMATE SUMMARY FOR MAY 26 2016...
VALID TODAY AS OF 0500 PM LOCAL TIME.

CLIMATE NORMAL PERIOD 1981 TO 2010
CLIMATE RECORD PERIOD 1963 TO 2016


WEATHER ITEM   OBSERVED TIME   RECORD YEAR NORMAL DEPARTURE LAST
                VALUE   (LST)  VALUE       VALUE  FROM      YEAR
                                                  NORMAL
..................................................................
TEMPERATURE (F)
 TODAY
  MAXIMUM         75   1111 AM  90    1926  72      3       81
  MINIMUM         61    524 AM  30    1934  52      9       64
                                      1897
  AVERAGE         68                        62      6       73

PRECIPITATION (IN)
  TODAY            0.07          1.88 1917   0.16  -0.09      T
  MONTH TO DATE    6.59                      3.89   2.70     0.91
  SINCE MAR 1     11.25                     10.82   0.43    13.06
  SINCE JAN 1     17.11                     16.39   0.72    19.71

DEGREE DAYS
 HEATING
  TODAY            0                         4     -4        0
  MONTH TO DATE  200                       174     26       88
  SINCE MAR 1   1004                      1282   -278     1111
  SINCE JUL 1   4379                      5283   -904     5444

 COOLING
  TODAY            3                         1      2        8
  MONTH TO DATE   10                        20    -10       69
  SINCE MAR 1     18                        30    -12       72
  SINCE JAN 1     18                        30    -12       72
..................................................................


WIND (MPH)
  HIGHEST WIND SPEED    18   HIGHEST WIND DIRECTION    SW (240)
  HIGHEST GUST SPEED    24   HIGHEST GUST DIRECTION    SW (230)
  AVERAGE WIND SPEED     4.9


SKY COVER
  POSSIBLE SUNSHINE  MM
  AVERAGE SKY COVER 0.9


WEATHER CONDITIONS
 THE FOLLOWING WEATHER WAS RECORDED TODAY.
  HEAVY RAIN
  RAIN
  LIGHT RAIN
  FOG


RELATIVE HUMIDITY (PERCENT)
 HIGHEST    90           700 AM
 LOWEST     61           900 AM
 AVERAGE    76

..........................................................


THE BECKLEY WV CLIMATE NORMALS FOR TOMORROW
                         NORMAL    RECORD    YEAR
 MAXIMUM TEMPERATURE (F)   72        88      1919
 MINIMUM TEMPERATURE (F)   52        28      1897


SUNRISE AND SUNSET
MAY 26 2016...........SUNRISE   607 AM EDT   SUNSET   837 PM EDT
MAY 27 2016...........SUNRISE   606 AM EDT   SUNSET   838 PM EDT


-  INDICATES NEGATIVE NUMBERS.
R  INDICATES RECORD WAS SET OR TIED.
MM INDICATES DATA IS MISSING.
T  INDICATES TRACE AMOUNT.




$$
