000
CDUS41 KRLX 212219
CLIBKW


CLIMATE REPORT
NATIONAL WEATHER SERVICE CHARLESTON WV
519 PM EST TUE FEB 21 2017


...................................

...THE BECKLEY WV CLIMATE SUMMARY FOR FEBRUARY 21 2017...
VALID TODAY AS OF 0500 PM LOCAL TIME.

CLIMATE NORMAL PERIOD 1981 TO 2010
CLIMATE RECORD PERIOD 1963 TO 2017


WEATHER ITEM   OBSERVED TIME   RECORD YEAR NORMAL DEPARTURE LAST
                VALUE   (LST)  VALUE       VALUE  FROM      YEAR
                                                  NORMAL
..................................................................
TEMPERATURE (F)
 TODAY
  MAXIMUM         64    359 PM  70    1916  45     19       54
  MINIMUM         49    827 AM  -2    1968  27     22       48
  AVERAGE         57                        36     21       51

PRECIPITATION (IN)
  TODAY            0.00          2.10 2015   0.10  -0.10     0.98
  MONTH TO DATE    0.48                      2.05  -1.57     2.74
  SINCE DEC 1      9.83                      7.86   1.97     8.71
  SINCE JAN 1      5.19                      4.86   0.33     5.16

DEGREE DAYS
 HEATING
  TODAY            8                        29    -21       14
  MONTH TO DATE  506                       658   -152      683
  SINCE DEC 1   2245                      2662   -417     2320
  SINCE JUL 1   3020                      3802   -782     3179

 COOLING
  TODAY            0                         0      0        0
  MONTH TO DATE    0                         0      0        0
  SINCE DEC 1      0                         0      0        0
  SINCE JAN 1      0                         0      0        0
..................................................................


WIND (MPH)
  HIGHEST WIND SPEED    18   HIGHEST WIND DIRECTION    SE (150)
  HIGHEST GUST SPEED    25   HIGHEST GUST DIRECTION    SE (150)
  AVERAGE WIND SPEED    10.6


SKY COVER
  POSSIBLE SUNSHINE  MM
  AVERAGE SKY COVER 0.0


WEATHER CONDITIONS
 THE FOLLOWING WEATHER WAS RECORDED TODAY.
  NO SIGNIFICANT WEATHER WAS OBSERVED.


RELATIVE HUMIDITY (PERCENT)
 HIGHEST    56           800 AM
 LOWEST     38          1200 AM
 AVERAGE    47

..........................................................


THE BECKLEY WV CLIMATE NORMALS FOR TOMORROW
                         NORMAL    RECORD    YEAR
 MAXIMUM TEMPERATURE (F)   45        71      1916
 MINIMUM TEMPERATURE (F)   27       -10      1963


SUNRISE AND SUNSET
FEBRUARY 21 2017......SUNRISE   706 AM EST   SUNSET   610 PM EST
FEBRUARY 22 2017......SUNRISE   705 AM EST   SUNSET   611 PM EST


-  INDICATES NEGATIVE NUMBERS.
R  INDICATES RECORD WAS SET OR TIED.
MM INDICATES DATA IS MISSING.
T  INDICATES TRACE AMOUNT.




$$
