000
CDUS41 KRLX 012223
CLIBKW


CLIMATE REPORT
NATIONAL WEATHER SERVICE CHARLESTON WV
523 PM EST SUN FEB 1 2015


...................................

...THE BECKLEY WV CLIMATE SUMMARY FOR FEBRUARY 1 2015...
VALID TODAY AS OF 0500 PM LOCAL TIME.

CLIMATE NORMAL PERIOD 1981 TO 2010
CLIMATE RECORD PERIOD 1963 TO 2015


WEATHER ITEM   OBSERVED TIME   RECORD YEAR NORMAL DEPARTURE LAST
                VALUE   (LST)  VALUE       VALUE  FROM      YEAR
                                                  NORMAL
..................................................................
TEMPERATURE (F)
 TODAY
  MAXIMUM         45    339 PM  68    1988  40      5       56
  MINIMUM         29    201 AM  -6    1899  24      5       32
  AVERAGE         37                        32      5       44

PRECIPITATION (IN)
  TODAY            T             0.95 1950   0.09  -0.09     0.00
  MONTH TO DATE    T                         0.09  -0.09     0.00
  SINCE DEC 1      5.22                      5.90  -0.68     8.30
  SINCE JAN 1      2.23                      2.90  -0.67     1.94

DEGREE DAYS
 HEATING
  TODAY           28                        33     -5       21
  MONTH TO DATE   28                        33     -5       21
  SINCE DEC 1   1959                      2037    -78     2118
  SINCE JUL 1   3200                      3177     23     3300

 COOLING
  TODAY            0                         0      0        0
  MONTH TO DATE    0                         0      0        0
  SINCE DEC 1      0                         0      0        0
  SINCE JAN 1      0                         0      0        0
..................................................................


WIND (MPH)
  HIGHEST WIND SPEED    23   HIGHEST WIND DIRECTION     S (200)
  HIGHEST GUST SPEED    35   HIGHEST GUST DIRECTION     S (180)
  AVERAGE WIND SPEED     6.3


SKY COVER
  POSSIBLE SUNSHINE  MM
  AVERAGE SKY COVER 0.8


WEATHER CONDITIONS
 THE FOLLOWING WEATHER WAS RECORDED TODAY.
  LIGHT RAIN


RELATIVE HUMIDITY (PERCENT)
 HIGHEST    53           300 AM
 LOWEST     27          1100 AM
 AVERAGE    40

..........................................................


THE BECKLEY WV CLIMATE NORMALS FOR TOMORROW
                         NORMAL    RECORD    YEAR
 MAXIMUM TEMPERATURE (F)   41        68      1989
                                             1915
 MINIMUM TEMPERATURE (F)   24        -3      1971


SUNRISE AND SUNSET
FEBRUARY  1 2015......SUNRISE   729 AM EST   SUNSET   548 PM EST
FEBRUARY  2 2015......SUNRISE   728 AM EST   SUNSET   549 PM EST


-  INDICATES NEGATIVE NUMBERS.
R  INDICATES RECORD WAS SET OR TIED.
MM INDICATES DATA IS MISSING.
T  INDICATES TRACE AMOUNT.




$$
