000
CDUS41 KRNK 092122
CLIBLF


CLIMATE REPORT
NATIONAL WEATHER SERVICE BLACKSBURG VA
519 PM EDT WED JUL 9 2014


...................................

...THE BLUEFIELD WV CLIMATE SUMMARY FOR JULY 9 2014...
VALID TODAY AS OF 0500 PM LOCAL TIME.

CLIMATE NORMAL PERIOD 1981 TO 2010
CLIMATE RECORD PERIOD 1959 TO 2014


WEATHER ITEM   OBSERVED TIME   RECORD YEAR NORMAL DEPARTURE LAST
                VALUE   (LST)  VALUE       VALUE  FROM      YEAR
                                                  NORMAL
..................................................................
TEMPERATURE (F)
 TODAY
  MAXIMUM         77    401 PM  92    2007  81     -4       86
                                      1993
  MINIMUM         67    126 PM  49    1963  65      2       69
  AVERAGE         72                        73     -1

PRECIPITATION (IN)
  TODAY            0.31          0.87 1986   0.14   0.17      T
  MONTH TO DATE    0.44                      1.24  -0.80     1.26
  SINCE JUN 1      4.04                      5.38  -1.34     6.09
  SINCE JAN 1     15.70                     22.20  -6.50    24.62

SNOWFALL (IN)
  TODAY            0.0
  MONTH TO DATE    0.0
  SINCE JUN 1      0.0
  SINCE JUL 1      0.0
  SNOW DEPTH       0

DEGREE DAYS
 HEATING
  TODAY            0                         0      0
  MONTH TO DATE    0                         0      0
  SINCE JUN 1      2                        22    -20
  SINCE JUL 1      0                         0      0

 COOLING
  TODAY            7                         8     -1
  MONTH TO DATE   69                        72     -3
  SINCE JUN 1    290                       238     52
  SINCE JAN 1    419                       329     90
..................................................................


WIND (MPH)
  HIGHEST WIND SPEED    16   HIGHEST WIND DIRECTION     W (280)
  HIGHEST GUST SPEED    24   HIGHEST GUST DIRECTION     W (280)
  AVERAGE WIND SPEED     7.8


SKY COVER
  POSSIBLE SUNSHINE  MM
  AVERAGE SKY COVER 0.9


WEATHER CONDITIONS
 THE FOLLOWING WEATHER WAS RECORDED TODAY.
  THUNDERSTORM
  HEAVY RAIN
  RAIN
  LIGHT RAIN
  FOG


RELATIVE HUMIDITY (PERCENT)
 HIGHEST    84          1200 AM
 LOWEST     68          1000 AM
 AVERAGE    76

..........................................................


THE BLUEFIELD WV CLIMATE NORMALS FOR TOMORROW
                         NORMAL    RECORD    YEAR
 MAXIMUM TEMPERATURE (F)   81        90      1988
 MINIMUM TEMPERATURE (F)   65        40      1963


SUNRISE AND SUNSET
JULY  9 2014..........SUNRISE   612 AM EDT   SUNSET   848 PM EDT
JULY 10 2014..........SUNRISE   613 AM EDT   SUNSET   847 PM EDT


-  INDICATES NEGATIVE NUMBERS.
R  INDICATES RECORD WAS SET OR TIED.
MM INDICATES DATA IS MISSING.
T  INDICATES TRACE AMOUNT.


REMARKS:
DUE TO A POWER FAILURE CAUSING A MISSING LOW TEMPERATURE ON MAY
30...THE SEASONAL TOTAL AND DEPARTURE FROM NORMAL FOR CDD WILL BE
CALCULATED WITHOUT DATA FROM THAT DATE.


$$
