000
CDUS41 KRNK 172219
CLIBLF


CLIMATE REPORT
NATIONAL WEATHER SERVICE BLACKSBURG VA
518 PM EST TUE JAN 17 2017


...................................

...THE BLUEFIELD WV CLIMATE SUMMARY FOR JANUARY 17 2017...
VALID TODAY AS OF 0500 PM LOCAL TIME.

CLIMATE NORMAL PERIOD 1981 TO 2010
CLIMATE RECORD PERIOD 1959 TO 2017


WEATHER ITEM   OBSERVED TIME   RECORD YEAR NORMAL DEPARTURE LAST
                VALUE   (LST)  VALUE       VALUE  FROM      YEAR
                                                  NORMAL
..................................................................
TEMPERATURE (F)
 TODAY
  MAXIMUM         56    503 PM  63    1990  42     14       30
  MINIMUM         48   1209 AM -18    1982  26     22       23
  AVERAGE         52                        34     18       27

PRECIPITATION (IN)
  TODAY            0.22          1.09 2006   0.09   0.13     0.02
  MONTH TO DATE    1.99                      1.60   0.39     0.71
  SINCE DEC 1      5.19                      4.51   0.68     4.54
  SINCE JAN 1      1.99                      1.60   0.39     0.71

SNOWFALL (IN)
  TODAY           MM                                         0.3
  MONTH TO DATE    3.8                                       2.0
  SINCE DEC 1      9.7                                       2.1
  SINCE JUL 1      9.7                                       2.1
  SNOW DEPTH       0

DEGREE DAYS
 HEATING
  TODAY           13                        31    -18       38
  MONTH TO DATE  467                       527    -60      536
  SINCE DEC 1   1391                      1389      2      933
  SINCE JUL 1   2167                      2292   -125     1655

 COOLING
  TODAY            0                         0      0        0
  MONTH TO DATE    0                         0      0        0
  SINCE DEC 1      0                         0      0        3
  SINCE JAN 1      0                         0      0        0
..................................................................


WIND (MPH)
  HIGHEST WIND SPEED    22   HIGHEST WIND DIRECTION     W (250)
  HIGHEST GUST SPEED    30   HIGHEST GUST DIRECTION    SW (240)
  AVERAGE WIND SPEED     8.3


SKY COVER
  AVERAGE SKY COVER 0.9


WEATHER CONDITIONS
 THE FOLLOWING WEATHER WAS RECORDED TODAY.
  RAIN
  LIGHT RAIN


RELATIVE HUMIDITY (PERCENT)
 HIGHEST    93           800 AM
 LOWEST     77           100 AM
 AVERAGE    85

..........................................................


THE BLUEFIELD WV CLIMATE NORMALS FOR TOMORROW
                         NORMAL    RECORD    YEAR
 MAXIMUM TEMPERATURE (F)   42        63      1973
 MINIMUM TEMPERATURE (F)   26        -6      1994


SUNRISE AND SUNSET
JANUARY 17 2017.......SUNRISE   737 AM EST   SUNSET   533 PM EST
JANUARY 18 2017.......SUNRISE   737 AM EST   SUNSET   534 PM EST


-  INDICATES NEGATIVE NUMBERS.
R  INDICATES RECORD WAS SET OR TIED.
MM INDICATES DATA IS MISSING.
T  INDICATES TRACE AMOUNT.

REMARKS:
DUE TO A POWER OUTAGE CAUSING A MISSING HIGH TEMPERATURE ON NOVEMBER
10...THE SEASONAL HEATING DEGREE DAY TOTAL AND DEPARTURE FROM
NORMAL WILL BE CALCULATED WITHOUT DATA FROM THIS DATE.

$$
