000
CDUS41 KRNK 282147
CLIBLF


CLIMATE REPORT
NATIONAL WEATHER SERVICE BLACKSBURG VA
445 PM EST WED JAN 28 2015


...................................

...THE BLUEFIELD WV CLIMATE SUMMARY FOR JANUARY 28 2015...
VALID TODAY AS OF 0400 PM LOCAL TIME.

CLIMATE NORMAL PERIOD 1981 TO 2010
CLIMATE RECORD PERIOD 1959 TO 2015


WEATHER ITEM   OBSERVED TIME   RECORD YEAR NORMAL DEPARTURE LAST
                VALUE   (LST)  VALUE       VALUE  FROM      YEAR
                                                  NORMAL
..................................................................
TEMPERATURE (F)
 TODAY
  MAXIMUM         36    328 PM  63    2002  43     -7       16
  MINIMUM         18    900 AM  -8    1986  27     -9        6
  AVERAGE         27                        35     -8

PRECIPITATION (IN)
  TODAY            T             1.41 1998   0.10  -0.10     0.03
  MONTH TO DATE    1.43                      2.63  -1.20     1.57
  SINCE DEC 1      3.82                      5.54  -1.72     6.57
  SINCE JAN 1      1.43                      2.63  -1.20     1.57

SNOWFALL (IN)
  TODAY            T
  MONTH TO DATE    1.6
  SINCE DEC 1      2.5
  SINCE JUL 1      7.3
  SNOW DEPTH       0

DEGREE DAYS
 HEATING
  TODAY           38                        30      8
  MONTH TO DATE  879                       866     13
  SINCE DEC 1   1662                      1728    -66
  SINCE JUL 1   2747                      2631    116

 COOLING
  TODAY            0                         0      0
  MONTH TO DATE    0                         0      0
  SINCE DEC 1      0                         0      0
  SINCE JAN 1      0                         0      0
..................................................................


WIND (MPH)
  HIGHEST WIND SPEED    14   HIGHEST WIND DIRECTION    NW (300)
  HIGHEST GUST SPEED    18   HIGHEST GUST DIRECTION     W (290)
  AVERAGE WIND SPEED     6.5


SKY COVER
  POSSIBLE SUNSHINE  MM
  AVERAGE SKY COVER 0.5


WEATHER CONDITIONS
 THE FOLLOWING WEATHER WAS RECORDED TODAY.
  LIGHT SNOW


RELATIVE HUMIDITY (PERCENT)
 HIGHEST    80           500 AM
 LOWEST     44           400 PM
 AVERAGE    62

..........................................................


THE BLUEFIELD WV CLIMATE NORMALS FOR TOMORROW
                         NORMAL    RECORD    YEAR
 MAXIMUM TEMPERATURE (F)   43        68      2013
 MINIMUM TEMPERATURE (F)   27        -2      2014
                                             1977


SUNRISE AND SUNSET
JANUARY 28 2015.......SUNRISE   731 AM EST   SUNSET   545 PM EST
JANUARY 29 2015.......SUNRISE   730 AM EST   SUNSET   546 PM EST


-  INDICATES NEGATIVE NUMBERS.
R  INDICATES RECORD WAS SET OR TIED.
MM INDICATES DATA IS MISSING.
T  INDICATES TRACE AMOUNT.




$$
