000
CDUS41 KRNK 181028
CLIBLF


CLIMATE REPORT
NATIONAL WEATHER SERVICE BLACKSBURG VA
524 AM EST THU DEC 18 2014


...................................

...THE BLUEFIELD WV CLIMATE SUMMARY FOR DECEMBER 17 2014...

CLIMATE NORMAL PERIOD 1981 TO 2010
CLIMATE RECORD PERIOD 1959 TO 2014


WEATHER ITEM   OBSERVED TIME   RECORD YEAR NORMAL DEPARTURE LAST
                VALUE   (LST)  VALUE       VALUE  FROM      YEAR
                                                  NORMAL
..................................................................
TEMPERATURE (F)
 YESTERDAY
  MAXIMUM         42    304 PM  66    2006  44     -2       49
  MINIMUM         30   1159 PM  -2    1989  29      1       30
  AVERAGE         36                        37     -1

PRECIPITATION (IN)
  YESTERDAY        0.01          0.54 1990   0.09  -0.08     0.11
  MONTH TO DATE    1.32                      1.65  -0.33     2.68
  SINCE DEC 1      1.32                      1.65  -0.33     2.68
  SINCE JAN 1     36.18                     38.37  -2.19    39.69

SNOWFALL (IN)
  YESTERDAY        T
  MONTH TO DATE    0.3
  SINCE DEC 1      0.3
  SINCE JUL 1      5.1
  SNOW DEPTH       0

DEGREE DAYS
 HEATING
  YESTERDAY       29                        28      1
  MONTH TO DATE  421                       445    -24
  SINCE DEC 1    421                       445    -24
  SINCE JUL 1   1506                      1348    158

 COOLING
  YESTERDAY        0                         0      0
  MONTH TO DATE    0                         0      0
  SINCE DEC 1      0                         0      0
  SINCE JAN 1    827                       853    -26
..................................................................


WIND (MPH)
  HIGHEST WIND SPEED    20   HIGHEST WIND DIRECTION     W (270)
  HIGHEST GUST SPEED    26   HIGHEST GUST DIRECTION     W (270)
  AVERAGE WIND SPEED    11.1


SKY COVER
  POSSIBLE SUNSHINE  MM
  AVERAGE SKY COVER 0.8


WEATHER CONDITIONS
 THE FOLLOWING WEATHER WAS RECORDED YESTERDAY.
  LIGHT RAIN
  LIGHT SNOW
  FOG


RELATIVE HUMIDITY (PERCENT)
 HIGHEST    92           400 AM
 LOWEST     59           400 PM
 AVERAGE    76

..........................................................


THE BLUEFIELD WV CLIMATE NORMALS FOR TODAY
                         NORMAL    RECORD    YEAR
 MAXIMUM TEMPERATURE (F)   44        69      1990
 MINIMUM TEMPERATURE (F)   29         5      1975


SUNRISE AND SUNSET
DECEMBER 18 2014......SUNRISE   733 AM EST   SUNSET   509 PM EST
DECEMBER 19 2014......SUNRISE   734 AM EST   SUNSET   510 PM EST


-  INDICATES NEGATIVE NUMBERS.
R  INDICATES RECORD WAS SET OR TIED.
MM INDICATES DATA IS MISSING.
T  INDICATES TRACE AMOUNT.


REMARKS:
DUE TO A POWER FAILURE CAUSING A MISSING LOW TEMPERATURE ON
MAY 30...THE SEASONAL TOTAL AND DEPARTURE FROM NORMAL FOR CDD
WILL BE CALCULATED WITHOUT DATA FROM THAT DATE.


$$
