000
CDUS41 KRNK 260649 RRA
CLIBLF

CLIMATE REPORT
NATIONAL WEATHER SERVICE BLACKSBURG VA
1239 AM EST SUN FEB 26 2017


...................................

...THE BLUEFIELD WV CLIMATE SUMMARY FOR FEBRUARY 25 2017...

CLIMATE NORMAL PERIOD 1981 TO 2010
CLIMATE RECORD PERIOD 1959 TO 2017


WEATHER ITEM   OBSERVED TIME   RECORD YEAR NORMAL DEPARTURE LAST
                VALUE   (LST)  VALUE       VALUE  FROM      YEAR
                                                  NORMAL
..................................................................
TEMPERATURE (F)
 YESTERDAY
  MAXIMUM         58    550 AM  68    2000  48     10       32
  MINIMUM         26   1159 PM  -6    1967  31     -5       27
  AVERAGE         42                        40      2       30

PRECIPITATION (IN)
  YESTERDAY        0.16          2.08 1961   0.11   0.05     0.02
  MONTH TO DATE    1.15                      2.45  -1.30     2.92
  SINCE DEC 1      8.60                      8.26   0.34     8.60
  SINCE JAN 1      5.40                      5.35   0.05     4.77

SNOWFALL (IN)
  YESTERDAY        0.0                                       0.7
  MONTH TO DATE    0.9                                      13.1
  SINCE DEC 1     17.2                                      31.8
  SINCE JUL 1     17.2                                      31.8
  SNOW DEPTH       0

DEGREE DAYS
 HEATING
  YESTERDAY       23                        25     -2       35
  MONTH TO DATE  549                       698   -149      795
  SINCE DEC 1   2290                      2515   -225     1984
  SINCE JUL 1   3066                      3418   -352     2706

 COOLING
  YESTERDAY        0                         0      0        0
  MONTH TO DATE    0                         0      0        0
  SINCE DEC 1      0                         0      0        3
  SINCE JAN 1      0                         0      0        0
..................................................................


WIND (MPH)
  HIGHEST WIND SPEED    25   HIGHEST WIND DIRECTION     W (260)
  HIGHEST GUST SPEED    36   HIGHEST GUST DIRECTION     W (270)
  AVERAGE WIND SPEED    13.2


SKY COVER
  AVERAGE SKY COVER 0.5


WEATHER CONDITIONS
 THE FOLLOWING WEATHER WAS RECORDED YESTERDAY.
  THUNDERSTORM
  LIGHT RAIN
  FOG


RELATIVE HUMIDITY (PERCENT)
 HIGHEST    89          1000 AM
 LOWEST     41           500 PM
 AVERAGE    65

..........................................................


THE BLUEFIELD WV CLIMATE NORMALS FOR TODAY
                         NORMAL    RECORD    YEAR
 MAXIMUM TEMPERATURE (F)   49        75      1977
 MINIMUM TEMPERATURE (F)   31         0      1970


SUNRISE AND SUNSET
FEBRUARY 26 2017......SUNRISE   700 AM EST   SUNSET   616 PM EST
FEBRUARY 27 2017......SUNRISE   658 AM EST   SUNSET   617 PM EST


-  INDICATES NEGATIVE NUMBERS.
R  INDICATES RECORD WAS SET OR TIED.
MM INDICATES DATA IS MISSING.
T  INDICATES TRACE AMOUNT.

REMARKS:

DUE TO A POWER OUTAGE CAUSING A MISSING HIGH TEMPERATURE ON NOVEMBER
10...THE SEASONAL HEATING DEGREE DAY TOTAL AND DEPARTURE FROM
NORMAL WILL BE CALCULATED WITHOUT DATA FROM THIS DATE.


$$
