000
CDUS43 KIND 300544
CLIBMG


CLIMATE REPORT
NATIONAL WEATHER SERVICE INDIANAPOLIS IN
143 AM EDT THU JUL 30 2015


...................................

...THE BLOOMINGTON IN CLIMATE SUMMARY FOR JULY 29 2015...

CLIMATE NORMAL PERIOD 1981 TO 2010
CLIMATE RECORD PERIOD 9999 TO 9999


WEATHER ITEM   OBSERVED TIME   NORMAL DEPARTURE LAST
                VALUE   (LST)  VALUE  FROM      YEAR
                                      NORMAL
......................................................
TEMPERATURE (F)
 YESTERDAY
  MAXIMUM         91    204 PM  84      7       76
  MINIMUM         71   1153 PM  63      8       52
  AVERAGE         81            74      7       64

PRECIPITATION (IN)
  YESTERDAY        0.06          0.10  -0.04     0.00
  MONTH TO DATE    6.15          4.70   1.45     3.75
  SINCE JUN 1     16.72          9.59   7.13     8.92
  SINCE JAN 1     31.28         29.48   1.80    27.52

DEGREE DAYS
 HEATING
  YESTERDAY        0             0      0        1
  MONTH TO DATE    0             0      0        5
  SINCE JUN 1     17            15      2        8
  SINCE JUL 1      0             0      0        5

 COOLING
  YESTERDAY       16             9      7        0
  MONTH TO DATE  276           261     15      149
  SINCE JUN 1    525           469     56      422
  SINCE JAN 1    652           551    101      548
......................................................


WIND (MPH)
  HIGHEST WIND SPEED     9   HIGHEST WIND DIRECTION     N (340)
  HIGHEST GUST SPEED    15   HIGHEST GUST DIRECTION     N (360)
  AVERAGE WIND SPEED     2.2


SKY COVER
  AVERAGE SKY COVER 0.2


WEATHER CONDITIONS
 THE FOLLOWING WEATHER WAS RECORDED YESTERDAY.
  THUNDERSTORM
  LIGHT RAIN
  FOG


RELATIVE HUMIDITY (PERCENT)
 HIGHEST   100          1200 AM
 LOWEST     62           900 PM
 AVERAGE    81

..........................................................


THE BLOOMINGTON IN CLIMATE NORMALS FOR TODAY
                         NORMAL
 MAXIMUM TEMPERATURE (F)   84
 MINIMUM TEMPERATURE (F)   63


SUNRISE AND SUNSET
JULY 30 2015..........SUNRISE   645 AM EDT   SUNSET   900 PM EDT
JULY 31 2015..........SUNRISE   646 AM EDT   SUNSET   859 PM EDT


-  INDICATES NEGATIVE NUMBERS.
R  INDICATES RECORD WAS SET OR TIED.
MM INDICATES DATA IS MISSING.
T  INDICATES TRACE AMOUNT.




$$
