000
CDUS43 KIND 190533
CLIBMG


CLIMATE REPORT
NATIONAL WEATHER SERVICE INDIANAPOLIS IN
1233 AM EST SUN FEB 19 2017


...................................

...THE BLOOMINGTON IN CLIMATE SUMMARY FOR FEBRUARY 18 2017...

CLIMATE NORMAL PERIOD 1981 TO 2010
CLIMATE RECORD PERIOD 9999 TO 9999


WEATHER ITEM   OBSERVED TIME   NORMAL DEPARTURE LAST
                VALUE   (LST)  VALUE  FROM      YEAR
                                      NORMAL
......................................................
TEMPERATURE (F)
 YESTERDAY
  MAXIMUM         65    204 PM  44     21       49
  MINIMUM         48   1159 PM  24     24       23
  AVERAGE         57            34     23       36

PRECIPITATION (IN)
  YESTERDAY        0.00          0.10  -0.10     0.00
  MONTH TO DATE    0.64          1.90  -1.26     0.64
  SINCE DEC 1      7.02          8.75  -1.73     7.41
  SINCE JAN 1      4.54          5.21  -0.67     2.15

DEGREE DAYS
 HEATING
  YESTERDAY        8            31    -23       29
  MONTH TO DATE  451           598   -147      579
  SINCE DEC 1   2370          2717   -347     2303
  SINCE JUL 1   3053          3773   -720     3095

 COOLING
  YESTERDAY        0             0      0        0
  MONTH TO DATE    0             0      0        0
  SINCE DEC 1      0             0      0        0
  SINCE JAN 1      0             0      0        0
......................................................


WIND (MPH)
  HIGHEST WIND SPEED    17   HIGHEST WIND DIRECTION    SW (240)
  HIGHEST GUST SPEED    23   HIGHEST GUST DIRECTION    SW (230)
  AVERAGE WIND SPEED    10.3


SKY COVER
  AVERAGE SKY COVER 0.3


WEATHER CONDITIONS
 THE FOLLOWING WEATHER WAS RECORDED YESTERDAY.
  NO SIGNIFICANT WEATHER WAS OBSERVED.


RELATIVE HUMIDITY (PERCENT)
 HIGHEST    86          1100 PM
 LOWEST     41          1200 AM
 AVERAGE    64

..........................................................


THE BLOOMINGTON IN CLIMATE NORMALS FOR TODAY
                         NORMAL
 MAXIMUM TEMPERATURE (F)   44
 MINIMUM TEMPERATURE (F)   24


SUNRISE AND SUNSET
FEBRUARY 19 2017......SUNRISE   733 AM EST   SUNSET   628 PM EST
FEBRUARY 20 2017......SUNRISE   731 AM EST   SUNSET   630 PM EST


-  INDICATES NEGATIVE NUMBERS.
R  INDICATES RECORD WAS SET OR TIED.
MM INDICATES DATA IS MISSING.
T  INDICATES TRACE AMOUNT.




$$
