000
CDUS43 KIND 260532
CLIBMG


CLIMATE REPORT
NATIONAL WEATHER SERVICE INDIANAPOLIS IN
132 AM EDT MON JUN 26 2017


...................................

...THE BLOOMINGTON IN CLIMATE SUMMARY FOR JUNE 25 2017...

CLIMATE NORMAL PERIOD 1981 TO 2010
CLIMATE RECORD PERIOD 9999 TO 9999


WEATHER ITEM   OBSERVED TIME   NORMAL DEPARTURE LAST
                VALUE   (LST)  VALUE  FROM      YEAR
                                      NORMAL
......................................................
TEMPERATURE (F)
 YESTERDAY
  MAXIMUM         78    158 PM  84     -6       88
  MINIMUM         53    304 AM  63    -10       66
  AVERAGE         66            74     -8       77

PRECIPITATION (IN)
  YESTERDAY        0.00          0.20  -0.20     0.00
  MONTH TO DATE    2.62          4.04  -1.42     2.63
  SINCE JUN 1      2.62          4.04  -1.42     2.63
  SINCE JAN 1     24.42         23.93   0.49    21.23

DEGREE DAYS
 HEATING
  YESTERDAY        0             0      0        0
  MONTH TO DATE    4            13     -9        1
  SINCE JUN 1      4            13     -9        1
  SINCE JUL 1   4121          5264  -1143     4276

 COOLING
  YESTERDAY        1             9     -8       12
  MONTH TO DATE  195           164     31      244
  SINCE JUN 1    195           164     31      244
  SINCE JAN 1    326           246     80      334
......................................................


WIND (MPH)
  HIGHEST WIND SPEED    18   HIGHEST WIND DIRECTION     W (280)
  HIGHEST GUST SPEED    26   HIGHEST GUST DIRECTION     W (290)
  AVERAGE WIND SPEED     6.7


SKY COVER
  AVERAGE SKY COVER 0.1


WEATHER CONDITIONS
 THE FOLLOWING WEATHER WAS RECORDED YESTERDAY.
  NO SIGNIFICANT WEATHER WAS OBSERVED.


RELATIVE HUMIDITY (PERCENT)
 HIGHEST    86           100 AM
 LOWEST     32           200 PM
 AVERAGE    59

..........................................................


THE BLOOMINGTON IN CLIMATE NORMALS FOR TODAY
                         NORMAL
 MAXIMUM TEMPERATURE (F)   84
 MINIMUM TEMPERATURE (F)   63


SUNRISE AND SUNSET
JUNE 26 2017..........SUNRISE   622 AM EDT   SUNSET   917 PM EDT
JUNE 27 2017..........SUNRISE   622 AM EDT   SUNSET   917 PM EDT


-  INDICATES NEGATIVE NUMBERS.
R  INDICATES RECORD WAS SET OR TIED.
MM INDICATES DATA IS MISSING.
T  INDICATES TRACE AMOUNT.




$$
