096
CDUS43 KIND 180532
CLIBMG


CLIMATE REPORT
NATIONAL WEATHER SERVICE INDIANAPOLIS IN
1231 AM EST WED JAN 18 2017


...................................

...THE BLOOMINGTON IN CLIMATE SUMMARY FOR JANUARY 17 2017...

CLIMATE NORMAL PERIOD 1981 TO 2010
CLIMATE RECORD PERIOD 9999 TO 9999


WEATHER ITEM   OBSERVED TIME   NORMAL DEPARTURE LAST
                VALUE   (LST)  VALUE  FROM      YEAR
                                      NORMAL
......................................................
TEMPERATURE (F)
 YESTERDAY
  MAXIMUM         60    631 AM  38     22       27
  MINIMUM         40   1156 PM  20     20        7
  AVERAGE         50            29     21       17

PRECIPITATION (IN)
  YESTERDAY        0.04          0.12  -0.08      T
  MONTH TO DATE    2.59          2.12   0.47     1.30
  SINCE DEC 1      5.07          5.66  -0.59     6.56
  SINCE JAN 1      2.59          2.12   0.47     1.30

DEGREE DAYS
 HEATING
  YESTERDAY       15            36    -21       48
  MONTH TO DATE  548           612    -64      583
  SINCE DEC 1   1574          1629    -55     1236
  SINCE JUL 1   2257          2685   -428     2028

 COOLING
  YESTERDAY        0             0      0        0
  MONTH TO DATE    0             0      0        0
  SINCE DEC 1      0             0      0        0
  SINCE JAN 1      0             0      0        0
......................................................


WIND (MPH)
  HIGHEST WIND SPEED    22   HIGHEST WIND DIRECTION    SW (220)
  HIGHEST GUST SPEED    31   HIGHEST GUST DIRECTION    SW (210)
  AVERAGE WIND SPEED    11.1


SKY COVER
  AVERAGE SKY COVER 1.0


WEATHER CONDITIONS
 THE FOLLOWING WEATHER WAS RECORDED YESTERDAY.
  LIGHT RAIN
  FOG


RELATIVE HUMIDITY (PERCENT)
 HIGHEST    93          1200 AM
 LOWEST     76          1200 PM
 AVERAGE    85

..........................................................


THE BLOOMINGTON IN CLIMATE NORMALS FOR TODAY
                         NORMAL
 MAXIMUM TEMPERATURE (F)   38
 MINIMUM TEMPERATURE (F)   20


SUNRISE AND SUNSET
JANUARY 18 2017.......SUNRISE   803 AM EST   SUNSET   552 PM EST
JANUARY 19 2017.......SUNRISE   802 AM EST   SUNSET   553 PM EST


-  INDICATES NEGATIVE NUMBERS.
R  INDICATES RECORD WAS SET OR TIED.
MM INDICATES DATA IS MISSING.
T  INDICATES TRACE AMOUNT.




$$
