000
CDUS43 KIND 280532
CLIBMG


CLIMATE REPORT
NATIONAL WEATHER SERVICE INDIANAPOLIS IN
131 AM EDT SUN AUG 28 2016


...................................

...THE BLOOMINGTON IN CLIMATE SUMMARY FOR AUGUST 27 2016...

CLIMATE NORMAL PERIOD 1981 TO 2010
CLIMATE RECORD PERIOD 9999 TO 9999


WEATHER ITEM   OBSERVED TIME   NORMAL DEPARTURE LAST
                VALUE   (LST)  VALUE  FROM      YEAR
                                      NORMAL
......................................................
TEMPERATURE (F)
 YESTERDAY
  MAXIMUM         87    504 PM  84      3       81
  MINIMUM         71   1108 AM  60     11       53
  AVERAGE         79            72      7       67

PRECIPITATION (IN)
  YESTERDAY        0.30          0.13   0.17     0.00
  MONTH TO DATE    7.11          3.00   4.11     4.17
  SINCE JUN 1     17.09         12.78   4.31    20.89
  SINCE JAN 1     35.69         32.67   3.02    35.45

DEGREE DAYS
 HEATING
  YESTERDAY        0             0      0        0
  MONTH TO DATE    0             0      0        3
  SINCE JUN 1      4            17    -13       20
  SINCE JUL 1      3             2      1        3

 COOLING
  YESTERDAY       14             7      7        2
  MONTH TO DATE  309           228     81      178
  SINCE JUN 1    929           712    217      722
  SINCE JAN 1   1019           794    225      849
......................................................


WIND (MPH)
  HIGHEST WIND SPEED    13   HIGHEST WIND DIRECTION    SW (240)
  HIGHEST GUST SPEED    17   HIGHEST GUST DIRECTION     W (250)
  AVERAGE WIND SPEED     2.9


SKY COVER
  AVERAGE SKY COVER 0.2


WEATHER CONDITIONS
 THE FOLLOWING WEATHER WAS RECORDED YESTERDAY.
  THUNDERSTORM
  HEAVY RAIN
  RAIN
  FOG


RELATIVE HUMIDITY (PERCENT)
 HIGHEST    94           800 PM
 LOWEST     61           400 PM
 AVERAGE    78

..........................................................


THE BLOOMINGTON IN CLIMATE NORMALS FOR TODAY
                         NORMAL
 MAXIMUM TEMPERATURE (F)   84
 MINIMUM TEMPERATURE (F)   60


SUNRISE AND SUNSET
AUGUST 28 2016........SUNRISE   712 AM EDT   SUNSET   822 PM EDT
AUGUST 29 2016........SUNRISE   713 AM EDT   SUNSET   821 PM EDT


-  INDICATES NEGATIVE NUMBERS.
R  INDICATES RECORD WAS SET OR TIED.
MM INDICATES DATA IS MISSING.
T  INDICATES TRACE AMOUNT.




$$
