000
CDUS43 KIND 190531
CLIBMG


CLIMATE REPORT
NATIONAL WEATHER SERVICE INDIANAPOLIS IN
131 AM EDT FRI SEP 19 2014


...................................

...THE BLOOMINGTON IN CLIMATE SUMMARY FOR SEPTEMBER 18 2014...

CLIMATE NORMAL PERIOD 1981 TO 2010
CLIMATE RECORD PERIOD 9999 TO 9999


WEATHER ITEM   OBSERVED TIME   NORMAL DEPARTURE LAST
                VALUE   (LST)  VALUE  FROM      YEAR
                                      NORMAL
......................................................
TEMPERATURE (F)
 YESTERDAY
  MAXIMUM         73    427 PM  77     -4       80
  MINIMUM         47    547 AM  52     -5       54
  AVERAGE         60            65     -5       67

PRECIPITATION (IN)
  YESTERDAY        0.00          0.10  -0.10     0.01
  MONTH TO DATE    4.03          1.96   2.07     0.44
  SINCE SEP 1      4.03          1.96   2.07     0.44
  SINCE JAN 1     34.66         35.15  -0.49    30.76

DEGREE DAYS
 HEATING
  YESTERDAY        5             3      2        0
  MONTH TO DATE   63            21     42       22
  SINCE SEP 1     63            21     42       22
  SINCE JUL 1     69            28     41       36

 COOLING
  YESTERDAY        0             2     -2        2
  MONTH TO DATE   56            76    -20      116
  SINCE SEP 1     56            76    -20      116
  SINCE JAN 1    886           893     -7      957
......................................................


WIND (MPH)
  HIGHEST WIND SPEED    12   HIGHEST WIND DIRECTION     E (70)
  HIGHEST GUST SPEED    14   HIGHEST GUST DIRECTION     E (100)
  AVERAGE WIND SPEED     2.7


SKY COVER
  AVERAGE SKY COVER 0.2


WEATHER CONDITIONS
 THE FOLLOWING WEATHER WAS RECORDED YESTERDAY.
  FOG


RELATIVE HUMIDITY (PERCENT)
 HIGHEST   100           200 AM
 LOWEST     41           400 PM
 AVERAGE    71

..........................................................


THE BLOOMINGTON IN CLIMATE NORMALS FOR TODAY
                         NORMAL
 MAXIMUM TEMPERATURE (F)   77
 MINIMUM TEMPERATURE (F)   52


SUNRISE AND SUNSET
SEPTEMBER 19 2014.....SUNRISE   731 AM EDT   SUNSET   748 PM EDT
SEPTEMBER 20 2014.....SUNRISE   732 AM EDT   SUNSET   747 PM EDT


-  INDICATES NEGATIVE NUMBERS.
R  INDICATES RECORD WAS SET OR TIED.
MM INDICATES DATA IS MISSING.
T  INDICATES TRACE AMOUNT.




$$
