000
CDUS43 KIND 310531
CLIBMG


CLIMATE REPORT
NATIONAL WEATHER SERVICE INDIANAPOLIS IN
131 AM EDT SUN AUG 31 2014


...................................

...THE BLOOMINGTON IN CLIMATE SUMMARY FOR AUGUST 30 2014...

CLIMATE NORMAL PERIOD 1981 TO 2010
CLIMATE RECORD PERIOD 9999 TO 9999


WEATHER ITEM   OBSERVED TIME   NORMAL DEPARTURE LAST
                VALUE   (LST)  VALUE  FROM      YEAR
                                      NORMAL
......................................................
TEMPERATURE (F)
 YESTERDAY
  MAXIMUM         78    345 PM  84     -6       93
  MINIMUM         70   1159 PM  59     11       63
  AVERAGE         74            71      3       78

PRECIPITATION (IN)
  YESTERDAY        0.24          0.13   0.11     0.00
  MONTH TO DATE    3.02          3.40  -0.38     0.26
  SINCE JUN 1     11.94         13.18  -1.24    10.09
  SINCE JAN 1     30.54         33.07  -2.53    29.10

DEGREE DAYS
 HEATING
  YESTERDAY        0             0      0        0
  MONTH TO DATE    1             0      1       10
  SINCE JUN 1      9            17     -8       21
  SINCE JUL 1      6             2      4       14

 COOLING
  YESTERDAY        9             7      2       13
  MONTH TO DATE  264           249     15      236
  SINCE JUN 1    693           733    -40      705
  SINCE JAN 1    819           815      4      824
......................................................


WIND (MPH)
  HIGHEST WIND SPEED    15   HIGHEST WIND DIRECTION     S (200)
  HIGHEST GUST SPEED    23   HIGHEST GUST DIRECTION     W (250)
  AVERAGE WIND SPEED     7.8


SKY COVER
  AVERAGE SKY COVER 0.5


WEATHER CONDITIONS
 THE FOLLOWING WEATHER WAS RECORDED YESTERDAY.
  THUNDERSTORM
  HEAVY RAIN
  RAIN
  LIGHT RAIN
  FOG


RELATIVE HUMIDITY (PERCENT)
 HIGHEST    90           900 PM
 LOWEST     68           400 AM
 AVERAGE    79

..........................................................


THE BLOOMINGTON IN CLIMATE NORMALS FOR TODAY
                         NORMAL
 MAXIMUM TEMPERATURE (F)   83
 MINIMUM TEMPERATURE (F)   59


SUNRISE AND SUNSET
AUGUST 31 2014........SUNRISE   714 AM EDT   SUNSET   819 PM EDT
SEPTEMBER  1 2014.....SUNRISE   715 AM EDT   SUNSET   817 PM EDT


-  INDICATES NEGATIVE NUMBERS.
R  INDICATES RECORD WAS SET OR TIED.
MM INDICATES DATA IS MISSING.
T  INDICATES TRACE AMOUNT.




$$
