000
CDUS43 KIND 280534
CLIBMG


CLIMATE REPORT
NATIONAL WEATHER SERVICE INDIANAPOLIS IN
132 AM EDT FRI APR 28 2017


...................................

...THE BLOOMINGTON IN CLIMATE SUMMARY FOR APRIL 27 2017...

CLIMATE NORMAL PERIOD 1981 TO 2010
CLIMATE RECORD PERIOD 9999 TO 9999


WEATHER ITEM   OBSERVED TIME   NORMAL DEPARTURE LAST
                VALUE   (LST)  VALUE  FROM      YEAR
                                      NORMAL
......................................................
TEMPERATURE (F)
 YESTERDAY
  MAXIMUM         64   1247 AM  68     -4       62
  MINIMUM         44   1159 PM  46     -2       54
  AVERAGE         54            57     -3       58

PRECIPITATION (IN)
  YESTERDAY        0.15          0.15   0.00     0.47
  MONTH TO DATE    2.22          4.19  -1.97     4.68
  SINCE MAR 1      6.65          8.07  -1.42     9.24
  SINCE JAN 1     11.69         14.14  -2.45    14.45

DEGREE DAYS
 HEATING
  YESTERDAY       11             8      3        7
  MONTH TO DATE  177           333   -156      324
  SINCE MAR 1    781          1021   -240      793
  SINCE JUL 1   3968          5089  -1121     4113

 COOLING
  YESTERDAY        0             1     -1        0
  MONTH TO DATE   36            19     17       13
  SINCE MAR 1     39            22     17       13
  SINCE JAN 1     39            22     17       13
......................................................


WIND (MPH)
  HIGHEST WIND SPEED    20   HIGHEST WIND DIRECTION     W (260)
  HIGHEST GUST SPEED    27   HIGHEST GUST DIRECTION    SW (240)
  AVERAGE WIND SPEED     8.7


SKY COVER
  AVERAGE SKY COVER 0.8


WEATHER CONDITIONS
 THE FOLLOWING WEATHER WAS RECORDED YESTERDAY.
  RAIN
  LIGHT RAIN
  FOG


RELATIVE HUMIDITY (PERCENT)
 HIGHEST    92          1100 PM
 LOWEST     62           500 PM
 AVERAGE    77

..........................................................


THE BLOOMINGTON IN CLIMATE NORMALS FOR TODAY
                         NORMAL
 MAXIMUM TEMPERATURE (F)   69
 MINIMUM TEMPERATURE (F)   46


SUNRISE AND SUNSET
APRIL 28 2017.........SUNRISE   652 AM EDT   SUNSET   837 PM EDT
APRIL 29 2017.........SUNRISE   650 AM EDT   SUNSET   838 PM EDT


-  INDICATES NEGATIVE NUMBERS.
R  INDICATES RECORD WAS SET OR TIED.
MM INDICATES DATA IS MISSING.
T  INDICATES TRACE AMOUNT.




$$
