000
CDUS44 KOHX 260734
CLIBNA

CLIMATE REPORT
NATIONAL WEATHER SERVICE NASHVILLE TN
231 AM CDT TUE MAY 26 2015


...................................

...THE NASHVILLE CLIMATE SUMMARY FOR MAY 25 2015...

CLIMATE NORMAL PERIOD 1981 TO 2010
CLIMATE RECORD PERIOD 1871 TO 2015


WEATHER ITEM   OBSERVED TIME   RECORD YEAR NORMAL DEPARTURE
                VALUE   (LST)  VALUE       VALUE  FROM
                                                  NORMAL
...............................................................
TEMPERATURE (F)
 YESTERDAY
  MAXIMUM         73    519 PM  93    1926  80     -7
  MINIMUM         66   1002 PM  43    1925  59      7
  AVERAGE         70                        70      0

PRECIPITATION (IN)
  YESTERDAY        0.52          1.89 1889   0.16   0.36
  MONTH TO DATE    1.83                      4.52  -2.69
  SINCE MAR 1     12.45                     12.63  -0.18
  SINCE JAN 1     19.27                     20.32  -1.05

SNOWFALL (IN)
  YESTERDAY        0.0           0.0  2002   0.0    0.0
                                      2001
  MONTH TO DATE    0.0                       0.0    0.0
  SINCE MAR 1      2.9                       0.9    2.0
  SINCE JUL 1      6.1                       6.3   -0.2
  SNOW DEPTH       0

DEGREE DAYS
 HEATING
  YESTERDAY        0                               -1
  MONTH TO DATE   24                              -28
  SINCE MAR 1    588                             -154
  SINCE JUL 1   3778                               98

 COOLING
  YESTERDAY        5                               -1
  MONTH TO DATE  153                               59
  SINCE MAR 1    195                               56
  SINCE JAN 1    195                               56
...............................................................


WIND (MPH)
  HIGHEST WIND SPEED    20   HIGHEST WIND DIRECTION     S (170)
  HIGHEST GUST SPEED    26   HIGHEST GUST DIRECTION     S (170)
  AVERAGE WIND SPEED     8.2




RELATIVE HUMIDITY (PERCENT)
 HIGHEST    93
 LOWEST     64
 AVERAGE    79

..........................................................


THE NASHVILLE CLIMATE NORMALS FOR TODAY
                         NORMAL    RECORD    YEAR
 MAXIMUM TEMPERATURE (F)   81        95      2012
 MINIMUM TEMPERATURE (F)   60        44      1961


SUNRISE AND SUNSET
MAY 26 2015...........SUNRISE   534 AM CDT   SUNSET   754 PM CDT
MAY 27 2015...........SUNRISE   533 AM CDT   SUNSET   755 PM CDT


-  INDICATES NEGATIVE NUMBERS.
R  INDICATES RECORD WAS SET OR TIED.
MM INDICATES DATA IS MISSING.
T  INDICATES TRACE AMOUNT.




$$
BOYD
01
