000
CDUS44 KOHX 080809
CLIBNA

CLIMATE REPORT
NATIONAL WEATHER SERVICE NASHVILLE TN
209 AM CST MON FEB 8 2016

...THE NASHVILLE CLIMATE SUMMARY FOR FEBRUARY 7 2016...

CLIMATE NORMAL PERIOD 1981 TO 2010
CLIMATE RECORD PERIOD 1871 TO 2016


WEATHER ITEM   OBSERVED TIME   RECORD YEAR NORMAL DEPARTURE
                VALUE   (LST)  VALUE       VALUE  FROM
                                                  NORMAL
...............................................................
TEMPERATURE (F)
 YESTERDAY
  MAXIMUM         58    307 PM  70    2001  50      8
                                      1904
  MINIMUM         27    722 AM   3    1984  30     -3
  AVERAGE         43                        40      3

PRECIPITATION (IN)
  YESTERDAY        0.00          2.48 1890   0.13  -0.13
  MONTH TO DATE    1.24                      0.98   0.26
  SINCE JAN 1      3.41                      4.73  -1.32

SNOWFALL (IN)
  YESTERDAY        0.0           4.9  1979
  MONTH TO DATE    0.0
  SINCE DEC 1      8.2
  SINCE JUL 1      8.2

DEGREE DAYS
 HEATING
  YESTERDAY       22                               -3
  MONTH TO DATE  130                              -50
  SINCE DEC 1   1350                             -441
  SINCE JUL 1   1773                             -692

 COOLING
  YESTERDAY        0                                0
  MONTH TO DATE    0                                0
  SINCE DEC 1      8                                7
  SINCE JAN 1      0                                0
...............................................................


WIND (MPH)
  HIGHEST WIND SPEED    16   HIGHEST WIND DIRECTION     S (200)
  HIGHEST GUST SPEED    20   HIGHEST GUST DIRECTION    SW (230)
  AVERAGE WIND SPEED     5.8



WEATHER CONDITIONS
 THE FOLLOWING WEATHER WAS RECORDED YESTERDAY.
  NO SIGNIFICANT WEATHER WAS OBSERVED.


RELATIVE HUMIDITY (PERCENT)
 HIGHEST    85
 LOWEST     18

..........................................................


THE NASHVILLE CLIMATE NORMALS FOR TODAY
                         NORMAL    RECORD    YEAR
 MAXIMUM TEMPERATURE (F)   50        77      1937
 MINIMUM TEMPERATURE (F)   30        -6      1895


SUNRISE AND SUNSET
FEBRUARY  8 2016......SUNRISE   642 AM CST   SUNSET   520 PM CST
FEBRUARY  9 2016......SUNRISE   641 AM CST   SUNSET   521 PM CST


-  INDICATES NEGATIVE NUMBERS.
R  INDICATES RECORD WAS SET OR TIED.
MM INDICATES DATA IS MISSING.
T  INDICATES TRACE AMOUNT.

$$

21
