000
CDUS44 KOHX 192121
CLIBNA


CLIMATE REPORT
NATIONAL WEATHER SERVICE NASHVILLE TN
421 PM CDT SAT AUG 19 2017


...................................

...THE NASHVILLE CLIMATE SUMMARY FOR AUGUST 19 2017...
VALID TODAY AS OF 0400 PM LOCAL TIME.

CLIMATE NORMAL PERIOD 1981 TO 2010
CLIMATE RECORD PERIOD 1871 TO 2017


WEATHER ITEM   OBSERVED TIME   RECORD YEAR NORMAL DEPARTURE
                VALUE   (LST)  VALUE       VALUE  FROM
                                                  NORMAL
...............................................................
TEMPERATURE (F)
 TODAY
  MAXIMUM         93    143 PM 102    1925  89      4
  MINIMUM         67    513 AM  57    1943  68     -1
  AVERAGE         80                        79      1

PRECIPITATION (IN)
  TODAY            0.00          1.30 1988   0.10  -0.10
                                      1969
  MONTH TO DATE    4.13                      2.00   2.13
  SINCE JAN 1     32.65                     31.08   1.57

SNOWFALL (IN)
  TODAY            0.0           0.0  2002
                                      2001
                                      2000
  MONTH TO DATE    0.0
  SINCE JUN 1      0.0
  SINCE JUL 1      0.0

DEGREE DAYS
 HEATING
  TODAY            0                                0
  MONTH TO DATE    0                                0
  SINCE JUN 1      0                               -3
  SINCE JUL 1      0                                0

 COOLING
  TODAY           15                                1
  MONTH TO DATE  261                               -5
  SINCE JUN 1   1121                               85
  SINCE JAN 1   1440                              225
...............................................................


WIND (MPH)
  HIGHEST WIND SPEED     6   HIGHEST WIND DIRECTION    NW (320)
  HIGHEST GUST SPEED    11   HIGHEST GUST DIRECTION     S (160)
  AVERAGE WIND SPEED     3.1




RELATIVE HUMIDITY (PERCENT)
 HIGHEST    93
 LOWEST     41
 AVERAGE    67

..........................................................


THE NASHVILLE CLIMATE NORMALS FOR TOMORROW
                         NORMAL    RECORD    YEAR
 MAXIMUM TEMPERATURE (F)   89       101      1983
 MINIMUM TEMPERATURE (F)   68        56      1953
                                             1927


SUNRISE AND SUNSET
AUGUST 19 2017........SUNRISE   608 AM CDT   SUNSET   732 PM CDT
AUGUST 20 2017........SUNRISE   609 AM CDT   SUNSET   730 PM CDT


-  INDICATES NEGATIVE NUMBERS.
R  INDICATES RECORD WAS SET OR TIED.
MM INDICATES DATA IS MISSING.
T  INDICATES TRACE AMOUNT.




$$
