000
CDUS44 KOHX 261257
CLIBNA

CLIMATE REPORT
NATIONAL WEATHER SERVICE NASHVILLE TN
752 AM CDT THU MAR 26 2015


...................................

...THE NASHVILLE CLIMATE SUMMARY FOR MARCH 25 2015...

CLIMATE NORMAL PERIOD 1981 TO 2010
CLIMATE RECORD PERIOD 1871 TO 2015


WEATHER ITEM   OBSERVED TIME   RECORD YEAR NORMAL DEPARTURE
                VALUE   (LST)  VALUE       VALUE  FROM
                                                  NORMAL
...............................................................
TEMPERATURE (F)
 YESTERDAY
  MAXIMUM         77    300 PM  86    2007  64     13
  MINIMUM         57   1100 PM  21    1940  41     16
  AVERAGE         67                        53     14

PRECIPITATION (IN)
  YESTERDAY        0.00          2.33 1884   0.13  -0.13
  MONTH TO DATE    4.09                      3.29   0.80
  SINCE MAR 1      4.09                      3.29   0.80
  SINCE JAN 1     10.91                     10.98  -0.07

SNOWFALL (IN)
  YESTERDAY        0.0           1.9  1971   0.0    0.0
  MONTH TO DATE    2.9                       0.8    2.1
  SINCE MAR 1      2.9                       0.8    2.1
  SINCE JUL 1      6.1                       6.2   -0.1
  SNOW DEPTH       0

DEGREE DAYS
 HEATING
  YESTERDAY        0                              -13
  MONTH TO DATE  348                              -55
  SINCE MAR 1    348                              -55
  SINCE JUL 1   3538                              197

 COOLING
  YESTERDAY        2                                2
  MONTH TO DATE    2                                2
  SINCE MAR 1      2                                2
  SINCE JAN 1      2                                2
...............................................................


WIND (MPH)
  HIGHEST WIND SPEED    24   HIGHEST WIND DIRECTION     S (200)
  HIGHEST GUST SPEED    32   HIGHEST GUST DIRECTION    SW (210)
  AVERAGE WIND SPEED    10.5




RELATIVE HUMIDITY (PERCENT)
 HIGHEST    80
 LOWEST     49
 AVERAGE    65

LOW SINCE MIDNIGHT......................................58
PRECIPITATION SINCE MIDNIGHT............................0.02

THE NATIONAL HIGH TEMPERATURE YESTERDAY WAS 92 AT THERMAL, CA AND
YUMA, AZ. THE NATIONAL LOW TEMPERATURE YESTERDAY WAS 9 AT LEADVILLE,
CO.

..........................................................


THE NASHVILLE CLIMATE NORMALS FOR TODAY
                         NORMAL    RECORD    YEAR
 MAXIMUM TEMPERATURE (F)   64        86      2007
                                             1910
 MINIMUM TEMPERATURE (F)   42        17      1955


SUNRISE AND SUNSET
MARCH 26 2015.........SUNRISE   642 AM CDT   SUNSET   703 PM CDT
MARCH 27 2015.........SUNRISE   641 AM CDT   SUNSET   704 PM CDT


-  INDICATES NEGATIVE NUMBERS.
R  INDICATES RECORD WAS SET OR TIED.
MM INDICATES DATA IS MISSING.
T  INDICATES TRACE AMOUNT.




$$
