000
CDUS44 KOHX 230701
CLIBNA


CLIMATE REPORT
NATIONAL WEATHER SERVICE NASHVILLE TN
201 AM CDT THU MAR 23 2017


...................................

...THE NASHVILLE CLIMATE SUMMARY FOR MARCH 22 2017...

CLIMATE NORMAL PERIOD 1981 TO 2010
CLIMATE RECORD PERIOD 1871 TO 2017


WEATHER ITEM   OBSERVED TIME   RECORD YEAR NORMAL DEPARTURE
                VALUE   (LST)  VALUE       VALUE  FROM
                                                  NORMAL
...............................................................
TEMPERATURE (F)
 YESTERDAY
  MAXIMUM         59    230 PM  88    1907  63     -4
  MINIMUM         43   1159 PM  14    1876  41      2
  AVERAGE         51                        52     -1

PRECIPITATION (IN)
  YESTERDAY        0.00          4.63 1952   0.14  -0.14
  MONTH TO DATE    3.53                      2.89   0.64
  SINCE JAN 1      8.43                     10.58  -2.15

SNOWFALL (IN)
  YESTERDAY        0.0           8.2  1968
  MONTH TO DATE    1.5
  SINCE MAR 1      1.5
  SINCE JUL 1      2.2

DEGREE DAYS
 HEATING
  YESTERDAY       14                                0
  MONTH TO DATE  348                              -16
  SINCE MAR 1    348                              -16
  SINCE JUL 1   2316                             -986

 COOLING
  YESTERDAY        0                                0
  MONTH TO DATE    2                                2
  SINCE MAR 1      2                                2
  SINCE JAN 1      9                                9
...............................................................


WIND (MPH)
  HIGHEST WIND SPEED    22   HIGHEST WIND DIRECTION    NE (40)
  HIGHEST GUST SPEED    25   HIGHEST GUST DIRECTION     N (350)
  AVERAGE WIND SPEED    13.1




RELATIVE HUMIDITY (PERCENT)
 HIGHEST    72
 LOWEST     19

..........................................................


THE NASHVILLE CLIMATE NORMALS FOR TODAY
                         NORMAL    RECORD    YEAR
 MAXIMUM TEMPERATURE (F)   63        87      1935
 MINIMUM TEMPERATURE (F)   41        16      1968


SUNRISE AND SUNSET
MARCH 23 2017.........SUNRISE   646 AM CDT   SUNSET   701 PM CDT
MARCH 24 2017.........SUNRISE   644 AM CDT   SUNSET   702 PM CDT


-  INDICATES NEGATIVE NUMBERS.
R  INDICATES RECORD WAS SET OR TIED.
MM INDICATES DATA IS MISSING.
T  INDICATES TRACE AMOUNT.




$$
