000
CDUS44 KOHX 010043
CLIBNA


CLIMATE REPORT
NATIONAL WEATHER SERVICE NASHVILLE TN
742 PM CDT SUN APR 30 2017


...................................

...THE NASHVILLE CLIMATE SUMMARY FOR APRIL 30 2017...
VALID TODAY AS OF 0400 PM LOCAL TIME.

CLIMATE NORMAL PERIOD 1981 TO 2010
CLIMATE RECORD PERIOD 1871 TO 2017


WEATHER ITEM   OBSERVED TIME   RECORD YEAR NORMAL DEPARTURE
                VALUE   (LST)  VALUE       VALUE  FROM
                                                  NORMAL
...............................................................
TEMPERATURE (F)
 TODAY
  MAXIMUM         84   1250 PM  89    1987  74     10
                                      1986
                                      1942
  MINIMUM         67    259 PM  37    1908  52     15
  AVERAGE         76                        63     13

PRECIPITATION (IN)
  TODAY            0.18          1.31 2002   0.15   0.03
  MONTH TO DATE    7.37                      4.00   3.37
  SINCE JAN 1     16.29                     15.80   0.49

SNOWFALL (IN)
  TODAY            0.0           0.0  2002
                                      2001
  MONTH TO DATE    0.0
  SINCE MAR 1      1.5
  SINCE JUL 1      2.2

DEGREE DAYS
 HEATING
  TODAY            0                               -4
  MONTH TO DATE   76                             -142
  SINCE MAR 1    441                             -249
  SINCE JUL 1   2409                            -1219

 COOLING
  TODAY           11                                9
  MONTH TO DATE  111                               74
  SINCE MAR 1    125                               80
  SINCE JAN 1    132                               87
...............................................................


WIND (MPH)
  HIGHEST WIND SPEED    37   HIGHEST WIND DIRECTION     S (190)
  HIGHEST GUST SPEED    50   HIGHEST GUST DIRECTION     S (190)
  AVERAGE WIND SPEED    14.3




RELATIVE HUMIDITY (PERCENT)
 HIGHEST    79
 LOWEST     51
 AVERAGE    65

..........................................................


THE NASHVILLE CLIMATE NORMALS FOR TOMORROW
                         NORMAL    RECORD    YEAR
 MAXIMUM TEMPERATURE (F)   75        90      1942
 MINIMUM TEMPERATURE (F)   52        34      1963


SUNRISE AND SUNSET
APRIL 30 2017.........SUNRISE   555 AM CDT   SUNSET   734 PM CDT
MAY  1 2017...........SUNRISE   554 AM CDT   SUNSET   734 PM CDT


-  INDICATES NEGATIVE NUMBERS.
R  INDICATES RECORD WAS SET OR TIED.
MM INDICATES DATA IS MISSING.
T  INDICATES TRACE AMOUNT.




$$
