000
CDUS44 KOHX 161423
CLIBNA


CLIMATE REPORT
NATIONAL WEATHER SERVICE NASHVILLE TN
822 AM CST SAT DEC 16 2017


...................................

...THE NASHVILLE CLIMATE SUMMARY FOR DECEMBER 16 2017...
VALID AS OF 0800 AM LOCAL TIME.

CLIMATE NORMAL PERIOD 1981 TO 2010
CLIMATE RECORD PERIOD 1871 TO 2017


WEATHER ITEM   OBSERVED TIME   RECORD YEAR NORMAL DEPARTURE
                VALUE   (LST)  VALUE       VALUE  FROM
                                                  NORMAL
...............................................................
TEMPERATURE (F)
 TODAY
  MINIMUM         27    443 AM   2    1989  31     -4

PRECIPITATION (IN)
  TODAY            0.00          2.44 1996   0.13  -0.13
  MONTH TO DATE    0.48                      2.42  -1.94
  SINCE JAN 1     48.84                     45.43   3.41

SNOWFALL (IN)
  TODAY            0.0           0.3  1932
  MONTH TO DATE    0.0
  SINCE DEC 1      0.0
  SINCE JUL 1      0.0

DEGREE DAYS
 HEATING
  TODAY           35                               10
  MONTH TO DATE  377                                7
  SINCE DEC 1    377                                7
  SINCE JUL 1    951                              -93

 COOLING
  TODAY            0                                0
  MONTH TO DATE    0                                0
  SINCE DEC 1      0                                0
  SINCE JAN 1   1923                              278
...............................................................


WIND (MPH)
  HIGHEST WIND SPEED    10   HIGHEST WIND DIRECTION     S (180)
  HIGHEST GUST SPEED    13   HIGHEST GUST DIRECTION     S (190)
  AVERAGE WIND SPEED     4.5




RELATIVE HUMIDITY (PERCENT)
 HIGHEST    78
 LOWEST     72
 AVERAGE    75

..........................................................


THE NASHVILLE CLIMATE NORMALS FOR TOMORROW
                         NORMAL    RECORD    YEAR
 MAXIMUM TEMPERATURE (F)   49        75      1924
 MINIMUM TEMPERATURE (F)   31         9      1972


SUNRISE AND SUNSET
DECEMBER 16 2017......SUNRISE   651 AM CST   SUNSET   434 PM CST
DECEMBER 17 2017......SUNRISE   652 AM CST   SUNSET   434 PM CST


-  INDICATES NEGATIVE NUMBERS.
R  INDICATES RECORD WAS SET OR TIED.
MM INDICATES DATA IS MISSING.
T  INDICATES TRACE AMOUNT.




$$
