000
CDUS44 KOHX 080038
CLIBNA

MEMCLIOHX 000
TTAA00 KOHX 080038


CLIMATE REPORT
NATIONAL WEATHER SERVICE NASHVILLE TN
737 PM CDT TUE JUL 7 2015


...................................

...THE NASHVILLE CLIMATE SUMMARY FOR JULY 7 2015...
VALID TODAY AS OF 0700 PM LOCAL TIME.

CLIMATE NORMAL PERIOD 1981 TO 2010
CLIMATE RECORD PERIOD 1871 TO 2015


WEATHER ITEM   OBSERVED TIME   RECORD YEAR NORMAL DEPARTURE
                VALUE   (LST)  VALUE       VALUE  FROM
                                                  NORMAL
...............................................................
TEMPERATURE (F)
 TODAY
  MAXIMUM         89    242 PM 104    2012  89      0
  MINIMUM         72    558 PM  57    1983  69      3
                                      1972
  AVERAGE         81                        79      2

PRECIPITATION (IN)
  TODAY            0.36          3.03 1909   0.12   0.24
  MONTH TO DATE    4.16                      0.86   3.30
  SINCE JUN 1      7.54                      5.00   2.54
  SINCE JAN 1     28.54                     26.30   2.24

SNOWFALL (IN)
  TODAY            0.0           0.0  2002   0.0    0.0
                                      2001
  MONTH TO DATE    0.0                       0.0    0.0
  SINCE JUN 1      0.0                       0.0    0.0
  SINCE JUL 1      0.0                       0.0    0.0
  SNOW DEPTH       0

DEGREE DAYS
 HEATING
  TODAY            0                                0
  MONTH TO DATE    0                                0
  SINCE JUN 1      0                               -3
  SINCE JUL 1      0                                0

 COOLING
  TODAY           16                                2
  MONTH TO DATE   83                              -15
  SINCE JUN 1    476                               54
  SINCE JAN 1    732                              131
...............................................................


WIND (MPH)
  HIGHEST WIND SPEED    26   HIGHEST WIND DIRECTION     W (250)
  HIGHEST GUST SPEED    43   HIGHEST GUST DIRECTION    SW (220)
  AVERAGE WIND SPEED     8.9




RELATIVE HUMIDITY (PERCENT)
 HIGHEST    94
 LOWEST     59
 AVERAGE    77

..........................................................


THE NASHVILLE CLIMATE NORMALS FOR TOMORROW
                         NORMAL    RECORD    YEAR
 MAXIMUM TEMPERATURE (F)   89       105      1988
 MINIMUM TEMPERATURE (F)   69        57      1972


SUNRISE AND SUNSET
JULY  7 2015..........SUNRISE   536 AM CDT   SUNSET   807 PM CDT
JULY  8 2015..........SUNRISE   537 AM CDT   SUNSET   807 PM CDT


-  INDICATES NEGATIVE NUMBERS.
R  INDICATES RECORD WAS SET OR TIED.
MM INDICATES DATA IS MISSING.
T  INDICATES TRACE AMOUNT.




$$
