000
CDUS45 KBOI 220937
CLIBNO


CLIMATE REPORT
NATIONAL WEATHER SERVICE BOISE ID
337 AM MDT FRI SEP 22 2017


...................................

...THE BURNS OR CLIMATE SUMMARY FOR SEPTEMBER 21 2017...

CLIMATE NORMAL PERIOD 1981 TO 2010
CLIMATE RECORD PERIOD 1938 TO 2017


WEATHER ITEM   OBSERVED TIME   RECORD YEAR NORMAL DEPARTURE LAST
                VALUE   (LST)  VALUE       VALUE  FROM      YEAR
                                                  NORMAL
..................................................................
TEMPERATURE (F)
 YESTERDAY
  MAXIMUM         54    306 PM  90    1967  74    -20       67
  MINIMUM         24    322 AM  19    1993  34    -10       40
  AVERAGE         39                        54    -15       54

PRECIPITATION (IN)
  YESTERDAY        0.00          0.16 1944   0.02  -0.02     0.00
  MONTH TO DATE    0.25                      0.30  -0.05     0.05
  SINCE OCT 1     12.15                     10.78   1.37     9.31
  SINCE JAN 1      8.64                      7.28   1.36     4.44

DEGREE DAYS
 HEATING
  YESTERDAY       26                        11     15       11
  MONTH TO DATE  149                       165    -16      219
  SINCE SEP 1    149                       165    -16      219
  SINCE JUL 1    164                       302   -138      335

 COOLING
  YESTERDAY        0                         0      0        0
  MONTH TO DATE   50                         7     43        0
  SINCE SEP 1     50                         7     43        0
  SINCE JAN 1    343                       213    130      226
..................................................................


WIND (MPH)
  HIGHEST WIND SPEED    20   HIGHEST WIND DIRECTION    NW (330)
  HIGHEST GUST SPEED    23   HIGHEST GUST DIRECTION    NW (320)
  AVERAGE WIND SPEED     6.9


SKY COVER
  POSSIBLE SUNSHINE  MM
  AVERAGE SKY COVER 0.3


WEATHER CONDITIONS
 THE FOLLOWING WEATHER WAS RECORDED YESTERDAY.
  NO SIGNIFICANT WEATHER WAS OBSERVED.


RELATIVE HUMIDITY (PERCENT)
 HIGHEST   100           100 AM
 LOWEST     35           300 PM
 AVERAGE    68

..........................................................


THE BURNS OR CLIMATE NORMALS FOR TODAY
                         NORMAL    RECORD    YEAR
 MAXIMUM TEMPERATURE (F)   73        91      1992
 MINIMUM TEMPERATURE (F)   34        22      1995
                                             1993


SUNRISE AND SUNSET
SEPTEMBER 22 2017.....SUNRISE   643 AM PDT   SUNSET   653 PM PDT
SEPTEMBER 23 2017.....SUNRISE   645 AM PDT   SUNSET   651 PM PDT


-  INDICATES NEGATIVE NUMBERS.
R  INDICATES RECORD WAS SET OR TIED.
MM INDICATES DATA IS MISSING.
T  INDICATES TRACE AMOUNT.




$$
