000
CDUS45 KBOI 230933
CLIBNO


CLIMATE REPORT
NATIONAL WEATHER SERVICE BOISE ID
332 AM MDT THU MAR 23 2017


...................................

...THE BURNS OR CLIMATE SUMMARY FOR MARCH 22 2017...

CLIMATE NORMAL PERIOD 1981 TO 2010
CLIMATE RECORD PERIOD 1938 TO 2017


WEATHER ITEM   OBSERVED TIME   RECORD YEAR NORMAL DEPARTURE LAST
                VALUE   (LST)  VALUE       VALUE  FROM      YEAR
                                                  NORMAL
..................................................................
TEMPERATURE (F)
 YESTERDAY
  MAXIMUM         49    353 PM  71    1960  51     -2       46
                                      1940
  MINIMUM         32   1156 PM  11    1952  27      5       31
  AVERAGE         41                        39      2       39

PRECIPITATION (IN)
  YESTERDAY        0.02          0.39 2005   0.04  -0.02     0.00
  MONTH TO DATE    0.99                      0.80   0.19     1.32
  SINCE OCT 1      9.50                      6.51   2.99     7.91
  SINCE JAN 1      5.99                      3.01   2.98     3.04

DEGREE DAYS
 HEATING
  YESTERDAY       24                        26     -2       26
  MONTH TO DATE  570                       632    -62      518
  SINCE MAR 1    570                       632    -62      518
  SINCE JUL 1   6444                      6160    284     5679

 COOLING
  YESTERDAY        0                         0      0        0
  MONTH TO DATE    0                         0      0        0
  SINCE MAR 1      0                         0      0        0
  SINCE JAN 1      0                         0      0        0
..................................................................


WIND (MPH)
  HIGHEST WIND SPEED    21   HIGHEST WIND DIRECTION     W (280)
  HIGHEST GUST SPEED    26   HIGHEST GUST DIRECTION     W (280)
  AVERAGE WIND SPEED     7.3


SKY COVER
  POSSIBLE SUNSHINE  MM
  AVERAGE SKY COVER 0.5


WEATHER CONDITIONS
 THE FOLLOWING WEATHER WAS RECORDED YESTERDAY.
  LIGHT RAIN


RELATIVE HUMIDITY (PERCENT)
 HIGHEST    89           800 PM
 LOWEST     53           900 AM
 AVERAGE    71

..........................................................


THE BURNS OR CLIMATE NORMALS FOR TODAY
                         NORMAL    RECORD    YEAR
 MAXIMUM TEMPERATURE (F)   52        75      1940
 MINIMUM TEMPERATURE (F)   27        13      2013


SUNRISE AND SUNSET
MARCH 23 2017.........SUNRISE   653 AM PDT   SUNSET   712 PM PDT
MARCH 24 2017.........SUNRISE   651 AM PDT   SUNSET   713 PM PDT


-  INDICATES NEGATIVE NUMBERS.
R  INDICATES RECORD WAS SET OR TIED.
MM INDICATES DATA IS MISSING.
T  INDICATES TRACE AMOUNT.




$$
