000
CDUS45 KBOI 270122
CLIBNO


CLIMATE REPORT
NATIONAL WEATHER SERVICE BOISE ID
622 PM MST FRI DEC 26 2014


...................................

...THE BURNS OR CLIMATE SUMMARY FOR DECEMBER 26 2014...
VALID TODAY AS OF 0600 PM LOCAL TIME.

CLIMATE NORMAL PERIOD 1981 TO 2010
CLIMATE RECORD PERIOD 1939 TO 2014


WEATHER ITEM   OBSERVED TIME   RECORD YEAR NORMAL DEPARTURE LAST
                VALUE   (LST)  VALUE       VALUE  FROM      YEAR
                                                  NORMAL
..................................................................
TEMPERATURE (F)
 TODAY
  MAXIMUM         37    257 PM  53    1976  33      4       45
  MINIMUM         24    644 AM -15    1988  13     11       10
  AVERAGE         31                        23      8       28

PRECIPITATION (IN)
  TODAY            0.01          0.57 1940   0.05  -0.04     0.00
  MONTH TO DATE    2.06                      1.31   0.75     0.21
  SINCE OCT 1      4.27                      3.26   1.01     0.97
  SINCE JAN 1     10.52                     10.68  -0.16     6.90

DEGREE DAYS
 HEATING
  TODAY           34                        42     -8       37
  MONTH TO DATE  765                      1060   -295     1213
  SINCE DEC 1    765                      1060   -295     1213
  SINCE JUL 1   2495                      3061   -566     3136

 COOLING
  TODAY            0                         0      0        0
  MONTH TO DATE    0                         0      0        0
  SINCE DEC 1      0                         0      0        0
  SINCE JAN 1    318                       215    103      372
..................................................................


WIND (MPH)
  HIGHEST WIND SPEED    16   HIGHEST WIND DIRECTION    NW (310)
  HIGHEST GUST SPEED    21   HIGHEST GUST DIRECTION    NW (320)
  AVERAGE WIND SPEED     4.0



WEATHER CONDITIONS
 THE FOLLOWING WEATHER WAS RECORDED TODAY.
  LIGHT SNOW
  FOG


RELATIVE HUMIDITY (PERCENT)
 HIGHEST    92           400 AM
 LOWEST     47          1200 PM
 AVERAGE    70

..........................................................


THE BURNS OR CLIMATE NORMALS FOR TOMORROW
                         NORMAL    RECORD    YEAR
 MAXIMUM TEMPERATURE (F)   33        57      1967
 MINIMUM TEMPERATURE (F)   13       -13      1988


SUNRISE AND SUNSET
DECEMBER 26 2014......SUNRISE   728 AM PST   SUNSET   425 PM PST
DECEMBER 27 2014......SUNRISE   728 AM PST   SUNSET   426 PM PST


-  INDICATES NEGATIVE NUMBERS.
R  INDICATES RECORD WAS SET OR TIED.
MM INDICATES DATA IS MISSING.
T  INDICATES TRACE AMOUNT.




$$
