000
CDUS45 KBOI 210948
CLIBNO


CLIMATE REPORT
NATIONAL WEATHER SERVICE BOISE ID
348 AM MDT TUE OCT 21 2014


...................................

...THE BURNS OR CLIMATE SUMMARY FOR OCTOBER 20 2014...

CLIMATE NORMAL PERIOD 1981 TO 2010
CLIMATE RECORD PERIOD 1939 TO 2014


WEATHER ITEM   OBSERVED TIME   RECORD YEAR NORMAL DEPARTURE LAST
                VALUE   (LST)  VALUE       VALUE  FROM      YEAR
                                                  NORMAL
..................................................................
TEMPERATURE (F)
 YESTERDAY
  MAXIMUM         72    242 PM  76    2003  60     12       72
  MINIMUM         25    504 AM   7    1996  27     -2       22
  AVERAGE         49                        43      6       47

PRECIPITATION (IN)
  YESTERDAY        0.08          0.25 1973   0.03   0.05     0.00
  MONTH TO DATE    0.17                      0.44  -0.27     0.04
  SINCE OCT 1      0.17                      0.44  -0.27     0.04
  SINCE JAN 1      6.42                      7.86  -1.44     5.97

DEGREE DAYS
 HEATING
  YESTERDAY       16                        22     -6       18
  MONTH TO DATE  282                       368    -86      470
  SINCE SEP 1    476                       650   -174      726
  SINCE JUL 1    541                       787   -246      762

 COOLING
  YESTERDAY        0                         0      0        0
  MONTH TO DATE    0                         0      0        0
  SINCE SEP 1      5                         9     -4       21
  SINCE JAN 1    318                       215    103      372
..................................................................


WIND (MPH)
  HIGHEST WIND SPEED    31   HIGHEST WIND DIRECTION    SW (240)
  HIGHEST GUST SPEED    36   HIGHEST GUST DIRECTION     W (260)
  AVERAGE WIND SPEED     8.0


SKY COVER
  POSSIBLE SUNSHINE  MM
  AVERAGE SKY COVER 0.3


WEATHER CONDITIONS
 THE FOLLOWING WEATHER WAS RECORDED YESTERDAY.
  LIGHT RAIN
  FOG
  HAZE


RELATIVE HUMIDITY (PERCENT)
 HIGHEST    92          1000 PM
 LOWEST     19           100 PM
 AVERAGE    56

..........................................................


THE BURNS OR CLIMATE NORMALS FOR TODAY
                         NORMAL    RECORD    YEAR
 MAXIMUM TEMPERATURE (F)   59        82      2003
 MINIMUM TEMPERATURE (F)   26        14      2012


SUNRISE AND SUNSET
OCTOBER 21 2014.......SUNRISE   717 AM PDT   SUNSET   603 PM PDT
OCTOBER 22 2014.......SUNRISE   719 AM PDT   SUNSET   601 PM PDT


-  INDICATES NEGATIVE NUMBERS.
R  INDICATES RECORD WAS SET OR TIED.
MM INDICATES DATA IS MISSING.
T  INDICATES TRACE AMOUNT.




$$
