000
CDUS45 KBOI 290120
CLIBNO


CLIMATE REPORT
NATIONAL WEATHER SERVICE BOISE ID
720 PM MDT THU APR 28 2016


...................................

...THE BURNS OR CLIMATE SUMMARY FOR APRIL 28 2016...
VALID TODAY AS OF 0600 PM LOCAL TIME.

CLIMATE NORMAL PERIOD 1981 TO 2010
CLIMATE RECORD PERIOD 1938 TO 2016


WEATHER ITEM   OBSERVED TIME   RECORD YEAR NORMAL DEPARTURE LAST
                VALUE   (LST)  VALUE       VALUE  FROM      YEAR
                                                  NORMAL
..................................................................
TEMPERATURE (F)
 TODAY
  MAXIMUM         63    326 PM  82    1939  61      2       78
  MINIMUM         35    446 AM  20    2002  32      3       28
                                      1996
  AVERAGE         49                        46      3       53

PRECIPITATION (IN)
  TODAY            0.00          0.59 1951   0.03  -0.03     0.00
  MONTH TO DATE    0.11                      0.87  -0.76     0.15
  SINCE OCT 1      8.03                      7.67   0.36     6.75
  SINCE JAN 1      3.16                      4.17  -1.01     2.25

DEGREE DAYS
 HEATING
  TODAY           16                        19     -3       12
  MONTH TO DATE  436                       617   -181      642
  SINCE MAR 1   1178                      1474   -296     1324
  SINCE JUL 1   6339                      7002   -663     5798

 COOLING
  TODAY            0                         0      0        0
  MONTH TO DATE    0                         0      0        0
  SINCE MAR 1      0                         0      0        0
  SINCE JAN 1      0                         0      0        0
..................................................................


WIND (MPH)
  HIGHEST WIND SPEED    17   HIGHEST WIND DIRECTION    NW (310)
  HIGHEST GUST SPEED    22   HIGHEST GUST DIRECTION    NW (310)
  AVERAGE WIND SPEED    10.7



WEATHER CONDITIONS
 THE FOLLOWING WEATHER WAS RECORDED TODAY.
  NO SIGNIFICANT WEATHER WAS OBSERVED.


RELATIVE HUMIDITY (PERCENT)
 HIGHEST    82           400 AM
 LOWEST     30           300 PM
 AVERAGE    56

..........................................................


THE BURNS OR CLIMATE NORMALS FOR TOMORROW
                         NORMAL    RECORD    YEAR
 MAXIMUM TEMPERATURE (F)   61        80      1968
 MINIMUM TEMPERATURE (F)   32        15      1962


SUNRISE AND SUNSET
APRIL 28 2016.........SUNRISE   552 AM PDT   SUNSET   755 PM PDT
APRIL 29 2016.........SUNRISE   550 AM PDT   SUNSET   756 PM PDT


-  INDICATES NEGATIVE NUMBERS.
R  INDICATES RECORD WAS SET OR TIED.
MM INDICATES DATA IS MISSING.
T  INDICATES TRACE AMOUNT.




$$
