000
CDUS45 KBOI 060930
CLIBOI


CLIMATE REPORT
NATIONAL WEATHER SERVICE BOISE ID
330 AM MDT MON JUL 6 2015


...................................

...THE BOISE ID CLIMATE SUMMARY FOR JULY 5 2015...

CLIMATE NORMAL PERIOD 1981 TO 2010
CLIMATE RECORD PERIOD 1878 TO 2015


WEATHER ITEM   OBSERVED TIME   RECORD YEAR NORMAL DEPARTURE LAST
                VALUE   (LST)  VALUE       VALUE  FROM      YEAR
                                                  NORMAL
..................................................................
TEMPERATURE (F)
 YESTERDAY
  MAXIMUM         84   1223 PM 106    1896  89     -5       98
  MINIMUM         71   1145 PM  35    1986  58     13       64
  AVERAGE         78                        74      4       81

PRECIPITATION (IN)
  YESTERDAY        T             0.40 1938   0.02  -0.02     0.00
  MONTH TO DATE    T                         0.07  -0.07     0.00
  SINCE OCT 1     10.87                     10.65   0.22    11.28
  SINCE JAN 1      4.96                      7.00  -2.04     8.37

SNOWFALL (IN)
  YESTERDAY        0.0           0.0  2006   0.0    0.0      0.0
  MONTH TO DATE    0.0                       0.0    0.0      0.0
  SINCE OCT 1     13.3                      19.2   -5.9     14.4
  SINCE JUL 1      0.0                       0.0    0.0      0.0
  SNOW DEPTH       0

DEGREE DAYS
 HEATING
  YESTERDAY        0                         0      0        0
  MONTH TO DATE    0                         4     -4        0
  SINCE JUN 1      2                        68    -66       36
  SINCE JUL 1      0                         4     -4        0

 COOLING
  YESTERDAY       13                         9      4       16
  MONTH TO DATE   98                        42     56       80
  SINCE JUN 1    436                       181    255      192
  SINCE JAN 1    471                       225    246      216
..................................................................


WIND (MPH)
  HIGHEST WIND SPEED    15   HIGHEST WIND DIRECTION    SE (120)
  HIGHEST GUST SPEED    17   HIGHEST GUST DIRECTION    SE (120)
  AVERAGE WIND SPEED     5.8


SKY COVER
  POSSIBLE SUNSHINE  MM
  AVERAGE SKY COVER 0.3


WEATHER CONDITIONS
 THE FOLLOWING WEATHER WAS RECORDED YESTERDAY.
  LIGHT RAIN


RELATIVE HUMIDITY (PERCENT)
 HIGHEST    58           500 PM
 LOWEST     22          1200 AM
 AVERAGE    40

..........................................................


THE BOISE ID CLIMATE NORMALS FOR TODAY
                         NORMAL    RECORD    YEAR
 MAXIMUM TEMPERATURE (F)   89       105      2007
 MINIMUM TEMPERATURE (F)   59        40      1897
                                             1895


SUNRISE AND SUNSET
JULY  6 2015..........SUNRISE   610 AM MDT   SUNSET   929 PM MDT
JULY  7 2015..........SUNRISE   611 AM MDT   SUNSET   928 PM MDT


-  INDICATES NEGATIVE NUMBERS.
R  INDICATES RECORD WAS SET OR TIED.
MM INDICATES DATA IS MISSING.
T  INDICATES TRACE AMOUNT.




$$
