000
CDUS45 KBOI 290121
CLIBOI


CLIMATE REPORT
NATIONAL WEATHER SERVICE BOISE ID
720 PM MDT WED SEP 28 2016


...................................

...THE BOISE ID CLIMATE SUMMARY FOR SEPTEMBER 28 2016...
VALID TODAY AS OF 0600 PM LOCAL TIME.

CLIMATE NORMAL PERIOD 1981 TO 2010
CLIMATE RECORD PERIOD 1875 TO 2016


WEATHER ITEM   OBSERVED TIME   RECORD YEAR NORMAL DEPARTURE LAST
                VALUE   (LST)  VALUE       VALUE  FROM      YEAR
                                                  NORMAL
..................................................................
TEMPERATURE (F)
 TODAY
  MAXIMUM         93    318 PM  95    1963  74     19       80
  MINIMUM         54    608 AM  30    1881  47      7       47
  AVERAGE         74                        60     14       64

PRECIPITATION (IN)
  TODAY            0.00          0.34 2014   0.02  -0.02     0.00
  MONTH TO DATE    0.21                      0.53  -0.32     0.51
  SINCE OCT 1      9.52                     11.68  -2.16    12.53
  SINCE JAN 1      5.18                      8.03  -2.85     6.62

DEGREE DAYS
 HEATING
  TODAY            0                         6     -6        1
  MONTH TO DATE   89                        90     -1       60
  SINCE SEP 1     89                        90     -1       60
  SINCE JUL 1     97                       108    -11       60

 COOLING
  TODAY            9                         1      8        0
  MONTH TO DATE   41                        97    -56      109
  SINCE SEP 1     41                        97    -56      109
  SINCE JAN 1    978                       931     47     1245
..................................................................


WIND (MPH)
  HIGHEST WIND SPEED    21   HIGHEST WIND DIRECTION    SE (150)
  HIGHEST GUST SPEED    25   HIGHEST GUST DIRECTION    SE (130)
  AVERAGE WIND SPEED     9.7



WEATHER CONDITIONS
 THE FOLLOWING WEATHER WAS RECORDED TODAY.
  HAZE


RELATIVE HUMIDITY (PERCENT)
 HIGHEST    61           600 AM
 LOWEST     11           400 PM
 AVERAGE    36

..........................................................


THE BOISE ID CLIMATE NORMALS FOR TOMORROW
                         NORMAL    RECORD    YEAR
 MAXIMUM TEMPERATURE (F)   73        95      1992
 MINIMUM TEMPERATURE (F)   46        27      1954


SUNRISE AND SUNSET
SEPTEMBER 28 2016.....SUNRISE   740 AM MDT   SUNSET   730 PM MDT
SEPTEMBER 29 2016.....SUNRISE   741 AM MDT   SUNSET   728 PM MDT


-  INDICATES NEGATIVE NUMBERS.
R  INDICATES RECORD WAS SET OR TIED.
MM INDICATES DATA IS MISSING.
T  INDICATES TRACE AMOUNT.




$$
