339
CDUS45 KBOI 310121
CLIBOI


CLIMATE REPORT
NATIONAL WEATHER SERVICE BOISE ID
721 PM MDT SAT JUL 30 2016


...................................

...THE BOISE ID CLIMATE SUMMARY FOR JULY 30 2016...
VALID TODAY AS OF 0600 PM LOCAL TIME.

CLIMATE NORMAL PERIOD 1981 TO 2010
CLIMATE RECORD PERIOD 1875 TO 2016


WEATHER ITEM   OBSERVED TIME   RECORD YEAR NORMAL DEPARTURE LAST
                VALUE   (LST)  VALUE       VALUE  FROM      YEAR
                                                  NORMAL
..................................................................
TEMPERATURE (F)
 TODAY
  MAXIMUM        100    520 PM 106    2003  93      7       95
  MINIMUM         69    546 AM  46    1950  62      7       62
                                      1890
                                      1877
  AVERAGE         85                        78      7       79

PRECIPITATION (IN)
  TODAY            0.00          1.22 1912   0.01  -0.01     0.00
  MONTH TO DATE    0.27                      0.32  -0.05     0.97
  SINCE OCT 1      9.31                     10.90  -1.59    11.84
  SINCE JAN 1      4.97                      7.25  -2.28     5.93

DEGREE DAYS
 HEATING
  TODAY            0                         0      0        0
  MONTH TO DATE    8                         4      4        0
  SINCE JUN 1     45                        68    -23        2
  SINCE JUL 1      8                         4      4        0

 COOLING
  TODAY           20                        13      7       14
  MONTH TO DATE  327                       330     -3      352
  SINCE JUN 1    574                       469    105      690
  SINCE JAN 1    605                       513     92      725
..................................................................


WIND (MPH)
  HIGHEST WIND SPEED    17   HIGHEST WIND DIRECTION    NW (320)
  HIGHEST GUST SPEED    23   HIGHEST GUST DIRECTION     N (340)
  AVERAGE WIND SPEED     7.4



WEATHER CONDITIONS
 THE FOLLOWING WEATHER WAS RECORDED TODAY.
  HAZE


RELATIVE HUMIDITY (PERCENT)
 HIGHEST    31           600 AM
 LOWEST     12           400 PM
 AVERAGE    22

..........................................................


THE BOISE ID CLIMATE NORMALS FOR TOMORROW
                         NORMAL    RECORD    YEAR
 MAXIMUM TEMPERATURE (F)   93       109      1892
 MINIMUM TEMPERATURE (F)   62        44      1975


SUNRISE AND SUNSET
JULY 30 2016..........SUNRISE   633 AM MDT   SUNSET   909 PM MDT
JULY 31 2016..........SUNRISE   634 AM MDT   SUNSET   908 PM MDT


-  INDICATES NEGATIVE NUMBERS.
R  INDICATES RECORD WAS SET OR TIED.
MM INDICATES DATA IS MISSING.
T  INDICATES TRACE AMOUNT.




$$
