000
CDUS45 KBOI 230931
CLIBOI


CLIMATE REPORT
NATIONAL WEATHER SERVICE BOISE ID
331 AM MDT FRI JUN 23 2017


...................................

...THE BOISE ID CLIMATE SUMMARY FOR JUNE 22 2017...

CLIMATE NORMAL PERIOD 1981 TO 2010
CLIMATE RECORD PERIOD 1875 TO 2017


WEATHER ITEM   OBSERVED TIME   RECORD YEAR NORMAL DEPARTURE LAST
                VALUE   (LST)  VALUE       VALUE  FROM      YEAR
                                                  NORMAL
..................................................................
TEMPERATURE (F)
 YESTERDAY
  MAXIMUM         82    559 PM 104    1988  84     -2       93
                                      1936
  MINIMUM         56    544 AM  40    1908  55      1       57
                                      1907
  AVERAGE         69                        69      0       75

PRECIPITATION (IN)
  YESTERDAY        0.00          0.40 1884   0.02  -0.02     0.00
  MONTH TO DATE    1.27                      0.57   0.70     0.18
  SINCE OCT 1     14.56                     10.46   4.10     9.04
  SINCE JAN 1     11.06                      6.81   4.25     4.70

SNOWFALL (IN)
  YESTERDAY        0.0           0.0  2007   0.0    0.0      0.0
  MONTH TO DATE    0.0                       0.0    0.0      0.0
  SINCE OCT 1     39.1                      19.2   19.9     10.9
  SINCE JUL 1     39.1                      19.2   19.9     10.9
  SNOW DEPTH       0

DEGREE DAYS
 HEATING
  YESTERDAY        0                         1     -1        0
  MONTH TO DATE   45                        56    -11       36
  SINCE JUN 1     45                        56    -11       36
  SINCE JUL 1   5499                      5506     -7     4712

 COOLING
  YESTERDAY        4                         6     -2       10
  MONTH TO DATE  100                        84     16      153
  SINCE JUN 1    100                        84     16      153
  SINCE JAN 1    162                       128     34      184
..................................................................


WIND (MPH)
  HIGHEST WIND SPEED    25   HIGHEST WIND DIRECTION    NW (300)
  HIGHEST GUST SPEED    33   HIGHEST GUST DIRECTION    NW (300)
  AVERAGE WIND SPEED    13.8


SKY COVER
  POSSIBLE SUNSHINE  MM
  AVERAGE SKY COVER 0.0


WEATHER CONDITIONS
 THE FOLLOWING WEATHER WAS RECORDED YESTERDAY.
  HAZE


RELATIVE HUMIDITY (PERCENT)
 HIGHEST    43           500 AM
 LOWEST     14           500 PM
 AVERAGE    29

..........................................................


THE BOISE ID CLIMATE NORMALS FOR TODAY
                         NORMAL    RECORD    YEAR
 MAXIMUM TEMPERATURE (F)   84       103      1988
 MINIMUM TEMPERATURE (F)   55        36      1891


SUNRISE AND SUNSET
JUNE 23 2017..........SUNRISE   604 AM MDT   SUNSET   930 PM MDT
JUNE 24 2017..........SUNRISE   605 AM MDT   SUNSET   930 PM MDT


-  INDICATES NEGATIVE NUMBERS.
R  INDICATES RECORD WAS SET OR TIED.
MM INDICATES DATA IS MISSING.
T  INDICATES TRACE AMOUNT.




$$
