000
CDUS45 KBOI 310931
CLIBOI


CLIMATE REPORT
NATIONAL WEATHER SERVICE BOISE ID
231 AM MST SAT JAN 31 2015


...................................

...THE BOISE ID CLIMATE SUMMARY FOR JANUARY 30 2015...

CLIMATE NORMAL PERIOD 1981 TO 2010
CLIMATE RECORD PERIOD 1878 TO 2015


WEATHER ITEM   OBSERVED TIME   RECORD YEAR NORMAL DEPARTURE LAST
                VALUE   (LST)  VALUE       VALUE  FROM      YEAR
                                                  NORMAL
..................................................................
TEMPERATURE (F)
 YESTERDAY
  MAXIMUM         45    422 PM  56    1992  40      5       43
  MINIMUM         28   1149 PM -13    1979  26      2       30
  AVERAGE         37                        33      4       37

PRECIPITATION (IN)
  YESTERDAY        0.00          0.55 1881   0.03  -0.03      T
  MONTH TO DATE    0.84                      1.20  -0.36     0.80
  SINCE OCT 1      6.75                      4.85   1.90     3.71
  SINCE JAN 1      0.84                      1.20  -0.36     0.80

SNOWFALL (IN)
  YESTERDAY        0.0           4.8  1963   0.2   -0.2       T
  MONTH TO DATE    1.1                       5.0   -3.9      3.2
  SINCE OCT 1     13.1                      14.7   -1.6     10.1
  SINCE JUL 1     13.1                      14.7   -1.6     10.1
  SNOW DEPTH       0

DEGREE DAYS
 HEATING
  YESTERDAY       28                        32     -4       28
  MONTH TO DATE  995                      1014    -19     1030
  SINCE DEC 1   1845                      2075   -230     2294
  SINCE JUL 1   2984                      3329   -345     3588

 COOLING
  YESTERDAY        0                         0      0        0
  MONTH TO DATE    0                         0      0        0
  SINCE DEC 1      0                         0      0        0
  SINCE JAN 1      0                         0      0        0
..................................................................


WIND (MPH)
  HIGHEST WIND SPEED    15   HIGHEST WIND DIRECTION    NW (300)
  HIGHEST GUST SPEED    18   HIGHEST GUST DIRECTION    NW (300)
  AVERAGE WIND SPEED     3.5


SKY COVER
  POSSIBLE SUNSHINE  MM
  AVERAGE SKY COVER 0.2


WEATHER CONDITIONS
 THE FOLLOWING WEATHER WAS RECORDED YESTERDAY.
  FOG
  FOG W/VISIBILITY <= 1/4 MILE


RELATIVE HUMIDITY (PERCENT)
 HIGHEST   100          1000 AM
 LOWEST     62           500 PM
 AVERAGE    81

..........................................................


THE BOISE ID CLIMATE NORMALS FOR TODAY
                         NORMAL    RECORD    YEAR
 MAXIMUM TEMPERATURE (F)   40        61      1992
 MINIMUM TEMPERATURE (F)   26       -17      1950


SUNRISE AND SUNSET
JANUARY 31 2015.......SUNRISE   802 AM MST   SUNSET   555 PM MST
FEBRUARY  1 2015......SUNRISE   801 AM MST   SUNSET   556 PM MST


-  INDICATES NEGATIVE NUMBERS.
R  INDICATES RECORD WAS SET OR TIED.
MM INDICATES DATA IS MISSING.
T  INDICATES TRACE AMOUNT.




$$
