000
CDUS41 KBOX 290543
CLIBOS


CLIMATE REPORT
NATIONAL WEATHER SERVICE TAUNTON MA
140 AM EDT SUN MAR 29 2015


...................................

...THE BOSTON MA CLIMATE SUMMARY FOR MARCH 28 2015...

CLIMATE NORMAL PERIOD 1981 TO 2010
CLIMATE RECORD PERIOD 1872 TO 2015


WEATHER ITEM   OBSERVED TIME   RECORD YEAR NORMAL DEPARTURE LAST
                VALUE   (LST)  VALUE       VALUE  FROM      YEAR
                                                  NORMAL
..................................................................
TEMPERATURE (F)
 YESTERDAY
  MAXIMUM         40   1217 AM  85    1998  49     -9       60
  MINIMUM         30   1159 PM  11    1923  35     -5       35
  AVERAGE         35                        42     -7       48

PRECIPITATION (IN)
  YESTERDAY        0.12          2.43 1932   0.15  -0.03     0.02
  MONTH TO DATE    3.05                      3.91  -0.86     0.84
  SINCE MAR 1      3.05                      3.91  -0.86     0.84
  SINCE JAN 1      9.99                     10.52  -0.53     8.21

SNOWFALL (IN)
  YESTERDAY        0.3           1.2  1932   0.2    0.1      0.0
  MONTH TO DATE    8.6                       7.4    1.2      2.2
  SINCE MAR 1      8.6                       7.4    1.2      2.2
  SINCE JUL 1    110.6                      41.5   69.1     58.6
  SNOW DEPTH      MM

DEGREE DAYS
 HEATING
  YESTERDAY       30                        23      7       17
  MONTH TO DATE  898                       761    137      899
  SINCE MAR 1    898                       761    137      899
  SINCE JUL 1   5213                      4803    410     5047

 COOLING
  YESTERDAY        0                         0      0        0
  MONTH TO DATE    0                         0      0        0
  SINCE MAR 1      0                         0      0        0
  SINCE JAN 1      0                         0      0        0
..................................................................


WIND (MPH)
  RESULTANT WIND SPEED  11   RESULTANT WIND DIRECTION   N (350)
  HIGHEST WIND SPEED    24   HIGHEST WIND DIRECTION     N (10)
  HIGHEST GUST SPEED    30   HIGHEST GUST DIRECTION     N (10)
  AVERAGE WIND SPEED    12.6


SKY COVER
  POSSIBLE SUNSHINE  MM
  AVERAGE SKY COVER 1.0


WEATHER CONDITIONS
 THE FOLLOWING WEATHER WAS RECORDED YESTERDAY.
  LIGHT RAIN
  LIGHT SNOW
  FOG


RELATIVE HUMIDITY (PERCENT)
 HIGHEST    96           900 AM
 LOWEST     59          1100 PM
 AVERAGE    78

..........................................................


THE BOSTON MA CLIMATE NORMALS FOR TODAY
                         NORMAL    RECORD    YEAR
 MAXIMUM TEMPERATURE (F)   49        86      1945
 MINIMUM TEMPERATURE (F)   35         4      1923


SUNRISE AND SUNSET
MARCH 29 2015.........SUNRISE   632 AM EDT   SUNSET   706 PM EDT
MARCH 30 2015.........SUNRISE   631 AM EDT   SUNSET   707 PM EDT


-  INDICATES NEGATIVE NUMBERS.
R  INDICATES RECORD WAS SET OR TIED.
MM INDICATES DATA IS MISSING.
T  INDICATES TRACE AMOUNT.




$$
