000
CDUS41 KBOX 180542
CLIBOS


CLIMATE REPORT
NATIONAL WEATHER SERVICE TAUNTON MA
141 AM EDT THU SEP 18 2014


...................................

...THE BOSTON MA CLIMATE SUMMARY FOR SEPTEMBER 17 2014...

CLIMATE NORMAL PERIOD 1981 TO 2010
CLIMATE RECORD PERIOD 1872 TO 2014


WEATHER ITEM   OBSERVED TIME   RECORD YEAR NORMAL DEPARTURE LAST
                VALUE   (LST)  VALUE       VALUE  FROM      YEAR
                                                  NORMAL
..................................................................
TEMPERATURE (F)
 YESTERDAY
  MAXIMUM         69    147 PM  91    1915  72     -3       60
  MINIMUM         54    538 AM  44    2013  57     -3       44
  AVERAGE         62                        65     -3       52

PRECIPITATION (IN)
  YESTERDAY        0.00          2.77 1995   0.11  -0.11     0.00
  MONTH TO DATE    0.51                      1.83  -1.32     1.84
  SINCE SEP 1      0.51                      1.83  -1.32     1.84
  SINCE JAN 1     27.40                     30.45  -3.05    32.04

SNOWFALL (IN)
  YESTERDAY        0.0           0.0  2002   0.0    0.0      0.0
  MONTH TO DATE    0.0                       0.0    0.0      0.0
  SINCE SEP 1      0.0                       0.0    0.0      0.0
  SINCE JUL 1      0.0                       0.0    0.0      0.0
  SNOW DEPTH      MM

DEGREE DAYS
 HEATING
  YESTERDAY        3                         3      0       13
  MONTH TO DATE   29                        26      3       28
  SINCE SEP 1     29                        26      3       28
  SINCE JUL 1     29                        39    -10       30

 COOLING
  YESTERDAY        0                         2     -2        0
  MONTH TO DATE   96                        62     34       80
  SINCE SEP 1     96                        62     34       80
  SINCE JAN 1    735                       721     14      901
..................................................................


WIND (MPH)
  RESULTANT WIND SPEED   1   RESULTANT WIND DIRECTION  SE (120)
  HIGHEST WIND SPEED    15   HIGHEST WIND DIRECTION     E (110)
  HIGHEST GUST SPEED    17   HIGHEST GUST DIRECTION     E (100)
  AVERAGE WIND SPEED     6.8


SKY COVER
  POSSIBLE SUNSHINE  MM
  AVERAGE SKY COVER 0.2


WEATHER CONDITIONS
 THE FOLLOWING WEATHER WAS RECORDED YESTERDAY.
  NO SIGNIFICANT WEATHER WAS OBSERVED.


RELATIVE HUMIDITY (PERCENT)
 HIGHEST    86           200 AM
 LOWEST     45          1200 PM
 AVERAGE    66

..........................................................


THE BOSTON MA CLIMATE NORMALS FOR TODAY
                         NORMAL    RECORD    YEAR
 MAXIMUM TEMPERATURE (F)   72        90      1955
                                             1906
                                             1891
 MINIMUM TEMPERATURE (F)   57        43      1875


SUNRISE AND SUNSET
SEPTEMBER 18 2014.....SUNRISE   627 AM EDT   SUNSET   649 PM EDT
SEPTEMBER 19 2014.....SUNRISE   628 AM EDT   SUNSET   647 PM EDT


-  INDICATES NEGATIVE NUMBERS.
R  INDICATES RECORD WAS SET OR TIED.
MM INDICATES DATA IS MISSING.
T  INDICATES TRACE AMOUNT.




$$
