000
CDUS41 KBOX 180529
CLIBOS


CLIMATE REPORT
NATIONAL WEATHER SERVICE TAUNTON MA
1228 AM EST SUN FEB 18 2018


...................................

...THE BOSTON MA CLIMATE SUMMARY FOR FEBRUARY 17 2018...

CLIMATE NORMAL PERIOD 1981 TO 2010
CLIMATE RECORD PERIOD 1872 TO 2018


WEATHER ITEM   OBSERVED TIME   RECORD YEAR NORMAL DEPARTURE LAST
                VALUE   (LST)  VALUE       VALUE  FROM      YEAR
                                                  NORMAL
..................................................................
TEMPERATURE (F)
 YESTERDAY
  MAXIMUM         35    620 PM  61    1981  39     -4       41
  MINIMUM         27    721 AM -11    1896  25      2       23
  AVERAGE         31                        32     -1       32

PRECIPITATION (IN)
  YESTERDAY        0.17          1.60 1952   0.12   0.05     0.00
  MONTH TO DATE    2.63                      1.90   0.73     3.12
  SINCE DEC 1     10.04                      9.04   1.00    10.62
  SINCE JAN 1      7.55                      5.26   2.29     7.37

SNOWFALL (IN)
  YESTERDAY        1.9          23.6  2003   0.4    1.5      0.0
  MONTH TO DATE    4.1                       6.6   -2.5     21.5
  SINCE DEC 1     31.1                      28.5    2.6     36.3
  SINCE JUL 1     31.1                      29.8    1.3     36.3
  SNOW DEPTH      MM

DEGREE DAYS
 HEATING
  YESTERDAY       34                        33      1       33
  MONTH TO DATE  528                       581    -53      586
  SINCE DEC 1   2704                      2636     68     2421
  SINCE JUL 1   3531                      3691   -160     3336

 COOLING
  YESTERDAY        0                         0      0        0
  MONTH TO DATE    0                         0      0        0
  SINCE DEC 1      0                         0      0        0
  SINCE JAN 1      0                         0      0        0
..................................................................


WIND (MPH)
  RESULTANT WIND SPEED   1   RESULTANT WIND DIRECTION  NE (50)
  HIGHEST WIND SPEED    24   HIGHEST WIND DIRECTION     S (180)
  HIGHEST GUST SPEED    29   HIGHEST GUST DIRECTION     S (170)
  AVERAGE WIND SPEED    11.6


SKY COVER
  POSSIBLE SUNSHINE  MM
  AVERAGE SKY COVER 0.5


WEATHER CONDITIONS
 THE FOLLOWING WEATHER WAS RECORDED YESTERDAY.
  LIGHT SNOW
  FOG


RELATIVE HUMIDITY (PERCENT)
 HIGHEST    92          1000 PM
 LOWEST     29          1000 AM
 AVERAGE    61

..........................................................


THE BOSTON MA CLIMATE NORMALS FOR TODAY
                         NORMAL    RECORD    YEAR
 MAXIMUM TEMPERATURE (F)   39        66      1981
 MINIMUM TEMPERATURE (F)   25        -4      1958


SUNRISE AND SUNSET
FEBRUARY 18 2018......SUNRISE   636 AM EST   SUNSET   520 PM EST
FEBRUARY 19 2018......SUNRISE   635 AM EST   SUNSET   522 PM EST


-  INDICATES NEGATIVE NUMBERS.
R  INDICATES RECORD WAS SET OR TIED.
MM INDICATES DATA IS MISSING.
T  INDICATES TRACE AMOUNT.




$$
