000
CDUS41 KBOX 010542
CLIBOS


CLIMATE REPORT
NATIONAL WEATHER SERVICE TAUNTON MA
140 AM EDT SAT OCT 1 2016


...................................

...THE BOSTON MA CLIMATE SUMMARY FOR SEPTEMBER 30 2016...

CLIMATE NORMAL PERIOD 1981 TO 2010
CLIMATE RECORD PERIOD 1872 TO 2016


WEATHER ITEM   OBSERVED TIME   RECORD YEAR NORMAL DEPARTURE LAST
                VALUE   (LST)  VALUE       VALUE  FROM      YEAR
                                                  NORMAL
..................................................................
TEMPERATURE (F)
 YESTERDAY
  MAXIMUM         62   1013 AM  87    1986  67     -5       78
  MINIMUM         56    640 PM  36    1888  52      4       57
  AVERAGE         59                        60     -1       68

PRECIPITATION (IN)
  YESTERDAY        0.13          2.46 2015   0.13   0.00     2.46
  MONTH TO DATE    1.38                      3.44  -2.06     3.93
  SINCE SEP 1      1.38                      3.44  -2.06     3.93
  SINCE JAN 1     21.64                     32.06 -10.42    26.71

SNOWFALL (IN)
  YESTERDAY        0.0           0.0  2002   0.0    0.0      0.0
                                      2001
                                      2000
  MONTH TO DATE    0.0                       0.0    0.0      0.0
  SINCE SEP 1      0.0                       0.0    0.0      0.0
  SINCE JUL 1      0.0                       0.0    0.0      0.0
  SNOW DEPTH      MM

DEGREE DAYS
 HEATING
  YESTERDAY        6                         6      0        0
  MONTH TO DATE   46                        84    -38       33
  SINCE SEP 1     46                        84    -38       33
  SINCE JUL 1     53                        97    -44       34

 COOLING
  YESTERDAY        0                         1     -1        3
  MONTH TO DATE  128                        81     47      167
  SINCE SEP 1    128                        81     47      167
  SINCE JAN 1   1022                       740    282      917
..................................................................


WIND (MPH)
  RESULTANT WIND SPEED  18   RESULTANT WIND DIRECTION  NE (60)
  HIGHEST WIND SPEED    22   HIGHEST WIND DIRECTION    NE (50)
  HIGHEST GUST SPEED    28   HIGHEST GUST DIRECTION    NE (50)
  AVERAGE WIND SPEED    17.7


SKY COVER
  POSSIBLE SUNSHINE  MM
  AVERAGE SKY COVER 0.9


WEATHER CONDITIONS
 THE FOLLOWING WEATHER WAS RECORDED YESTERDAY.
  LIGHT RAIN
  FOG


RELATIVE HUMIDITY (PERCENT)
 HIGHEST    93           600 PM
 LOWEST     72          1200 AM
 AVERAGE    83

..........................................................


THE BOSTON MA CLIMATE NORMALS FOR TODAY
                         NORMAL    RECORD    YEAR
 MAXIMUM TEMPERATURE (F)   67        90      1881
 MINIMUM TEMPERATURE (F)   52        36      1992


SUNRISE AND SUNSET
OCTOBER  1 2016.......SUNRISE   642 AM EDT   SUNSET   625 PM EDT
OCTOBER  2 2016.......SUNRISE   643 AM EDT   SUNSET   623 PM EDT


-  INDICATES NEGATIVE NUMBERS.
R  INDICATES RECORD WAS SET OR TIED.
MM INDICATES DATA IS MISSING.
T  INDICATES TRACE AMOUNT.




$$
