000
CDUS41 KBOX 120533
CLIBOS


CLIMATE REPORT
NATIONAL WEATHER SERVICE TAUNTON MA
1233 AM EST FRI FEB 12 2016


...................................

...THE BOSTON MA CLIMATE SUMMARY FOR FEBRUARY 11 2016...

CLIMATE NORMAL PERIOD 1981 TO 2010
CLIMATE RECORD PERIOD 1872 TO 2016


WEATHER ITEM   OBSERVED TIME   RECORD YEAR NORMAL DEPARTURE LAST
                VALUE   (LST)  VALUE       VALUE  FROM      YEAR
                                                  NORMAL
..................................................................
TEMPERATURE (F)
 YESTERDAY
  MAXIMUM         31   1255 AM  62    1981  38     -7       25
  MINIMUM         11   1159 PM  -4    1899  24    -13       14
  AVERAGE         21                        31    -10       20

PRECIPITATION (IN)
  YESTERDAY        0.01          1.67 1955   0.12  -0.11     0.01
  MONTH TO DATE    1.84                      1.20   0.64     2.26
  SINCE DEC 1      9.39                      8.34   1.05    12.39
  SINCE JAN 1      5.11                      4.56   0.55     5.83

SNOWFALL (IN)
  YESTERDAY        0.2          10.5  1933   0.4   -0.2      0.5
  MONTH TO DATE   13.6                       4.2    9.4     41.3
  SINCE DEC 1     24.0                      26.1   -2.1     75.9
  SINCE JUL 1     24.0                      27.4   -3.4     78.5
  SNOW DEPTH      MM

DEGREE DAYS
 HEATING
  YESTERDAY       44                        34     10       45
  MONTH TO DATE  321                       381    -60      492
  SINCE DEC 1   1925                      2436   -511     2513
  SINCE JUL 1   2780                      3491   -711     3526

 COOLING
  YESTERDAY        0                         0      0        0
  MONTH TO DATE    0                         0      0        0
  SINCE DEC 1      0                         0      0        0
  SINCE JAN 1      0                         0      0        0
..................................................................


WIND (MPH)
  RESULTANT WIND SPEED  16   RESULTANT WIND DIRECTION   W (280)
  HIGHEST WIND SPEED    29   HIGHEST WIND DIRECTION     W (270)
  HIGHEST GUST SPEED    39   HIGHEST GUST DIRECTION     W (270)
  AVERAGE WIND SPEED    16.8


SKY COVER
  POSSIBLE SUNSHINE  MM
  AVERAGE SKY COVER 0.5


WEATHER CONDITIONS
 THE FOLLOWING WEATHER WAS RECORDED YESTERDAY.
  LIGHT SNOW


RELATIVE HUMIDITY (PERCENT)
 HIGHEST    74          1100 AM
 LOWEST     36           400 PM
 AVERAGE    55

..........................................................


THE BOSTON MA CLIMATE NORMALS FOR TODAY
                         NORMAL    RECORD    YEAR
 MAXIMUM TEMPERATURE (F)   38        58      1999
                                             1984
 MINIMUM TEMPERATURE (F)   24       -11      1914


SUNRISE AND SUNSET
FEBRUARY 12 2016......SUNRISE   645 AM EST   SUNSET   512 PM EST
FEBRUARY 13 2016......SUNRISE   644 AM EST   SUNSET   513 PM EST


-  INDICATES NEGATIVE NUMBERS.
R  INDICATES RECORD WAS SET OR TIED.
MM INDICATES DATA IS MISSING.
T  INDICATES TRACE AMOUNT.




$$
