782
CDUS41 KBOX 310552
CLIBOS


CLIMATE REPORT
NATIONAL WEATHER SERVICE TAUNTON MA
152 AM EDT TUE MAY 31 2016


...................................

...THE BOSTON MA CLIMATE SUMMARY FOR MAY 30 2016...

CLIMATE NORMAL PERIOD 1981 TO 2010
CLIMATE RECORD PERIOD 1872 TO 2016


WEATHER ITEM   OBSERVED TIME   RECORD YEAR NORMAL DEPARTURE LAST
                VALUE   (LST)  VALUE       VALUE  FROM      YEAR
                                                  NORMAL
..................................................................
TEMPERATURE (F)
 YESTERDAY
  MAXIMUM         76    334 PM  96    1929  71      5       88
  MINIMUM         52    144 AM  35    1884  54     -2       58
  AVERAGE         64                        62      2       73

PRECIPITATION (IN)
  YESTERDAY        1.13          1.52 1948   0.13   1.00     0.00
  MONTH TO DATE    2.83                      3.37  -0.54     0.31
  SINCE MAR 1      8.90                     11.43  -2.53     5.64
  SINCE JAN 1     16.34                     18.04  -1.70    12.58

SNOWFALL (IN)
  YESTERDAY        0.0           0.0  2015   0.0    0.0      0.0
  MONTH TO DATE    0.0                       0.1   -0.1      0.0
  SINCE MAR 1     10.7                       9.8    0.9      8.6
  SINCE JUL 1     36.1                      43.9   -7.8    110.6
  SNOW DEPTH      MM

DEGREE DAYS
 HEATING
  YESTERDAY        1                         4     -3        0
  MONTH TO DATE  234                       241     -7      135
  SINCE MAR 1   1457                      1580   -123     1614
  SINCE JUL 1   4787                      5622   -835     5929

 COOLING
  YESTERDAY        0                         2     -2        8
  MONTH TO DATE   29                        21      8       61
  SINCE MAR 1     32                        24      8       61
  SINCE JAN 1     32                        24      8       61
..................................................................


WIND (MPH)
  RESULTANT WIND SPEED   6   RESULTANT WIND DIRECTION  SW (210)
  HIGHEST WIND SPEED    20   HIGHEST WIND DIRECTION    SW (220)
  HIGHEST GUST SPEED    25   HIGHEST GUST DIRECTION    SW (210)
  AVERAGE WIND SPEED     7.2


SKY COVER
  POSSIBLE SUNSHINE  MM
  AVERAGE SKY COVER 1.0


WEATHER CONDITIONS
 THE FOLLOWING WEATHER WAS RECORDED YESTERDAY.
  HEAVY RAIN
  RAIN
  LIGHT RAIN
  FOG


RELATIVE HUMIDITY (PERCENT)
 HIGHEST   100           500 AM
 LOWEST     74           300 PM
 AVERAGE    87

..........................................................


THE BOSTON MA CLIMATE NORMALS FOR TODAY
                         NORMAL    RECORD    YEAR
 MAXIMUM TEMPERATURE (F)   71        96      1944
 MINIMUM TEMPERATURE (F)   55        39      1884


SUNRISE AND SUNSET
MAY 31 2016...........SUNRISE   510 AM EDT   SUNSET   814 PM EDT
JUNE  1 2016..........SUNRISE   510 AM EDT   SUNSET   815 PM EDT


-  INDICATES NEGATIVE NUMBERS.
R  INDICATES RECORD WAS SET OR TIED.
MM INDICATES DATA IS MISSING.
T  INDICATES TRACE AMOUNT.




$$
