000
CDUS41 KBOX 230545
CLIBOS


CLIMATE REPORT
NATIONAL WEATHER SERVICE TAUNTON MA
145 AM EDT TUE AUG 23 2016


...................................

...THE BOSTON MA CLIMATE SUMMARY FOR AUGUST 22 2016...

CLIMATE NORMAL PERIOD 1981 TO 2010
CLIMATE RECORD PERIOD 1872 TO 2016


WEATHER ITEM   OBSERVED TIME   RECORD YEAR NORMAL DEPARTURE LAST
                VALUE   (LST)  VALUE       VALUE  FROM      YEAR
                                                  NORMAL
..................................................................
TEMPERATURE (F)
 YESTERDAY
  MAXIMUM         80    239 PM  93    2003  79      1       73
                                      1955
  MINIMUM         65   1159 PM  47    1894  64      1       67
  AVERAGE         73                        72      1       70

PRECIPITATION (IN)
  YESTERDAY        0.89          3.36 1888   0.11   0.78      T
  MONTH TO DATE    1.72                      2.47  -0.75     2.17
  SINCE JUN 1      3.92                      9.58  -5.66     9.27
  SINCE JAN 1     20.26                     27.74  -7.48    22.76

SNOWFALL (IN)
  YESTERDAY        0.0           0.0  2002   0.0    0.0      0.0
                                      2001
                                      2000
  MONTH TO DATE    0.0                       0.0    0.0      0.0
  SINCE JUN 1      0.0                       0.0    0.0      0.0
  SINCE JUL 1      0.0                       0.0    0.0      0.0
  SNOW DEPTH       0

DEGREE DAYS
 HEATING
  YESTERDAY        0                         0      0        0
  MONTH TO DATE    0                         0      0        0
  SINCE JUN 1     24                        61    -37       99
  SINCE JUL 1      7                         6      1        1

 COOLING
  YESTERDAY        8                         7      1        5
  MONTH TO DATE  264                       174     90      223
  SINCE JUN 1    751                       576    175      605
  SINCE JAN 1    796                       606    190      666
..................................................................


WIND (MPH)
  RESULTANT WIND SPEED  12   RESULTANT WIND DIRECTION  NW (300)
  HIGHEST WIND SPEED    23   HIGHEST WIND DIRECTION    NW (320)
  HIGHEST GUST SPEED    31   HIGHEST GUST DIRECTION    NW (330)
  AVERAGE WIND SPEED    13.8


SKY COVER
  POSSIBLE SUNSHINE  MM
  AVERAGE SKY COVER 0.4


WEATHER CONDITIONS
 THE FOLLOWING WEATHER WAS RECORDED YESTERDAY.
  HEAVY RAIN
  RAIN
  LIGHT RAIN
  FOG


RELATIVE HUMIDITY (PERCENT)
 HIGHEST   100           100 AM
 LOWEST     35           400 PM
 AVERAGE    68

..........................................................


THE BOSTON MA CLIMATE NORMALS FOR TODAY
                         NORMAL    RECORD    YEAR
 MAXIMUM TEMPERATURE (F)   79        96      1880
 MINIMUM TEMPERATURE (F)   64        49      1886


SUNRISE AND SUNSET
AUGUST 23 2016........SUNRISE   600 AM EDT   SUNSET   732 PM EDT
AUGUST 24 2016........SUNRISE   601 AM EDT   SUNSET   731 PM EDT


-  INDICATES NEGATIVE NUMBERS.
R  INDICATES RECORD WAS SET OR TIED.
MM INDICATES DATA IS MISSING.
T  INDICATES TRACE AMOUNT.




$$
