000
CDUS41 KBOX 250546
CLIBOS


CLIMATE REPORT
NATIONAL WEATHER SERVICE TAUNTON MA
136 AM EDT FRI APR 25 2014


...................................

...THE BOSTON MA CLIMATE SUMMARY FOR APRIL 24 2014...

CLIMATE NORMAL PERIOD 1981 TO 2010
CLIMATE RECORD PERIOD 1872 TO 2014


WEATHER ITEM   OBSERVED TIME   RECORD YEAR NORMAL DEPARTURE LAST
                VALUE   (LST)  VALUE       VALUE  FROM      YEAR
                                                  NORMAL
..................................................................
TEMPERATURE (F)
 YESTERDAY
  MAXIMUM         59    319 PM  84    2001  59      0       69
  MINIMUM         42    536 AM  28    1882  43     -1       43
  AVERAGE         51                        51      0       56

PRECIPITATION (IN)
  YESTERDAY        0.00          1.95 1983   0.11  -0.11      T
  MONTH TO DATE    2.54                      3.06  -0.52     1.34
  SINCE MAR 1      7.02                      7.38  -0.36     4.66
  SINCE JAN 1     14.39                     13.99   0.40    11.00

SNOWFALL (IN)
  YESTERDAY        0.0           0.6  1967   0.0    0.0      0.0
  MONTH TO DATE    0.3                       1.8   -1.5       T
  SINCE MAR 1      2.5                       9.6   -7.1     20.6
  SINCE JUL 1     58.9                      43.7   15.2     63.4
  SNOW DEPTH      MM

DEGREE DAYS
 HEATING
  YESTERDAY       14                        14      0        9
  MONTH TO DATE  386                       431    -45      405
  SINCE MAR 1   1356                      1260     96     1244
  SINCE JUL 1   5504                      5302    202     5046

 COOLING
  YESTERDAY        0                         0      0        0
  MONTH TO DATE    1                         0      1        0
  SINCE MAR 1      1                         0      1        0
  SINCE JAN 1      1                         0      1        0
..................................................................


WIND (MPH)
  RESULTANT WIND SPEED  21   RESULTANT WIND DIRECTION  NW (320)
  HIGHEST WIND SPEED    36   HIGHEST WIND DIRECTION    NW (330)
  HIGHEST GUST SPEED    46   HIGHEST GUST DIRECTION    NW (330)
  AVERAGE WIND SPEED    20.7


SKY COVER
  POSSIBLE SUNSHINE  MM
  AVERAGE SKY COVER 0.2


WEATHER CONDITIONS
 THE FOLLOWING WEATHER WAS RECORDED YESTERDAY.
  NO SIGNIFICANT WEATHER WAS OBSERVED.


RELATIVE HUMIDITY (PERCENT)
 HIGHEST    49          1200 AM
 LOWEST     24           200 PM
 AVERAGE    37

..........................................................


THE BOSTON MA CLIMATE NORMALS FOR TODAY
                         NORMAL    RECORD    YEAR
 MAXIMUM TEMPERATURE (F)   59        83      2009
                                             1982
 MINIMUM TEMPERATURE (F)   44        27      1892


SUNRISE AND SUNSET
APRIL 25 2014.........SUNRISE   548 AM EDT   SUNSET   737 PM EDT
APRIL 26 2014.........SUNRISE   546 AM EDT   SUNSET   738 PM EDT


-  INDICATES NEGATIVE NUMBERS.
R  INDICATES RECORD WAS SET OR TIED.
MM INDICATES DATA IS MISSING.
T  INDICATES TRACE AMOUNT.




$$
