000
CDUS45 KRIW 200731
CLIBPI


CLIMATE REPORT
NATIONAL WEATHER SERVICE RIVERTON WY
128 AM MDT FRI OCT 20 2017


...................................

...THE BIG PINEY WY CLIMATE SUMMARY FOR OCTOBER 19 2017...

CLIMATE NORMAL PERIOD 1981 TO 2010
CLIMATE RECORD PERIOD 1976 TO 2017


WEATHER ITEM   OBSERVED TIME   RECORD YEAR NORMAL DEPARTURE LAST
                VALUE   (LST)  VALUE       VALUE  FROM      YEAR
                                                  NORMAL
..................................................................
TEMPERATURE (F)
 YESTERDAY
  MAXIMUM         66    344 PM  71    2003  54     12       40
  MINIMUM         14    651 AM   1    1976  20     -6       19
  AVERAGE         40                        37      3       30

PRECIPITATION (IN)
  YESTERDAY        0.00          0.17 2004   0.01  -0.01      T
  MONTH TO DATE    0.01                      0.39  -0.38     2.10
  SINCE SEP 1      1.73                      1.17   0.56     3.66
  SINCE JAN 1      8.83                      5.83   3.00    11.14

DEGREE DAYS
 HEATING
  YESTERDAY       25                        28     -3       35
  MONTH TO DATE  542                       463     79      468
  SINCE SEP 1    968                       921     47      837
  SINCE JUL 1   1155                      1214    -59     1120

 COOLING
  YESTERDAY        0                         0      0        0
  MONTH TO DATE    0                         0      0        0
  SINCE SEP 1      0                         0      0        0
  SINCE JAN 1     27                        35     -8       23
..................................................................


WIND (MPH)
  HIGHEST WIND SPEED    16   HIGHEST WIND DIRECTION    SW (220)
  HIGHEST GUST SPEED    22   HIGHEST GUST DIRECTION    SW (220)
  AVERAGE WIND SPEED     3.9


SKY COVER
  POSSIBLE SUNSHINE  MM
  AVERAGE SKY COVER 0.1


WEATHER CONDITIONS
 THE FOLLOWING WEATHER WAS RECORDED YESTERDAY.
  NO SIGNIFICANT WEATHER WAS OBSERVED.


RELATIVE HUMIDITY (PERCENT)
 HIGHEST    80           600 AM
 LOWEST     13           300 PM
 AVERAGE    47

..........................................................


THE BIG PINEY WY CLIMATE NORMALS FOR TODAY
                         NORMAL    RECORD    YEAR
 MAXIMUM TEMPERATURE (F)   54        72      2003
 MINIMUM TEMPERATURE (F)   20         3      1976


SUNRISE AND SUNSET
OCTOBER 20 2017.......SUNRISE   740 AM MDT   SUNSET   630 PM MDT
OCTOBER 21 2017.......SUNRISE   741 AM MDT   SUNSET   628 PM MDT


-  INDICATES NEGATIVE NUMBERS.
R  INDICATES RECORD WAS SET OR TIED.
MM INDICATES DATA IS MISSING.
T  INDICATES TRACE AMOUNT.




$$
