000
CDUS45 KRIW 120747
CLIBPI


CLIMATE REPORT
NATIONAL WEATHER SERVICE RIVERTON WY
1246 AM MST TUE DEC 12 2017


...................................

...THE BIG PINEY WY CLIMATE SUMMARY FOR DECEMBER 11 2017...

CLIMATE NORMAL PERIOD 1981 TO 2010
CLIMATE RECORD PERIOD 1976 TO 2017


WEATHER ITEM   OBSERVED TIME   RECORD YEAR NORMAL DEPARTURE LAST
                VALUE   (LST)  VALUE       VALUE  FROM      YEAR
                                                  NORMAL
..................................................................
TEMPERATURE (F)
 YESTERDAY
  MAXIMUM         56R   304 PM  45    1995  27     29       28
  MINIMUM         15   1151 PM -27    2009   1     14        0
  AVERAGE         36                        13     23       14

PRECIPITATION (IN)
  YESTERDAY        0.00          0.04 1984   0.01  -0.01      T
  MONTH TO DATE    T                         0.10  -0.10     0.12
  SINCE DEC 1      T                         0.10  -0.10     0.12
  SINCE JAN 1      9.08                      6.28   2.80    12.16

DEGREE DAYS
 HEATING
  YESTERDAY       29                        52    -23       51
  MONTH TO DATE  419                       557   -138      597
  SINCE DEC 1    419                       557   -138      597
  SINCE JUL 1   2975                      3372   -397     3046

 COOLING
  YESTERDAY        0                         0      0        0
  MONTH TO DATE    0                         0      0        0
  SINCE DEC 1      0                         0      0        0
  SINCE JAN 1     27                        35     -8       23
..................................................................


WIND (MPH)
  HIGHEST WIND SPEED    16   HIGHEST WIND DIRECTION     N (340)
  HIGHEST GUST SPEED    22   HIGHEST GUST DIRECTION     N (360)
  AVERAGE WIND SPEED     5.7


SKY COVER
  POSSIBLE SUNSHINE  MM
  AVERAGE SKY COVER 0.0


WEATHER CONDITIONS
 THE FOLLOWING WEATHER WAS RECORDED YESTERDAY.
  NO SIGNIFICANT WEATHER WAS OBSERVED.


RELATIVE HUMIDITY (PERCENT)
 HIGHEST    56          1100 PM
 LOWEST     14           100 PM
 AVERAGE    35

..........................................................


THE BIG PINEY WY CLIMATE NORMALS FOR TODAY
                         NORMAL    RECORD    YEAR
 MAXIMUM TEMPERATURE (F)   26        46      2004
 MINIMUM TEMPERATURE (F)    1       -21      2007


SUNRISE AND SUNSET
DECEMBER 12 2017......SUNRISE   741 AM MST   SUNSET   447 PM MST
DECEMBER 13 2017......SUNRISE   742 AM MST   SUNSET   447 PM MST


-  INDICATES NEGATIVE NUMBERS.
R  INDICATES RECORD WAS SET OR TIED.
MM INDICATES DATA IS MISSING.
T  INDICATES TRACE AMOUNT.




$$
