000
CDUS45 KRIW 210030
CLIBPI


CLIMATE REPORT
NATIONAL WEATHER SERVICE RIVERTON WY
627 PM MDT MON OCT 20 2014


...................................

...THE BIG PINEY WY CLIMATE SUMMARY FOR OCTOBER 20 2014...
VALID TODAY AS OF 0500 PM LOCAL TIME.

CLIMATE NORMAL PERIOD 1981 TO 2010
CLIMATE RECORD PERIOD 1976 TO 2014


WEATHER ITEM   OBSERVED TIME   RECORD YEAR NORMAL DEPARTURE LAST
                VALUE   (LST)  VALUE       VALUE  FROM      YEAR
                                                  NORMAL
..................................................................
TEMPERATURE (F)
 TODAY
  MAXIMUM         69        MM  72    2003  54     15       54
  MINIMUM         23        MM   3    1976  20      3       24
  AVERAGE         46

PRECIPITATION (IN)
  TODAY            0.00          0.98 2004   0.02  -0.02     0.00
  MONTH TO DATE    0.01                      0.41  -0.40     0.32
  SINCE SEP 1      1.17                      1.19  -0.02     1.15
  SINCE JAN 1      4.54                      5.85  -1.31     4.15

DEGREE DAYS
 HEATING
  TODAY           19                        28     -9       26
  MONTH TO DATE  407                       491    -84      534
  SINCE SEP 1    761                       949   -188      871
  SINCE JUL 1    990                      1242   -252      972

 COOLING
  TODAY            0                         0      0        0
  MONTH TO DATE    0                         0      0        0
  SINCE SEP 1      0                         0      0        5
  SINCE JAN 1     26                        35     -9       89
..................................................................


WIND (MPH)
  HIGHEST WIND SPEED    14   HIGHEST WIND DIRECTION    SW (210)
  HIGHEST GUST SPEED    MM   HIGHEST GUST DIRECTION    MM
  AVERAGE WIND SPEED     4.7


SKY COVER
  POSSIBLE SUNSHINE  MM
  AVERAGE SKY COVER 0.1


WEATHER CONDITIONS
 THE FOLLOWING WEATHER WAS RECORDED TODAY.
  NO SIGNIFICANT WEATHER WAS OBSERVED.


RELATIVE HUMIDITY (PERCENT)
 HIGHEST    88           600 AM
 LOWEST     24           200 PM
 AVERAGE    56

..........................................................


THE BIG PINEY WY CLIMATE NORMALS FOR TOMORROW
                         NORMAL    RECORD    YEAR
 MAXIMUM TEMPERATURE (F)   53        76      2003
 MINIMUM TEMPERATURE (F)   20         7      1976


SUNRISE AND SUNSET
OCTOBER 20 2014.......SUNRISE   739 AM MDT   SUNSET   630 PM MDT
OCTOBER 21 2014.......SUNRISE   741 AM MDT   SUNSET   629 PM MDT


-  INDICATES NEGATIVE NUMBERS.
R  INDICATES RECORD WAS SET OR TIED.
MM INDICATES DATA IS MISSING.
T  INDICATES TRACE AMOUNT.




$$
