000
CDUS45 KRIW 160732
CLIBPI


CLIMATE REPORT
NATIONAL WEATHER SERVICE RIVERTON WY
131 AM MDT WED AUG 16 2017


...................................

...THE BIG PINEY WY CLIMATE SUMMARY FOR AUGUST 15 2017...

CLIMATE NORMAL PERIOD 1981 TO 2010
CLIMATE RECORD PERIOD 1976 TO 2017


WEATHER ITEM   OBSERVED TIME   RECORD YEAR NORMAL DEPARTURE LAST
                VALUE   (LST)  VALUE       VALUE  FROM      YEAR
                                                  NORMAL
..................................................................
TEMPERATURE (F)
 YESTERDAY
  MAXIMUM         71    456 PM  87    2013  80     -9       81
                                      2000
  MINIMUM         45   1159 PM  28    1978  41      4       42
  AVERAGE         58                        60     -2       62

PRECIPITATION (IN)
  YESTERDAY        0.12          0.30 1980   0.02   0.10     0.03
  MONTH TO DATE    0.60                      0.35   0.25     0.37
  SINCE JUN 1      1.60                      1.85  -0.25     1.35
  SINCE JAN 1      7.06                      4.32   2.74     7.40

DEGREE DAYS
 HEATING
  YESTERDAY        7                         5      2        3
  MONTH TO DATE   69                        60      9       57
  SINCE JUN 1    372                       482   -110      339
  SINCE JUL 1    101                       177    -76      161

 COOLING
  YESTERDAY        0                         0      0        0
  MONTH TO DATE    2                        12    -10        2
  SINCE JUN 1     27                        36     -9       23
  SINCE JAN 1     27                        36     -9       23
..................................................................


WIND (MPH)
  HIGHEST WIND SPEED    21   HIGHEST WIND DIRECTION     N (360)
  HIGHEST GUST SPEED    25   HIGHEST GUST DIRECTION     N (10)
  AVERAGE WIND SPEED     5.9


SKY COVER
  POSSIBLE SUNSHINE  MM
  AVERAGE SKY COVER 0.7


WEATHER CONDITIONS
 THE FOLLOWING WEATHER WAS RECORDED YESTERDAY.
  THUNDERSTORM
  LIGHT RAIN
  FOG


RELATIVE HUMIDITY (PERCENT)
 HIGHEST   100           200 AM
 LOWEST     27           600 PM
 AVERAGE    64

..........................................................


THE BIG PINEY WY CLIMATE NORMALS FOR TODAY
                         NORMAL    RECORD    YEAR
 MAXIMUM TEMPERATURE (F)   80        88      2013
 MINIMUM TEMPERATURE (F)   41        29      1999


SUNRISE AND SUNSET
AUGUST 16 2017........SUNRISE   629 AM MDT   SUNSET   820 PM MDT
AUGUST 17 2017........SUNRISE   630 AM MDT   SUNSET   818 PM MDT


-  INDICATES NEGATIVE NUMBERS.
R  INDICATES RECORD WAS SET OR TIED.
MM INDICATES DATA IS MISSING.
T  INDICATES TRACE AMOUNT.




$$
