000
CDUS45 KRIW 230737
CLIBPI


CLIMATE REPORT
NATIONAL WEATHER SERVICE RIVERTON WY
1236 AM MST FRI FEB 23 2018


...................................

...THE BIG PINEY WY CLIMATE SUMMARY FOR FEBRUARY 22 2018...

CLIMATE NORMAL PERIOD 1981 TO 2010
CLIMATE RECORD PERIOD 1976 TO 2018


WEATHER ITEM   OBSERVED TIME   RECORD YEAR NORMAL DEPARTURE LAST
                VALUE   (LST)  VALUE       VALUE  FROM      YEAR
                                                  NORMAL
..................................................................
TEMPERATURE (F)
 YESTERDAY
  MAXIMUM         18    511 PM  48    2007  31    -13       29
  MINIMUM        -18    419 AM -23    1984   3    -21       17
  AVERAGE          0                        17    -17       23

PRECIPITATION (IN)
  YESTERDAY        T             0.18 2006   0.02  -0.02     0.00
  MONTH TO DATE    T                         0.28  -0.28     0.67
  SINCE DEC 1      0.12                      0.89  -0.77     2.21
  SINCE JAN 1      0.05                      0.59  -0.54     1.66

DEGREE DAYS
 HEATING
  YESTERDAY       65                        48     17       42
  MONTH TO DATE  973                      1131   -158      971
  SINCE DEC 1   3635                      4429   -794     4623
  SINCE JUL 1   6191                      7244  -1053     7072

 COOLING
  YESTERDAY        0                         0      0        0
  MONTH TO DATE    0                         0      0        0
  SINCE DEC 1      0                         0      0        0
  SINCE JAN 1      0                         0      0        0
..................................................................


WIND (MPH)
  HIGHEST WIND SPEED     9   HIGHEST WIND DIRECTION    SW (210)
  HIGHEST GUST SPEED    11   HIGHEST GUST DIRECTION    SW (210)
  AVERAGE WIND SPEED     2.0


SKY COVER
  POSSIBLE SUNSHINE  MM
  AVERAGE SKY COVER 0.6


WEATHER CONDITIONS
 THE FOLLOWING WEATHER WAS RECORDED YESTERDAY.
  LIGHT SNOW
  FOG
  HAZE


RELATIVE HUMIDITY (PERCENT)
 HIGHEST    86           900 AM
 LOWEST     49           300 PM
 AVERAGE    68

..........................................................


THE BIG PINEY WY CLIMATE NORMALS FOR TODAY
                         NORMAL    RECORD    YEAR
 MAXIMUM TEMPERATURE (F)   32        44      1995
 MINIMUM TEMPERATURE (F)    3       -22      2015


SUNRISE AND SUNSET
FEBRUARY 23 2018......SUNRISE   705 AM MST   SUNSET   603 PM MST
FEBRUARY 24 2018......SUNRISE   704 AM MST   SUNSET   604 PM MST


-  INDICATES NEGATIVE NUMBERS.
R  INDICATES RECORD WAS SET OR TIED.
MM INDICATES DATA IS MISSING.
T  INDICATES TRACE AMOUNT.




$$
