822
CDUS44 KLCH 160905
CLIBPT


CLIMATE REPORT
NATIONAL WEATHER SERVICE LAKE CHARLES, LA
305 AM CST SAT DEC 16 2017


...................................

...THE BEAUMONT PORT ARTHUR CLIMATE SUMMARY FOR DECEMBER 15 2017...

CLIMATE NORMAL PERIOD 1981 TO 2010
CLIMATE RECORD PERIOD 1901 TO 2017


WEATHER ITEM   OBSERVED TIME   RECORD YEAR NORMAL DEPARTURE LAST
                VALUE   (LST)  VALUE       VALUE  FROM      YEAR
                                                  NORMAL
..................................................................
TEMPERATURE (F)
 YESTERDAY
  MAXIMUM         54    345 PM  83    1918  64    -10       58
  MINIMUM         41   1157 PM  24    1952  45     -4       43
  AVERAGE         48                        54     -6       51

PRECIPITATION (IN)
  YESTERDAY        T             3.18 1986   0.18  -0.18     0.00
  MONTH TO DATE    4.09                      2.46   1.63     8.83
  SINCE DEC 1      4.09                      2.46   1.63     8.83
  SINCE JAN 1    102.78                     57.64  45.14    73.81

SNOWFALL (IN)
  YESTERDAY       MM             0.0    MM   0.0   MM        0.0
  MONTH TO DATE    3.0                       0.0    3.0      0.0
  SINCE DEC 1      3.0                       0.0    3.0      0.0
  SINCE JUL 1      3.0                       0.0    3.0      0.0
  SNOW DEPTH       0

DEGREE DAYS
 HEATING
  YESTERDAY       17                        12      5       14
  MONTH TO DATE  189                       155     34      137
  SINCE DEC 1    189                       155     34      137
  SINCE JUL 1    319                       350    -31      207

 COOLING
  YESTERDAY        0                         1     -1        0
  MONTH TO DATE    9                        15     -6       14
  SINCE DEC 1      9                        15     -6       14
  SINCE JAN 1   3115                      2870    245     3415
..................................................................


WIND (MPH)
  HIGHEST WIND SPEED    17   HIGHEST WIND DIRECTION     N (360)
  HIGHEST GUST SPEED    23   HIGHEST GUST DIRECTION     N (360)
  AVERAGE WIND SPEED     7.5


SKY COVER
  POSSIBLE SUNSHINE  MM
  AVERAGE SKY COVER 0.2


WEATHER CONDITIONS
 THE FOLLOWING WEATHER WAS RECORDED YESTERDAY.
  NO SIGNIFICANT WEATHER WAS OBSERVED.


RELATIVE HUMIDITY (PERCENT)
 HIGHEST    89          1100 PM
 LOWEST     46           300 PM
 AVERAGE    68

..........................................................


THE BEAUMONT PORT ARTHUR CLIMATE NORMALS FOR TODAY
                         NORMAL    RECORD    YEAR
 MAXIMUM TEMPERATURE (F)   63        81      1908
 MINIMUM TEMPERATURE (F)   45        24      1989
                                             1955
                                             1951


SUNRISE AND SUNSET
DECEMBER 16 2017......SUNRISE   705 AM CST   SUNSET   519 PM CST
DECEMBER 17 2017......SUNRISE   706 AM CST   SUNSET   519 PM CST


-  INDICATES NEGATIVE NUMBERS.
R  INDICATES RECORD WAS SET OR TIED.
MM INDICATES DATA IS MISSING.
T  INDICATES TRACE AMOUNT.




$$
