000
CDUS43 KDVN 312127
CLIBRL


CLIMATE REPORT
NATIONAL WEATHER SERVICE QUAD CITIES IA IL
424 PM CDT THU JUL 31 2014


...................................

...THE BURLINGTON IA CLIMATE SUMMARY FOR JULY 31 2014...
VALID TODAY AS OF 0400 PM LOCAL TIME.

CLIMATE NORMAL PERIOD 1981 TO 2010
CLIMATE RECORD PERIOD 1897 TO 2014


WEATHER ITEM   OBSERVED TIME   RECORD YEAR NORMAL DEPARTURE LAST
                VALUE   (LST)  VALUE       VALUE  FROM      YEAR
                                                  NORMAL
..................................................................
TEMPERATURE (F)
 TODAY
  MAXIMUM         81    259 PM 103    1988  86     -5       79
  MINIMUM         56    507 AM  48    1971  66    -10       66
  AVERAGE         69                        76     -7       73

PRECIPITATION (IN)
  TODAY            0.00         MM      MM   0.13  -0.13     0.00
  MONTH TO DATE    2.38                      4.25  -1.87     1.59
  SINCE JUN 1     11.47                      8.72   2.75     3.86
  SINCE JAN 1     22.86                     22.98  -0.12    27.06

DEGREE DAYS
 HEATING
  TODAY            0                         0      0        0
  MONTH TO DATE    7                         0      7        8
  SINCE JUN 1      9                        14     -5       23
  SINCE JUL 1      7                         1      6        8

 COOLING
  TODAY            4                        11     -7        8
  MONTH TO DATE  182                       366   -184      297
  SINCE JUN 1    437                       626   -189      505
  SINCE JAN 1    575                       729   -154      604
..................................................................


WIND (MPH)
  HIGHEST WIND SPEED    10   HIGHEST WIND DIRECTION    SW (230)
  HIGHEST GUST SPEED    14   HIGHEST GUST DIRECTION    SW (220)
  AVERAGE WIND SPEED     3.6


SKY COVER
  POSSIBLE SUNSHINE  MM
  AVERAGE SKY COVER 0.1


WEATHER CONDITIONS
 THE FOLLOWING WEATHER WAS RECORDED TODAY.
  FOG


RELATIVE HUMIDITY (PERCENT)
 HIGHEST   100           500 AM
 LOWEST     49           300 PM
 AVERAGE    75

..........................................................


THE BURLINGTON IA CLIMATE NORMALS FOR TOMORROW
                         NORMAL    RECORD    YEAR
 MAXIMUM TEMPERATURE (F)   86       104      1987
 MINIMUM TEMPERATURE (F)   66        54      1968


SUNRISE AND SUNSET
JULY 31 2014..........SUNRISE   600 AM CDT   SUNSET   821 PM CDT
AUGUST  1 2014........SUNRISE   601 AM CDT   SUNSET   820 PM CDT


-  INDICATES NEGATIVE NUMBERS.
R  INDICATES RECORD WAS SET OR TIED.
MM INDICATES DATA IS MISSING.
T  INDICATES TRACE AMOUNT.




$$
