000
CDUS43 KDVN 270903
CLIBRL


CLIMATE REPORT
NATIONAL WEATHER SERVICE QUAD CITIES IA IL
402 AM CDT FRI MAR 27 2015


...................................

...THE BURLINGTON IA CLIMATE SUMMARY FOR MARCH 26 2015...

CLIMATE NORMAL PERIOD 1981 TO 2010
CLIMATE RECORD PERIOD 1897 TO 2015


WEATHER ITEM   OBSERVED TIME   RECORD YEAR NORMAL DEPARTURE LAST
                VALUE   (LST)  VALUE       VALUE  FROM      YEAR
                                                  NORMAL
..................................................................
TEMPERATURE (F)
 YESTERDAY
  MAXIMUM         50    232 PM  84    1991  57     -7       48
  MINIMUM         30    641 AM   3    1955  35     -5       16
  AVERAGE         40                        46     -6       32

PRECIPITATION (IN)
  YESTERDAY        0.00         MM      MM   0.09  -0.09     0.01
  MONTH TO DATE    0.22                      2.29  -2.07     0.85
  SINCE MAR 1      0.22                      2.29  -2.07     0.85
  SINCE JAN 1      2.64                      5.15  -2.51     5.22

DEGREE DAYS
 HEATING
  YESTERDAY       25                        19      6       33
  MONTH TO DATE  666                       639     27      871
  SINCE MAR 1    666                       639     27      871
  SINCE JUL 1   5597                      5017    580     6194

 COOLING
  YESTERDAY        0                         0      0        0
  MONTH TO DATE    0                         0      0        0
  SINCE MAR 1      0                         0      0        0
  SINCE JAN 1      0                         0      0        0
..................................................................


WIND (MPH)
  HIGHEST WIND SPEED    22   HIGHEST WIND DIRECTION    NW (320)
  HIGHEST GUST SPEED    29   HIGHEST GUST DIRECTION    NW (320)
  AVERAGE WIND SPEED    12.4


SKY COVER
  POSSIBLE SUNSHINE  MM
  AVERAGE SKY COVER 0.2


WEATHER CONDITIONS
 THE FOLLOWING WEATHER WAS RECORDED YESTERDAY.
  NO SIGNIFICANT WEATHER WAS OBSERVED.


RELATIVE HUMIDITY (PERCENT)
 HIGHEST    85           600 AM
 LOWEST     38           100 PM
 AVERAGE    62

..........................................................


THE BURLINGTON IA CLIMATE NORMALS FOR TODAY
                         NORMAL    RECORD    YEAR
 MAXIMUM TEMPERATURE (F)   57        84      1910
 MINIMUM TEMPERATURE (F)   36        15      1964


SUNRISE AND SUNSET
MARCH 27 2015.........SUNRISE   657 AM CDT   SUNSET   724 PM CDT
MARCH 28 2015.........SUNRISE   655 AM CDT   SUNSET   725 PM CDT


-  INDICATES NEGATIVE NUMBERS.
R  INDICATES RECORD WAS SET OR TIED.
MM INDICATES DATA IS MISSING.
T  INDICATES TRACE AMOUNT.




$$
