000
CDUS43 KDVN 042125
CLIBRL


CLIMATE REPORT
NATIONAL WEATHER SERVICE QUAD CITIES IA IL
423 PM CDT SAT JUL 4 2015


...................................

...THE BURLINGTON IA CLIMATE SUMMARY FOR JULY 4 2015...
VALID TODAY AS OF 0400 PM LOCAL TIME.

CLIMATE NORMAL PERIOD 1981 TO 2010
CLIMATE RECORD PERIOD 1897 TO 2015


WEATHER ITEM   OBSERVED TIME   RECORD YEAR NORMAL DEPARTURE LAST
                VALUE   (LST)  VALUE       VALUE  FROM      YEAR
                                                  NORMAL
..................................................................
TEMPERATURE (F)
 TODAY
  MAXIMUM         80    152 PM 108    1936  87     -7       79
  MINIMUM         57    501 AM  49    1967  67    -10       55
  AVERAGE         69                        77     -8       67

PRECIPITATION (IN)
  TODAY            0.00         MM      MM   0.14  -0.14     0.00
  MONTH TO DATE    T                         0.57  -0.57     0.04
  SINCE JUN 1      8.67                      5.04   3.63     9.13
  SINCE JAN 1     17.63                     19.30  -1.67    20.52

DEGREE DAYS
 HEATING
  TODAY            0                         0      0        0
  MONTH TO DATE    0                         0      0        3
  SINCE JUN 1      5                        13     -8        5
  SINCE JUL 1      0                         0      0        3

 COOLING
  TODAY            4                        12     -8        2
  MONTH TO DATE   19                        48    -29       13
  SINCE JUN 1    243                       308    -65      268
  SINCE JAN 1    336                       411    -75      406
..................................................................


WIND (MPH)
  HIGHEST WIND SPEED     9   HIGHEST WIND DIRECTION     S (190)
  HIGHEST GUST SPEED    12   HIGHEST GUST DIRECTION     S (190)
  AVERAGE WIND SPEED     3.0


SKY COVER
  POSSIBLE SUNSHINE  MM
  AVERAGE SKY COVER 0.1


WEATHER CONDITIONS
 THE FOLLOWING WEATHER WAS RECORDED TODAY.
  FOG
  HAZE


RELATIVE HUMIDITY (PERCENT)
 HIGHEST   100           400 AM
 LOWEST     58           100 PM
 AVERAGE    79

..........................................................


THE BURLINGTON IA CLIMATE NORMALS FOR TOMORROW
                         NORMAL    RECORD    YEAR
 MAXIMUM TEMPERATURE (F)   87       108      1936
 MINIMUM TEMPERATURE (F)   67        47      1972


SUNRISE AND SUNSET
JULY  4 2015..........SUNRISE   538 AM CDT   SUNSET   839 PM CDT
JULY  5 2015..........SUNRISE   539 AM CDT   SUNSET   839 PM CDT


-  INDICATES NEGATIVE NUMBERS.
R  INDICATES RECORD WAS SET OR TIED.
MM INDICATES DATA IS MISSING.
T  INDICATES TRACE AMOUNT.




$$
