000
CDUS43 KDVN 300907
CLIBRL


CLIMATE REPORT
NATIONAL WEATHER SERVICE QUAD CITIES IA IL
406 AM CDT THU OCT 30 2014


...................................

...THE BURLINGTON IA CLIMATE SUMMARY FOR OCTOBER 29 2014...

CLIMATE NORMAL PERIOD 1981 TO 2010
CLIMATE RECORD PERIOD 1897 TO 2014


WEATHER ITEM   OBSERVED TIME   RECORD YEAR NORMAL DEPARTURE LAST
                VALUE   (LST)  VALUE       VALUE  FROM      YEAR
                                                  NORMAL
..................................................................
TEMPERATURE (F)
 YESTERDAY
  MAXIMUM         53    129 PM  85    1937  61     -8       55
  MINIMUM         34   1130 PM  14    1925  41     -7       40
  AVERAGE         44                        51     -7       48

PRECIPITATION (IN)
  YESTERDAY        0.00         MM      MM   0.10  -0.10      T
  MONTH TO DATE    4.13                      2.93   1.20     0.52
  SINCE SEP 1      9.27                      6.45   2.82     1.72
  SINCE JAN 1     38.34                     33.70   4.64    28.78

DEGREE DAYS
 HEATING
  YESTERDAY       21                        15      6       17
  MONTH TO DATE  295                       292      3      356
  SINCE SEP 1    396                       359     37      397
  SINCE JUL 1    403                       363     40      408

 COOLING
  YESTERDAY        0                         0      0        0
  MONTH TO DATE    3                        19    -16       33
  SINCE SEP 1     86                       158    -72      214
  SINCE JAN 1    940                      1201   -261     1115
..................................................................


WIND (MPH)
  HIGHEST WIND SPEED    20   HIGHEST WIND DIRECTION    NW (310)
  HIGHEST GUST SPEED    26   HIGHEST GUST DIRECTION    NW (320)
  AVERAGE WIND SPEED     6.1


SKY COVER
  POSSIBLE SUNSHINE  MM
  AVERAGE SKY COVER 0.3


WEATHER CONDITIONS
 THE FOLLOWING WEATHER WAS RECORDED YESTERDAY.
  NO SIGNIFICANT WEATHER WAS OBSERVED.


RELATIVE HUMIDITY (PERCENT)
 HIGHEST    96          1100 PM
 LOWEST     50           100 PM
 AVERAGE    73

..........................................................


THE BURLINGTON IA CLIMATE NORMALS FOR TODAY
                         NORMAL    RECORD    YEAR
 MAXIMUM TEMPERATURE (F)   60        86      1950
 MINIMUM TEMPERATURE (F)   40        10      1925


SUNRISE AND SUNSET
OCTOBER 30 2014.......SUNRISE   733 AM CDT   SUNSET   603 PM CDT
OCTOBER 31 2014.......SUNRISE   734 AM CDT   SUNSET   602 PM CDT


-  INDICATES NEGATIVE NUMBERS.
R  INDICATES RECORD WAS SET OR TIED.
MM INDICATES DATA IS MISSING.
T  INDICATES TRACE AMOUNT.




$$
