000
CDUS44 KBRO 092231
CLIBRO


CLIMATE REPORT
NATIONAL WEATHER SERVICE BROWNSVILLE TX
431 PM CST FRI DEC 9 2016


...................................

...THE BROWNSVILLE CLIMATE SUMMARY FOR DECEMBER 9 2016...
VALID TODAY AS OF 0400 PM LOCAL TIME.

CLIMATE NORMAL PERIOD 1981 TO 2010
CLIMATE RECORD PERIOD 1878 TO 2016


WEATHER ITEM   OBSERVED TIME   RECORD YEAR NORMAL DEPARTURE LAST
                VALUE   (LST)  VALUE       VALUE  FROM      YEAR
                                                  NORMAL
..................................................................
TEMPERATURE (F)
 TODAY
  MAXIMUM         45    359 PM  88    1919  73    -28       84
  MINIMUM         41   1023 AM  31    1978  54    -13       58
  AVERAGE         43                        63    -20       71

PRECIPITATION (IN)
  TODAY            0.00          2.54 1982   0.04  -0.04     0.00
  MONTH TO DATE    1.41                      0.38   1.03     0.06
  SINCE DEC 1      1.41                      0.38   1.03     0.06
  SINCE JAN 1     22.55                     26.67  -4.12    46.76

SNOWFALL (IN)
  TODAY            0.0           0.0  2001   0.0
  MONTH TO DATE    0.0                       0.0
  SINCE DEC 1      0.0                       0.0
  SINCE JUL 1      0.0                       0.0

DEGREE DAYS
 HEATING
  TODAY           22                         5     17        0
  MONTH TO DATE   38                        37      1        6
  SINCE DEC 1     38                        37      1        6
  SINCE JUL 1     46                        91    -45       28

 COOLING
  TODAY            0                         3     -3        6
  MONTH TO DATE   31                        29      2       15
  SINCE DEC 1     31                        29      2       15
  SINCE JAN 1   4498                      3974    524     3690
..................................................................


WIND (MPH)
  HIGHEST WIND SPEED    26   HIGHEST WIND DIRECTION    NW (320)
  HIGHEST GUST SPEED    39   HIGHEST GUST DIRECTION     N (340)
  AVERAGE WIND SPEED    18.2


SKY COVER
  POSSIBLE SUNSHINE  MM
  AVERAGE SKY COVER 1.0


WEATHER CONDITIONS
 THE FOLLOWING WEATHER WAS RECORDED TODAY.
  NO SIGNIFICANT WEATHER WAS OBSERVED.


RELATIVE HUMIDITY (PERCENT)
 HIGHEST    89          1200 AM
 LOWEST     65           100 PM
 AVERAGE    77

..........................................................


THE BROWNSVILLE CLIMATE NORMALS FOR TOMORROW
                         NORMAL    RECORD    YEAR
 MAXIMUM TEMPERATURE (F)   73        85      2004
                                             1993
                                             1992
 MINIMUM TEMPERATURE (F)   53        31      1978
                                             1898


SUNRISE AND SUNSET
DECEMBER  9 2016......SUNRISE   705 AM CST   SUNSET   539 PM CST
DECEMBER 10 2016......SUNRISE   706 AM CST   SUNSET   539 PM CST


-  INDICATES NEGATIVE NUMBERS.
R  INDICATES RECORD WAS SET OR TIED.
MM INDICATES DATA IS MISSING.
T  INDICATES TRACE AMOUNT.




$$
