000
CDUS44 KBRO 240640
CLIBRO


CLIMATE REPORT
NATIONAL WEATHER SERVICE BROWNSVILLE TX
140 AM CDT TUE OCT 24 2017


...................................

...THE BROWNSVILLE CLIMATE SUMMARY FOR OCTOBER 23 2017...

CLIMATE NORMAL PERIOD 1981 TO 2010
CLIMATE RECORD PERIOD 1878 TO 2017


WEATHER ITEM   OBSERVED TIME   RECORD YEAR NORMAL DEPARTURE LAST
                VALUE   (LST)  VALUE       VALUE  FROM      YEAR
                                                  NORMAL
..................................................................
TEMPERATURE (F)
 YESTERDAY
  MAXIMUM         87    231 PM  93    1918  85      2       88
  MINIMUM         67   1159 PM  44    1911  65      2       63
  AVERAGE         77                        75      2       76

PRECIPITATION (IN)
  YESTERDAY        T             3.02 1884   0.11  -0.11      T
  MONTH TO DATE    3.01                      3.02  -0.01     1.05
  SINCE SEP 1      7.65                      8.94  -1.29     3.03
  SINCE JAN 1     20.69                     23.75  -3.06    16.69

SNOWFALL (IN)
  YESTERDAY        0.0           0.0  2002   0.0
                                      2001
  MONTH TO DATE    0.0                       0.0
  SINCE SEP 1      0.0                       0.0
  SINCE JUL 1      0.0                       0.0

DEGREE DAYS
 HEATING
  YESTERDAY        0                         0      0        0
  MONTH TO DATE    0                         0      0        0
  SINCE SEP 1      0                         0      0        0
  SINCE JUL 1      0                         0      0        0

 COOLING
  YESTERDAY       12                        10      2       11
  MONTH TO DATE  331                       279     52      376
  SINCE SEP 1    863                       783     80      992
  SINCE JAN 1   4390                      3690    700     4097
..................................................................


WIND (MPH)
  HIGHEST WIND SPEED    14   HIGHEST WIND DIRECTION     E (70)
  HIGHEST GUST SPEED    19   HIGHEST GUST DIRECTION     E (80)
  AVERAGE WIND SPEED     5.5


SKY COVER
  POSSIBLE SUNSHINE  MM
  AVERAGE SKY COVER 0.3


WEATHER CONDITIONS
 THE FOLLOWING WEATHER WAS RECORDED YESTERDAY.
  LIGHT RAIN


RELATIVE HUMIDITY (PERCENT)
 HIGHEST    90          1000 PM
 LOWEST     48           100 PM
 AVERAGE    69

..........................................................


THE BROWNSVILLE CLIMATE NORMALS FOR TODAY
                         NORMAL    RECORD    YEAR
 MAXIMUM TEMPERATURE (F)   85        93      1893
 MINIMUM TEMPERATURE (F)   65        48      1917


SUNRISE AND SUNSET
OCTOBER 24 2017.......SUNRISE   734 AM CDT   SUNSET   654 PM CDT
OCTOBER 25 2017.......SUNRISE   734 AM CDT   SUNSET   653 PM CDT


-  INDICATES NEGATIVE NUMBERS.
R  INDICATES RECORD WAS SET OR TIED.
MM INDICATES DATA IS MISSING.
T  INDICATES TRACE AMOUNT.




$$
