171
CDUS44 KBRO 170727
CLIBRO


CLIMATE REPORT
NATIONAL WEATHER SERVICE BROWNSVILLE TX
126 AM CST TUE JAN 17 2017


...................................

...THE BROWNSVILLE CLIMATE SUMMARY FOR JANUARY 16 2017...

CLIMATE NORMAL PERIOD 1981 TO 2010
CLIMATE RECORD PERIOD 1878 TO 2017


WEATHER ITEM   OBSERVED TIME   RECORD YEAR NORMAL DEPARTURE LAST
                VALUE   (LST)  VALUE       VALUE  FROM      YEAR
                                                  NORMAL
..................................................................
TEMPERATURE (F)
 YESTERDAY
  MAXIMUM         83R       MM  83    1978  70     13       78
                                      1895
  MINIMUM         69        MM  21    1888  51     18       49
  AVERAGE         76                        61     15       64

PRECIPITATION (IN)
  YESTERDAY        0.00          2.28 1988   0.04  -0.04     0.00
  MONTH TO DATE    0.01                      0.59  -0.58     1.81
  SINCE DEC 1      1.68                      1.74  -0.06     1.97
  SINCE JAN 1      0.01                      0.59  -0.58     1.81

SNOWFALL (IN)
  YESTERDAY        0.0           0.0  2002   0.0
                                      1998
                                      2000
  MONTH TO DATE    0.0                       0.0
  SINCE DEC 1      0.0                       0.0
  SINCE JUL 1      0.0                       0.0

DEGREE DAYS
 HEATING
  YESTERDAY        0                         6     -6        1
  MONTH TO DATE   57                        96    -39      124
  SINCE DEC 1    147                       261   -114      184
  SINCE JUL 1    155                       315   -160      206

 COOLING
  YESTERDAY       11                         2      9        0
  MONTH TO DATE   90                        32     58        7
  SINCE DEC 1    266                       112    154      141
  SINCE JAN 1     90                        32     58        7
..................................................................


WIND (MPH)
  HIGHEST WIND SPEED    21   HIGHEST WIND DIRECTION     S (160)
  HIGHEST GUST SPEED    32   HIGHEST GUST DIRECTION     S (180)
  AVERAGE WIND SPEED    13.6


SKY COVER
  POSSIBLE SUNSHINE  MM
  AVERAGE SKY COVER 0.6


WEATHER CONDITIONS
 THE FOLLOWING WEATHER WAS RECORDED YESTERDAY.
  NO SIGNIFICANT WEATHER WAS OBSERVED.


RELATIVE HUMIDITY (PERCENT)
 HIGHEST    93          1100 PM
 LOWEST     58          1200 PM
 AVERAGE    76

..........................................................


THE BROWNSVILLE CLIMATE NORMALS FOR TODAY
                         NORMAL    RECORD    YEAR
 MAXIMUM TEMPERATURE (F)   71        86      1999
 MINIMUM TEMPERATURE (F)   52        27      1888
                                             1885


SUNRISE AND SUNSET
JANUARY 17 2017.......SUNRISE   718 AM CST   SUNSET   602 PM CST
JANUARY 18 2017.......SUNRISE   718 AM CST   SUNSET   603 PM CST


-  INDICATES NEGATIVE NUMBERS.
R  INDICATES RECORD WAS SET OR TIED.
MM INDICATES DATA IS MISSING.
T  INDICATES TRACE AMOUNT.




$$
