000
CDUS44 KBRO 230627
CLIBRO


CLIMATE REPORT
NATIONAL WEATHER SERVICE BROWNSVILLE TX
125 AM CDT SAT JUL 23 2016


...................................

...THE BROWNSVILLE CLIMATE SUMMARY FOR JULY 22 2016...

CLIMATE NORMAL PERIOD 1981 TO 2010
CLIMATE RECORD PERIOD 1878 TO 2016


WEATHER ITEM   OBSERVED TIME   RECORD YEAR NORMAL DEPARTURE LAST
                VALUE   (LST)  VALUE       VALUE  FROM      YEAR
                                                  NORMAL
..................................................................
TEMPERATURE (F)
 YESTERDAY
  MAXIMUM         94    318 PM  99    1920  94      0       93
  MINIMUM         76    611 AM  68    1908  76      0       80
  AVERAGE         85                        85      0       87

PRECIPITATION (IN)
  YESTERDAY        0.18          0.73 1991   0.05   0.13     0.00
  MONTH TO DATE    0.18                      1.55  -1.37     2.36
  SINCE JUN 1      3.16                      4.12  -0.96     3.12
  SINCE JAN 1     13.15                     11.88   1.27    23.61

SNOWFALL (IN)
  YESTERDAY        0.0          MM    2001   0.0
  MONTH TO DATE    0.0                       0.0
  SINCE JUN 1      0.0                       0.0
  SINCE JUL 1      0.0                       0.0

DEGREE DAYS
 HEATING
  YESTERDAY        0                         0      0        0
  MONTH TO DATE    0                         0      0        0
  SINCE JUN 1      0                         0      0        0
  SINCE JUL 1      0                         0      0        0

 COOLING
  YESTERDAY       20                        20      0       22
  MONTH TO DATE  491                       440     51      187
  SINCE JUN 1   1056                      1007     49      760
  SINCE JAN 1   2216                      2100    116     1822
..................................................................


WIND (MPH)
  HIGHEST WIND SPEED    17   HIGHEST WIND DIRECTION     E (70)
  HIGHEST GUST SPEED    23   HIGHEST GUST DIRECTION     E (90)
  AVERAGE WIND SPEED     5.7


SKY COVER
  POSSIBLE SUNSHINE  MM
  AVERAGE SKY COVER 0.2


WEATHER CONDITIONS
 THE FOLLOWING WEATHER WAS RECORDED YESTERDAY.
  HEAVY RAIN


RELATIVE HUMIDITY (PERCENT)
 HIGHEST   100           600 AM
 LOWEST     56           200 PM
 AVERAGE    78

..........................................................


THE BROWNSVILLE CLIMATE NORMALS FOR TODAY
                         NORMAL    RECORD    YEAR
 MAXIMUM TEMPERATURE (F)   94        99      1979
 MINIMUM TEMPERATURE (F)   76        68      1989
                                             1915
                                             1901


SUNRISE AND SUNSET
JULY 23 2016..........SUNRISE   652 AM CDT   SUNSET   821 PM CDT
JULY 24 2016..........SUNRISE   652 AM CDT   SUNSET   820 PM CDT


-  INDICATES NEGATIVE NUMBERS.
R  INDICATES RECORD WAS SET OR TIED.
MM INDICATES DATA IS MISSING.
T  INDICATES TRACE AMOUNT.




$$
