000
CDUS44 KBRO 230733
CLIBRO


CLIMATE REPORT
NATIONAL WEATHER SERVICE BROWNSVILLE TX
133 AM CST TUE JAN 23 2018


...................................

...THE BROWNSVILLE CLIMATE SUMMARY FOR JANUARY 22 2018...

CLIMATE NORMAL PERIOD 1981 TO 2010
CLIMATE RECORD PERIOD 1878 TO 2018


WEATHER ITEM   OBSERVED TIME   RECORD YEAR NORMAL DEPARTURE LAST
                VALUE   (LST)  VALUE       VALUE  FROM      YEAR
                                                  NORMAL
..................................................................
TEMPERATURE (F)
 YESTERDAY
  MAXIMUM         75    254 PM  87    1972  71      4       83
  MINIMUM         56   1159 PM  25    1935  52      4       56
  AVERAGE         66                        61      5       70

PRECIPITATION (IN)
  YESTERDAY        0.00          1.43 1993   0.05  -0.05     0.00
  MONTH TO DATE    0.23                      0.85  -0.62     0.04
  SINCE DEC 1      1.38                      2.00  -0.62     1.71
  SINCE JAN 1      0.23                      0.85  -0.62     0.04

SNOWFALL (IN)
  YESTERDAY        0.0           0.0  2002   0.0
                                      1998
                                      2000
  MONTH TO DATE    T                         0.0
  SINCE DEC 1      0.3                       0.0
  SINCE JUL 1      0.3                       0.0

DEGREE DAYS
 HEATING
  YESTERDAY        0                         5     -5        0
  MONTH TO DATE  213                       131     82       57
  SINCE DEC 1    389                       296     93      147
  SINCE JUL 1    405                       350     55      155

 COOLING
  YESTERDAY        1                         2     -1        5
  MONTH TO DATE   25                        44    -19      124
  SINCE DEC 1    132                       124      8      300
  SINCE JAN 1     25                        44    -19      124
..................................................................


WIND (MPH)
  HIGHEST WIND SPEED    24   HIGHEST WIND DIRECTION     N (360)
  HIGHEST GUST SPEED    34   HIGHEST GUST DIRECTION     N (360)
  AVERAGE WIND SPEED     9.8


SKY COVER
  POSSIBLE SUNSHINE  MM
  AVERAGE SKY COVER 0.5


WEATHER CONDITIONS
 THE FOLLOWING WEATHER WAS RECORDED YESTERDAY.
  FOG


RELATIVE HUMIDITY (PERCENT)
 HIGHEST   100           300 AM
 LOWEST     20          1200 PM
 AVERAGE    60

..........................................................


THE BROWNSVILLE CLIMATE NORMALS FOR TODAY
                         NORMAL    RECORD    YEAR
 MAXIMUM TEMPERATURE (F)   71        86      2010
 MINIMUM TEMPERATURE (F)   52        24      1930


SUNRISE AND SUNSET
JANUARY 23 2018.......SUNRISE   717 AM CST   SUNSET   607 PM CST
JANUARY 24 2018.......SUNRISE   717 AM CST   SUNSET   607 PM CST


-  INDICATES NEGATIVE NUMBERS.
R  INDICATES RECORD WAS SET OR TIED.
MM INDICATES DATA IS MISSING.
T  INDICATES TRACE AMOUNT.




$$
