000
CDUS44 KBRO 300626
CLIBRO


CLIMATE REPORT
NATIONAL WEATHER SERVICE BROWNSVILLE TX
125 AM CDT SAT AUG 30 2014


...................................

...THE BROWNSVILLE CLIMATE SUMMARY FOR AUGUST 29 2014...

CLIMATE NORMAL PERIOD 1981 TO 2010
CLIMATE RECORD PERIOD 1878 TO 2014


WEATHER ITEM   OBSERVED TIME   RECORD YEAR NORMAL DEPARTURE LAST
                VALUE   (LST)  VALUE       VALUE  FROM      YEAR
                                                  NORMAL
..................................................................
TEMPERATURE (F)
 YESTERDAY
  MAXIMUM         91    319 PM 104    2012  93     -2       92
  MINIMUM         77   1020 AM  66    1958  76      1       77
  AVERAGE         84                        84      0       85

PRECIPITATION (IN)
  YESTERDAY        0.12          2.60 1936   0.11   0.01     0.09
  MONTH TO DATE    0.33                      2.19  -1.86     1.47
  SINCE JUN 1      2.61                      6.80  -4.19     4.45
  SINCE JAN 1      7.94                     14.56  -6.62    10.05
DEGREE DAYS
 HEATING
  YESTERDAY        0                         0      0        0
  MONTH TO DATE    0                         0      0        0
  SINCE JUN 1      0                         0      0        0
  SINCE JUL 1      0                         0      0        0

 COOLING
  YESTERDAY       19                        20     -1       20
  MONTH TO DATE  640                       596     44      616
  SINCE JUN 1   1861                      1781     80     1871
  SINCE JAN 1   2783                      2874    -91     2993
..................................................................


WIND (MPH)
  HIGHEST WIND SPEED    18   HIGHEST WIND DIRECTION     E (110)
  HIGHEST GUST SPEED    23   HIGHEST GUST DIRECTION     E (110)
  AVERAGE WIND SPEED     8.5


SKY COVER
  POSSIBLE SUNSHINE  MM
  AVERAGE SKY COVER 0.5


WEATHER CONDITIONS
 THE FOLLOWING WEATHER WAS RECORDED YESTERDAY.
  RAIN
  LIGHT RAIN


RELATIVE HUMIDITY (PERCENT)
 HIGHEST    97          1100 AM
 LOWEST     59           400 PM
 AVERAGE    78

..........................................................


THE BROWNSVILLE CLIMATE NORMALS FOR TODAY
                         NORMAL    RECORD    YEAR
 MAXIMUM TEMPERATURE (F)   93       105      2012
 MINIMUM TEMPERATURE (F)   76        65      1896
                                             1895


SUNRISE AND SUNSET
AUGUST 30 2014........SUNRISE   709 AM CDT   SUNSET   751 PM CDT
AUGUST 31 2014........SUNRISE   710 AM CDT   SUNSET   750 PM CDT


-  INDICATES NEGATIVE NUMBERS.
R  INDICATES RECORD WAS SET OR TIED.
MM INDICATES DATA IS MISSING.
T  INDICATES TRACE AMOUNT.

$$
