605
CDAK49 PAFG 241004
CLIBRW

CLIMATE REPORT
NATIONAL WEATHER SERVICE FAIRBANKS AK
104 AM AKST FRI FEB 24 2017


...................................

...THE BARROW AK CLIMATE SUMMARY FOR FEBRUARY 23 2017...

CLIMATE NORMAL PERIOD 1981 TO 2010
CLIMATE RECORD PERIOD 1920 TO 2017


WEATHER ITEM   OBSERVED TIME   RECORD YEAR NORMAL DEPARTURE LAST
                VALUE   (LST)  VALUE       VALUE  FROM      YEAR
                                                  NORMAL
..................................................................
TEMPERATURE (F)
 YESTERDAY
  MAXIMUM         -3   1159 PM  26    2009  -8      5        8
  MINIMUM        -27    606 AM -49    1924 -21     -6      -10
  AVERAGE        -15                       -14     -1       -1

PRECIPITATION (IN)
  YESTERDAY        0.05          0.15 2011   0.01   0.04     0.01
  MONTH TO DATE    0.19                      0.12   0.07     2.08
  SINCE DEC 1      0.96                      0.39   0.57     3.06
  SINCE JAN 1      0.66                      0.25   0.41     3.05

SNOWFALL (IN)
  YESTERDAY        0.5           2.1  2011   0.0    0.5     MM
  MONTH TO DATE    2.7                       2.1    0.6      2.8
  SINCE DEC 1     11.6                       8.2    3.4      5.1
  SINCE JUL 1     24.7                      28.5   -3.8      8.6
  SNOW DEPTH       8

DEGREE DAYS
 HEATING
  YESTERDAY       80                        79      1       66
  MONTH TO DATE 1616                      1817   -201     1626
  SINCE DEC 1   5636                      6504   -868     5975
  SINCE JUL 1  10591                     12456  -1865    11036

 COOLING
  YESTERDAY        0                         0      0        0
  MONTH TO DATE    0                         0      0        0
  SINCE DEC 1      0                         0      0        0
  SINCE JAN 1      0                         0      0        0
..................................................................


WIND (MPH)
  HIGHEST GUST SPEED    38   HIGHEST GUST DIRECTION    NE (60)


SKY COVER
  AVERAGE SKY COVER 0.6


WEATHER CONDITIONS
 THE FOLLOWING WEATHER WAS RECORDED YESTERDAY.
  SNOW
  LIGHT SNOW
  HAZE
  BLOWING SNOW


RELATIVE HUMIDITY (PERCENT)
 HIGHEST    86
 LOWEST     69
 AVERAGE    78

..........................................................


THE BARROW AK CLIMATE NORMALS FOR TODAY
                         NORMAL    RECORD    YEAR
 MAXIMUM TEMPERATURE (F)   -8        29      2011
 MINIMUM TEMPERATURE (F)  -21       -48      1954


SUNRISE AND SUNSET
FEBRUARY 24 2017......SUNRISE   923 AM AKST  SUNSET   600 PM AKST
FEBRUARY 25 2017......SUNRISE   918 AM AKST  SUNSET   605 PM AKST

-  INDICATES NEGATIVE NUMBERS.
R  INDICATES RECORD WAS SET OR TIED.
MM INDICATES DATA IS MISSING.
T  INDICATES TRACE AMOUNT.

&&

SNOW DEPTH IS MEASURED AT 3AM AKST/4AM AKDT.

----------------------------
AVAILABLE DAYLIGHT

AMOUNT OF DAYLIGHT TODAY  (HOUR:MIN)........8:37
GAIN/LOSS SINCE YESTERDAY (HOUR:MIN:SEC)....+0:09:57

$$
CCC FEB 17
