000
CDAK49 PABR 040917
CLIBRW

CLIMATE REPORT
NATIONAL WEATHER SERVICE BARROW, AK
117 AM AKDT TUE AUG 4 2015

...................................
...THE BARROW WSO AP CLIMATE SUMMARY FOR AUGUST 3 2015...

CLIMATE NORMAL PERIOD  1981 TO  2010
CLIMATE RECORD PERIOD  1915 TO  2015

WEATHER ITEM   OBSERVED TIME    RECORD YEAR NORMAL DEPARTURE LAST
               VALUE    (LST)   VALUE       VALUE  FROM      YEAR
                                                   NORMAL
...................................................................
TEMPERATURE
YESTERDAY
 MAXIMUM            46  1256 PM    64  1999     46       0     39
 MINIMUM            38  1159 PM    26  1945     35       3     30
 AVERAGE            42                          40       2     35

PRECIPITATION
(INCHES)
 YESTERDAY        0.12           0.47  1997   0.03    0.09      T
 MONTH TO DATE    0.36                        0.10    0.26   0.01
 SINCE JUN 1      1.42                        1.40    0.02   2.49
 SINCE JAN 1      3.38                        2.10    1.28   4.11

SNOWFALL
(INCHES)
 YESTERDAY         0.0            1.8  1932    0.0     0.0    0.0
 MONTH TO DATE     0.0                         0.0     0.0    0.0
 SINCE JUN 1       1.0                         0.9     0.1    1.8
 SINCE JUL 1         T                         0.2    -0.2    0.9
 SNOW DEPTH (IN)     0                                          0

DEGREE DAYS
 HEATING
  YESTERDAY         23                          25      -2     30
  MONTH TO DATE     73                          75      -2     88
  SINCE JUN 1     1566                        1702    -136   1849
  SINCE JUL 1      824                         822       2    916

 COOLING
  YESTERDAY          0                           0       0      0
  MONTH TO DATE      0                           0       0      0
  SINCE JUN 1        0                           0       0      0
  SINCE JAN 1        0                           0       0      0
...................................................................

WIND (MPH)
 HIGHEST WIND SPEED    29     HIGHEST WIND DIRECTION    270
 HIGHEST GUST SPEED    36     HIGHEST GUST DIRECTION    280
 AVERAGE WIND SPEED  17.8

WEATHER CONDITIONS
 THE FOLLOWING WEATHER WAS RECORDED YESTERDAY.
  FOG
RAIN


RELATIVE HUMIDITY
 HIGHEST RH     MM PERCENT       MM
 LOWEST  RH     MM PERCENT       MM
 AVERAGE RH     MM PERCENT       MM
...................................................................

THE BARROW CLIMATE NORMALS FOR TODAY
                           NORMAL    RECORD   YEAR
 MAXIMUM TEMPERATURE (F)     46        69     1977
 MINIMUM TEMPERATURE (F)     35        26     1932

SUNRISE AND SUNSET
 AUG 4 2015..........SUNRISE  3:35 AM      SUNSET  1:21 AM
 AUG 5 2015..........SUNRISE  3:47 AM      SUNSET  1:11 AM

-  INDICATES NEGATIVE NUMBERS.
R  INDICATES RECORD HAS BEEN SET OR TIED.
MM INDICATES DATA IS MISSING.
T  INDICATES TRACE OF PRECIPITATION.

&&
-------------------------------------------------------------------

AMOUNT OF DAYLIGHT TODAY  (HOUR:MIN)........21 HOURS 46 MINUTES
GAIN/LOSS SINCE YESTERDAY (HOUR:MIN:SEC)....-0:29:36

$$
DZB AUG 15
