000
CDAK49 PAFG 210941
CLIBRW

CLIMATE REPORT
NATIONAL WEATHER SERVICE FAIRBANKS AK
141 AM AKDT MON AUG 21 2017


...................................

...THE BARROW AK CLIMATE SUMMARY FOR AUGUST 20 2017...

CLIMATE NORMAL PERIOD 1981 TO 2010
CLIMATE RECORD PERIOD 1920 TO 2017


WEATHER ITEM   OBSERVED TIME   RECORD YEAR NORMAL DEPARTURE LAST
                VALUE   (LST)  VALUE       VALUE  FROM      YEAR
                                                  NORMAL
..................................................................
TEMPERATURE (F)
 YESTERDAY
  MAXIMUM         44    436 PM  65    1965  43      1       37
  MINIMUM         38    559 AM  25    1981  34      4       34
  AVERAGE         41                        39      2       36

PRECIPITATION (IN)
  YESTERDAY        T             0.48 1955   0.04  -0.04      T
  MONTH TO DATE    1.30                      0.69   0.61     0.80
  SINCE JUN 1      3.16                      1.99   1.17     2.28
  SINCE JAN 1      5.27                      2.69   2.58     5.63

SNOWFALL (IN)
  YESTERDAY        0.0           0.4  1938   0.0    0.0       T
  MONTH TO DATE    T                         0.4   -0.4      1.6
  SINCE JUN 1      0.5                       1.3   -0.8      3.5
  SINCE JUL 1      T                         0.6   -0.6      1.6
  SNOW DEPTH       0

DEGREE DAYS
 HEATING
  YESTERDAY       24                        26     -2       29
  MONTH TO DATE  459                       507    -48      512
  SINCE JUN 1   1942                      2137   -195     1974
  SINCE JUL 1   1041                      1256   -215     1165

 COOLING
  YESTERDAY        0                         0      0        0
  MONTH TO DATE    0                         0      0        0
  SINCE JUN 1      0                         0      0        0
  SINCE JAN 1      0                         0      0        0
..................................................................


WIND (MPH)
  HIGHEST GUST SPEED    16   HIGHEST GUST DIRECTION    SE (150)


SKY COVER
  AVERAGE SKY COVER 1.0


WEATHER CONDITIONS
 THE FOLLOWING WEATHER WAS RECORDED YESTERDAY.
  LIGHT RAIN
  FOG


RELATIVE HUMIDITY (PERCENT)
 HIGHEST   100
 LOWEST     76
 AVERAGE    88

..........................................................


THE BARROW AK CLIMATE NORMALS FOR TODAY
                         NORMAL    RECORD    YEAR
 MAXIMUM TEMPERATURE (F)   43        65      1940
 MINIMUM TEMPERATURE (F)   34        22      1960


SUNRISE AND SUNSET
AUGUST 21 2017........SUNRISE   543 AM AKDT  SUNSET  1115 PM AKDT
AUGUST 22 2017........SUNRISE   548 AM AKDT  SUNSET  1109 PM AKDT

-  INDICATES NEGATIVE NUMBERS.
R  INDICATES RECORD WAS SET OR TIED.
MM INDICATES DATA IS MISSING.
T  INDICATES TRACE AMOUNT.

&&

SNOW DEPTH IS MEASURED AT 3AM AKST/4AM AKDT.

----------------------------
AVAILABLE DAYLIGHT

AMOUNT OF DAYLIGHT TODAY  (HOUR:MIN)........17:32
GAIN/LOSS SINCE YESTERDAY (HOUR:MIN:SEC)....-0:11:10

$$
SDB AUG 17
