000
CDAK49 PABR 230921
CLIBRW

CLIMATE REPORT
NATIONAL WEATHER SERVICE BARROW, AK
121 AM AKDT WED JUL 23 2014

...................................
...THE BARROW WSO AP CLIMATE SUMMARY FOR JULY 22 2014...

CLIMATE NORMAL PERIOD  1981 TO  2010
CLIMATE RECORD PERIOD  1915 TO  2014

WEATHER ITEM   OBSERVED TIME    RECORD YEAR NORMAL DEPARTURE LAST
               VALUE    (LST)   VALUE       VALUE  FROM      YEAR
                                                   NORMAL
...................................................................
TEMPERATURE
YESTERDAY
 MAXIMUM            36  0637 PM    67  2000     47     -11     59
 MINIMUM            32  0910 PM    26  1924     35      -3     43
 AVERAGE            34                          41      -7     51

PRECIPITATION
(INCHES)
 YESTERDAY           T           0.27  1930   0.04   -0.04   0.03
 MONTH TO DATE    0.72                        0.67    0.05   0.70
 SINCE JUN 1      2.19                        0.99    1.20   1.47
 SINCE JAN 1      3.81                        1.69    2.12   2.69

SNOWFALL
(INCHES)
 YESTERDAY           T            0.4  1922    0.0       T    0.0
 MONTH TO DATE       T                         0.1    -0.1    0.0
 SINCE JUN 1       0.9                         0.8     0.1    0.3
 SINCE JUL 1         T                         0.1    -0.1    0.0
 SNOW DEPTH (IN)     0                                          0

DEGREE DAYS
 HEATING
  YESTERDAY         31                          24       7     14
  MONTH TO DATE    572                         531      41    423
  SINCE JUN 1     1505                        1411      94   1201
  SINCE JUL 1      572                         531      41    423

 COOLING
  YESTERDAY          0                           0       0      0
  MONTH TO DATE      0                           0       0      0
  SINCE JUN 1        0                           0       0      0
  SINCE JAN 1        0                           0       0      0
...................................................................

WIND (MPH)
 HIGHEST WIND SPEED    17     HIGHEST WIND DIRECTION    280
 HIGHEST GUST SPEED    21     HIGHEST GUST DIRECTION    270
 AVERAGE WIND SPEED   9.6

WEATHER CONDITIONS
 THE FOLLOWING WEATHER WAS RECORDED YESTERDAY.
  DRIZZLE
  SNOW
  FOG WITH VISIBILITY AS LOW AS ONE QUARTER MILE.

RELATIVE HUMIDITY
 HIGHEST RH     100 PERCENT   AT  311 AM AST
 LOWEST  RH      79 PERCENT   AT  131 PM AST
 AVERAGE RH      85 PERCENT
...................................................................

THE BARROW CLIMATE NORMALS FOR TODAY
                           NORMAL    RECORD   YEAR
 MAXIMUM TEMPERATURE (F)     47        70     2004
 MINIMUM TEMPERATURE (F)     35        26     1945

SUNRISE AND SUNSET
 THE SUN IS CONTINUOUSLY ABOVE THE HORIZON ALL DAY.

-  INDICATES NEGATIVE NUMBERS.
R  INDICATES RECORD HAS BEEN SET OR TIED.
MM INDICATES DATA IS MISSING.
T  INDICATES TRACE OF PRECIPITATION.
&&
-------------------------------------------------------------------

AMOUNT OF DAYLIGHT TODAY  (HOUR:MIN)........24 HOURS 00 MINUTES
GAIN/LOSS SINCE YESTERDAY (HOUR:MIN:SEC)....+0:00:00

$$
RFL JUL 14
