000
CDAK49 PABR 280908
CLIBRW

CLIMATE REPORT
NATIONAL WEATHER SERVICE BARROW, AK
1208 AM AKST SUN DEC 28 2014

...................................
...THE BARROW WSO AP CLIMATE SUMMARY FOR DECEMBER 27 2014...

CLIMATE NORMAL PERIOD  1981 TO  2010
CLIMATE RECORD PERIOD  1915 TO  2014

WEATHER ITEM   OBSERVED TIME    RECORD YEAR NORMAL DEPARTURE LAST
               VALUE    (LST)   VALUE       VALUE  FROM      YEAR
                                                   NORMAL
...................................................................
TEMPERATURE
YESTERDAY
 MAXIMUM           -13  1159 PM    29  1951     -4      -9    -17
 MINIMUM           -28  0338 PM   -45  1974    -16     -12    -36
 AVERAGE           -21                         -10     -11    -27

PRECIPITATION
(INCHES)
 YESTERDAY        0.00           0.20  1934   0.00    0.00   0.00
 MONTH TO DATE    0.07                        0.12   -0.05   1.17
 SINCE DEC 1      0.07                        0.12   -0.05   1.17
 SINCE JAN 1      7.29                        4.51    2.78   8.39

SNOWFALL
(INCHES)
 YESTERDAY         0.0            3.3  1934    0.1    -0.1    0.0
 MONTH TO DATE     1.8                         3.1    -1.3   13.1
 SINCE DEC 1       1.8                         3.1    -1.3   13.1
 SINCE JUL 1      32.9                        23.4     9.5   37.0
 SNOW DEPTH (IN)     5                                          8

DEGREE DAYS
 HEATING
  YESTERDAY         86                          75      11     92
  MONTH TO DATE   1987                        1954      33   1804
  SINCE DEC 1     1972                        1954      18   1793
  SINCE JUL 1     7574                        7904    -330   7177

 COOLING
  YESTERDAY          0                           0       0      0
  MONTH TO DATE      0                           0       0      0
  SINCE DEC 1        0                           0       0      0
  SINCE JAN 1        0                           0       0      0
...................................................................

WIND (MPH)
 HIGHEST WIND SPEED    30     HIGHEST WIND DIRECTION    110
 HIGHEST GUST SPEED    35     HIGHEST GUST DIRECTION    110
 AVERAGE WIND SPEED  11.7

WEATHER CONDITIONS
 THE FOLLOWING WEATHER WAS RECORDED YESTERDAY.
  FOG
  BLOWING SNOW

RELATIVE HUMIDITY
 HIGHEST RH     90 PERCENT   AT  553 AM AST
 LOWEST  RH     72 PERCENT   AT  253 PM AST
 AVERAGE RH     85 PERCENT
...................................................................

THE BARROW CLIMATE NORMALS FOR TODAY
                           NORMAL    RECORD   YEAR
 MAXIMUM TEMPERATURE (F)     -4        24     2001
 MINIMUM TEMPERATURE (F)    -17       -45     1974

SUNRISE AND SUNSET
 THE SUN IS CONTINUOUSLY BELOW THE HORIZON ALL DAY.

-  INDICATES NEGATIVE NUMBERS.
R  INDICATES RECORD HAS BEEN SET OR TIED.
MM INDICATES DATA IS MISSING.
T  INDICATES TRACE OF PRECIPITATION.

&&
-------------------------------------------------------------------

AMOUNT OF DAYLIGHT TODAY  (HOUR:MIN)........0 HOURS 00 MINUTES
GAIN/LOSS SINCE YESTERDAY (HOUR:MIN:SEC)....+0:00:00

$$
GMS DEC 14
