000
CDAK49 PAFG 130949
CLIBRW

CLIMATE REPORT
NATIONAL WEATHER SERVICE FAIRBANKS AK
1249 AM AKST WED DEC 13 2017


...................................

...THE BARROW AK CLIMATE SUMMARY FOR DECEMBER 12 2017...

CLIMATE NORMAL PERIOD 1981 TO 2010
CLIMATE RECORD PERIOD 1920 TO 2017


WEATHER ITEM   OBSERVED TIME   RECORD YEAR NORMAL DEPARTURE LAST
                VALUE   (LST)  VALUE       VALUE  FROM      YEAR
                                                  NORMAL
..................................................................
TEMPERATURE (F)
 YESTERDAY
  MAXIMUM          5   1159 PM  30    1933  -1      6       23
  MINIMUM          2    753 PM -38    1935 -13     15       13
  AVERAGE          4                        -7     11       18

PRECIPITATION (IN)
  YESTERDAY        0.13          0.15 1988   0.01   0.12     0.01
                                      1924
  MONTH TO DATE    0.19                      0.06   0.13     0.01
  SINCE DEC 1      0.19                      0.06   0.13     0.01
  SINCE JAN 1      8.20                      4.45   3.75     7.15

SNOWFALL (IN)
  YESTERDAY        3.9 R         2.1  1933   0.1    3.8      0.1
  MONTH TO DATE    4.3                       1.5    2.8      0.1
  SINCE DEC 1      4.3                       1.5    2.8      0.1
  SINCE JUL 1     21.0                      21.8   -0.8     13.2
  SNOW DEPTH       7

DEGREE DAYS
 HEATING
  YESTERDAY       61                        72    -11       47
  MONTH TO DATE  730                       849   -119      848
  SINCE DEC 1    730                       849   -119      848
  SINCE JUL 1   5658                      6801  -1143     5803

 COOLING
  YESTERDAY        0                         0      0        0
  MONTH TO DATE    0                         0      0        0
  SINCE DEC 1      0                         0      0        0
  SINCE JAN 1      0                         0      0        0
..................................................................


WIND (MPH)
  HIGHEST GUST SPEED    38   HIGHEST GUST DIRECTION     E (70)


SKY COVER
  AVERAGE SKY COVER 1.0


WEATHER CONDITIONS
 THE FOLLOWING WEATHER WAS RECORDED YESTERDAY.
  SNOW
  LIGHT SNOW
  FOG
  BLOWING SNOW


RELATIVE HUMIDITY (PERCENT)
 HIGHEST    95
 LOWEST     86
 AVERAGE    91

..........................................................


THE BARROW AK CLIMATE NORMALS FOR TODAY
                         NORMAL    RECORD    YEAR
 MAXIMUM TEMPERATURE (F)   -1        29      2008
 MINIMUM TEMPERATURE (F)  -13       -45      1924


SUNRISE AND SUNSET
DECEMBER 13 2017......SUN BELOW VISIBLE HORIZON.
DECEMBER 14 2017......SUN BELOW VISIBLE HORIZON.

-  INDICATES NEGATIVE NUMBERS.
R  INDICATES RECORD WAS SET OR TIED.
MM INDICATES DATA IS MISSING.
T  INDICATES TRACE AMOUNT.

&&

SNOW DEPTH IS MEASURED AT 3AM AKST/4AM AKDT.

----------------------------
AVAILABLE DAYLIGHT

AMOUNT OF DAYLIGHT TODAY  (HOUR:MIN)........0:00
GAIN/LOSS SINCE YESTERDAY (HOUR:MIN:SEC)....+0:00:00

$$
DEC 17
