000
CDUS43 KGRR 302128
CLIBTL


CLIMATE REPORT
NATIONAL WEATHER SERVICE GRAND RAPIDS, MI
528 PM EDT SAT MAY 30 2015


...................................

...THE BATTLE CREEK MI CLIMATE SUMMARY FOR MAY 30 2015...
VALID TODAY AS OF 0500 PM LOCAL TIME.

CLIMATE NORMAL PERIOD 1981 TO 2010
CLIMATE RECORD PERIOD 1998 TO 2015


WEATHER ITEM   OBSERVED TIME   NORMAL DEPARTURE LAST
                VALUE   (LST)  VALUE  FROM      YEAR
                                      NORMAL
......................................................
TEMPERATURE (F)
 TODAY
  MAXIMUM         74    248 PM  75     -1       81
  MINIMUM         68    826 AM  50     18       55
  AVERAGE         71            62      9       68

PRECIPITATION (IN)
  TODAY            0.22          0.13   0.09     0.00
  MONTH TO DATE    3.94          3.65   0.29     3.14
  SINCE MAR 1      6.01          8.36  -2.35     6.43
  SINCE JAN 1      7.02         11.36  -4.34     7.96

DEGREE DAYS
 HEATING
  TODAY            0             5     -5        0
  MONTH TO DATE  131           242   -111      213
  SINCE MAR 1   1567          1666    -99     1899
  SINCE JUL 1   6772          6631    141     7353

 COOLING
  TODAY            6             2      4        3
  MONTH TO DATE   79            30     49       52
  SINCE MAR 1     79            37     42       52
  SINCE JAN 1     79            37     42       52
......................................................


WIND (MPH)
  RESULTANT WIND SPEED   7   RESULTANT WIND DIRECTION  SW (230)
  HIGHEST WIND SPEED    14   HIGHEST WIND DIRECTION     N (350)
  HIGHEST GUST SPEED    18   HIGHEST GUST DIRECTION    SW (220)
  AVERAGE WIND SPEED     9.2


SKY COVER
  AVERAGE SKY COVER 0.8


WEATHER CONDITIONS
 THE FOLLOWING WEATHER WAS RECORDED TODAY.
  RAIN
  LIGHT RAIN
  FOG


RELATIVE HUMIDITY (PERCENT)
 HIGHEST    90           200 AM
 LOWEST     78           400 PM
 AVERAGE    84

..........................................................


THE BATTLE CREEK MI CLIMATE NORMALS FOR TOMORROW
                         NORMAL
 MAXIMUM TEMPERATURE (F)   75
 MINIMUM TEMPERATURE (F)   51


SUNRISE AND SUNSET
MAY 30 2015...........SUNRISE   608 AM EDT   SUNSET   909 PM EDT
MAY 31 2015...........SUNRISE   608 AM EDT   SUNSET   910 PM EDT


-  INDICATES NEGATIVE NUMBERS.
R  INDICATES RECORD WAS SET OR TIED.
MM INDICATES DATA IS MISSING.
T  INDICATES TRACE AMOUNT.




$$
