000
CDUS43 KGRR 270517
CLIBTL


CLIMATE REPORT
NATIONAL WEATHER SERVICE GRAND RAPIDS, MI
116 AM EDT MON MAR 27 2017


...................................

...THE BATTLE CREEK MI CLIMATE SUMMARY FOR MARCH 26 2017...

CLIMATE NORMAL PERIOD 1981 TO 2010
CLIMATE RECORD PERIOD 1998 TO 2017


WEATHER ITEM   OBSERVED TIME   NORMAL DEPARTURE LAST
                VALUE   (LST)  VALUE  FROM      YEAR
                                      NORMAL
......................................................
TEMPERATURE (F)
 YESTERDAY
  MAXIMUM         56    439 PM  51      5       54
  MINIMUM         41    626 AM  29     12       28
  AVERAGE         49            40      9       41

PRECIPITATION (IN)
  YESTERDAY        0.34          0.07   0.27     0.00
  MONTH TO DATE    2.33          1.53   0.80     1.79
  SINCE MAR 1      2.33          1.53   0.80     1.79
  SINCE JAN 1      7.80          4.53   3.27     3.39

DEGREE DAYS
 HEATING
  YESTERDAY       16            25     -9       24
  MONTH TO DATE  792           790      2      635
  SINCE MAR 1    792           790      2      635
  SINCE JUL 1   4695          5755  -1060     4550

 COOLING
  YESTERDAY        0             0      0        0
  MONTH TO DATE    0             0      0        0
  SINCE MAR 1      0             0      0        0
  SINCE JAN 1      0             0      0        0
......................................................


WIND (MPH)
  RESULTANT WIND SPEED   5   RESULTANT WIND DIRECTION  SE (140)
  HIGHEST WIND SPEED    14   HIGHEST WIND DIRECTION     E (90)
  HIGHEST GUST SPEED    18   HIGHEST GUST DIRECTION     E (80)
  AVERAGE WIND SPEED     7.1


SKY COVER
  AVERAGE SKY COVER 1.0


WEATHER CONDITIONS
 THE FOLLOWING WEATHER WAS RECORDED YESTERDAY.
  HEAVY RAIN
  RAIN
  LIGHT RAIN
  FOG


RELATIVE HUMIDITY (PERCENT)
 HIGHEST   100           600 PM
 LOWEST     86           400 PM
 AVERAGE    93

..........................................................


THE BATTLE CREEK MI CLIMATE NORMALS FOR TODAY
                         NORMAL
 MAXIMUM TEMPERATURE (F)   51
 MINIMUM TEMPERATURE (F)   29


SUNRISE AND SUNSET
MARCH 27 2017.........SUNRISE   732 AM EDT   SUNSET   801 PM EDT
MARCH 28 2017.........SUNRISE   730 AM EDT   SUNSET   803 PM EDT


-  INDICATES NEGATIVE NUMBERS.
R  INDICATES RECORD WAS SET OR TIED.
MM INDICATES DATA IS MISSING.
T  INDICATES TRACE AMOUNT.




$$
