000
CDUS43 KGRR 021338
CLIBTL


CLIMATE REPORT
NATIONAL WEATHER SERVICE GRAND RAPIDS, MI
938 AM EDT THU JUL 2 2015


...................................

...THE BATTLE CREEK MI CLIMATE SUMMARY FOR JULY 2 2015...
VALID AS OF 0900 AM LOCAL TIME.

CLIMATE NORMAL PERIOD 1981 TO 2010
CLIMATE RECORD PERIOD 1998 TO 2015


WEATHER ITEM   OBSERVED TIME   NORMAL DEPARTURE LAST
                VALUE   (LST)  VALUE  FROM      YEAR
                                      NORMAL
......................................................
TEMPERATURE (F)
 TODAY
  MAXIMUM         59    759 AM  83    -24       MM
  MINIMUM         53    452 AM  59     -6       MM
  AVERAGE         56            71    -15       MM

PRECIPITATION (IN)
  TODAY            0.00          0.10  -0.10     0.00
  MONTH TO DATE    0.00          0.21  -0.21     1.15
  SINCE JUN 1      8.57          3.44   5.13     6.72
  SINCE JAN 1     16.82         14.92   1.90    14.68

DEGREE DAYS
 HEATING
  TODAY            9             1      8       MM
  MONTH TO DATE   10             2      8       MM
  SINCE JUN 1     33            59    -26       18
  SINCE JUL 1     10             2      8       MM

 COOLING
  TODAY            0             6     -6       MM
  MONTH TO DATE    0            12    -12       MM
  SINCE JUN 1    140           138      2      176
  SINCE JAN 1    213           176     37      228
......................................................


WIND (MPH)
  RESULTANT WIND SPEED   4   RESULTANT WIND DIRECTION  NE (40)
  HIGHEST WIND SPEED     9   HIGHEST WIND DIRECTION    NE (50)
  HIGHEST GUST SPEED    11   HIGHEST GUST DIRECTION    NE (60)
  AVERAGE WIND SPEED     4.9


SKY COVER
  AVERAGE SKY COVER 0.3


WEATHER CONDITIONS
 THE FOLLOWING WEATHER WAS RECORDED TODAY.
  FOG


RELATIVE HUMIDITY (PERCENT)
 HIGHEST    93           200 AM
 LOWEST     86          1200 AM
 AVERAGE    90

..........................................................


THE BATTLE CREEK MI CLIMATE NORMALS FOR TOMORROW
                         NORMAL
 MAXIMUM TEMPERATURE (F)   83
 MINIMUM TEMPERATURE (F)   59


SUNRISE AND SUNSET
JULY  2 2015..........SUNRISE   609 AM EDT   SUNSET   921 PM EDT
JULY  3 2015..........SUNRISE   609 AM EDT   SUNSET   921 PM EDT


-  INDICATES NEGATIVE NUMBERS.
R  INDICATES RECORD WAS SET OR TIED.
MM INDICATES DATA IS MISSING.
T  INDICATES TRACE AMOUNT.




$$
