867
CDUS43 KGRR 250533
CLIBTL


CLIMATE REPORT
NATIONAL WEATHER SERVICE GRAND RAPIDS, MI
133 AM EDT MON JUL 25 2016


...................................

...THE BATTLE CREEK MI CLIMATE SUMMARY FOR JULY 24 2016...

CLIMATE NORMAL PERIOD 1981 TO 2010
CLIMATE RECORD PERIOD 1998 TO 2016


WEATHER ITEM   OBSERVED TIME   NORMAL DEPARTURE LAST
                VALUE   (LST)  VALUE  FROM      YEAR
                                      NORMAL
......................................................
TEMPERATURE (F)
 YESTERDAY
  MAXIMUM         85    515 PM  82      3       86
  MINIMUM         67   1115 AM  59      8       61
  AVERAGE         76            71      5       74

PRECIPITATION (IN)
  YESTERDAY        1.66          0.11   1.55     0.00
  MONTH TO DATE    3.56          2.58   0.98     4.21
  SINCE JUN 1      4.96          5.81  -0.85    12.78
  SINCE JAN 1     14.80         17.29  -2.49    21.03

DEGREE DAYS
 HEATING
  YESTERDAY        0             0      0        0
  MONTH TO DATE    5             6     -1        7
  SINCE JUN 1     39            63    -24       30
  SINCE JUL 1      5             6     -1        7

 COOLING
  YESTERDAY       11             6      5        9
  MONTH TO DATE  170           156     14      127
  SINCE JUN 1    306           282     24      267
  SINCE JAN 1    361           320     41      340
......................................................


WIND (MPH)
  RESULTANT WIND SPEED   7   RESULTANT WIND DIRECTION  SW (210)
  HIGHEST WIND SPEED    21   HIGHEST WIND DIRECTION    NW (330)
  HIGHEST GUST SPEED    34   HIGHEST GUST DIRECTION    NW (330)
  AVERAGE WIND SPEED     8.9


SKY COVER
  AVERAGE SKY COVER 0.4


WEATHER CONDITIONS
 THE FOLLOWING WEATHER WAS RECORDED YESTERDAY.
  HEAVY RAIN
  RAIN
  LIGHT RAIN
  FOG


RELATIVE HUMIDITY (PERCENT)
 HIGHEST   100           400 AM
 LOWEST     67          1200 AM
 AVERAGE    84

..........................................................


THE BATTLE CREEK MI CLIMATE NORMALS FOR TODAY
                         NORMAL
 MAXIMUM TEMPERATURE (F)   82
 MINIMUM TEMPERATURE (F)   59


SUNRISE AND SUNSET
JULY 25 2016..........SUNRISE   627 AM EDT   SUNSET   907 PM EDT
JULY 26 2016..........SUNRISE   628 AM EDT   SUNSET   906 PM EDT


-  INDICATES NEGATIVE NUMBERS.
R  INDICATES RECORD WAS SET OR TIED.
MM INDICATES DATA IS MISSING.
T  INDICATES TRACE AMOUNT.




$$
