000
CDUS43 KGRR 251333
CLIBTL


CLIMATE REPORT
NATIONAL WEATHER SERVICE GRAND RAPIDS, MI
931 AM EDT SUN SEP 25 2016


...................................

...THE BATTLE CREEK MI CLIMATE SUMMARY FOR SEPTEMBER 25 2016...
VALID AS OF 0900 AM LOCAL TIME.

CLIMATE NORMAL PERIOD 1981 TO 2010
CLIMATE RECORD PERIOD 1998 TO 2016


WEATHER ITEM   OBSERVED TIME   NORMAL DEPARTURE LAST
                VALUE   (LST)  VALUE  FROM      YEAR
                                      NORMAL
......................................................
TEMPERATURE (F)
 TODAY
  MAXIMUM         59   1211 AM  70    -11       79
  MINIMUM         54    658 AM  46      8       55
  AVERAGE         57            58     -1       67

PRECIPITATION (IN)
  TODAY            0.00          0.13  -0.13     0.00
  MONTH TO DATE    1.86          3.06  -1.20     2.61
  SINCE SEP 1      1.86          3.06  -1.20     2.61
  SINCE JAN 1     25.32         24.60   0.72    25.83

DEGREE DAYS
 HEATING
  TODAY            8             8      0        0
  MONTH TO DATE   25           110    -85       43
  SINCE SEP 1     25           110    -85       43
  SINCE JUL 1     33           151   -118       65

 COOLING
  TODAY            0             1     -1        2
  MONTH TO DATE   91            51     40      128
  SINCE SEP 1     91            51     40      128
  SINCE JAN 1    707           569    138      706
......................................................


WIND (MPH)
  RESULTANT WIND SPEED   4   RESULTANT WIND DIRECTION  SE (130)
  HIGHEST WIND SPEED     9   HIGHEST WIND DIRECTION    SE (150)
  HIGHEST GUST SPEED    13   HIGHEST GUST DIRECTION    SE (150)
  AVERAGE WIND SPEED     4.7


SKY COVER
  AVERAGE SKY COVER 0.0


WEATHER CONDITIONS
 THE FOLLOWING WEATHER WAS RECORDED TODAY.
  NO SIGNIFICANT WEATHER WAS OBSERVED.


RELATIVE HUMIDITY (PERCENT)
 HIGHEST    93           700 AM
 LOWEST     80          1200 AM
 AVERAGE    87

..........................................................


THE BATTLE CREEK MI CLIMATE NORMALS FOR TOMORROW
                         NORMAL
 MAXIMUM TEMPERATURE (F)   69
 MINIMUM TEMPERATURE (F)   46


SUNRISE AND SUNSET
SEPTEMBER 25 2016.....SUNRISE   732 AM EDT   SUNSET   732 PM EDT
SEPTEMBER 26 2016.....SUNRISE   733 AM EDT   SUNSET   730 PM EDT


-  INDICATES NEGATIVE NUMBERS.
R  INDICATES RECORD WAS SET OR TIED.
MM INDICATES DATA IS MISSING.
T  INDICATES TRACE AMOUNT.




$$

63
