000
CDUS43 KGRR 010514
CLIBTL


CLIMATE REPORT
NATIONAL WEATHER SERVICE GRAND RAPIDS, MI
114 AM EDT TUE SEP 1 2015


...................................

...THE BATTLE CREEK MI CLIMATE SUMMARY FOR AUGUST 31 2015...

CLIMATE NORMAL PERIOD 1981 TO 2010
CLIMATE RECORD PERIOD 1998 TO 2015


WEATHER ITEM   OBSERVED TIME   NORMAL DEPARTURE LAST
                VALUE   (LST)  VALUE  FROM      YEAR
                                      NORMAL
......................................................
TEMPERATURE (F)
 YESTERDAY
  MAXIMUM         83    429 PM  79      4       84
  MINIMUM         59    242 AM  56      3       67
  AVERAGE         71            67      4       76

PRECIPITATION (IN)
  YESTERDAY        0.00          0.12  -0.12     0.14
  MONTH TO DATE    2.19          3.47  -1.28     2.20
  SINCE JUN 1     14.97         10.06   4.91    11.98
  SINCE JAN 1     23.22         21.54   1.68    19.94

DEGREE DAYS
 HEATING
  YESTERDAY        0             2     -2        0
  MONTH TO DATE   15            32    -17       11
  SINCE JUN 1     45            98    -53       47
  SINCE JUL 1     22            41    -19       29

 COOLING
  YESTERDAY        6             4      2       11
  MONTH TO DATE  161           157      4      204
  SINCE JUN 1    505           480     25      485
  SINCE JAN 1    578           518     60      537
......................................................


WIND (MPH)
  RESULTANT WIND SPEED   2   RESULTANT WIND DIRECTION  SW (240)
  HIGHEST WIND SPEED    10   HIGHEST WIND DIRECTION    SW (230)
  HIGHEST GUST SPEED    14   HIGHEST GUST DIRECTION    SW (220)
  AVERAGE WIND SPEED     3.2


SKY COVER
  AVERAGE SKY COVER 0.4


WEATHER CONDITIONS
 THE FOLLOWING WEATHER WAS RECORDED YESTERDAY.
  FOG
  FOG W/VISIBILITY <= 1/4 MILE
  HAZE


RELATIVE HUMIDITY (PERCENT)
 HIGHEST   100           400 AM
 LOWEST     58           400 PM
 AVERAGE    79

..........................................................


THE BATTLE CREEK MI CLIMATE NORMALS FOR TODAY
                         NORMAL
 MAXIMUM TEMPERATURE (F)   79
 MINIMUM TEMPERATURE (F)   55


SUNRISE AND SUNSET
SEPTEMBER  1 2015.....SUNRISE   706 AM EDT   SUNSET   815 PM EDT
SEPTEMBER  2 2015.....SUNRISE   707 AM EDT   SUNSET   814 PM EDT


-  INDICATES NEGATIVE NUMBERS.
R  INDICATES RECORD WAS SET OR TIED.
MM INDICATES DATA IS MISSING.
T  INDICATES TRACE AMOUNT.




$$
