000
CDUS43 KGRR 280519
CLIBTL


CLIMATE REPORT
NATIONAL WEATHER SERVICE GRAND RAPIDS, MI
119 AM EDT SAT MAY 28 2016


...................................

...THE BATTLE CREEK MI CLIMATE SUMMARY FOR MAY 27 2016...

CLIMATE NORMAL PERIOD 1981 TO 2010
CLIMATE RECORD PERIOD 1998 TO 2016


WEATHER ITEM   OBSERVED TIME   NORMAL DEPARTURE LAST
                VALUE   (LST)  VALUE  FROM      YEAR
                                      NORMAL
......................................................
TEMPERATURE (F)
 YESTERDAY
  MAXIMUM         82    524 PM  74      8       78
  MINIMUM         62    353 AM  49     13       57
  AVERAGE         72            61     11       68

PRECIPITATION (IN)
  YESTERDAY        0.00          0.12  -0.12     0.14
  MONTH TO DATE    2.79          3.27  -0.48     3.29
  SINCE MAR 1      8.23          7.98   0.25     5.36
  SINCE JAN 1      9.83         10.98  -1.15     6.37

DEGREE DAYS
 HEATING
  YESTERDAY        0             5     -5        0
  MONTH TO DATE  241           227     14      131
  SINCE MAR 1   1500          1651   -151     1567
  SINCE JUL 1   5415          6616  -1201     6772

 COOLING
  YESTERDAY        7             2      5        3
  MONTH TO DATE   24            24      0       63
  SINCE MAR 1     26            31     -5       63
  SINCE JAN 1     26            31     -5       63
......................................................


WIND (MPH)
  RESULTANT WIND SPEED   7   RESULTANT WIND DIRECTION   S (180)
  HIGHEST WIND SPEED    16   HIGHEST WIND DIRECTION     S (190)
  HIGHEST GUST SPEED    22   HIGHEST GUST DIRECTION    SW (210)
  AVERAGE WIND SPEED     7.9


SKY COVER
  AVERAGE SKY COVER 0.2


WEATHER CONDITIONS
 THE FOLLOWING WEATHER WAS RECORDED YESTERDAY.
  NO SIGNIFICANT WEATHER WAS OBSERVED.


RELATIVE HUMIDITY (PERCENT)
 HIGHEST    93           400 AM
 LOWEST     54           500 PM
 AVERAGE    74

..........................................................


THE BATTLE CREEK MI CLIMATE NORMALS FOR TODAY
                         NORMAL
 MAXIMUM TEMPERATURE (F)   74
 MINIMUM TEMPERATURE (F)   50


SUNRISE AND SUNSET
MAY 28 2016...........SUNRISE   609 AM EDT   SUNSET   908 PM EDT
MAY 29 2016...........SUNRISE   608 AM EDT   SUNSET   909 PM EDT


-  INDICATES NEGATIVE NUMBERS.
R  INDICATES RECORD WAS SET OR TIED.
MM INDICATES DATA IS MISSING.
T  INDICATES TRACE AMOUNT.




$$
