000
CDUS43 KGRR 250516
CLIBTL


CLIMATE REPORT
NATIONAL WEATHER SERVICE GRAND RAPIDS, MI
1216 AM EST THU DEC 25 2014


...................................

...THE BATTLE CREEK MI CLIMATE SUMMARY FOR DECEMBER 24 2014...

CLIMATE NORMAL PERIOD 1981 TO 2010
CLIMATE RECORD PERIOD 1998 TO 2014


WEATHER ITEM   OBSERVED TIME   NORMAL DEPARTURE LAST
                VALUE   (LST)  VALUE  FROM      YEAR
                                      NORMAL
......................................................
TEMPERATURE (F)
 YESTERDAY
  MAXIMUM         44    201 AM  33     11       18
  MINIMUM         34   1151 PM  18     16        7
  AVERAGE         39            25     14       13

PRECIPITATION (IN)
  YESTERDAY        0.55          0.07   0.48      T
  MONTH TO DATE    0.81          1.56  -0.75     1.10
  SINCE DEC 1      0.81          1.56  -0.75     1.10
  SINCE JAN 1     29.13         32.72  -3.59    34.90

DEGREE DAYS
 HEATING
  YESTERDAY       26            40    -14       52
  MONTH TO DATE  742           879   -137      937
  SINCE DEC 1    742           879   -137      937
  SINCE JUL 1   2245          2317    -72     2338

 COOLING
  YESTERDAY        0             0      0        0
  MONTH TO DATE    0             0      0        0
  SINCE DEC 1      0             0      0        0
  SINCE JAN 1    593           578     15      689
......................................................


WIND (MPH)
  RESULTANT WIND SPEED   6   RESULTANT WIND DIRECTION  NW (310)
  HIGHEST WIND SPEED    17   HIGHEST WIND DIRECTION     N (360)
  HIGHEST GUST SPEED    22   HIGHEST GUST DIRECTION     N (10)
  AVERAGE WIND SPEED     9.2


SKY COVER
  AVERAGE SKY COVER 1.0


WEATHER CONDITIONS
 THE FOLLOWING WEATHER WAS RECORDED YESTERDAY.
  LIGHT RAIN
  LIGHT SNOW
  FOG


RELATIVE HUMIDITY (PERCENT)
 HIGHEST    96           600 PM
 LOWEST     70          1200 AM
 AVERAGE    83

..........................................................


THE BATTLE CREEK MI CLIMATE NORMALS FOR TODAY
                         NORMAL
 MAXIMUM TEMPERATURE (F)   33
 MINIMUM TEMPERATURE (F)   17


SUNRISE AND SUNSET
DECEMBER 25 2014......SUNRISE   808 AM EST   SUNSET   514 PM EST
DECEMBER 26 2014......SUNRISE   809 AM EST   SUNSET   515 PM EST


-  INDICATES NEGATIVE NUMBERS.
R  INDICATES RECORD WAS SET OR TIED.
MM INDICATES DATA IS MISSING.
T  INDICATES TRACE AMOUNT.




$$
