000
CDUS43 KGRR 290515
CLIBTL


CLIMATE REPORT
NATIONAL WEATHER SERVICE GRAND RAPIDS, MI
114 AM EDT FRI AUG 29 2014


...................................

...THE BATTLE CREEK MI CLIMATE SUMMARY FOR AUGUST 28 2014...

CLIMATE NORMAL PERIOD 1981 TO 2010
CLIMATE RECORD PERIOD 1998 TO 2014


WEATHER ITEM   OBSERVED TIME   NORMAL DEPARTURE LAST
                VALUE   (LST)  VALUE  FROM      YEAR
                                      NORMAL
......................................................
TEMPERATURE (F)
 YESTERDAY
  MAXIMUM         76    435 PM  80     -4       81
  MINIMUM         55    549 AM  56     -1       69
  AVERAGE         66            68     -2       75

PRECIPITATION (IN)
  YESTERDAY        0.00          0.11  -0.11     0.19
  MONTH TO DATE    2.05          3.12  -1.07     4.75
  SINCE JUN 1     11.83          9.71   2.12    13.39
  SINCE JAN 1     19.79         21.19  -1.40    26.17

DEGREE DAYS
 HEATING
  YESTERDAY        0             1     -1        0
  MONTH TO DATE   11            28    -17       21
  SINCE JUN 1     47           100    -53       80
  SINCE JUL 1     29            43    -14       38

 COOLING
  YESTERDAY        1             4     -3       10
  MONTH TO DATE  174           148     26      121
  SINCE JUN 1    455           471    -16      496
  SINCE JAN 1    507           509     -2      573
......................................................


WIND (MPH)
  RESULTANT WIND SPEED   5   RESULTANT WIND DIRECTION  NE (60)
  HIGHEST WIND SPEED    10   HIGHEST WIND DIRECTION    SE (130)
  HIGHEST GUST SPEED    14   HIGHEST GUST DIRECTION    NE (50)
  AVERAGE WIND SPEED     6.1


SKY COVER
  AVERAGE SKY COVER 0.4


WEATHER CONDITIONS
 THE FOLLOWING WEATHER WAS RECORDED YESTERDAY.
  NO SIGNIFICANT WEATHER WAS OBSERVED.


RELATIVE HUMIDITY (PERCENT)
 HIGHEST    86           500 AM
 LOWEST     50           300 PM
 AVERAGE    68

..........................................................


THE BATTLE CREEK MI CLIMATE NORMALS FOR TODAY
                         NORMAL
 MAXIMUM TEMPERATURE (F)   79
 MINIMUM TEMPERATURE (F)   56


SUNRISE AND SUNSET
AUGUST 29 2014........SUNRISE   703 AM EDT   SUNSET   820 PM EDT
AUGUST 30 2014........SUNRISE   704 AM EDT   SUNSET   818 PM EDT


-  INDICATES NEGATIVE NUMBERS.
R  INDICATES RECORD WAS SET OR TIED.
MM INDICATES DATA IS MISSING.
T  INDICATES TRACE AMOUNT.




$$
