000
CDUS43 KGRR 180520
CLIBTL


CLIMATE REPORT
NATIONAL WEATHER SERVICE GRAND RAPIDS, MI
119 AM EDT FRI AUG 18 2017


...................................

...THE BATTLE CREEK MI CLIMATE SUMMARY FOR AUGUST 17 2017...

CLIMATE NORMAL PERIOD 1981 TO 2010
CLIMATE RECORD PERIOD 1998 TO 2017


WEATHER ITEM   OBSERVED TIME   NORMAL DEPARTURE LAST
                VALUE   (LST)  VALUE  FROM      YEAR
                                      NORMAL
......................................................
TEMPERATURE (F)
 YESTERDAY
  MAXIMUM         85    402 PM  81      4       81
  MINIMUM         69    409 AM  58     11       63
  AVERAGE         77            69      8       72

PRECIPITATION (IN)
  YESTERDAY        0.17          0.11   0.06     0.69
  MONTH TO DATE    1.44          1.92  -0.48     7.13
  SINCE JUN 1      5.50          8.51  -3.01    12.67
  SINCE JAN 1     20.98         19.99   0.99    22.51

DEGREE DAYS
 HEATING
  YESTERDAY        0             1     -1        0
  MONTH TO DATE    4            17    -13        0
  SINCE JUN 1     27            89    -62       39
  SINCE JUL 1      4            32    -28        5

 COOLING
  YESTERDAY       12             5      7        7
  MONTH TO DATE  100            97      3      135
  SINCE JUN 1    509           420     89      490
  SINCE JAN 1    546           458     88      545
......................................................


WIND (MPH)
  RESULTANT WIND SPEED  11   RESULTANT WIND DIRECTION  SW (210)
  HIGHEST WIND SPEED    22   HIGHEST WIND DIRECTION    SW (230)
  HIGHEST GUST SPEED    27   HIGHEST GUST DIRECTION    SW (240)
  AVERAGE WIND SPEED    11.4


SKY COVER
  AVERAGE SKY COVER 0.6


WEATHER CONDITIONS
 THE FOLLOWING WEATHER WAS RECORDED YESTERDAY.
  LIGHT RAIN


RELATIVE HUMIDITY (PERCENT)
 HIGHEST   100           600 AM
 LOWEST     58           600 PM
 AVERAGE    79

..........................................................


THE BATTLE CREEK MI CLIMATE NORMALS FOR TODAY
                         NORMAL
 MAXIMUM TEMPERATURE (F)   81
 MINIMUM TEMPERATURE (F)   58


SUNRISE AND SUNSET
AUGUST 18 2017........SUNRISE   652 AM EDT   SUNSET   837 PM EDT
AUGUST 19 2017........SUNRISE   653 AM EDT   SUNSET   835 PM EDT


-  INDICATES NEGATIVE NUMBERS.
R  INDICATES RECORD WAS SET OR TIED.
MM INDICATES DATA IS MISSING.
T  INDICATES TRACE AMOUNT.




$$
