000
CDUS43 KGRR 280523
CLIBTL


CLIMATE REPORT
NATIONAL WEATHER SERVICE GRAND RAPIDS, MI
123 AM EDT MON JUL 28 2014


...................................

...THE BATTLE CREEK MI CLIMATE SUMMARY FOR JULY 27 2014...

CLIMATE NORMAL PERIOD 1981 TO 2010
CLIMATE RECORD PERIOD 9999 TO 9999


WEATHER ITEM   OBSERVED TIME   NORMAL DEPARTURE LAST
                VALUE   (LST)  VALUE  FROM      YEAR
                                      NORMAL
......................................................
TEMPERATURE (F)
 YESTERDAY
  MAXIMUM         87    321 PM  82      5       73
  MINIMUM         62   1159 PM  59      3       53
  AVERAGE         75            71      4       63

PRECIPITATION (IN)
  YESTERDAY        0.51          0.11   0.40      T
  MONTH TO DATE    4.13          2.91   1.22     4.63
  SINCE JUN 1      9.70          6.14   3.56     8.37
  SINCE JAN 1     17.66         17.62   0.04    21.15

DEGREE DAYS
 HEATING
  YESTERDAY        0             0      0        2
  MONTH TO DATE   13             6      7        6
  SINCE JUN 1     31            63    -32       48
  SINCE JUL 1     13             6      7        6

 COOLING
  YESTERDAY       10             6      4        0
  MONTH TO DATE  101           174    -73      226
  SINCE JUN 1    277           300    -23      372
  SINCE JAN 1    329           338     -9      449
......................................................


WIND (MPH)
  RESULTANT WIND SPEED   7   RESULTANT WIND DIRECTION   W (260)
  HIGHEST WIND SPEED    41   HIGHEST WIND DIRECTION    NW (330)
  HIGHEST GUST SPEED    53   HIGHEST GUST DIRECTION    NW (320)
  AVERAGE WIND SPEED     8.0


SKY COVER
  AVERAGE SKY COVER 0.7


WEATHER CONDITIONS
 THE FOLLOWING WEATHER WAS RECORDED YESTERDAY.
  THUNDERSTORM
  HEAVY RAIN
  RAIN
  LIGHT RAIN
  FOG
  FOG W/VISIBILITY <= 1/4 MILE
  HAZE


RELATIVE HUMIDITY (PERCENT)
 HIGHEST   100           700 AM
 LOWEST     45           300 PM
 AVERAGE    73

..........................................................


THE BATTLE CREEK MI CLIMATE NORMALS FOR TODAY
                         NORMAL
 MAXIMUM TEMPERATURE (F)   82
 MINIMUM TEMPERATURE (F)   59


SUNRISE AND SUNSET
JULY 28 2014..........SUNRISE   630 AM EDT   SUNSET   905 PM EDT
JULY 29 2014..........SUNRISE   631 AM EDT   SUNSET   904 PM EDT


-  INDICATES NEGATIVE NUMBERS.
R  INDICATES RECORD WAS SET OR TIED.
MM INDICATES DATA IS MISSING.
T  INDICATES TRACE AMOUNT.




$$
