000
CDUS43 KGRR 220520
CLIBTL


CLIMATE REPORT
NATIONAL WEATHER SERVICE GRAND RAPIDS, MI
119 AM EDT MON SEP 22 2014


...................................

...THE BATTLE CREEK MI CLIMATE SUMMARY FOR SEPTEMBER 21 2014...

CLIMATE NORMAL PERIOD 1981 TO 2010
CLIMATE RECORD PERIOD 1998 TO 2014


WEATHER ITEM   OBSERVED TIME   NORMAL DEPARTURE LAST
                VALUE   (LST)  VALUE  FROM      YEAR
                                      NORMAL
......................................................
TEMPERATURE (F)
 YESTERDAY
  MAXIMUM         68    313 AM  71     -3       66
  MINIMUM         48   1159 PM  48      0       53
  AVERAGE         58            60     -2       60

PRECIPITATION (IN)
  YESTERDAY        0.19          0.13   0.06     0.00
  MONTH TO DATE    2.30          2.55  -0.25     1.55
  SINCE SEP 1      2.30          2.55  -0.25     1.55
  SINCE JAN 1     22.24         24.09  -1.85    27.72

DEGREE DAYS
 HEATING
  YESTERDAY        7             7      0        5
  MONTH TO DATE  100            80     20       66
  SINCE SEP 1    100            80     20       66
  SINCE JUL 1    129           121      8      104

 COOLING
  YESTERDAY        0             1     -1        0
  MONTH TO DATE   56            47      9       69
  SINCE SEP 1     56            47      9       69
  SINCE JAN 1    593           565     28      674
......................................................


WIND (MPH)
  RESULTANT WIND SPEED  12   RESULTANT WIND DIRECTION   W (290)
  HIGHEST WIND SPEED    28   HIGHEST WIND DIRECTION     W (270)
  HIGHEST GUST SPEED    36   HIGHEST GUST DIRECTION     N (350)
  AVERAGE WIND SPEED    15.6


SKY COVER
  AVERAGE SKY COVER 0.9


WEATHER CONDITIONS
 THE FOLLOWING WEATHER WAS RECORDED YESTERDAY.
  HEAVY RAIN
  LIGHT RAIN
  FOG


RELATIVE HUMIDITY (PERCENT)
 HIGHEST    93          1200 AM
 LOWEST     67           600 PM
 AVERAGE    80

..........................................................


THE BATTLE CREEK MI CLIMATE NORMALS FOR TODAY
                         NORMAL
 MAXIMUM TEMPERATURE (F)   71
 MINIMUM TEMPERATURE (F)   47


SUNRISE AND SUNSET
SEPTEMBER 22 2014.....SUNRISE   728 AM EDT   SUNSET   738 PM EDT
SEPTEMBER 23 2014.....SUNRISE   729 AM EDT   SUNSET   736 PM EDT


-  INDICATES NEGATIVE NUMBERS.
R  INDICATES RECORD WAS SET OR TIED.
MM INDICATES DATA IS MISSING.
T  INDICATES TRACE AMOUNT.




$$
