000
CDUS45 KMSO 250740
CLIBTM


CLIMATE REPORT
NATIONAL WEATHER SERVICE MISSOULA, MT
140 AM MDT SAT MAR 25 2017


...................................

...THE BUTTE MT CLIMATE SUMMARY FOR MARCH 24 2017...

CLIMATE NORMAL PERIOD 1981 TO 2010
CLIMATE RECORD PERIOD 1895 TO 2017


WEATHER ITEM   OBSERVED TIME   RECORD YEAR NORMAL DEPARTURE LAST
                VALUE   (LST)  VALUE       VALUE  FROM      YEAR
                                                  NORMAL
..................................................................
TEMPERATURE (F)
 YESTERDAY
  MAXIMUM         56    242 PM  65    2007  46     10       43
  MINIMUM         21    649 AM -20    1965  22     -1       28
  AVERAGE         39                        34      5       36

PRECIPITATION (IN)
  YESTERDAY        T             0.28 1924   0.03  -0.03     0.05
  MONTH TO DATE    0.86                      0.55   0.31     0.45
  SINCE OCT 1      4.87                      3.34   1.53     3.66
  SINCE JAN 1      1.65                      1.45   0.20     0.92

SNOWFALL (IN)
  YESTERDAY       MM
  MONTH TO DATE    0.0
  SINCE JAN 1      0.0
  SINCE JUL 1      0.0
  SNOW DEPTH      MM

DEGREE DAYS
 HEATING
  YESTERDAY       26                        31     -5       29
  MONTH TO DATE  661                       832   -171      743
  SINCE MAR 1    661                       832   -171      743
  SINCE JUL 1   7445                      7401     44     7140

 COOLING
  YESTERDAY        0                         0      0        0
  MONTH TO DATE    0                         0      0        0
  SINCE MAR 1      0                         0      0        0
  SINCE JAN 1      0                         0      0        0
..................................................................


WIND (MPH)
  HIGHEST WIND SPEED    32   HIGHEST WIND DIRECTION     S (180)
  HIGHEST GUST SPEED    40   HIGHEST GUST DIRECTION     S (160)
  AVERAGE WIND SPEED     9.3


SKY COVER
  POSSIBLE SUNSHINE  MM
  AVERAGE SKY COVER 0.4


WEATHER CONDITIONS
 THE FOLLOWING WEATHER WAS RECORDED YESTERDAY.
  LIGHT RAIN


RELATIVE HUMIDITY (PERCENT)
 HIGHEST    84           500 AM
 LOWEST     21          1200 PM
 AVERAGE    53

..........................................................


THE BUTTE MT CLIMATE NORMALS FOR TODAY
                         NORMAL    RECORD    YEAR
 MAXIMUM TEMPERATURE (F)   46        66      1999
 MINIMUM TEMPERATURE (F)   23       -25      1955


SUNRISE AND SUNSET
MARCH 25 2017.........SUNRISE   723 AM MDT   SUNSET   750 PM MDT
MARCH 26 2017.........SUNRISE   721 AM MDT   SUNSET   751 PM MDT


-  INDICATES NEGATIVE NUMBERS.
R  INDICATES RECORD WAS SET OR TIED.
MM INDICATES DATA IS MISSING.
T  INDICATES TRACE AMOUNT.




$$
