000
CDUS44 KLIX 210820
CLIBTR


CLIMATE REPORT
NATIONAL WEATHER SERVICE NEW ORLEANS
220 AM CST SAT JAN 21 2017


...................................

...THE BATON ROUGE  ASOS CLIMATE SUMMARY FOR JANUARY 20 2017...

CLIMATE NORMAL PERIOD 1981 TO 2010
CLIMATE RECORD PERIOD 1894 TO 2017


WEATHER ITEM   OBSERVED TIME   RECORD YEAR NORMAL DEPARTURE LAST
                VALUE   (LST)  VALUE       VALUE  FROM      YEAR
                                                  NORMAL
..................................................................
TEMPERATURE (F)
 YESTERDAY
  MAXIMUM         79    258 PM  81    1982  62     17       74
                                      1935
  MINIMUM         61   1232 AM  11    1985  41     20       48
  AVERAGE         70                        52     18       61

PRECIPITATION (IN)
  YESTERDAY        0.00          9.01 1993   0.19  -0.19      T
  MONTH TO DATE    7.84                      3.64   4.20     3.08
  SINCE DEC 1     17.55                      9.24   8.31     9.41
  SINCE JAN 1      7.84                      3.64   4.20     3.08

SNOWFALL (IN)
  YESTERDAY        0.0
  MONTH TO DATE    0.0
  SINCE DEC 1      0.0
  SINCE JUL 1      0.0
  SNOW DEPTH       0

DEGREE DAYS
 HEATING
  YESTERDAY        0                        14    -14        4
  MONTH TO DATE  135                       280   -145      297
  SINCE DEC 1    406                       661   -255      476
  SINCE JUL 1    519                       896   -377      587

 COOLING
  YESTERDAY        5                         0      5        0
  MONTH TO DATE   50                         3     47        0
  SINCE DEC 1    115                        25     90       87
  SINCE JAN 1     50                         3     47        0
..................................................................


WIND (MPH)
  HIGHEST WIND SPEED    13   HIGHEST WIND DIRECTION    SW (220)
  HIGHEST GUST SPEED    20   HIGHEST GUST DIRECTION    SW (230)
  AVERAGE WIND SPEED     5.5


SKY COVER
  POSSIBLE SUNSHINE  MM
  AVERAGE SKY COVER 0.5


WEATHER CONDITIONS
 THE FOLLOWING WEATHER WAS RECORDED YESTERDAY.
  FOG


RELATIVE HUMIDITY (PERCENT)
 HIGHEST   100           200 AM
 LOWEST     45           300 PM
 AVERAGE    73

..........................................................


THE BATON ROUGE  ASOS CLIMATE NORMALS FOR TODAY
                         NORMAL    RECORD    YEAR
 MAXIMUM TEMPERATURE (F)   62        82      1938
                                             1927
 MINIMUM TEMPERATURE (F)   41         9      1985


SUNRISE AND SUNSET
JANUARY 21 2017.......SUNRISE   701 AM CST   SUNSET   532 PM CST
JANUARY 22 2017.......SUNRISE   700 AM CST   SUNSET   532 PM CST


-  INDICATES NEGATIVE NUMBERS.
R  INDICATES RECORD WAS SET OR TIED.
MM INDICATES DATA IS MISSING.
T  INDICATES TRACE AMOUNT.




$$
