000
CDUS44 KLIX 172229
CLIBTR


CLIMATE REPORT
NATIONAL WEATHER SERVICE NEW ORLEANS
NATIONAL WEATHER SERVICE NEW ORL
424 PM CST WED JAN 17 2018


...................................

...THE BATON ROUGE  ASOS CLIMATE SUMMARY FOR JANUARY 17 2018...
VALID TODAY AS OF 0400 PM LOCAL TIME.

CLIMATE NORMAL PERIOD 1981 TO 2010
CLIMATE RECORD PERIOD 1894 TO 2018


WEATHER ITEM   OBSERVED TIME   RECORD YEAR NORMAL DEPARTURE LAST
                VALUE   (LST)  VALUE       VALUE  FROM      YEAR
                                                  NORMAL
..................................................................
TEMPERATURE (F)
 TODAY
  MAXIMUM         34    259 PM  83    1907  62    -28       82
  MINIMUM         14R   737 AM  18    1977  41    -27       63
  AVERAGE         24

PRECIPITATION (IN)
  TODAY            0.00          2.12 1925   0.19  -0.19     0.00
  MONTH TO DATE    2.06                      3.07  -1.01     2.94
  SINCE DEC 1      8.00                      8.67  -0.67    12.65
  SINCE JAN 1      2.06                      3.07  -1.01     2.94

SNOWFALL (IN)
  TODAY            MM
  MONTH TO DATE    MM
  SINCE DEC 1      MM
  SINCE JUL 1      MM
  SNOW DEPTH       MM

DEGREE DAYS
 HEATING
  TODAY           41                        14     27        0
  MONTH TO DATE  385                       238    147      135
  SINCE DEC 1    781                       619    162      406
  SINCE JUL 1    988                       854    134      519

 COOLING
  TODAY            0                         0      0        8
  MONTH TO DATE    0                         3     -3       36
  SINCE DEC 1     18                        25     -7      101
  SINCE JAN 1      0                         3     -3       36
..................................................................


WIND (MPH)
  HIGHEST WIND SPEED    17   HIGHEST WIND DIRECTION     N (350)
  HIGHEST GUST SPEED    23   HIGHEST GUST DIRECTION     N (10)
  AVERAGE WIND SPEED    10.4


SKY COVER
  POSSIBLE SUNSHINE  MM
  AVERAGE SKY COVER 0.0


WEATHER CONDITIONS
 THE FOLLOWING WEATHER WAS RECORDED TODAY.
  NO SIGNIFICANT WEATHER WAS OBSERVED.


RELATIVE HUMIDITY (PERCENT)
 HIGHEST    65          1200 AM
 LOWEST     38           300 PM
 AVERAGE    52

..........................................................


THE BATON ROUGE  ASOS CLIMATE NORMALS FOR TOMORROW
                         NORMAL    RECORD    YEAR
 MAXIMUM TEMPERATURE (F)   62        84      1907
 MINIMUM TEMPERATURE (F)   41        16      1948


SUNRISE AND SUNSET
JANUARY 17 2018.......SUNRISE   702 AM CST   SUNSET   528 PM CST
JANUARY 18 2018.......SUNRISE   702 AM CST   SUNSET   529 PM CST


-  INDICATES NEGATIVE NUMBERS.
R  INDICATES RECORD WAS SET OR TIED.
MM INDICATES DATA IS MISSING.
T  INDICATES TRACE AMOUNT.




$$
