000
CDUS44 KLIX 290703
CLIBTR


CLIMATE REPORT
NATIONAL WEATHER SERVICE NEW ORLEANS
203 AM CDT TUE JUL 29 2014


...................................

...THE BATON ROUGE  ASOS CLIMATE SUMMARY FOR JULY 28 2014...

CLIMATE NORMAL PERIOD 1981 TO 2010
CLIMATE RECORD PERIOD 1894 TO 2014


WEATHER ITEM   OBSERVED TIME   RECORD YEAR NORMAL DEPARTURE LAST
                VALUE   (LST)  VALUE       VALUE  FROM      YEAR
                                                  NORMAL
..................................................................
TEMPERATURE (F)
 YESTERDAY
  MAXIMUM         94    318 PM 100    1995  93      1       90
  MINIMUM         76   1152 PM  65    1911  74      2       71
  AVERAGE         85                        83      2       81

PRECIPITATION (IN)
  YESTERDAY        0.00          2.72 1951   0.17  -0.17     0.00
  MONTH TO DATE    5.78                      4.47   1.31     4.65
  SINCE JUN 1     17.14                     10.88   6.26    11.12
  SINCE JAN 1     41.48                     35.40   6.08    49.30

SNOWFALL (IN)
  YESTERDAY        0.0
  MONTH TO DATE    0.0
  SINCE JUN 1      0.0
  SINCE JUL 1      0.0
  SNOW DEPTH       0

DEGREE DAYS
 HEATING
  YESTERDAY        0                         0      0        0
  MONTH TO DATE    0                         0      0        0
  SINCE JUN 1      0                         0      0        0
  SINCE JUL 1      0                         0      0        0

 COOLING
  YESTERDAY       20                        18      2       16
  MONTH TO DATE  460                       504    -44      454
  SINCE JUN 1    929                       988    -59      956
  SINCE JAN 1   1435                      1553   -118     1379
..................................................................


WIND (MPH)
  HIGHEST WIND SPEED    14   HIGHEST WIND DIRECTION     W (280)
  HIGHEST GUST SPEED    19   HIGHEST GUST DIRECTION     W (250)
  AVERAGE WIND SPEED     7.8


SKY COVER
  POSSIBLE SUNSHINE  MM
  AVERAGE SKY COVER 0.2


WEATHER CONDITIONS
 THE FOLLOWING WEATHER WAS RECORDED YESTERDAY.
  NO SIGNIFICANT WEATHER WAS OBSERVED.


RELATIVE HUMIDITY (PERCENT)
 HIGHEST    94           400 AM
 LOWEST     60           300 PM
 AVERAGE    77

..........................................................


THE BATON ROUGE  ASOS CLIMATE NORMALS FOR TODAY
                         NORMAL    RECORD    YEAR
 MAXIMUM TEMPERATURE (F)   93        99      1921
                                             1907
 MINIMUM TEMPERATURE (F)   74        65      1994


SUNRISE AND SUNSET
JULY 29 2014..........SUNRISE   621 AM CDT   SUNSET   801 PM CDT
JULY 30 2014..........SUNRISE   621 AM CDT   SUNSET   800 PM CDT


-  INDICATES NEGATIVE NUMBERS.
R  INDICATES RECORD WAS SET OR TIED.
MM INDICATES DATA IS MISSING.
T  INDICATES TRACE AMOUNT.




$$
