000
CDUS44 KLIX 190801
CLIBTR


CLIMATE REPORT
NATIONAL WEATHER SERVICE NEW ORLEANS
200 AM CST SUN FEB 19 2017


...................................

...THE BATON ROUGE  ASOS CLIMATE SUMMARY FOR FEBRUARY 18 2017...

CLIMATE NORMAL PERIOD 1981 TO 2010
CLIMATE RECORD PERIOD 1894 TO 2017


WEATHER ITEM   OBSERVED TIME   RECORD YEAR NORMAL DEPARTURE LAST
                VALUE   (LST)  VALUE       VALUE  FROM      YEAR
                                                  NORMAL
..................................................................
TEMPERATURE (F)
 YESTERDAY
  MAXIMUM         70    502 PM  85    1922  66      4       74
  MINIMUM         54    258 AM  20    1910  45      9       40
  AVERAGE         62                        56      6       57

PRECIPITATION (IN)
  YESTERDAY        0.00          4.12 1988   0.19  -0.19     0.00
  MONTH TO DATE    0.45                      3.35  -2.90     2.47
  SINCE DEC 1     19.84                     14.67   5.17    14.53
  SINCE JAN 1     10.13                      9.07   1.06     8.20

SNOWFALL (IN)
  YESTERDAY        0.0
  MONTH TO DATE    0.0
  SINCE DEC 1      0.0
  SINCE JUL 1      0.0
  SNOW DEPTH       0

DEGREE DAYS
 HEATING
  YESTERDAY        3                        10     -7        8
  MONTH TO DATE   81                       208   -127      189
  SINCE DEC 1    574                      1013   -439      805
  SINCE JUL 1    687                      1248   -561      916

 COOLING
  YESTERDAY        0                         1     -1        0
  MONTH TO DATE   55                        16     39        7
  SINCE DEC 1    174                        51    123       98
  SINCE JAN 1    109                        29     80       11
..................................................................


WIND (MPH)
  HIGHEST WIND SPEED    12   HIGHEST WIND DIRECTION    SE (120)
  HIGHEST GUST SPEED    14   HIGHEST GUST DIRECTION    SE (120)
  AVERAGE WIND SPEED     3.9


SKY COVER
  POSSIBLE SUNSHINE  MM
  AVERAGE SKY COVER 0.7


WEATHER CONDITIONS
 THE FOLLOWING WEATHER WAS RECORDED YESTERDAY.
  FOG
  FOG W/VISIBILITY <= 1/4 MILE
  HAZE


RELATIVE HUMIDITY (PERCENT)
 HIGHEST   100           300 AM
 LOWEST     70           400 PM
 AVERAGE    85

..........................................................


THE BATON ROUGE  ASOS CLIMATE NORMALS FOR TODAY
                         NORMAL    RECORD    YEAR
 MAXIMUM TEMPERATURE (F)   67        88      1922
 MINIMUM TEMPERATURE (F)   45        24      1900


SUNRISE AND SUNSET
FEBRUARY 19 2017......SUNRISE   641 AM CST   SUNSET   556 PM CST
FEBRUARY 20 2017......SUNRISE   640 AM CST   SUNSET   557 PM CST


-  INDICATES NEGATIVE NUMBERS.
R  INDICATES RECORD WAS SET OR TIED.
MM INDICATES DATA IS MISSING.
T  INDICATES TRACE AMOUNT.




$$
