000
CDUS44 KLIX 270810
CLIBTR


CLIMATE REPORT
NATIONAL WEATHER SERVICE NEW ORLEANS
201 AM CST FRI FEB 27 2015


...................................

...THE BATON ROUGE  ASOS CLIMATE SUMMARY FOR FEBRUARY 26 2015...

CLIMATE NORMAL PERIOD 1981 TO 2010
CLIMATE RECORD PERIOD 1894 TO 2015


WEATHER ITEM   OBSERVED TIME   RECORD YEAR NORMAL DEPARTURE LAST
                VALUE   (LST)  VALUE       VALUE  FROM      YEAR
                                                  NORMAL
..................................................................
TEMPERATURE (F)
 YESTERDAY
  MAXIMUM         53    403 PM  84    1996  68    -15       60
  MINIMUM         34    445 AM  23    1914  47    -13       37
  AVERAGE         44                        58    -14       49

PRECIPITATION (IN)
  YESTERDAY        0.00          2.34 1984   0.16  -0.16     0.58
  MONTH TO DATE    3.38                      4.71  -1.33     7.18
  SINCE DEC 1     15.42                     16.03  -0.61    12.99
  SINCE JAN 1      9.75                     10.43  -0.68     9.27

SNOWFALL (IN)
  YESTERDAY        0.0
  MONTH TO DATE    0.0
  SINCE DEC 1      T
  SINCE JUL 1      T
  SNOW DEPTH       0

DEGREE DAYS
 HEATING
  YESTERDAY       21                         8     13       16
  MONTH TO DATE  388                       279    109      315
  SINCE DEC 1   1165                      1084     81     1382
  SINCE JUL 1   1506                      1319    187     1669

 COOLING
  YESTERDAY        0                         1     -1        0
  MONTH TO DATE    3                        24    -21       20
  SINCE DEC 1     18                        59    -41       64
  SINCE JAN 1      4                        37    -33       20
..................................................................


WIND (MPH)
  HIGHEST WIND SPEED    14   HIGHEST WIND DIRECTION     N (350)
  HIGHEST GUST SPEED    20   HIGHEST GUST DIRECTION     N (340)
  AVERAGE WIND SPEED     7.5


SKY COVER
  POSSIBLE SUNSHINE  MM
  AVERAGE SKY COVER 0.6


WEATHER CONDITIONS
 THE FOLLOWING WEATHER WAS RECORDED YESTERDAY.
  FOG


RELATIVE HUMIDITY (PERCENT)
 HIGHEST    92          1200 AM
 LOWEST     44           400 PM
 AVERAGE    68

..........................................................


THE BATON ROUGE  ASOS CLIMATE NORMALS FOR TODAY
                         NORMAL    RECORD    YEAR
 MAXIMUM TEMPERATURE (F)   69        85      2011
                                             1962
 MINIMUM TEMPERATURE (F)   47        25      1935


SUNRISE AND SUNSET
FEBRUARY 27 2015......SUNRISE   633 AM CST   SUNSET   602 PM CST
FEBRUARY 28 2015......SUNRISE   632 AM CST   SUNSET   602 PM CST


-  INDICATES NEGATIVE NUMBERS.
R  INDICATES RECORD WAS SET OR TIED.
MM INDICATES DATA IS MISSING.
T  INDICATES TRACE AMOUNT.




$$
