000
CDUS44 KLIX 240704
CLIBTR


CLIMATE REPORT
NATIONAL WEATHER SERVICE NEW ORLEANS
202 AM CDT FRI MAR 24 2017


...................................

...THE BATON ROUGE  ASOS CLIMATE SUMMARY FOR MARCH 23 2017...

CLIMATE NORMAL PERIOD 1981 TO 2010
CLIMATE RECORD PERIOD 1894 TO 2017


WEATHER ITEM   OBSERVED TIME   RECORD YEAR NORMAL DEPARTURE LAST
                VALUE   (LST)  VALUE       VALUE  FROM      YEAR
                                                  NORMAL
..................................................................
TEMPERATURE (F)
 YESTERDAY
  MAXIMUM         86R   318 PM  86    1907  74     12       76
                                      1898
  MINIMUM         58    630 AM  33    2002  52      6       55
                                      1986
                                      1955
  AVERAGE         72                        63      9       66

PRECIPITATION (IN)
  YESTERDAY        0.00          2.99 1958   0.15  -0.15     0.00
  MONTH TO DATE    1.53                      3.21  -1.68     8.70
  SINCE MAR 1      1.53                      3.21  -1.68     8.70
  SINCE JAN 1     12.96                     13.97  -1.01    18.01

SNOWFALL (IN)
  YESTERDAY        0.0
  MONTH TO DATE    0.0
  SINCE MAR 1      0.0
  SINCE JUL 1      0.0
  SNOW DEPTH       0

DEGREE DAYS
 HEATING
  YESTERDAY        0                         4     -4        0
  MONTH TO DATE   84                       138    -54       63
  SINCE MAR 1     84                       138    -54       63
  SINCE JUL 1    788                      1473   -685     1054

 COOLING
  YESTERDAY        7                         2      5        1
  MONTH TO DATE   74                        39     35       69
  SINCE MAR 1     74                        39     35       69
  SINCE JAN 1    217                        70    147       86
..................................................................


WIND (MPH)
  HIGHEST WIND SPEED    18   HIGHEST WIND DIRECTION    SE (120)
  HIGHEST GUST SPEED    25   HIGHEST GUST DIRECTION    NE (50)
  AVERAGE WIND SPEED     8.1


SKY COVER
  POSSIBLE SUNSHINE  MM
  AVERAGE SKY COVER 0.1


WEATHER CONDITIONS
 THE FOLLOWING WEATHER WAS RECORDED YESTERDAY.
  FOG
  HAZE


RELATIVE HUMIDITY (PERCENT)
 HIGHEST    93           400 AM
 LOWEST     40           200 PM
 AVERAGE    67

..........................................................


THE BATON ROUGE  ASOS CLIMATE NORMALS FOR TODAY
                         NORMAL    RECORD    YEAR
 MAXIMUM TEMPERATURE (F)   75        86      1991
                                             1929
                                             1907
 MINIMUM TEMPERATURE (F)   52        31      1968


SUNRISE AND SUNSET
MARCH 24 2017.........SUNRISE   703 AM CDT   SUNSET   719 PM CDT
MARCH 25 2017.........SUNRISE   702 AM CDT   SUNSET   719 PM CDT


-  INDICATES NEGATIVE NUMBERS.
R  INDICATES RECORD WAS SET OR TIED.
MM INDICATES DATA IS MISSING.
T  INDICATES TRACE AMOUNT.




$$
