000
CDUS41 KBTV 240539
CLIBTV


CLIMATE REPORT
NATIONAL WEATHER SERVICE BURLINGTON VT
137 AM EDT TUE OCT 24 2017


...................................

...THE BURLINGTON VT CLIMATE SUMMARY FOR OCTOBER 23 2017...

CLIMATE NORMAL PERIOD 1981 TO 2010
CLIMATE RECORD PERIOD 1884 TO 2017


WEATHER ITEM   OBSERVED TIME   RECORD YEAR NORMAL DEPARTURE LAST
                VALUE   (LST)  VALUE       VALUE  FROM      YEAR
                                                  NORMAL
..................................................................
TEMPERATURE (F)
 YESTERDAY
  MAXIMUM         73   1246 PM  78    1979  54     19       52
  MINIMUM         59    636 AM  20    1961  37     22       39
  AVERAGE         66                        46     20       46

PRECIPITATION (IN)
  YESTERDAY        0.00          1.45 1999   0.12  -0.12     0.09
  MONTH TO DATE    1.47                      2.72  -1.25     1.95
  SINCE SEP 1      4.26                      6.36  -2.10     3.34
  SINCE JAN 1     33.96                     30.43   3.53    22.54

SNOWFALL (IN)
  YESTERDAY        0.0           0.0  2003   0.0    0.0      0.0
  MONTH TO DATE    0.0                       0.1   -0.1      0.0
  SINCE SEP 1      0.0                       0.1   -0.1      0.0
  SINCE JUL 1      0.0                       0.1   -0.1      0.0
  SNOW DEPTH       0

DEGREE DAYS
 HEATING
  YESTERDAY        0                        19    -19       19
  MONTH TO DATE  143                       357   -214      215
  SINCE SEP 1    229                       532   -303      294
  SINCE JUL 1    252                       574   -322      299

 COOLING
  YESTERDAY        1                         0      1        0
  MONTH TO DATE   14                         0     14        3
  SINCE SEP 1    128                        41     87      111
  SINCE JAN 1    645                       489    156      855
..................................................................


WIND (MPH)
  HIGHEST WIND SPEED    28   HIGHEST WIND DIRECTION     S (180)
  HIGHEST GUST SPEED    35   HIGHEST GUST DIRECTION     S (170)
  AVERAGE WIND SPEED    12.6


SKY COVER
  POSSIBLE SUNSHINE  MM
  AVERAGE SKY COVER 0.5


WEATHER CONDITIONS
 THE FOLLOWING WEATHER WAS RECORDED YESTERDAY.
  NO SIGNIFICANT WEATHER WAS OBSERVED.


RELATIVE HUMIDITY (PERCENT)
 HIGHEST    73          1100 PM
 LOWEST     39           800 AM
 AVERAGE    56

..........................................................


THE BURLINGTON VT CLIMATE NORMALS FOR TODAY
                         NORMAL    RECORD    YEAR
 MAXIMUM TEMPERATURE (F)   54        75      1963
 MINIMUM TEMPERATURE (F)   37        21      1969


SUNRISE AND SUNSET
OCTOBER 24 2017.......SUNRISE   720 AM EDT   SUNSET   553 PM EDT
OCTOBER 25 2017.......SUNRISE   721 AM EDT   SUNSET   552 PM EDT


-  INDICATES NEGATIVE NUMBERS.
R  INDICATES RECORD WAS SET OR TIED.
MM INDICATES DATA IS MISSING.
T  INDICATES TRACE AMOUNT.

&&

LAKE CHAMPLAIN DATA:
LEVEL...............94.24 FEET
TEMPERATURE.........59 DEGREES

MOUNT MANSFIELD DATA:
HIGH................63 DEGREES
LOW.................51 DEGREES
PRECIPITATION.......NONE

$$
