000
CDUS41 KBTV 312130
CLIBTV

CLIMATE REPORT
NATIONAL WEATHER SERVICE BURLINGTON VT
529 PM EDT FRI OCT 31 2014

...................................

...THE BURLINGTON VT CLIMATE SUMMARY FOR OCTOBER 31 2014...
VALID TODAY AS OF 0500 PM LOCAL TIME.

CLIMATE NORMAL PERIOD 1981 TO 2010
CLIMATE RECORD PERIOD 1884 TO 2014


WEATHER ITEM   OBSERVED TIME   RECORD YEAR NORMAL DEPARTURE LAST
                VALUE   (LST)  VALUE       VALUE  FROM      YEAR
                                                  NORMAL
..................................................................
TEMPERATURE (F)
 TODAY
  MAXIMUM         51    124 PM  69    1946  52     -1       61
  MINIMUM         37    631 AM  17    1925  35      2       34
  AVERAGE         44                        43      1       48

PRECIPITATION (IN)
  TODAY            0.00          1.16 1894   0.11  -0.11     0.20
  MONTH TO DATE    4.17                      3.60   0.57     2.59
  SINCE SEP 1      5.80                      7.24  -1.44     7.33
  SINCE JAN 1     31.50                     31.31   0.19    40.02

SNOWFALL (IN)
  TODAY            0.0           1.3  1993   0.0    0.0      0.0
  MONTH TO DATE    0.0                       0.3   -0.3       T
  SINCE SEP 1      0.0                       0.3   -0.3       T
  SINCE JUL 1      0.0                       0.3   -0.3       T
  SNOW DEPTH       0

DEGREE DAYS
 HEATING
  TODAY           21                        22     -1       17
  MONTH TO DATE  366                       523   -157      408
  SINCE SEP 1    517                       699   -182      603
  SINCE JUL 1    530                       741   -211      619

 COOLING
  TODAY            0                         0      0        0
  MONTH TO DATE   18                         2     16        4
  SINCE SEP 1     89                        43     46       62
  SINCE JAN 1    582                       491     91      662
..................................................................


WIND (MPH)
  HIGHEST WIND SPEED    16   HIGHEST WIND DIRECTION    NW (320)
  HIGHEST GUST SPEED    18   HIGHEST GUST DIRECTION    NW (330)
  AVERAGE WIND SPEED     4.0


SKY COVER
  POSSIBLE SUNSHINE  MM
  AVERAGE SKY COVER 0.7


WEATHER CONDITIONS
 THE FOLLOWING WEATHER WAS RECORDED TODAY.
  NO SIGNIFICANT WEATHER WAS OBSERVED.


RELATIVE HUMIDITY (PERCENT)
 HIGHEST    92           700 AM
 LOWEST     46           100 PM
 AVERAGE    69

..........................................................


THE BURLINGTON VT CLIMATE NORMALS FOR TOMORROW
                         NORMAL    RECORD    YEAR
 MAXIMUM TEMPERATURE (F)   51        71      2013
                                             1950
 MINIMUM TEMPERATURE (F)   35        19      1951


SUNRISE AND SUNSET
OCTOBER 31 2014.......SUNRISE   729 AM EDT   SUNSET   543 PM EDT
NOVEMBER  1 2014......SUNRISE   730 AM EDT   SUNSET   542 PM EDT


-  INDICATES NEGATIVE NUMBERS.
R  INDICATES RECORD WAS SET OR TIED.
MM INDICATES DATA IS MISSING.
T  INDICATES TRACE AMOUNT.


$$
