000
CDUS41 KBTV 250536
CLIBTV


CLIMATE REPORT
NATIONAL WEATHER SERVICE BURLINGTON VT
136 AM EDT TUE APR 25 2017


...................................

...THE BURLINGTON VT CLIMATE SUMMARY FOR APRIL 24 2017...

CLIMATE NORMAL PERIOD 1981 TO 2010
CLIMATE RECORD PERIOD 1884 TO 2017


WEATHER ITEM   OBSERVED TIME   RECORD YEAR NORMAL DEPARTURE LAST
                VALUE   (LST)  VALUE       VALUE  FROM      YEAR
                                                  NORMAL
..................................................................
TEMPERATURE (F)
 YESTERDAY
  MAXIMUM         53   1202 AM  80    2001  59     -6       53
  MINIMUM         39    738 AM  23    1930  38      1       33
  AVERAGE         46                        49     -3       43

PRECIPITATION (IN)
  YESTERDAY        0.00          1.35 1968   0.10  -0.10     0.00
  MONTH TO DATE    3.62                      2.22   1.40     1.38
  SINCE MAR 1      6.89                      4.44   2.45     3.64
  SINCE JAN 1     11.56                      8.26   3.30     7.97

SNOWFALL (IN)
  YESTERDAY        0.0           2.4  1996   0.1   -0.1      0.0
  MONTH TO DATE    4.4                       4.2    0.2      1.4
  SINCE MAR 1     41.2                      20.0   21.2      3.2
  SINCE JUL 1    100.4                      80.8   19.6     32.2
  SNOW DEPTH       0

DEGREE DAYS
 HEATING
  YESTERDAY       19                        17      2       22
  MONTH TO DATE  419                       520   -101      552
  SINCE MAR 1   1576                      1574      2     1419
  SINCE JUL 1   5954                      6984  -1030     5803

 COOLING
  YESTERDAY        0                         0      0        0
  MONTH TO DATE    6                         0      6        0
  SINCE MAR 1      6                         0      6        0
  SINCE JAN 1      6                         0      6        0
..................................................................


WIND (MPH)
  HIGHEST WIND SPEED    17   HIGHEST WIND DIRECTION    NW (310)
  HIGHEST GUST SPEED    22   HIGHEST GUST DIRECTION    NW (310)
  AVERAGE WIND SPEED    10.0


SKY COVER
  POSSIBLE SUNSHINE  MM
  AVERAGE SKY COVER 0.3


WEATHER CONDITIONS
 THE FOLLOWING WEATHER WAS RECORDED YESTERDAY.
  NO SIGNIFICANT WEATHER WAS OBSERVED.


RELATIVE HUMIDITY (PERCENT)
 HIGHEST    83           300 AM
 LOWEST     42           200 PM
 AVERAGE    63

..........................................................


THE BURLINGTON VT CLIMATE NORMALS FOR TODAY
                         NORMAL    RECORD    YEAR
 MAXIMUM TEMPERATURE (F)   60        86      2009
 MINIMUM TEMPERATURE (F)   38        20      1919


SUNRISE AND SUNSET
APRIL 25 2017.........SUNRISE   552 AM EDT   SUNSET   750 PM EDT
APRIL 26 2017.........SUNRISE   550 AM EDT   SUNSET   751 PM EDT


-  INDICATES NEGATIVE NUMBERS.
R  INDICATES RECORD WAS SET OR TIED.
MM INDICATES DATA IS MISSING.
T  INDICATES TRACE AMOUNT.

&&

LAKE CHAMPLAIN DATA:
LEVEL...............99.72 FEET
TEMPERATURE.........39 DEGREES

MOUNT MANSFIELD DATA:
HIGH................49 DEGREES
LOW.................32 DEGREES
PRECIPITATION.......NONE
NEW SNOW............NONE
SNOW AT STAKE.......68 INCHES

$$
