000
CDUS41 KBUF 211026
CLIBUF


CLIMATE REPORT
NATIONAL WEATHER SERVICE BUFFALO NY
522 AM EST WED FEB 21 2018


...................................

...THE BUFFALO NY CLIMATE SUMMARY FOR FEBRUARY 20 2018...

CLIMATE NORMAL PERIOD 1981 TO 2010
CLIMATE RECORD PERIOD 1871 TO 2018


WEATHER ITEM   OBSERVED TIME   RECORD YEAR NORMAL DEPARTURE LAST
                VALUE   (LST)  VALUE       VALUE  FROM      YEAR
                                                  NORMAL
..................................................................
TEMPERATURE (F)
 YESTERDAY
  MAXIMUM         67R  1159 PM  64    1955  34     33       46
  MINIMUM         51    322 AM -10    1934  20     31       28
  AVERAGE         59                        27     32       37

PRECIPITATION (IN)
  YESTERDAY        0.59          1.13 2014   0.09   0.50     0.00
  MONTH TO DATE    3.14                      1.75   1.39     1.36
  SINCE DEC 1      9.80                      8.82   0.98     8.34
  SINCE JAN 1      6.87                      4.93   1.94     4.28

SNOWFALL (IN)
  YESTERDAY        0.0           6.9  1927   0.6   -0.6      0.0
  MONTH TO DATE   18.1                      12.7    5.4      4.6
  SINCE DEC 1     83.0                      65.4   17.6     45.7
  SINCE JUL 1     83.2                      74.2    9.0     46.6
  SNOW DEPTH       0

DEGREE DAYS
 HEATING
  YESTERDAY        6                        38    -32       28
  MONTH TO DATE  739                       788    -49      687
  SINCE DEC 1   3215                      3114    101     2772
  SINCE JUL 1   4330                      4447   -117     3742

 COOLING
  YESTERDAY        0                         0      0        0
  MONTH TO DATE    0                         0      0        0
  SINCE DEC 1      0                         0      0        0
  SINCE JAN 1      0                         0      0        0
..................................................................


WIND (MPH)
  HIGHEST WIND SPEED    31   HIGHEST WIND DIRECTION    SW (240)
  HIGHEST GUST SPEED    40   HIGHEST GUST DIRECTION    SW (220)
  AVERAGE WIND SPEED    12.9


SKY COVER
  AVERAGE SKY COVER 1.0


WEATHER CONDITIONS
 THE FOLLOWING WEATHER WAS RECORDED YESTERDAY.
  HEAVY RAIN
  RAIN
  LIGHT RAIN
  FOG


RELATIVE HUMIDITY (PERCENT)
 HIGHEST   100           100 AM
 LOWEST     63          1100 PM
 AVERAGE    82

..........................................................


THE BUFFALO NY CLIMATE NORMALS FOR TODAY
                         NORMAL    RECORD    YEAR
 MAXIMUM TEMPERATURE (F)   35        70      1997
 MINIMUM TEMPERATURE (F)   20        -4      1918


SUNRISE AND SUNSET
FEBRUARY 21 2018......SUNRISE   703 AM EST   SUNSET   554 PM EST
FEBRUARY 22 2018......SUNRISE   702 AM EST   SUNSET   555 PM EST


-  INDICATES NEGATIVE NUMBERS.
R  INDICATES RECORD WAS SET OR TIED.
MM INDICATES DATA IS MISSING.
T  INDICATES TRACE AMOUNT.




$$
