000
CDUS41 KBUF 241020
CLIBUF


CLIMATE REPORT
NATIONAL WEATHER SERVICE BUFFALO NY
520 AM EST FRI NOV 24 2017


...................................

...THE BUFFALO NY CLIMATE SUMMARY FOR NOVEMBER 23 2017...

CLIMATE NORMAL PERIOD 1981 TO 2010
CLIMATE RECORD PERIOD 1871 TO 2017


WEATHER ITEM   OBSERVED TIME   RECORD YEAR NORMAL DEPARTURE LAST
                VALUE   (LST)  VALUE       VALUE  FROM      YEAR
                                                  NORMAL
..................................................................
TEMPERATURE (F)
 YESTERDAY
  MAXIMUM         38   1159 PM  70    2003  45     -7       37
                                      1979
  MINIMUM         26   1215 AM   6    1880  32     -6       24
  AVERAGE         32                        38     -6       31

PRECIPITATION (IN)
  YESTERDAY        T             1.36 1886   0.13  -0.13     0.10
  MONTH TO DATE    4.89                      3.09   1.80     2.17
  SINCE SEP 1     13.07                     10.51   2.56    10.11
  SINCE JAN 1     45.35                     35.67   9.68    28.63

SNOWFALL (IN)
  YESTERDAY        T             9.0  1945   0.4   -0.4       T
  MONTH TO DATE    0.1                       5.0   -4.9      0.9
  SINCE SEP 1      0.2                       5.9   -5.7      0.9
  SINCE JUL 1      0.2                       5.9   -5.7      0.9
  SNOW DEPTH       0

DEGREE DAYS
 HEATING
  YESTERDAY       33                        27      6       34
  MONTH TO DATE  584                       530     54      446
  SINCE SEP 1    936                      1108   -172      825
  SINCE JUL 1    952                      1135   -183      825

 COOLING
  YESTERDAY        0                         0      0        0
  MONTH TO DATE    0                         0      0        0
  SINCE SEP 1    133                        57     76      121
  SINCE JAN 1    603                       544     59      939
..................................................................


WIND (MPH)
  HIGHEST WIND SPEED    18   HIGHEST WIND DIRECTION    SW (210)
  HIGHEST GUST SPEED    23   HIGHEST GUST DIRECTION     S (200)
  AVERAGE WIND SPEED     9.6


SKY COVER
  AVERAGE SKY COVER 0.9


WEATHER CONDITIONS
 THE FOLLOWING WEATHER WAS RECORDED YESTERDAY.
  LIGHT SNOW


RELATIVE HUMIDITY (PERCENT)
 HIGHEST    78          1000 AM
 LOWEST     59          1000 PM
 AVERAGE    69

..........................................................


THE BUFFALO NY CLIMATE NORMALS FOR TODAY
                         NORMAL    RECORD    YEAR
 MAXIMUM TEMPERATURE (F)   44        68      1931
 MINIMUM TEMPERATURE (F)   31         3      1880


SUNRISE AND SUNSET
NOVEMBER 24 2017......SUNRISE   719 AM EST   SUNSET   445 PM EST
NOVEMBER 25 2017......SUNRISE   720 AM EST   SUNSET   444 PM EST


-  INDICATES NEGATIVE NUMBERS.
R  INDICATES RECORD WAS SET OR TIED.
MM INDICATES DATA IS MISSING.
T  INDICATES TRACE AMOUNT.




$$
