646
CDUS46 KLOX 210858
CLIBUR


CLIMATE REPORT
NATIONAL WEATHER SERVICE LOS ANGELES/OXNARD CA
1258 AM PST TUE NOV 21 2017


...................................

...THE BOB HOPE AIRPORT (BURBANK) CA CLIMATE SUMMARY FOR NOVEMBER 20 2017...

CLIMATE NORMAL PERIOD 1981 TO 2010
CLIMATE RECORD PERIOD 1939 TO 2017


WEATHER ITEM   OBSERVED TIME   RECORD YEAR NORMAL DEPARTURE LAST
                VALUE   (LST)  VALUE       VALUE  FROM      YEAR
                                                  NORMAL
..................................................................
TEMPERATURE (F)
 YESTERDAY
  MAXIMUM         77    108 PM  90    1954  72      5       63
  MINIMUM         49    511 AM  31    1971  45      4       50
  AVERAGE         63                        58      5       57

PRECIPITATION (IN)
  YESTERDAY        0.00          1.42 1961   0.04  -0.04     0.64
  MONTH TO DATE    T                         0.63  -0.63     0.64
  SINCE OCT 1      0.08                      1.60  -1.52     0.86
  SINCE JAN 1      9.70                     14.47  -4.77     7.42

SNOWFALL (IN)
  YESTERDAY        0.0
  MONTH TO DATE    0.0
  SINCE SEP 1      0.0
  SINCE JUL 1      0.0

DEGREE DAYS
 HEATING
  YESTERDAY        2                         7     -5        8
  MONTH TO DATE   25                        95    -70       30
  SINCE SEP 1     30                       144   -114       36
  SINCE JUL 1     30                       144   -114       36

 COOLING
  YESTERDAY        0                         0      0        0
  MONTH TO DATE   13                        12      1       87
  SINCE SEP 1    555                       361    194      517
  SINCE JAN 1   1883                      1243    640     1730
..................................................................


WIND (MPH)
  HIGHEST WIND SPEED    12   HIGHEST WIND DIRECTION     E (110)
  HIGHEST GUST SPEED    17   HIGHEST GUST DIRECTION     E (100)
  AVERAGE WIND SPEED     2.4


SKY COVER
  POSSIBLE SUNSHINE  MM
  AVERAGE SKY COVER 0.0


WEATHER CONDITIONS
 THE FOLLOWING WEATHER WAS RECORDED YESTERDAY.
  NO SIGNIFICANT WEATHER WAS OBSERVED.


RELATIVE HUMIDITY (PERCENT)
 HIGHEST    50           500 AM
 LOWEST     16          1200 PM
 AVERAGE    33

..........................................................


THE BOB HOPE AIRPORT (BURBANK) CA CLIMATE NORMALS FOR TODAY
                         NORMAL    RECORD    YEAR
 MAXIMUM TEMPERATURE (F)   71        88      2002
                                             1954
 MINIMUM TEMPERATURE (F)   44        31      1979


SUNRISE AND SUNSET
NOVEMBER 21 2017......SUNRISE   632 AM PST   SUNSET   446 PM PST
NOVEMBER 22 2017......SUNRISE   633 AM PST   SUNSET   446 PM PST


-  INDICATES NEGATIVE NUMBERS.
R  INDICATES RECORD WAS SET OR TIED.
MM INDICATES DATA IS MISSING.
T  INDICATES TRACE AMOUNT.




$$
