000
CDUS46 KLOX 020120
CLIBUR


CLIMATE REPORT
NATIONAL WEATHER SERVICE LOS ANGELES/OXNARD CA
620 PM PDT FRI AUG 1 2014


...................................

...THE BOB HOPE AIRPORT (BURBANK) CA CLIMATE SUMMARY FOR AUGUST 1 2014...
VALID TODAY AS OF 0600 PM LOCAL TIME.

CLIMATE NORMAL PERIOD 1981 TO 2010
CLIMATE RECORD PERIOD 1939 TO 2014


WEATHER ITEM   OBSERVED TIME   RECORD YEAR NORMAL DEPARTURE LAST
                VALUE   (LST)  VALUE       VALUE  FROM      YEAR
                                                  NORMAL
..................................................................
TEMPERATURE (F)
 TODAY
  MAXIMUM         91   1216 PM 105    1980  88      3       81
  MINIMUM         67    551 AM  53    1942  63      4       62
  AVERAGE         79                        75      4       72

PRECIPITATION (IN)
  TODAY            0.00          0.00   MM   0.00   0.00     0.00
  MONTH TO DATE    0.00                      0.00   0.00     0.00
  SINCE JUL 1      T                         0.02  -0.02     0.01
  SINCE JAN 1      4.91                     12.57  -7.66     2.61

SNOWFALL (IN)
  TODAY            0.0
  MONTH TO DATE    0.0
  SINCE JUN 1      0.0
  SINCE JUL 1      0.0

DEGREE DAYS
 HEATING
  TODAY            0                         0      0        0
  MONTH TO DATE    0                         0      0        0
  SINCE JUN 1      0                        13    -13        0
  SINCE JUL 1      0                         0      0        0

 COOLING
  TODAY           14                        10      4        7
  MONTH TO DATE   14                        10      4        7
  SINCE JUN 1    583                       450    133      682
  SINCE JAN 1    945                       574    371     1011
..................................................................


WIND (MPH)
  HIGHEST WIND SPEED    15   HIGHEST WIND DIRECTION     S (180)
  HIGHEST GUST SPEED    18   HIGHEST GUST DIRECTION     S (180)
  AVERAGE WIND SPEED     5.9


SKY COVER
  POSSIBLE SUNSHINE  MM
  AVERAGE SKY COVER 0.0


WEATHER CONDITIONS
 THE FOLLOWING WEATHER WAS RECORDED TODAY.
  NO SIGNIFICANT WEATHER WAS OBSERVED.


RELATIVE HUMIDITY (PERCENT)
 HIGHEST    76           100 AM
 LOWEST     38          1200 PM
 AVERAGE    57

..........................................................


THE BOB HOPE AIRPORT (BURBANK) CA CLIMATE NORMALS FOR TOMORROW
                         NORMAL    RECORD    YEAR
 MAXIMUM TEMPERATURE (F)   88       100      2011
 MINIMUM TEMPERATURE (F)   63        52      1944


SUNRISE AND SUNSET
AUGUST  1 2014........SUNRISE   605 AM PDT   SUNSET   755 PM PDT
AUGUST  2 2014........SUNRISE   605 AM PDT   SUNSET   754 PM PDT


-  INDICATES NEGATIVE NUMBERS.
R  INDICATES RECORD WAS SET OR TIED.
MM INDICATES DATA IS MISSING.
T  INDICATES TRACE AMOUNT.




$$
