000
CDUS46 KLOX 250121
CLIBUR


CLIMATE REPORT
NATIONAL WEATHER SERVICE LOS ANGELES/OXNARD CA
520 PM PST SAT FEB 24 2018


...................................

...THE BOB HOPE AIRPORT (BURBANK) CA CLIMATE SUMMARY FOR FEBRUARY 24 2018...
VALID TODAY AS OF 0500 PM LOCAL TIME.

CLIMATE NORMAL PERIOD 1981 TO 2010
CLIMATE RECORD PERIOD 1939 TO 2018


WEATHER ITEM   OBSERVED TIME   RECORD YEAR NORMAL DEPARTURE LAST
                VALUE   (LST)  VALUE       VALUE  FROM      YEAR
                                                  NORMAL
..................................................................
TEMPERATURE (F)
 TODAY
  MAXIMUM         62    236 PM  91    1986  69     -7       62
  MINIMUM         35R   624 AM  36    1942  45    -10       37
  AVERAGE         49                        57     -8       50

PRECIPITATION (IN)
  TODAY            0.00          3.07 1998   0.17  -0.17     0.00
  MONTH TO DATE    0.02                      3.88  -3.86     3.36
  SINCE OCT 1      2.43                     11.85  -9.42    13.31
  SINCE JAN 1      2.35                      7.41  -5.06     9.05

SNOWFALL (IN)
  TODAY            0.0
  MONTH TO DATE    0.0
  SINCE DEC 1      0.0
  SINCE JUL 1      0.0

DEGREE DAYS
 HEATING
  TODAY           16                         9      7       15
  MONTH TO DATE  151                       226    -75      179
  SINCE DEC 1    410                       881   -471      822
  SINCE JUL 1    449                      1109   -660      940

 COOLING
  TODAY            0                         0      0        0
  MONTH TO DATE   12                         0     12        1
  SINCE DEC 1     43                         3     40        1
  SINCE JAN 1     34                         2     32        1
..................................................................


WIND (MPH)
  HIGHEST WIND SPEED    13   HIGHEST WIND DIRECTION     S (190)
  HIGHEST GUST SPEED    18   HIGHEST GUST DIRECTION    SW (230)
  AVERAGE WIND SPEED     2.9


SKY COVER
  POSSIBLE SUNSHINE  MM
  AVERAGE SKY COVER 0.0


WEATHER CONDITIONS
 THE FOLLOWING WEATHER WAS RECORDED TODAY.
  NO SIGNIFICANT WEATHER WAS OBSERVED.


RELATIVE HUMIDITY (PERCENT)
 HIGHEST    52           500 AM
 LOWEST     14           100 PM
 AVERAGE    33

..........................................................


THE BOB HOPE AIRPORT (BURBANK) CA CLIMATE NORMALS FOR TOMORROW
                         NORMAL    RECORD    YEAR
 MAXIMUM TEMPERATURE (F)   69        88      1986
                                             1968
                                             1954
 MINIMUM TEMPERATURE (F)   45        29      1977


SUNRISE AND SUNSET
FEBRUARY 24 2018......SUNRISE   628 AM PST   SUNSET   545 PM PST
FEBRUARY 25 2018......SUNRISE   627 AM PST   SUNSET   546 PM PST


-  INDICATES NEGATIVE NUMBERS.
R  INDICATES RECORD WAS SET OR TIED.
MM INDICATES DATA IS MISSING.
T  INDICATES TRACE AMOUNT.




$$
