000
CDUS46 KLOX 230935
CLIBUR


CLIMATE REPORT
NATIONAL WEATHER SERVICE LOS ANGELES/OXNARD CA
235 AM PDT SAT SEP 23 2017


...................................

...THE BOB HOPE AIRPORT (BURBANK) CA CLIMATE SUMMARY FOR SEPTEMBER 22 2017...

CLIMATE NORMAL PERIOD 1981 TO 2010
CLIMATE RECORD PERIOD 1939 TO 2017


WEATHER ITEM   OBSERVED TIME   RECORD YEAR NORMAL DEPARTURE LAST
                VALUE   (LST)  VALUE       VALUE  FROM      YEAR
                                                  NORMAL
..................................................................
TEMPERATURE (F)
 YESTERDAY
  MAXIMUM         72    316 PM 110    1943  85    -13       77
  MINIMUM         54    536 AM  48    1978  59     -5       64
                                      1948
  AVERAGE         63                        72     -9       71

PRECIPITATION (IN)
  YESTERDAY        0.00          0.69 2007   0.01  -0.01     0.00
  MONTH TO DATE    0.05                      0.12  -0.07      T
  SINCE OCT 1     13.88                     17.20  -3.32     7.66
  SINCE JAN 1      9.62                     12.76  -3.14     6.56

SNOWFALL (IN)
  YESTERDAY        0.0
  MONTH TO DATE    0.0
  SINCE SEP 1      0.0
  SINCE JUL 1      0.0

DEGREE DAYS
 HEATING
  YESTERDAY        2                         0      2        0
  MONTH TO DATE    2                         0      2        1
  SINCE SEP 1      2                         0      2        1
  SINCE JUL 1      2                         0      2        1

 COOLING
  YESTERDAY        0                         7     -7        6
  MONTH TO DATE  237                       198     39      164
  SINCE SEP 1    237                       198     39      164
  SINCE JAN 1   1565                      1080    485     1377
..................................................................


WIND (MPH)
  HIGHEST WIND SPEED    16   HIGHEST WIND DIRECTION     S (170)
  HIGHEST GUST SPEED    19   HIGHEST GUST DIRECTION     S (160)
  AVERAGE WIND SPEED     4.0


SKY COVER
  POSSIBLE SUNSHINE  MM
  AVERAGE SKY COVER 0.0


WEATHER CONDITIONS
 THE FOLLOWING WEATHER WAS RECORDED YESTERDAY.
  NO SIGNIFICANT WEATHER WAS OBSERVED.


RELATIVE HUMIDITY (PERCENT)
 HIGHEST    77           300 AM
 LOWEST     36          1200 PM
 AVERAGE    57

..........................................................


THE BOB HOPE AIRPORT (BURBANK) CA CLIMATE NORMALS FOR TODAY
                         NORMAL    RECORD    YEAR
 MAXIMUM TEMPERATURE (F)   85       107      1978
                                             1944
 MINIMUM TEMPERATURE (F)   59        44      1941


SUNRISE AND SUNSET
SEPTEMBER 23 2017.....SUNRISE   642 AM PDT   SUNSET   648 PM PDT
SEPTEMBER 24 2017.....SUNRISE   643 AM PDT   SUNSET   647 PM PDT


-  INDICATES NEGATIVE NUMBERS.
R  INDICATES RECORD WAS SET OR TIED.
MM INDICATES DATA IS MISSING.
T  INDICATES TRACE AMOUNT.




$$
