000
CDUS46 KLOX 230112
CLIBUR


CLIMATE REPORT
NATIONAL WEATHER SERVICE LOS ANGELES/OXNARD CA
612 PM PDT WED OCT 22 2014


...................................

...THE BOB HOPE AIRPORT (BURBANK) CA CLIMATE SUMMARY FOR OCTOBER 22 2014...
VALID TODAY AS OF 0600 PM LOCAL TIME.

CLIMATE NORMAL PERIOD 1981 TO 2010
CLIMATE RECORD PERIOD 1939 TO 2014


WEATHER ITEM   OBSERVED TIME   RECORD YEAR NORMAL DEPARTURE LAST
                VALUE   (LST)  VALUE       VALUE  FROM      YEAR
                                                  NORMAL
..................................................................
TEMPERATURE (F)
 TODAY
  MAXIMUM         88    157 PM  99    2003  79      9       83
                                      1965
  MINIMUM         57    623 AM  42    1996  53      4       54
  AVERAGE         73                        66      7       69

PRECIPITATION (IN)
  TODAY            0.00          1.01 1987   0.03  -0.03     0.00
  MONTH TO DATE    0.00                      0.63  -0.63     0.10
  SINCE JUL 1      0.04                      0.95  -0.91     0.11
  SINCE JAN 1      4.95                     13.50  -8.55     2.71

SNOWFALL (IN)
  TODAY            0.0
  MONTH TO DATE    0.0
  SINCE SEP 1      0.0
  SINCE JUL 1      0.0

DEGREE DAYS
 HEATING
  TODAY            0                         2     -2        0
  MONTH TO DATE    0                        25    -25       13
  SINCE SEP 1      0                        31    -31       13
  SINCE JUL 1      0                        31    -31       13

 COOLING
  TODAY            8                         2      6        4
  MONTH TO DATE  171                        84     87      119
  SINCE SEP 1    567                       333    234      520
  SINCE JAN 1   1867                      1215    652     1949
..................................................................


WIND (MPH)
  HIGHEST WIND SPEED    12   HIGHEST WIND DIRECTION     S (200)
  HIGHEST GUST SPEED    21   HIGHEST GUST DIRECTION    SW (220)
  AVERAGE WIND SPEED     1.9


SKY COVER
  POSSIBLE SUNSHINE  MM
  AVERAGE SKY COVER 0.0


WEATHER CONDITIONS
 THE FOLLOWING WEATHER WAS RECORDED TODAY.
  NO SIGNIFICANT WEATHER WAS OBSERVED.


RELATIVE HUMIDITY (PERCENT)
 HIGHEST    72           200 AM
 LOWEST     16           200 PM
 AVERAGE    44

..........................................................


THE BOB HOPE AIRPORT (BURBANK) CA CLIMATE NORMALS FOR TOMORROW
                         NORMAL    RECORD    YEAR
 MAXIMUM TEMPERATURE (F)   79        98      1965
 MINIMUM TEMPERATURE (F)   52        42      1943


SUNRISE AND SUNSET
OCTOBER 22 2014.......SUNRISE   705 AM PDT   SUNSET   611 PM PDT
OCTOBER 23 2014.......SUNRISE   705 AM PDT   SUNSET   610 PM PDT


-  INDICATES NEGATIVE NUMBERS.
R  INDICATES RECORD WAS SET OR TIED.
MM INDICATES DATA IS MISSING.
T  INDICATES TRACE AMOUNT.




$$
