000
CDUS46 KLOX 190908
CLIBUR


CLIMATE REPORT
NATIONAL WEATHER SERVICE LOS ANGELES/OXNARD CA
108 AM PST FRI DEC 19 2014


...................................

...THE BOB HOPE AIRPORT (BURBANK) CA CLIMATE SUMMARY FOR DECEMBER 18 2014...

CLIMATE NORMAL PERIOD 1981 TO 2010
CLIMATE RECORD PERIOD 1939 TO 2014


WEATHER ITEM   OBSERVED TIME   RECORD YEAR NORMAL DEPARTURE LAST
                VALUE   (LST)  VALUE       VALUE  FROM      YEAR
                                                  NORMAL
..................................................................
TEMPERATURE (F)
 YESTERDAY
  MAXIMUM         63    238 PM  84    1939  67     -4       73
  MINIMUM         45    529 AM  31    1975  41      4       57
  AVERAGE         54                        54      0       65

PRECIPITATION (IN)
  YESTERDAY        0.00          1.20 1949   0.08  -0.08     0.00
  MONTH TO DATE    3.36                      1.18   2.18     0.02
  SINCE JUL 1      4.54                      3.54   1.00     0.46
  SINCE JAN 1      9.45                     16.09  -6.64     3.06

SNOWFALL (IN)
  YESTERDAY        0.0
  MONTH TO DATE    0.0
  SINCE DEC 1      0.0
  SINCE JUL 1      0.0

DEGREE DAYS
 HEATING
  YESTERDAY       11                        11      0        0
  MONTH TO DATE  106                       192    -86      147
  SINCE DEC 1    106                       192    -86      147
  SINCE JUL 1    166                       420   -254      235

 COOLING
  YESTERDAY        0                         0      0        0
  MONTH TO DATE    1                         0      1       13
  SINCE DEC 1      1                         0      1       13
  SINCE JAN 1   1956                      1245    711     2024
..................................................................


WIND (MPH)
  HIGHEST WIND SPEED     8   HIGHEST WIND DIRECTION    SW (210)
  HIGHEST GUST SPEED    10   HIGHEST GUST DIRECTION     W (290)
  AVERAGE WIND SPEED     1.2


SKY COVER
  POSSIBLE SUNSHINE  MM
  AVERAGE SKY COVER 0.4


WEATHER CONDITIONS
 THE FOLLOWING WEATHER WAS RECORDED YESTERDAY.
  NO SIGNIFICANT WEATHER WAS OBSERVED.


RELATIVE HUMIDITY (PERCENT)
 HIGHEST    89           500 AM
 LOWEST     53          1200 PM
 AVERAGE    71

..........................................................


THE BOB HOPE AIRPORT (BURBANK) CA CLIMATE NORMALS FOR TODAY
                         NORMAL    RECORD    YEAR
 MAXIMUM TEMPERATURE (F)   67        85      1939
 MINIMUM TEMPERATURE (F)   41        34      1975


SUNRISE AND SUNSET
DECEMBER 19 2014......SUNRISE   654 AM PST   SUNSET   447 PM PST
DECEMBER 20 2014......SUNRISE   655 AM PST   SUNSET   447 PM PST


-  INDICATES NEGATIVE NUMBERS.
R  INDICATES RECORD WAS SET OR TIED.
MM INDICATES DATA IS MISSING.
T  INDICATES TRACE AMOUNT.




$$
