000
CDUS46 KLOX 010903
CLIBUR


CLIMATE REPORT
NATIONAL WEATHER SERVICE LOS ANGELES/OXNARD CA
102 AM PST SUN MAR 1 2015


...................................

...THE BOB HOPE AIRPORT (BURBANK) CA CLIMATE SUMMARY FOR FEBRUARY 28 2015...

CLIMATE NORMAL PERIOD 1981 TO 2010
CLIMATE RECORD PERIOD 1939 TO 2015


WEATHER ITEM   OBSERVED TIME   RECORD YEAR NORMAL DEPARTURE LAST
                VALUE   (LST)  VALUE       VALUE  FROM      YEAR
                                                  NORMAL
..................................................................
TEMPERATURE (F)
 YESTERDAY
  MAXIMUM         61    256 PM  87    1967  69     -8       59
  MINIMUM         50   1151 PM  32    1951  45      5       53
  AVERAGE         56                        57     -1       56

PRECIPITATION (IN)
  YESTERDAY        0.12          3.00 2014   0.14  -0.02     3.00
  MONTH TO DATE    0.59                      4.48  -3.89     4.06
  SINCE OCT 1      6.20                     12.45  -6.25     4.69
  SINCE JAN 1      1.70                      8.01  -6.31     4.06

SNOWFALL (IN)
  YESTERDAY        0.0
  MONTH TO DATE    0.0
  SINCE DEC 1      0.0
  SINCE JUL 1      0.0

DEGREE DAYS
 HEATING
  YESTERDAY        9                         8      1        9
  MONTH TO DATE   90                       258   -168      112
  SINCE DEC 1    497                       913   -416      389
  SINCE JUL 1    557                      1141   -584      477

 COOLING
  YESTERDAY        0                         0      0        0
  MONTH TO DATE   20                         4     16       23
  SINCE DEC 1     29                         7     22       74
  SINCE JAN 1     26                         6     20       60
..................................................................


WIND (MPH)
  HIGHEST WIND SPEED    17   HIGHEST WIND DIRECTION    SW (210)
  HIGHEST GUST SPEED    24   HIGHEST GUST DIRECTION     S (170)
  AVERAGE WIND SPEED     6.4


SKY COVER
  POSSIBLE SUNSHINE  MM
  AVERAGE SKY COVER 0.8


WEATHER CONDITIONS
 THE FOLLOWING WEATHER WAS RECORDED YESTERDAY.
  RAIN
  LIGHT RAIN
  FOG


RELATIVE HUMIDITY (PERCENT)
 HIGHEST    83          1000 PM
 LOWEST     46          1200 PM
 AVERAGE    65

..........................................................


THE BOB HOPE AIRPORT (BURBANK) CA CLIMATE NORMALS FOR TODAY
                         NORMAL    RECORD    YEAR
 MAXIMUM TEMPERATURE (F)   69        88      1967
 MINIMUM TEMPERATURE (F)   45        33      1996


SUNRISE AND SUNSET
MARCH  1 2015.........SUNRISE   622 AM PST   SUNSET   550 PM PST
MARCH  2 2015.........SUNRISE   621 AM PST   SUNSET   550 PM PST


-  INDICATES NEGATIVE NUMBERS.
R  INDICATES RECORD WAS SET OR TIED.
MM INDICATES DATA IS MISSING.
T  INDICATES TRACE AMOUNT.




$$
