000
CDUS46 KLOX 300902
CLIBUR


CLIMATE REPORT
NATIONAL WEATHER SERVICE LOS ANGELES/OXNARD CA
202 AM PDT TUE MAY 30 2017


...................................

...THE BOB HOPE AIRPORT (BURBANK) CA CLIMATE SUMMARY FOR MAY 29 2017...

CLIMATE NORMAL PERIOD 1981 TO 2010
CLIMATE RECORD PERIOD 1939 TO 2017


WEATHER ITEM   OBSERVED TIME   RECORD YEAR NORMAL DEPARTURE LAST
                VALUE   (LST)  VALUE       VALUE  FROM      YEAR
                                                  NORMAL
..................................................................
TEMPERATURE (F)
 YESTERDAY
  MAXIMUM         77    136 PM 107    1984  77      0       71
  MINIMUM         56    532 AM  43    1953  56      0       57
  AVERAGE         67                        67      0       64

PRECIPITATION (IN)
  YESTERDAY        0.00          0.09 1990   0.01  -0.01     0.00
  MONTH TO DATE    0.13                      0.34  -0.21     0.02
  SINCE OCT 1     13.83                     16.87  -3.04     7.66
  SINCE JAN 1      9.57                     12.43  -2.86     6.56

SNOWFALL (IN)
  YESTERDAY        0.0
  MONTH TO DATE    0.0
  SINCE MAR 1      0.0
  SINCE JUL 1      0.0

DEGREE DAYS
 HEATING
  YESTERDAY        0                         1     -1        1
  MONTH TO DATE   60                        55      5       49
  SINCE MAR 1    186                       411   -225      221
  SINCE JUL 1   1179                      1552   -373     1128

 COOLING
  YESTERDAY        2                         3     -1        0
  MONTH TO DATE   95                        64     31       32
  SINCE MAR 1    242                       109    133      121
  SINCE JAN 1    243                       115    128      176
..................................................................


WIND (MPH)
  HIGHEST WIND SPEED    15   HIGHEST WIND DIRECTION     S (200)
  HIGHEST GUST SPEED    20   HIGHEST GUST DIRECTION    SE (140)
  AVERAGE WIND SPEED     7.1


SKY COVER
  POSSIBLE SUNSHINE  MM
  AVERAGE SKY COVER 0.2


WEATHER CONDITIONS
 THE FOLLOWING WEATHER WAS RECORDED YESTERDAY.
  FOG


RELATIVE HUMIDITY (PERCENT)
 HIGHEST    93           500 AM
 LOWEST     50           200 PM
 AVERAGE    72

..........................................................


THE BOB HOPE AIRPORT (BURBANK) CA CLIMATE NORMALS FOR TODAY
                         NORMAL    RECORD    YEAR
 MAXIMUM TEMPERATURE (F)   77        99      1984
 MINIMUM TEMPERATURE (F)   56        46      1940


SUNRISE AND SUNSET
MAY 30 2017...........SUNRISE   543 AM PDT   SUNSET   759 PM PDT
MAY 31 2017...........SUNRISE   543 AM PDT   SUNSET   800 PM PDT


-  INDICATES NEGATIVE NUMBERS.
R  INDICATES RECORD WAS SET OR TIED.
MM INDICATES DATA IS MISSING.
T  INDICATES TRACE AMOUNT.




$$
