000
CDUS46 KLOX 291007
CLIBUR


CLIMATE REPORT
NATIONAL WEATHER SERVICE LOS ANGELES/OXNARD CA
306 AM PDT SUN MAR 29 2015


...................................

...THE BOB HOPE AIRPORT (BURBANK) CA CLIMATE SUMMARY FOR MARCH 28 2015...

CLIMATE NORMAL PERIOD 1981 TO 2010
CLIMATE RECORD PERIOD 1939 TO 2015


WEATHER ITEM   OBSERVED TIME   RECORD YEAR NORMAL DEPARTURE LAST
                VALUE   (LST)  VALUE       VALUE  FROM      YEAR
                                                  NORMAL
..................................................................
TEMPERATURE (F)
 YESTERDAY
  MAXIMUM         86    244 PM  88    2004  71     15       70
                                      1986
  MINIMUM         58    612 AM  32    1985  47     11       50
  AVERAGE         72                        59     13       60

PRECIPITATION (IN)
  YESTERDAY        0.00          1.32 2006   0.07  -0.07     0.00
  MONTH TO DATE    0.83                      2.79  -1.96     0.81
  SINCE OCT 1      7.03                     15.24  -8.21     5.50
  SINCE JAN 1      2.53                     10.80  -8.27     4.87

SNOWFALL (IN)
  YESTERDAY        0.0
  MONTH TO DATE    0.0
  SINCE MAR 1      0.0
  SINCE JUL 1      0.0

DEGREE DAYS
 HEATING
  YESTERDAY        0                         6     -6        5
  MONTH TO DATE   49                       199   -150       77
  SINCE MAR 1     49                       199   -150       77
  SINCE JUL 1    606                      1340   -734      554

 COOLING
  YESTERDAY        7                         0      7        0
  MONTH TO DATE  119                         0    119       20
  SINCE MAR 1    119                         0    119       20
  SINCE JAN 1    145                         6    139       80
..................................................................


WIND (MPH)
  HIGHEST WIND SPEED    12   HIGHEST WIND DIRECTION     S (170)
  HIGHEST GUST SPEED    16   HIGHEST GUST DIRECTION    SE (120)
  AVERAGE WIND SPEED     3.5


SKY COVER
  POSSIBLE SUNSHINE  MM
  AVERAGE SKY COVER 0.0


WEATHER CONDITIONS
 THE FOLLOWING WEATHER WAS RECORDED YESTERDAY.
  NO SIGNIFICANT WEATHER WAS OBSERVED.


RELATIVE HUMIDITY (PERCENT)
 HIGHEST    64           700 AM
 LOWEST     12           400 PM
 AVERAGE    38

..........................................................


THE BOB HOPE AIRPORT (BURBANK) CA CLIMATE NORMALS FOR TODAY
                         NORMAL    RECORD    YEAR
 MAXIMUM TEMPERATURE (F)   71        91      2004
                                             1971
 MINIMUM TEMPERATURE (F)   47        37      1998


SUNRISE AND SUNSET
MARCH 29 2015.........SUNRISE   645 AM PDT   SUNSET   712 PM PDT
MARCH 30 2015.........SUNRISE   644 AM PDT   SUNSET   713 PM PDT


-  INDICATES NEGATIVE NUMBERS.
R  INDICATES RECORD WAS SET OR TIED.
MM INDICATES DATA IS MISSING.
T  INDICATES TRACE AMOUNT.




$$
