000
CDUS43 KLMK 222031
CLIBWG

CLIMATE REPORT
NATIONAL WEATHER SERVICE LOUISVILLE KY
428 PM EDT WED OCT 22 2014


...................................

...THE BOWLING GREEN CLIMATE SUMMARY FOR OCTOBER 22 2014...
VALID TODAY AS OF 0400 PM LOCAL TIME.

CLIMATE NORMAL PERIOD 1981 TO 2010
CLIMATE RECORD PERIOD 1870 TO 2014


WEATHER ITEM   OBSERVED TIME   RECORD YEAR NORMAL DEPARTURE LAST
                VALUE   (LST)  VALUE       VALUE  FROM      YEAR
                                                  NORMAL
..................................................................
TEMPERATURE (F)
 TODAY
  MAXIMUM         62    200 PM  88    1947  69     -7       60
  MINIMUM         40        MM  23    1987  44     -4       44
  AVERAGE         51                        57     -6       52

PRECIPITATION (IN)
  TODAY            0.00          3.29 2007   0.11  -0.11     0.16
  MONTH TO DATE    4.98                      2.37   2.61     2.80
  SINCE SEP 1      5.35                      6.30  -0.95     7.89
  SINCE JAN 1     41.51                     39.86   1.65    50.59

SNOWFALL (IN)
  TODAY            0.0           0.0    MM   0.0    0.0      0.0
  MONTH TO DATE    0.0                       0.0    0.0      0.0
  SINCE SEP 1      0.0                       0.0    0.0      0.0
  SINCE JUL 1      0.0                       0.0    0.0      0.0
  SNOW DEPTH       0

DEGREE DAYS
 HEATING
  TODAY           14                         9      5       13
  MONTH TO DATE  115                       136    -21      114
  SINCE SEP 1    139                       171    -32      126
  SINCE JUL 1    139                       172    -33      126

 COOLING
  TODAY            0                         1     -1        0
  MONTH TO DATE   29                        31     -2       43
  SINCE SEP 1    208                       217     -9      235
  SINCE JAN 1   1485                      1486     -1     1495
..................................................................


WIND (MPH)
  HIGHEST WIND SPEED    12   HIGHEST WIND DIRECTION    NE (60)
  HIGHEST GUST SPEED    17   HIGHEST GUST DIRECTION    NE (60)
  AVERAGE WIND SPEED     5.3


SKY COVER
  POSSIBLE SUNSHINE  MM
  AVERAGE SKY COVER 0.0


WEATHER CONDITIONS
 THE FOLLOWING WEATHER WAS RECORDED TODAY.
  NO SIGNIFICANT WEATHER WAS OBSERVED.


RELATIVE HUMIDITY (PERCENT)
 HIGHEST    89          1200 AM
 LOWEST     43           200 PM
 AVERAGE    66

..........................................................


THE BOWLING GREEN CLIMATE NORMALS FOR TOMORROW
                         NORMAL    RECORD    YEAR
 MAXIMUM TEMPERATURE (F)   69        88      1927
 MINIMUM TEMPERATURE (F)   44        26      1952


SUNRISE AND SUNSET
OCTOBER 22 2014.......SUNRISE   700 AM CDT   SUNSET   600 PM CDT
OCTOBER 23 2014.......SUNRISE   701 AM CDT   SUNSET   559 PM CDT


-  INDICATES NEGATIVE NUMBERS.
R  INDICATES RECORD WAS SET OR TIED.
MM INDICATES DATA IS MISSING.
T  INDICATES TRACE AMOUNT.




$$
