220
CDUS43 KLMK 050626
CLIBWG


CLIMATE REPORT
NATIONAL WEATHER SERVICE LOUISVILLE KY
126 AM EST MON DEC 5 2016


...................................

...THE BOWLING GREEN KY CLIMATE SUMMARY FOR DECEMBER 4 2016...

CLIMATE NORMAL PERIOD 1981 TO 2010
CLIMATE RECORD PERIOD 1870 TO 2016


WEATHER ITEM   OBSERVED TIME   RECORD YEAR NORMAL DEPARTURE LAST
                VALUE   (LST)  VALUE       VALUE  FROM      YEAR
                                                  NORMAL
..................................................................
TEMPERATURE (F)
 YESTERDAY
  MAXIMUM         48    639 PM  75    1998  51     -3       53
  MINIMUM         40    704 AM   4    1942  32      8       25
                                      1876
  AVERAGE         44                        42      2       39

PRECIPITATION (IN)
  YESTERDAY        0.07          1.96 1993   0.16  -0.09     0.00
  MONTH TO DATE    0.07                      0.64  -0.57     0.60
  SINCE DEC 1      0.07                      0.64  -0.57     0.60
  SINCE JAN 1     42.03                     45.73  -3.70    49.85

SNOWFALL (IN)
  YESTERDAY        0.0           0.1  1968   0.1   -0.1      0.0
  MONTH TO DATE    0.0                       0.1   -0.1      0.0
  SINCE DEC 1      0.0                       0.1   -0.1      0.0
  SINCE JUL 1      0.0                       0.1   -0.1      0.0
  SNOW DEPTH       0

DEGREE DAYS
 HEATING
  YESTERDAY       21                        23     -2       26
  MONTH TO DATE   96                        91      5       83
  SINCE DEC 1     96                        91      5       83
  SINCE JUL 1    582                       854   -272      621

 COOLING
  YESTERDAY        0                         0      0        0
  MONTH TO DATE    0                         0      0        0
  SINCE DEC 1      0                         0      0        0
  SINCE JAN 1   1979                      1491    488     1671
..................................................................


WIND (MPH)
  HIGHEST WIND SPEED    13   HIGHEST WIND DIRECTION     W (270)
  HIGHEST GUST SPEED    16   HIGHEST GUST DIRECTION     W (270)
  AVERAGE WIND SPEED     6.5


SKY COVER
  POSSIBLE SUNSHINE  MM
  AVERAGE SKY COVER 1.0


WEATHER CONDITIONS
 THE FOLLOWING WEATHER WAS RECORDED YESTERDAY.
  LIGHT RAIN
  FOG


RELATIVE HUMIDITY (PERCENT)
 HIGHEST   100           700 AM
 LOWEST     73          1200 AM
 AVERAGE    87

..........................................................


THE BOWLING GREEN KY CLIMATE NORMALS FOR TODAY
                         NORMAL    RECORD    YEAR
 MAXIMUM TEMPERATURE (F)   51        72      2001
 MINIMUM TEMPERATURE (F)   32         6      1871


SUNRISE AND SUNSET
DECEMBER  5 2016......SUNRISE   644 AM CST   SUNSET   429 PM CST
DECEMBER  6 2016......SUNRISE   645 AM CST   SUNSET   429 PM CST


-  INDICATES NEGATIVE NUMBERS.
R  INDICATES RECORD WAS SET OR TIED.
MM INDICATES DATA IS MISSING.
T  INDICATES TRACE AMOUNT.




$$
