000
CDUS43 KLMK 010630
CLIBWG


CLIMATE REPORT
NATIONAL WEATHER SERVICE LOUISVILLE KY
229 AM EDT WED JUN 1 2016


...................................

...THE BOWLING GREEN KY CLIMATE SUMMARY FOR MAY 31 2016...

CLIMATE NORMAL PERIOD 1981 TO 2010
CLIMATE RECORD PERIOD 1870 TO 2016


WEATHER ITEM   OBSERVED TIME   RECORD YEAR NORMAL DEPARTURE LAST
                VALUE   (LST)  VALUE       VALUE  FROM      YEAR
                                                  NORMAL
..................................................................
TEMPERATURE (F)
 YESTERDAY
  MAXIMUM         87    405 PM  97    1918  82      5       80
  MINIMUM         63    312 AM  42    1894  60      3       63
  AVERAGE         75                        71      4       72

PRECIPITATION (IN)
  YESTERDAY        0.00          3.78 1893   0.17  -0.17     0.00
  MONTH TO DATE    7.24                      5.61   1.63     2.96
  SINCE MAR 1     12.59                     14.36  -1.77    18.31
  SINCE JAN 1     19.17                     21.93  -2.76    24.19

SNOWFALL (IN)
  YESTERDAY        0.0           0.0    MM   0.0    0.0      0.0
  MONTH TO DATE    0.0                       0.0    0.0      0.0
  SINCE MAR 1      T                         1.3   -1.3      7.2
  SINCE JUL 1     24.0                       9.1   14.9     23.5
  SNOW DEPTH       0

DEGREE DAYS
 HEATING
  YESTERDAY        0                         1     -1        0
  MONTH TO DATE   93                        74     19       38
  SINCE MAR 1    630                       845   -215      750
  SINCE JUL 1   3230                      4043   -813     4285

 COOLING
  YESTERDAY       10                         7      3        7
  MONTH TO DATE  122                       117      5      168
  SINCE MAR 1    166                       153     13      203
  SINCE JAN 1    166                       153     13      203
..................................................................


WIND (MPH)
  HIGHEST WIND SPEED     9   HIGHEST WIND DIRECTION     E (80)
  HIGHEST GUST SPEED    11   HIGHEST GUST DIRECTION    NE (60)
  AVERAGE WIND SPEED     2.7


SKY COVER
  POSSIBLE SUNSHINE  MM
  AVERAGE SKY COVER 0.0


WEATHER CONDITIONS
 THE FOLLOWING WEATHER WAS RECORDED YESTERDAY.
  NO SIGNIFICANT WEATHER WAS OBSERVED.


RELATIVE HUMIDITY (PERCENT)
 HIGHEST    93           200 AM
 LOWEST     42           300 PM
 AVERAGE    68

..........................................................


THE BOWLING GREEN KY CLIMATE NORMALS FOR TODAY
                         NORMAL    RECORD    YEAR
 MAXIMUM TEMPERATURE (F)   82        98      1951
 MINIMUM TEMPERATURE (F)   60        40      1966


SUNRISE AND SUNSET
JUNE  1 2016..........SUNRISE   528 AM CDT   SUNSET   800 PM CDT
JUNE  2 2016..........SUNRISE   527 AM CDT   SUNSET   801 PM CDT


-  INDICATES NEGATIVE NUMBERS.
R  INDICATES RECORD WAS SET OR TIED.
MM INDICATES DATA IS MISSING.
T  INDICATES TRACE AMOUNT.




$$
