000
CDUS43 KLMK 280626
CLIBWG


CLIMATE REPORT
NATIONAL WEATHER SERVICE LOUISVILLE KY
226 AM EDT FRI JUL 28 2017


...................................

...THE BOWLING GREEN KY CLIMATE SUMMARY FOR JULY 27 2017...

CLIMATE NORMAL PERIOD 1981 TO 2010
CLIMATE RECORD PERIOD 1870 TO 2017


WEATHER ITEM   OBSERVED TIME   RECORD YEAR NORMAL DEPARTURE LAST
                VALUE   (LST)  VALUE       VALUE  FROM      YEAR
                                                  NORMAL
..................................................................
TEMPERATURE (F)
 YESTERDAY
  MAXIMUM         93    108 PM 108    1930  90      3       93
  MINIMUM         75    840 PM  51    1962  68      7       75
  AVERAGE         84                        79      5       84

PRECIPITATION (IN)
  YESTERDAY        0.05          1.23 1980   0.11  -0.06     0.33
  MONTH TO DATE    3.15                      3.67  -0.52     8.22
  SINCE JUN 1     11.08                      7.87   3.21    10.69
  SINCE JAN 1     31.38                     29.80   1.58    29.86

SNOWFALL (IN)
  YESTERDAY        0.0           0.0    MM   0.0    0.0      0.0
  MONTH TO DATE    0.0                       0.0    0.0      0.0
  SINCE JUN 1      0.0                       0.0    0.0      0.0
  SINCE JUL 1      0.0                       0.0    0.0      0.0
  SNOW DEPTH       0

DEGREE DAYS
 HEATING
  YESTERDAY        0                         0      0        0
  MONTH TO DATE    0                         0      0        0
  SINCE JUN 1      0                         5     -5        0
  SINCE JUL 1      0                         0      0        0

 COOLING
  YESTERDAY       19                        14      5       19
  MONTH TO DATE  430                       373     57      448
  SINCE JUN 1    715                       678     37      841
  SINCE JAN 1    964                       831    133     1007
..................................................................


WIND (MPH)
  HIGHEST WIND SPEED    18   HIGHEST WIND DIRECTION    NW (310)
  HIGHEST GUST SPEED    27   HIGHEST GUST DIRECTION    NW (310)
  AVERAGE WIND SPEED     6.9


SKY COVER
  POSSIBLE SUNSHINE  MM
  AVERAGE SKY COVER 0.3


WEATHER CONDITIONS
 THE FOLLOWING WEATHER WAS RECORDED YESTERDAY.
  THUNDERSTORM
  RAIN
  LIGHT RAIN
  FOG


RELATIVE HUMIDITY (PERCENT)
 HIGHEST    97           600 AM
 LOWEST     56           200 PM
 AVERAGE    77

..........................................................


THE BOWLING GREEN KY CLIMATE NORMALS FOR TODAY
                         NORMAL    RECORD    YEAR
 MAXIMUM TEMPERATURE (F)   90       113      1930
 MINIMUM TEMPERATURE (F)   68        54      2004
                                             1962
                                             1911


SUNRISE AND SUNSET
JULY 28 2017..........SUNRISE   548 AM CDT   SUNSET   756 PM CDT
JULY 29 2017..........SUNRISE   549 AM CDT   SUNSET   755 PM CDT


-  INDICATES NEGATIVE NUMBERS.
R  INDICATES RECORD WAS SET OR TIED.
MM INDICATES DATA IS MISSING.
T  INDICATES TRACE AMOUNT.




$$
