000
CDUS41 KLWX 060530
CLIBWI


CLIMATE REPORT
NATIONAL WEATHER SERVICE BALTIMORE MD/WASHINGTON DC
1226 AM EST TUE DEC 6 2016


...................................

...THE BALTIMORE MD CLIMATE SUMMARY FOR DECEMBER 5 2016...

CLIMATE NORMAL PERIOD 1981 TO 2010
CLIMATE RECORD PERIOD 1870 TO 2016


WEATHER ITEM   OBSERVED TIME   RECORD YEAR NORMAL DEPARTURE LAST
                VALUE   (LST)  VALUE       VALUE  FROM      YEAR
                                                  NORMAL
..................................................................
TEMPERATURE (F)
 YESTERDAY
  MAXIMUM         54    249 PM  75    2001  49      5       52
  MINIMUM         38    207 AM  16    1966  31      7       27
                                      1926
                                      1886
  AVERAGE         46                        40      6       40

PRECIPITATION (IN)
  YESTERDAY        0.24          2.22 1945   0.12   0.12     0.00
  MONTH TO DATE    0.39                      0.59  -0.20     1.01
  SINCE DEC 1      0.39                      0.59  -0.20     1.01
  SINCE JAN 1     38.14                     39.10  -0.96    46.32

SNOWFALL (IN)
  YESTERDAY        0.0           7.4  2002   0.0    0.0
  MONTH TO DATE    0.0                       0.3   -0.3
  SINCE JUL 1      0.0                       0.7   -0.7
  SNOW DEPTH       0

DEGREE DAYS
 HEATING
  YESTERDAY       19                        25     -6       25
  MONTH TO DATE   94                       123    -29       99
  SINCE DEC 1     94                       123    -29       99
  SINCE JUL 1    793                      1027   -234      819

 COOLING
  YESTERDAY        0                         0      0        0
  MONTH TO DATE    0                         0      0        0
  SINCE DEC 1      0                         0      0        0
  SINCE JAN 1   1551                      1164    387     1416
..................................................................


WIND (MPH)
  HIGHEST WIND SPEED    22   HIGHEST WIND DIRECTION    NW (320)
  HIGHEST GUST SPEED    26   HIGHEST GUST DIRECTION    NW (320)
  AVERAGE WIND SPEED     5.5


SKY COVER
  POSSIBLE SUNSHINE  MM
  AVERAGE SKY COVER 0.9


WEATHER CONDITIONS
 THE FOLLOWING WEATHER WAS RECORDED YESTERDAY.
  LIGHT RAIN
  FOG


RELATIVE HUMIDITY (PERCENT)
 HIGHEST   100           100 AM
 LOWEST     50           200 PM
 AVERAGE    75

..........................................................


THE BALTIMORE MD CLIMATE NORMALS FOR TODAY
                         NORMAL    RECORD    YEAR
 MAXIMUM TEMPERATURE (F)   48        77      1998
 MINIMUM TEMPERATURE (F)   31        13      2002


SUNRISE AND SUNSET
DECEMBER  6 2016......SUNRISE   712 AM EST   SUNSET   444 PM EST
DECEMBER  7 2016......SUNRISE   713 AM EST   SUNSET   444 PM EST


-  INDICATES NEGATIVE NUMBERS.
R  INDICATES RECORD WAS SET OR TIED.
MM INDICATES DATA IS MISSING.
T  INDICATES TRACE AMOUNT.




$$
