000
CDUS41 KLWX 300538
CLIBWI


CLIMATE REPORT
NATIONAL WEATHER SERVICE BALTIMORE MD/WASHINGTON DC
137 AM EDT THU OCT 30 2014


...................................

...THE BALTIMORE MD CLIMATE SUMMARY FOR OCTOBER 29 2014...

CLIMATE NORMAL PERIOD 1981 TO 2010
CLIMATE RECORD PERIOD 1870 TO 2014


WEATHER ITEM   OBSERVED TIME   RECORD YEAR NORMAL DEPARTURE LAST
                VALUE   (LST)  VALUE       VALUE  FROM      YEAR
                                                  NORMAL
..................................................................
TEMPERATURE (F)
 YESTERDAY
  MAXIMUM         69   1035 AM  82    1946  63      6       62
                                      1945
  MINIMUM         44   1153 PM  26    2001  41      3       38
  AVERAGE         57                        52      5       50

PRECIPITATION (IN)
  YESTERDAY        0.05          5.51 2012   0.11  -0.06     0.00
  MONTH TO DATE    4.16                      3.11   1.05     7.50
  SINCE SEP 1      7.37                      7.14   0.23     9.15
  SINCE JAN 1     45.64                     34.99  10.65    34.72

SNOWFALL (IN)
  YESTERDAY        0.0           T    2011   0.0    0.0
                                      1952
  MONTH TO DATE    0.0                       0.0    0.0
  SINCE JUL 1      0.0                       0.0    0.0
  SNOW DEPTH       0

DEGREE DAYS
 HEATING
  YESTERDAY        8                        13     -5       15
  MONTH TO DATE  188                       267    -79      223
  SINCE SEP 1    225                       319    -94      275
  SINCE JUL 1    225                       320    -95      275

 COOLING
  YESTERDAY        0                         0      0        0
  MONTH TO DATE   12                        15     -3       51
  SINCE SEP 1    167                       150     17      194
  SINCE JAN 1   1084                      1160    -76     1339
..................................................................


WIND (MPH)
  HIGHEST WIND SPEED    21   HIGHEST WIND DIRECTION    NW (320)
  HIGHEST GUST SPEED    25   HIGHEST GUST DIRECTION    NW (320)
  AVERAGE WIND SPEED     3.6


SKY COVER
  POSSIBLE SUNSHINE  MM
  AVERAGE SKY COVER 0.7


WEATHER CONDITIONS
 THE FOLLOWING WEATHER WAS RECORDED YESTERDAY.
  RAIN
  LIGHT RAIN
  FOG


RELATIVE HUMIDITY (PERCENT)
 HIGHEST   100           700 PM
 LOWEST     51          1200 PM
 AVERAGE    76

..........................................................


THE BALTIMORE MD CLIMATE NORMALS FOR TODAY
                         NORMAL    RECORD    YEAR
 MAXIMUM TEMPERATURE (F)   63        83      1946
 MINIMUM TEMPERATURE (F)   41        26      1965


SUNRISE AND SUNSET
OCTOBER 30 2014.......SUNRISE   732 AM EDT   SUNSET   608 PM EDT
OCTOBER 31 2014.......SUNRISE   733 AM EDT   SUNSET   607 PM EDT


-  INDICATES NEGATIVE NUMBERS.
R  INDICATES RECORD WAS SET OR TIED.
MM INDICATES DATA IS MISSING.
T  INDICATES TRACE AMOUNT.




$$
