000
CDUS41 KLWX 270527
CLIBWI


CLIMATE REPORT
NATIONAL WEATHER SERVICE BALTIMORE MD/WASHINGTON DC
1227 AM EST MON FEB 27 2017


...................................

...THE BALTIMORE MD CLIMATE SUMMARY FOR FEBRUARY 26 2017...

CLIMATE NORMAL PERIOD 1981 TO 2010
CLIMATE RECORD PERIOD 1870 TO 2017


WEATHER ITEM   OBSERVED TIME   RECORD YEAR NORMAL DEPARTURE LAST
                VALUE   (LST)  VALUE       VALUE  FROM      YEAR
                                                  NORMAL
..................................................................
TEMPERATURE (F)
 YESTERDAY
  MAXIMUM         46    424 PM  74    1932  48     -2       40
                                      1890
  MINIMUM         28   1136 PM  13    1990  29     -1       26
                                      1970
  AVERAGE         37                        38     -1       33

PRECIPITATION (IN)
  YESTERDAY        0.00          1.36 1962   0.10  -0.10     0.00
                                      1908
  MONTH TO DATE    1.21                      2.69  -1.48     5.70
  SINCE DEC 1      6.67                      9.11  -2.44    15.05
  SINCE JAN 1      3.90                      5.74  -1.84     9.20

SNOWFALL (IN)
  YESTERDAY        0.0           3.0  1993   0.2   -0.2
  MONTH TO DATE    T                         7.6   -7.6
  SINCE JUL 1      0.7                      17.8  -17.1
  SNOW DEPTH       0

DEGREE DAYS
 HEATING
  YESTERDAY       28                        27      1       32
  MONTH TO DATE  539                       766   -227      736
  SINCE DEC 1   2155                      2638   -483     2242
  SINCE JUL 1   2854                      3542   -688     2962

 COOLING
  YESTERDAY        0                         0      0        0
  MONTH TO DATE    0                         0      0        0
  SINCE DEC 1      0                         0      0        1
  SINCE JAN 1      0                         0      0        0
..................................................................


WIND (MPH)
  HIGHEST WIND SPEED    23   HIGHEST WIND DIRECTION    NW (300)
  HIGHEST GUST SPEED    31   HIGHEST GUST DIRECTION    NW (310)
  AVERAGE WIND SPEED    10.9


SKY COVER
  POSSIBLE SUNSHINE  MM
  AVERAGE SKY COVER 0.4


WEATHER CONDITIONS
 THE FOLLOWING WEATHER WAS RECORDED YESTERDAY.
  NO SIGNIFICANT WEATHER WAS OBSERVED.


RELATIVE HUMIDITY (PERCENT)
 HIGHEST    75          1100 PM
 LOWEST     33           300 PM
 AVERAGE    54

..........................................................


THE BALTIMORE MD CLIMATE NORMALS FOR TODAY
                         NORMAL    RECORD    YEAR
 MAXIMUM TEMPERATURE (F)   48        76      1997
 MINIMUM TEMPERATURE (F)   29         9      1934
                                             1900


SUNRISE AND SUNSET
FEBRUARY 27 2017......SUNRISE   642 AM EST   SUNSET   557 PM EST
FEBRUARY 28 2017......SUNRISE   640 AM EST   SUNSET   558 PM EST


-  INDICATES NEGATIVE NUMBERS.
R  INDICATES RECORD WAS SET OR TIED.
MM INDICATES DATA IS MISSING.
T  INDICATES TRACE AMOUNT.




$$
