000
CDUS41 KLWX 300525
CLIBWI


CLIMATE REPORT
NATIONAL WEATHER SERVICE BALTIMORE MD/WASHINGTON DC
125 AM EDT TUE JUN 30 2015


...................................

...THE BALTIMORE MD CLIMATE SUMMARY FOR JUNE 29 2015...

CLIMATE NORMAL PERIOD 1981 TO 2010
CLIMATE RECORD PERIOD 1870 TO 2015


WEATHER ITEM   OBSERVED TIME   RECORD YEAR NORMAL DEPARTURE LAST
                VALUE   (LST)  VALUE       VALUE  FROM      YEAR
                                                  NORMAL
..................................................................
TEMPERATURE (F)
 YESTERDAY
  MAXIMUM         82    506 PM 105    1934  87     -5       83
  MINIMUM         59    508 AM  53    1974  66     -7       61
  AVERAGE         71                        76     -5       72

PRECIPITATION (IN)
  YESTERDAY        0.00          3.19 1963   0.11  -0.11     0.00
  MONTH TO DATE   13.09                      3.34   9.75     3.95
  SINCE JUN 1     13.09                      3.34   9.75     3.95
  SINCE JAN 1     30.29                     20.37   9.92    27.57

SNOWFALL (IN)
  YESTERDAY        0.0          MM      MM   0.0    0.0
  MONTH TO DATE    0.0                       0.0    0.0
  SINCE JUL 1     28.7                      20.1    8.6
  SNOW DEPTH       0

DEGREE DAYS
 HEATING
  YESTERDAY        0                         0      0        0
  MONTH TO DATE   14                        13      1        2
  SINCE JUN 1     14                        13      1        2
  SINCE JUL 1   4964                      4762    202     5006

 COOLING
  YESTERDAY        6                        11     -5        7
  MONTH TO DATE  286                       228     58      243
  SINCE JUN 1    286                       228     58      243
  SINCE JAN 1    475                       312    163      328
..................................................................


WIND (MPH)
  HIGHEST WIND SPEED    14   HIGHEST WIND DIRECTION     W (260)
  HIGHEST GUST SPEED    20   HIGHEST GUST DIRECTION    NW (330)
  AVERAGE WIND SPEED     5.5


SKY COVER
  POSSIBLE SUNSHINE  MM
  AVERAGE SKY COVER 0.3


WEATHER CONDITIONS
 THE FOLLOWING WEATHER WAS RECORDED YESTERDAY.
  HAZE


RELATIVE HUMIDITY (PERCENT)
 HIGHEST    84           200 AM
 LOWEST     36           500 PM
 AVERAGE    60

..........................................................


THE BALTIMORE MD CLIMATE NORMALS FOR TODAY
                         NORMAL    RECORD    YEAR
 MAXIMUM TEMPERATURE (F)   87       100      1959
                                             1945
 MINIMUM TEMPERATURE (F)   66        52      1988


SUNRISE AND SUNSET
JUNE 30 2015..........SUNRISE   544 AM EDT   SUNSET   837 PM EDT
JULY  1 2015..........SUNRISE   544 AM EDT   SUNSET   837 PM EDT


-  INDICATES NEGATIVE NUMBERS.
R  INDICATES RECORD WAS SET OR TIED.
MM INDICATES DATA IS MISSING.
T  INDICATES TRACE AMOUNT.




$$
