000
CDUS41 KLWX 262152
CLIBWI


CLIMATE REPORT
NATIONAL WEATHER SERVICE BALTIMORE MD/WASHINGTON DC
452 PM EST THU FEB 26 2015


...................................

...THE BALTIMORE MD CLIMATE SUMMARY FOR FEBRUARY 26 2015...
VALID TODAY AS OF 0400 PM LOCAL TIME.

CLIMATE NORMAL PERIOD 1981 TO 2010
CLIMATE RECORD PERIOD 1870 TO 2015


WEATHER ITEM   OBSERVED TIME   RECORD YEAR NORMAL DEPARTURE LAST
                VALUE   (LST)  VALUE       VALUE  FROM      YEAR
                                                  NORMAL
..................................................................
TEMPERATURE (F)
 TODAY
  MAXIMUM         35    359 PM  74    1932  48    -13       36
                                      1890
  MINIMUM         27   1033 AM  13    1990  29     -2       20
                                      1970
  AVERAGE         31                        38     -7       28

PRECIPITATION (IN)
  TODAY            0.11          1.36 1962   0.10   0.01     0.04
                                      1908
  MONTH TO DATE    2.24                      2.69  -0.45     4.58
  SINCE DEC 1      9.71                      9.11   0.60    12.56
  SINCE JAN 1      6.13                      5.74   0.39     7.29

SNOWFALL (IN)
  TODAY            1.5           3.0  1993   0.2    1.3
  MONTH TO DATE   14.6                       7.6    7.0
  SINCE JUL 1     21.0                      17.8    3.2
  SNOW DEPTH       2

DEGREE DAYS
 HEATING
  TODAY           34                        27      7       37
  MONTH TO DATE 1021                       766    255      807
  SINCE DEC 1   2842                      2638    204     2747
  SINCE JUL 1   3734                      3542    192     3672

 COOLING
  TODAY            0                         0      0        0
  MONTH TO DATE    0                         0      0        0
  SINCE DEC 1      0                         0      0        2
  SINCE JAN 1      0                         0      0        0
..................................................................


WIND (MPH)
  HIGHEST WIND SPEED    14   HIGHEST WIND DIRECTION    NE (50)
  HIGHEST GUST SPEED    18   HIGHEST GUST DIRECTION    NE (50)
  AVERAGE WIND SPEED     6.7


SKY COVER
  POSSIBLE SUNSHINE  MM
  AVERAGE SKY COVER 0.9


WEATHER CONDITIONS
 THE FOLLOWING WEATHER WAS RECORDED TODAY.
  SNOW
  LIGHT SNOW
  FOG


RELATIVE HUMIDITY (PERCENT)
 HIGHEST    92           600 AM
 LOWEST     52           300 PM
 AVERAGE    72

..........................................................


THE BALTIMORE MD CLIMATE NORMALS FOR TOMORROW
                         NORMAL    RECORD    YEAR
 MAXIMUM TEMPERATURE (F)   48        76      1997
 MINIMUM TEMPERATURE (F)   29         9      1934
                                             1900


SUNRISE AND SUNSET
FEBRUARY 26 2015......SUNRISE   644 AM EST   SUNSET   556 PM EST
FEBRUARY 27 2015......SUNRISE   643 AM EST   SUNSET   557 PM EST


-  INDICATES NEGATIVE NUMBERS.
R  INDICATES RECORD WAS SET OR TIED.
MM INDICATES DATA IS MISSING.
T  INDICATES TRACE AMOUNT.




$$
