000
CDUS41 KLWX 112123
CLIBWI


CLIMATE REPORT
NATIONAL WEATHER SERVICE BALTIMORE MD/WASHINGTON DC
422 PM EST THU FEB 11 2016


...................................

...THE BALTIMORE MD CLIMATE SUMMARY FOR FEBRUARY 11 2016...
VALID TODAY AS OF 0400 PM LOCAL TIME.

CLIMATE NORMAL PERIOD 1981 TO 2010
CLIMATE RECORD PERIOD 1870 TO 2016


WEATHER ITEM   OBSERVED TIME   RECORD YEAR NORMAL DEPARTURE LAST
                VALUE   (LST)  VALUE       VALUE  FROM      YEAR
                                                  NORMAL
..................................................................
TEMPERATURE (F)
 TODAY
  MAXIMUM         28    253 PM  72    1887  44    -16       43
  MINIMUM         19    718 AM  -6    1899  26     -7       25
  AVERAGE         24                        35    -11       34

PRECIPITATION (IN)
  TODAY            0.00          3.26 1983   0.10  -0.10     0.00
  MONTH TO DATE    1.27                      1.13   0.14     0.50
  SINCE DEC 1     10.62                      7.55   3.07     7.97
  SINCE JAN 1      4.77                      4.18   0.59     4.39

SNOWFALL (IN)
  TODAY            0.0          22.8  1983   0.3   -0.3
  MONTH TO DATE    0.4                       3.5   -3.1
  SINCE JUL 1     30.4                      13.7   16.7
  SNOW DEPTH       0

DEGREE DAYS
 HEATING
  TODAY           41                        30     11       31
  MONTH TO DATE  302                       338    -36      358
  SINCE DEC 1   1808                      2210   -402     2179
  SINCE JUL 1   2528                      3114   -586     3071

 COOLING
  TODAY            0                         0      0        0
  MONTH TO DATE    0                         0      0        0
  SINCE DEC 1      1                         0      1        0
  SINCE JAN 1      0                         0      0        0
..................................................................


WIND (MPH)
  HIGHEST WIND SPEED    29   HIGHEST WIND DIRECTION     W (280)
  HIGHEST GUST SPEED    36   HIGHEST GUST DIRECTION     W (280)
  AVERAGE WIND SPEED    16.8


SKY COVER
  POSSIBLE SUNSHINE  MM
  AVERAGE SKY COVER 0.5


WEATHER CONDITIONS
 THE FOLLOWING WEATHER WAS RECORDED TODAY.
  NO SIGNIFICANT WEATHER WAS OBSERVED.


RELATIVE HUMIDITY (PERCENT)
 HIGHEST    59          1200 AM
 LOWEST     33           100 PM
 AVERAGE    46

..........................................................


THE BALTIMORE MD CLIMATE NORMALS FOR TOMORROW
                         NORMAL    RECORD    YEAR
 MAXIMUM TEMPERATURE (F)   44        73      1999
 MINIMUM TEMPERATURE (F)   26         5      1899


SUNRISE AND SUNSET
FEBRUARY 11 2016......SUNRISE   704 AM EST   SUNSET   539 PM EST
FEBRUARY 12 2016......SUNRISE   702 AM EST   SUNSET   540 PM EST


-  INDICATES NEGATIVE NUMBERS.
R  INDICATES RECORD WAS SET OR TIED.
MM INDICATES DATA IS MISSING.
T  INDICATES TRACE AMOUNT.




$$
