000
CDUS45 KRIW 220805
CLIBYG


CLIMATE REPORT
NATIONAL WEATHER SERVICE RIVERTON WY
204 AM MDT FRI SEP 22 2017


...................................

...THE BUFFALO WY CLIMATE SUMMARY FOR SEPTEMBER 21 2017...

CLIMATE NORMAL PERIOD 1981 TO 2010
CLIMATE RECORD PERIOD 1998 TO 2017


WEATHER ITEM   OBSERVED TIME   RECORD YEAR NORMAL DEPARTURE LAST
                VALUE   (LST)  VALUE       VALUE  FROM      YEAR
                                                  NORMAL
..................................................................
TEMPERATURE (F)
 YESTERDAY
  MAXIMUM         58    113 PM  85    2015  68    -10       60
                                      2013
  MINIMUM         43    945 PM  31    2000  43      0       47
  AVERAGE         51                        55     -4       54

PRECIPITATION (IN)
  YESTERDAY        T             0.35 2006   0.05  -0.05     0.07
  MONTH TO DATE    1.20                      0.82   0.38     1.04
  SINCE SEP 1      1.20                      0.82   0.38     1.04
  SINCE JAN 1     13.10                     11.09   2.01     7.36

DEGREE DAYS
 HEATING
  YESTERDAY       14                        10      4       11
  MONTH TO DATE  131                       137     -6      122
  SINCE SEP 1    131                       137     -6      122
  SINCE JUL 1    153                       202    -49      161

 COOLING
  YESTERDAY        0                         1     -1        0
  MONTH TO DATE   90                        42     48       30
  SINCE SEP 1     90                        42     48       30
  SINCE JAN 1    622                       488    134      624
..................................................................


WIND (MPH)
  HIGHEST WIND SPEED    21   HIGHEST WIND DIRECTION     N (340)
  HIGHEST GUST SPEED    24   HIGHEST GUST DIRECTION    NW (330)
  AVERAGE WIND SPEED    12.1


SKY COVER
  POSSIBLE SUNSHINE  MM
  AVERAGE SKY COVER 0.5


WEATHER CONDITIONS
 THE FOLLOWING WEATHER WAS RECORDED YESTERDAY.
  LIGHT RAIN


RELATIVE HUMIDITY (PERCENT)
 HIGHEST    76           800 PM
 LOWEST     35           100 AM
 AVERAGE    56

..........................................................


THE BUFFALO WY CLIMATE NORMALS FOR TODAY
                         NORMAL    RECORD    YEAR
 MAXIMUM TEMPERATURE (F)   68        88      2007
 MINIMUM TEMPERATURE (F)   42        25      2000


SUNRISE AND SUNSET
SEPTEMBER 22 2017.....SUNRISE   654 AM MDT   SUNSET   704 PM MDT
SEPTEMBER 23 2017.....SUNRISE   656 AM MDT   SUNSET   702 PM MDT


-  INDICATES NEGATIVE NUMBERS.
R  INDICATES RECORD WAS SET OR TIED.
MM INDICATES DATA IS MISSING.
T  INDICATES TRACE AMOUNT.




$$
