000
CDUS45 KRIW 190749
CLIBYG


CLIMATE REPORT
NATIONAL WEATHER SERVICE RIVERTON WY
143 AM MDT SAT APR 19 2014


...................................

...THE BUFFALO WY CLIMATE SUMMARY FOR APRIL 18 2014...

CLIMATE NORMAL PERIOD 1981 TO 2010
CLIMATE RECORD PERIOD 1998 TO 2014


WEATHER ITEM   OBSERVED TIME   RECORD YEAR NORMAL DEPARTURE LAST
                VALUE   (LST)  VALUE       VALUE  FROM      YEAR
                                                  NORMAL
..................................................................
TEMPERATURE (F)
 YESTERDAY
  MAXIMUM         70   1246 PM  77    2001  55     15       42
  MINIMUM         35   1159 PM  10    2013  33      2       10
  AVERAGE         53                        44      9       26

PRECIPITATION (IN)
  YESTERDAY        0.00          0.80 2000   0.04  -0.04     0.00
  MONTH TO DATE    0.59                      0.58   0.01     0.36
  SINCE MAR 1      1.20                      1.50  -0.30     0.44
  SINCE JAN 1      1.56                      2.27  -0.71     1.05

DEGREE DAYS
 HEATING
  YESTERDAY       12                        21     -9       39
  MONTH TO DATE  447                       427     20      532
  SINCE MAR 1   1443                      1377     66     1467
  SINCE JUL 1   6687                      6617     70     6416

 COOLING
  YESTERDAY        0                         0      0        0
  MONTH TO DATE    0                         0      0        0
  SINCE MAR 1      0                         0      0        0
  SINCE JAN 1      0                         0      0        0
..................................................................


WIND (MPH)
  HIGHEST WIND SPEED    40   HIGHEST WIND DIRECTION    NW (330)
  HIGHEST GUST SPEED    52   HIGHEST GUST DIRECTION     N (340)
  AVERAGE WIND SPEED    13.0


SKY COVER
  POSSIBLE SUNSHINE  MM
  AVERAGE SKY COVER 0.2


WEATHER CONDITIONS
 THE FOLLOWING WEATHER WAS RECORDED YESTERDAY.
  NO SIGNIFICANT WEATHER WAS OBSERVED.


RELATIVE HUMIDITY (PERCENT)
 HIGHEST    64          1100 PM
 LOWEST     21          1100 AM
 AVERAGE    43

..........................................................


THE BUFFALO WY CLIMATE NORMALS FOR TODAY
                         NORMAL    RECORD    YEAR
 MAXIMUM TEMPERATURE (F)   55        73      2008
 MINIMUM TEMPERATURE (F)   34        23      2011
                                             2002


SUNRISE AND SUNSET
APRIL 19 2014.........SUNRISE   616 AM MDT   SUNSET   756 PM MDT
APRIL 20 2014.........SUNRISE   615 AM MDT   SUNSET   758 PM MDT


-  INDICATES NEGATIVE NUMBERS.
R  INDICATES RECORD WAS SET OR TIED.
MM INDICATES DATA IS MISSING.
T  INDICATES TRACE AMOUNT.




$$
