000
CDUS45 KRIW 260037
CLIBYG


CLIMATE REPORT
NATIONAL WEATHER SERVICE RIVERTON WY
628 PM MDT FRI JUL 25 2014


...................................

...THE BUFFALO WY CLIMATE SUMMARY FOR JULY 25 2014...
VALID TODAY AS OF 0500 PM LOCAL TIME.

CLIMATE NORMAL PERIOD 1981 TO 2010
CLIMATE RECORD PERIOD 1998 TO 2014


WEATHER ITEM   OBSERVED TIME   RECORD YEAR NORMAL DEPARTURE LAST
                VALUE   (LST)  VALUE       VALUE  FROM      YEAR
                                                  NORMAL
..................................................................
TEMPERATURE (F)
 TODAY
  MAXIMUM         91        MM  97    2011  86      5       79
  MINIMUM         52        MM  48    2004  58     -6       58
  AVERAGE         72

PRECIPITATION (IN)
  TODAY            0.00          1.24 2005   0.05  -0.05    MM
  MONTH TO DATE    0.94                      1.33  -0.39     0.00
  SINCE JUN 1      3.85                      3.61   0.24     0.95
  SINCE JAN 1      7.61                      9.13  -1.52     4.08

DEGREE DAYS
 HEATING
  TODAY            0                         1     -1        0
  MONTH TO DATE   11                        28    -17        0
  SINCE JUN 1    217                       191     26      100
  SINCE JUL 1     11                        28    -17        0

 COOLING
  TODAY            7                         8     -1        4
  MONTH TO DATE  163                       158      5      238
  SINCE JUN 1    168                       209    -41      315
  SINCE JAN 1    179                       216    -37      325
..................................................................


WIND (MPH)
  HIGHEST WIND SPEED    17   HIGHEST WIND DIRECTION     S (160)
  HIGHEST GUST SPEED    22   HIGHEST GUST DIRECTION    SE (120)
  AVERAGE WIND SPEED     9.4


SKY COVER
  POSSIBLE SUNSHINE  MM
  AVERAGE SKY COVER 0.0


WEATHER CONDITIONS
 THE FOLLOWING WEATHER WAS RECORDED TODAY.
  NO SIGNIFICANT WEATHER WAS OBSERVED.


RELATIVE HUMIDITY (PERCENT)
 HIGHEST    77           300 AM
 LOWEST     19           300 PM
 AVERAGE    48

..........................................................


THE BUFFALO WY CLIMATE NORMALS FOR TOMORROW
                         NORMAL    RECORD    YEAR
 MAXIMUM TEMPERATURE (F)   86        96      2010
                                             2008
 MINIMUM TEMPERATURE (F)   58        47      2005


SUNRISE AND SUNSET
JULY 25 2014..........SUNRISE   547 AM MDT   SUNSET   840 PM MDT
JULY 26 2014..........SUNRISE   548 AM MDT   SUNSET   839 PM MDT


-  INDICATES NEGATIVE NUMBERS.
R  INDICATES RECORD WAS SET OR TIED.
MM INDICATES DATA IS MISSING.
T  INDICATES TRACE AMOUNT.




$$
