454
CDUS45 KRIW 250733
CLIBYG


CLIMATE REPORT
NATIONAL WEATHER SERVICE RIVERTON WY
133 AM MDT MON JUL 25 2016


...................................

...THE BUFFALO WY CLIMATE SUMMARY FOR JULY 24 2016...

CLIMATE NORMAL PERIOD 1981 TO 2010
CLIMATE RECORD PERIOD 1998 TO 2016


WEATHER ITEM   OBSERVED TIME   RECORD YEAR NORMAL DEPARTURE LAST
                VALUE   (LST)  VALUE       VALUE  FROM      YEAR
                                                  NORMAL
..................................................................
TEMPERATURE (F)
 YESTERDAY
  MAXIMUM         88    518 PM 103    2007  86      2       87
  MINIMUM         57    453 AM  47    2004  58     -1       55
  AVERAGE         73                        72      1       71

PRECIPITATION (IN)
  YESTERDAY        0.00          0.32 2012   0.04  -0.04     0.08
  MONTH TO DATE    0.14                      1.28  -1.14     0.75
  SINCE JUN 1      0.53                      3.56  -3.03     3.98
  SINCE JAN 1      5.45                      9.08  -3.63    11.24

DEGREE DAYS
 HEATING
  YESTERDAY        0                         1     -1        0
  MONTH TO DATE    1                        27    -26       22
  SINCE JUN 1     16                       190   -174       76
  SINCE JUL 1      1                        27    -26       22

 COOLING
  YESTERDAY        8                         8      0        6
  MONTH TO DATE  187                       150     37      111
  SINCE JUN 1    322                       201    121      181
  SINCE JAN 1    327                       208    119      181
..................................................................


WIND (MPH)
  HIGHEST WIND SPEED    28   HIGHEST WIND DIRECTION    SE (150)
  HIGHEST GUST SPEED    35   HIGHEST GUST DIRECTION    SE (150)
  AVERAGE WIND SPEED    10.2


SKY COVER
  POSSIBLE SUNSHINE  MM
  AVERAGE SKY COVER 0.0


WEATHER CONDITIONS
 THE FOLLOWING WEATHER WAS RECORDED YESTERDAY.
  NO SIGNIFICANT WEATHER WAS OBSERVED.


RELATIVE HUMIDITY (PERCENT)
 HIGHEST    47           500 AM
 LOWEST     17           500 PM
 AVERAGE    32

..........................................................


THE BUFFALO WY CLIMATE NORMALS FOR TODAY
                         NORMAL    RECORD    YEAR
 MAXIMUM TEMPERATURE (F)   86        97      2011
 MINIMUM TEMPERATURE (F)   58        48      2004


SUNRISE AND SUNSET
JULY 25 2016..........SUNRISE   547 AM MDT   SUNSET   839 PM MDT
JULY 26 2016..........SUNRISE   548 AM MDT   SUNSET   838 PM MDT


-  INDICATES NEGATIVE NUMBERS.
R  INDICATES RECORD WAS SET OR TIED.
MM INDICATES DATA IS MISSING.
T  INDICATES TRACE AMOUNT.




$$
