000
CDUS45 KRIW 010738
CLIBYG


CLIMATE REPORT
NATIONAL WEATHER SERVICE RIVERTON WY
127 AM MDT SUN MAY 1 2016


...................................

...THE BUFFALO WY CLIMATE SUMMARY FOR APRIL 30 2016...

CLIMATE NORMAL PERIOD 1981 TO 2010
CLIMATE RECORD PERIOD 1998 TO 2016


WEATHER ITEM   OBSERVED TIME   RECORD YEAR NORMAL DEPARTURE LAST
                VALUE   (LST)  VALUE       VALUE  FROM      YEAR
                                                  NORMAL
..................................................................
TEMPERATURE (F)
 YESTERDAY
  MAXIMUM         MM        MM  73    2001  59     MM       57
  MINIMUM         MM        MM  22    2005  37     MM       41
  AVERAGE         MM                        48     MM       49

PRECIPITATION (IN)
  YESTERDAY       MM             0.79 2003   0.08  MM        0.05
  MONTH TO DATE    2.17                      1.30   0.87     0.78
  SINCE MAR 1      2.82                      2.22   0.60     0.86
  SINCE JAN 1      3.41                      2.99   0.42     1.50

DEGREE DAYS
 HEATING
  YESTERDAY       MM                        17     MM       16
  MONTH TO DATE  480                       653   -173      582
  SINCE MAR 1   1154                      1604   -450     1255
  SINCE JUL 1   5545                      6844  -1299     5951

 COOLING
  YESTERDAY       MM                         0     MM        0
  MONTH TO DATE    1                         0      1        0
  SINCE MAR 1      1                         0      1        0
  SINCE JAN 1      1                         0      1        0
..................................................................


WIND (MPH)
  HIGHEST WIND SPEED    MM   HIGHEST WIND DIRECTION    MM
  HIGHEST GUST SPEED    MM   HIGHEST GUST DIRECTION    MM
  AVERAGE WIND SPEED    MM


SKY COVER
  POSSIBLE SUNSHINE  MM
  AVERAGE SKY COVER 0.0


WEATHER CONDITIONS
 THE FOLLOWING WEATHER WAS RECORDED YESTERDAY.
  NO SIGNIFICANT WEATHER WAS OBSERVED.


RELATIVE HUMIDITY (PERCENT)
 HIGHEST    MM
 LOWEST     MM
 AVERAGE    MM

..........................................................


THE BUFFALO WY CLIMATE NORMALS FOR TODAY
                         NORMAL    RECORD    YEAR
 MAXIMUM TEMPERATURE (F)   59        78      2007
 MINIMUM TEMPERATURE (F)   37        21      2005


SUNRISE AND SUNSET
MAY  1 2016...........SUNRISE   557 AM MDT   SUNSET   812 PM MDT
MAY  2 2016...........SUNRISE   555 AM MDT   SUNSET   813 PM MDT


-  INDICATES NEGATIVE NUMBERS.
R  INDICATES RECORD WAS SET OR TIED.
MM INDICATES DATA IS MISSING.
T  INDICATES TRACE AMOUNT.




$$
