000
CDUS45 KRIW 210030
CLIBYG


CLIMATE REPORT
NATIONAL WEATHER SERVICE RIVERTON WY
627 PM MDT MON OCT 20 2014


...................................

...THE BUFFALO WY CLIMATE SUMMARY FOR OCTOBER 20 2014...
VALID TODAY AS OF 0500 PM LOCAL TIME.

CLIMATE NORMAL PERIOD 1981 TO 2010
CLIMATE RECORD PERIOD 1998 TO 2014


WEATHER ITEM   OBSERVED TIME   RECORD YEAR NORMAL DEPARTURE LAST
                VALUE   (LST)  VALUE       VALUE  FROM      YEAR
                                                  NORMAL
..................................................................
TEMPERATURE (F)
 TODAY
  MAXIMUM         79R       MM  75    2003  56     23       45
  MINIMUM         45        MM  30    2006  33     12       34
                                      1998
  AVERAGE         62

PRECIPITATION (IN)
  TODAY            0.00          0.75 2007   0.02  -0.02     0.05
  MONTH TO DATE    0.20                      0.75  -0.55     1.95
  SINCE SEP 1      1.30                      2.06  -0.76     5.29
  SINCE JAN 1     11.51                     12.33  -0.82     9.71

DEGREE DAYS
 HEATING
  TODAY            3                        20    -17       25
  MONTH TO DATE  237                       348   -111      444
  SINCE SEP 1    475                       597   -122      595
  SINCE JUL 1    534                       662   -128      596

 COOLING
  TODAY            0                         0      0        0
  MONTH TO DATE    2                         0      2        0
  SINCE SEP 1     53                        45      8       95
  SINCE JAN 1    387                       491   -104      709
..................................................................


WIND (MPH)
  HIGHEST WIND SPEED    13   HIGHEST WIND DIRECTION     S (190)
  HIGHEST GUST SPEED    MM   HIGHEST GUST DIRECTION    MM
  AVERAGE WIND SPEED     5.3


SKY COVER
  POSSIBLE SUNSHINE  MM
  AVERAGE SKY COVER 0.0


WEATHER CONDITIONS
 THE FOLLOWING WEATHER WAS RECORDED TODAY.
  NO SIGNIFICANT WEATHER WAS OBSERVED.


RELATIVE HUMIDITY (PERCENT)
 HIGHEST    41          1200 AM
 LOWEST      8           300 PM
 AVERAGE    25

..........................................................


THE BUFFALO WY CLIMATE NORMALS FOR TOMORROW
                         NORMAL    RECORD    YEAR
 MAXIMUM TEMPERATURE (F)   56        78      2003
 MINIMUM TEMPERATURE (F)   33        26      2006


SUNRISE AND SUNSET
OCTOBER 20 2014.......SUNRISE   728 AM MDT   SUNSET   614 PM MDT
OCTOBER 21 2014.......SUNRISE   730 AM MDT   SUNSET   613 PM MDT


-  INDICATES NEGATIVE NUMBERS.
R  INDICATES RECORD WAS SET OR TIED.
MM INDICATES DATA IS MISSING.
T  INDICATES TRACE AMOUNT.




$$
