000
CDUS45 KRIW 300743
CLIBYG


CLIMATE REPORT
NATIONAL WEATHER SERVICE RIVERTON WY
128 AM MDT MON MAR 30 2015


...................................

...THE BUFFALO WY CLIMATE SUMMARY FOR MARCH 29 2015...

CLIMATE NORMAL PERIOD 1981 TO 2010
CLIMATE RECORD PERIOD 1998 TO 2015


WEATHER ITEM   OBSERVED TIME   RECORD YEAR NORMAL DEPARTURE LAST
                VALUE   (LST)  VALUE       VALUE  FROM      YEAR
                                                  NORMAL
..................................................................
TEMPERATURE (F)
 YESTERDAY
  MAXIMUM         60    140 PM  66    2010  49     11       63
  MINIMUM         38    551 AM  19    2011  26     12       33
                                      2003
  AVERAGE         49                        38     11       48

PRECIPITATION (IN)
  YESTERDAY        0.00          0.50 2007   0.04  -0.04     0.00
  MONTH TO DATE    0.08                      0.84  -0.76     0.60
  SINCE MAR 1      0.08                      0.84  -0.76     0.60
  SINCE JAN 1      0.72                      1.61  -0.89     0.96

DEGREE DAYS
 HEATING
  YESTERDAY       16                        27    -11       17
  MONTH TO DATE  655                       897   -242      932
  SINCE MAR 1    655                       897   -242      932
  SINCE JUL 1   5351                      6137   -786     6176

 COOLING
  YESTERDAY        0                         0      0        0
  MONTH TO DATE    0                         0      0        0
  SINCE MAR 1      0                         0      0        0
  SINCE JAN 1      0                         0      0        0
..................................................................


WIND (MPH)
  HIGHEST WIND SPEED    44   HIGHEST WIND DIRECTION    NW (330)
  HIGHEST GUST SPEED    57   HIGHEST GUST DIRECTION    NW (330)
  AVERAGE WIND SPEED    10.8


SKY COVER
  POSSIBLE SUNSHINE  MM
  AVERAGE SKY COVER 0.0


WEATHER CONDITIONS
 THE FOLLOWING WEATHER WAS RECORDED YESTERDAY.
  HAZE


RELATIVE HUMIDITY (PERCENT)
 HIGHEST    53           100 AM
 LOWEST     28           100 PM
 AVERAGE    41

..........................................................


THE BUFFALO WY CLIMATE NORMALS FOR TODAY
                         NORMAL    RECORD    YEAR
 MAXIMUM TEMPERATURE (F)   50        71      2012
 MINIMUM TEMPERATURE (F)   27        12      2009


SUNRISE AND SUNSET
MARCH 30 2015.........SUNRISE   652 AM MDT   SUNSET   732 PM MDT
MARCH 31 2015.........SUNRISE   650 AM MDT   SUNSET   733 PM MDT


-  INDICATES NEGATIVE NUMBERS.
R  INDICATES RECORD WAS SET OR TIED.
MM INDICATES DATA IS MISSING.
T  INDICATES TRACE AMOUNT.




$$
