138
CDUS45 KRIW 250734
CLIBYG


CLIMATE REPORT
NATIONAL WEATHER SERVICE RIVERTON WY
1234 AM MST SUN FEB 25 2018


...................................

...THE BUFFALO WY CLIMATE SUMMARY FOR FEBRUARY 24 2018...

CLIMATE NORMAL PERIOD 1981 TO 2010
CLIMATE RECORD PERIOD 1998 TO 2018


WEATHER ITEM   OBSERVED TIME   RECORD YEAR NORMAL DEPARTURE LAST
                VALUE   (LST)  VALUE       VALUE  FROM      YEAR
                                                  NORMAL
..................................................................
TEMPERATURE (F)
 YESTERDAY
  MAXIMUM         26    934 PM  59    2009  40    -14       25
  MINIMUM          7    634 AM -15    2003  19    -12       16
  AVERAGE         17                        29    -12       21

PRECIPITATION (IN)
  YESTERDAY        0.00          0.03 2000   0.01  -0.01     0.01
  MONTH TO DATE    0.22                      0.30  -0.08     0.33
  SINCE DEC 1      0.66                      1.12  -0.46     0.68
  SINCE JAN 1      0.34                      0.72  -0.38     0.43

DEGREE DAYS
 HEATING
  YESTERDAY       48                        36     12       44
  MONTH TO DATE 1137                       894    243      744
  SINCE DEC 1   3317                      3267     50     3489
  SINCE JUL 1   4979                      5101   -122     4671

 COOLING
  YESTERDAY        0                         0      0        0
  MONTH TO DATE    0                         0      0        0
  SINCE DEC 1      0                         0      0        0
  SINCE JAN 1      0                         0      0        0
..................................................................


WIND (MPH)
  HIGHEST WIND SPEED    15   HIGHEST WIND DIRECTION    NW (300)
  HIGHEST GUST SPEED    16   HIGHEST GUST DIRECTION    NW (330)
  AVERAGE WIND SPEED     6.0


SKY COVER
  POSSIBLE SUNSHINE  MM
  AVERAGE SKY COVER 0.3


WEATHER CONDITIONS
 THE FOLLOWING WEATHER WAS RECORDED YESTERDAY.
  NO SIGNIFICANT WEATHER WAS OBSERVED.


RELATIVE HUMIDITY (PERCENT)
 HIGHEST    55           900 AM
 LOWEST     36          1000 PM
 AVERAGE    46

..........................................................


THE BUFFALO WY CLIMATE NORMALS FOR TODAY
                         NORMAL    RECORD    YEAR
 MAXIMUM TEMPERATURE (F)   40        63      1999
 MINIMUM TEMPERATURE (F)   19       -17      2011


SUNRISE AND SUNSET
FEBRUARY 25 2018......SUNRISE   651 AM MST   SUNSET   550 PM MST
FEBRUARY 26 2018......SUNRISE   649 AM MST   SUNSET   551 PM MST


-  INDICATES NEGATIVE NUMBERS.
R  INDICATES RECORD WAS SET OR TIED.
MM INDICATES DATA IS MISSING.
T  INDICATES TRACE AMOUNT.




$$
