000
CDUS45 KRIW 210749
CLIBYG


CLIMATE REPORT
NATIONAL WEATHER SERVICE RIVERTON WY
1248 AM MST TUE NOV 21 2017


...................................

...THE BUFFALO WY CLIMATE SUMMARY FOR NOVEMBER 20 2017...

CLIMATE NORMAL PERIOD 1981 TO 2010
CLIMATE RECORD PERIOD 1998 TO 2017


WEATHER ITEM   OBSERVED TIME   RECORD YEAR NORMAL DEPARTURE LAST
                VALUE   (LST)  VALUE       VALUE  FROM      YEAR
                                                  NORMAL
..................................................................
TEMPERATURE (F)
 YESTERDAY
  MAXIMUM         55    859 AM  70    2006  42     13       51
  MINIMUM         36   1159 PM   5    2015  21     15       37
  AVERAGE         46                        32     14       44

PRECIPITATION (IN)
  YESTERDAY        T             0.26 2003   0.02  -0.02     0.00
  MONTH TO DATE    0.61                      0.35   0.26     0.49
  SINCE SEP 1      2.67                      2.59   0.08     5.72
  SINCE JAN 1     14.57                     12.86   1.71    12.04

DEGREE DAYS
 HEATING
  YESTERDAY       19                        33    -14       21
  MONTH TO DATE  626                       572     54      295
  SINCE SEP 1   1428                      1413     15      869
  SINCE JUL 1   1450                      1478    -28      908

 COOLING
  YESTERDAY        0                         0      0        0
  MONTH TO DATE    0                         0      0        0
  SINCE SEP 1     90                        46     44       38
  SINCE JAN 1    622                       492    130      632
..................................................................


WIND (MPH)
  HIGHEST WIND SPEED    24   HIGHEST WIND DIRECTION    SW (230)
  HIGHEST GUST SPEED    31   HIGHEST GUST DIRECTION    SW (230)
  AVERAGE WIND SPEED     7.8


SKY COVER
  POSSIBLE SUNSHINE  MM
  AVERAGE SKY COVER 0.3


WEATHER CONDITIONS
 THE FOLLOWING WEATHER WAS RECORDED YESTERDAY.
  HAZE


RELATIVE HUMIDITY (PERCENT)
 HIGHEST    82          1100 PM
 LOWEST     13           400 AM
 AVERAGE    48

..........................................................


THE BUFFALO WY CLIMATE NORMALS FOR TODAY
                         NORMAL    RECORD    YEAR
 MAXIMUM TEMPERATURE (F)   42        67      2012
 MINIMUM TEMPERATURE (F)   21        -1      2003


SUNRISE AND SUNSET
NOVEMBER 21 2017......SUNRISE   711 AM MST   SUNSET   434 PM MST
NOVEMBER 22 2017......SUNRISE   712 AM MST   SUNSET   433 PM MST


-  INDICATES NEGATIVE NUMBERS.
R  INDICATES RECORD WAS SET OR TIED.
MM INDICATES DATA IS MISSING.
T  INDICATES TRACE AMOUNT.




$$
