000
CDUS45 KPIH 010731
CLIBYI


CLIMATE REPORT
NATIONAL WEATHER SERVICE POCATELLO ID
130 AM MDT WED JUN 1 2016


...................................

...THE BURLEY ID CLIMATE SUMMARY FOR MAY 31 2016...

CLIMATE NORMAL PERIOD 1981 TO 2010
CLIMATE RECORD PERIOD 1948 TO 2016


WEATHER ITEM   OBSERVED TIME   RECORD YEAR NORMAL DEPARTURE LAST
                VALUE   (LST)  VALUE       VALUE  FROM      YEAR
                                                  NORMAL
..................................................................
TEMPERATURE (F)
 YESTERDAY
  MAXIMUM         74    327 PM  92    1997  71      3       86
  MINIMUM         41    516 AM  29    1978  45     -4       50
  AVERAGE         58                        58      0       68

PRECIPITATION (IN)
  YESTERDAY        0.00          0.71 1990   0.04  -0.04      T
  MONTH TO DATE    1.27                      1.39  -0.12     3.65
  SINCE OCT 1      7.90                      8.02  -0.12     7.22
  SINCE JAN 1      5.10                      5.19  -0.09     5.17

SNOWFALL (IN)
  YESTERDAY       MM
  MONTH TO DATE   MM
  SINCE MAR 1     MM
  SINCE JUL 1     MM
  SNOW DEPTH      MM

DEGREE DAYS
 HEATING
  YESTERDAY        7                         7      0        0
  MONTH TO DATE  298                       342    -44      265
  SINCE MAR 1   1401                      1709   -308     1388
  SINCE JUL 1   5908                      6731   -823     5365

 COOLING
  YESTERDAY        0                         1     -1        3
  MONTH TO DATE    4                         6     -2        5
  SINCE MAR 1      4                         6     -2        5
  SINCE JAN 1      4                         6     -2        5
..................................................................


WIND (MPH)
  HIGHEST WIND SPEED    12   HIGHEST WIND DIRECTION    SW (210)
  HIGHEST GUST SPEED    15   HIGHEST GUST DIRECTION     E (90)
  AVERAGE WIND SPEED     4.1


SKY COVER
  POSSIBLE SUNSHINE  MM
  AVERAGE SKY COVER 0.0


WEATHER CONDITIONS
 THE FOLLOWING WEATHER WAS RECORDED YESTERDAY.
  NO SIGNIFICANT WEATHER WAS OBSERVED.


RELATIVE HUMIDITY (PERCENT)
 HIGHEST    70           500 AM
 LOWEST     22           300 PM
 AVERAGE    46

..........................................................


THE BURLEY ID CLIMATE NORMALS FOR TODAY
                         NORMAL    RECORD    YEAR
 MAXIMUM TEMPERATURE (F)   72        94      1977
 MINIMUM TEMPERATURE (F)   45        33      1984


SUNRISE AND SUNSET
JUNE  1 2016..........SUNRISE   600 AM MDT   SUNSET   906 PM MDT
JUNE  2 2016..........SUNRISE   600 AM MDT   SUNSET   907 PM MDT


-  INDICATES NEGATIVE NUMBERS.
R  INDICATES RECORD WAS SET OR TIED.
MM INDICATES DATA IS MISSING.
T  INDICATES TRACE AMOUNT.




$$
