000
CDUS45 KPIH 160740
CLIBYI


CLIMATE REPORT
NATIONAL WEATHER SERVICE POCATELLO ID
139 AM MDT TUE SEP 16 2014


...................................

...THE BURLEY ID CLIMATE SUMMARY FOR SEPTEMBER 15 2014...

CLIMATE NORMAL PERIOD 1981 TO 2010
CLIMATE RECORD PERIOD 1948 TO 2014


WEATHER ITEM   OBSERVED TIME   RECORD YEAR NORMAL DEPARTURE LAST
                VALUE   (LST)  VALUE       VALUE  FROM      YEAR
                                                  NORMAL
..................................................................
TEMPERATURE (F)
 YESTERDAY
  MAXIMUM         87    423 PM  95    1995  75     12       81
  MINIMUM         47    630 AM  32    1952  43      4       51
  AVERAGE         67                        59      8       66

PRECIPITATION (IN)
  YESTERDAY        0.00          0.25 1996   0.02  -0.02     0.00
  MONTH TO DATE    0.00                      0.25  -0.25     1.02
  SINCE OCT 1     10.09                      9.84   0.25     7.32
  SINCE JAN 1      9.48                      7.01   2.47     3.72

SNOWFALL (IN)
  YESTERDAY       MM
  MONTH TO DATE   MM
  SINCE SEP 1     MM
  SINCE JUL 1     MM
  SNOW DEPTH      MM

DEGREE DAYS
 HEATING
  YESTERDAY        0                         7     -7        0
  MONTH TO DATE   65                        71     -6        2
  SINCE SEP 1     65                        71     -6        2
  SINCE JUL 1     95                       128    -33        2

 COOLING
  YESTERDAY        2                         1      1        1
  MONTH TO DATE    4                        18    -14       48
  SINCE SEP 1      4                        18    -14       48
  SINCE JAN 1    405                       362     43      636
..................................................................


WIND (MPH)
  HIGHEST WIND SPEED     8   HIGHEST WIND DIRECTION    SE (140)
  HIGHEST GUST SPEED    10   HIGHEST GUST DIRECTION     E (80)
  AVERAGE WIND SPEED     2.1


SKY COVER
  POSSIBLE SUNSHINE  MM
  AVERAGE SKY COVER 0.0


WEATHER CONDITIONS
 THE FOLLOWING WEATHER WAS RECORDED YESTERDAY.
  NO SIGNIFICANT WEATHER WAS OBSERVED.


RELATIVE HUMIDITY (PERCENT)
 HIGHEST    77           600 AM
 LOWEST     15           400 PM
 AVERAGE    46

..........................................................


THE BURLEY ID CLIMATE NORMALS FOR TODAY
                         NORMAL    RECORD    YEAR
 MAXIMUM TEMPERATURE (F)   74        92      2000
 MINIMUM TEMPERATURE (F)   43        27      1970


SUNRISE AND SUNSET
SEPTEMBER 16 2014.....SUNRISE   716 AM MDT   SUNSET   743 PM MDT
SEPTEMBER 17 2014.....SUNRISE   717 AM MDT   SUNSET   741 PM MDT


-  INDICATES NEGATIVE NUMBERS.
R  INDICATES RECORD WAS SET OR TIED.
MM INDICATES DATA IS MISSING.
T  INDICATES TRACE AMOUNT.




$$
