000
CDUS45 KPIH 260732
CLIBYI


CLIMATE REPORT
NATIONAL WEATHER SERVICE POCATELLO ID
131 AM MDT TUE SEP 26 2017


...................................

...THE BURLEY ID CLIMATE SUMMARY FOR SEPTEMBER 25 2017...

CLIMATE NORMAL PERIOD 1981 TO 2010
CLIMATE RECORD PERIOD 1948 TO 2017


WEATHER ITEM   OBSERVED TIME   RECORD YEAR NORMAL DEPARTURE LAST
                VALUE   (LST)  VALUE       VALUE  FROM      YEAR
                                                  NORMAL
..................................................................
TEMPERATURE (F)
 YESTERDAY
  MAXIMUM         60    248 PM  93    2015  70    -10       65
  MINIMUM         33    625 AM  23    1970  40     -7       35
  AVERAGE         47                        55     -8       50

PRECIPITATION (IN)
  YESTERDAY        0.00          0.44 1948   0.02  -0.02     0.00
  MONTH TO DATE    1.60                      0.44   1.16     3.31
  SINCE OCT 1     14.98                     10.03   4.95    11.50
  SINCE JAN 1     10.19                      7.20   2.99     8.70

SNOWFALL (IN)
  YESTERDAY       MM
  MONTH TO DATE   MM
  SINCE SEP 1     MM
  SINCE JUL 1     MM
  SNOW DEPTH      MM

DEGREE DAYS
 HEATING
  YESTERDAY       18                        10      8       15
  MONTH TO DATE  177                       156     21      199
  SINCE SEP 1    177                       156     21      199
  SINCE JUL 1    183                       213    -30      255

 COOLING
  YESTERDAY        0                         0      0        0
  MONTH TO DATE   68                        19     49        9
  SINCE SEP 1     68                        19     49        9
  SINCE JAN 1    601                       363    238      352
..................................................................


WIND (MPH)
  HIGHEST WIND SPEED     9   HIGHEST WIND DIRECTION     W (250)
  HIGHEST GUST SPEED    13   HIGHEST GUST DIRECTION     W (280)
  AVERAGE WIND SPEED     3.6


SKY COVER
  POSSIBLE SUNSHINE  MM
  AVERAGE SKY COVER 0.1


WEATHER CONDITIONS
 THE FOLLOWING WEATHER WAS RECORDED YESTERDAY.
  NO SIGNIFICANT WEATHER WAS OBSERVED.


RELATIVE HUMIDITY (PERCENT)
 HIGHEST    82           700 AM
 LOWEST     33           300 PM
 AVERAGE    58

..........................................................


THE BURLEY ID CLIMATE NORMALS FOR TODAY
                         NORMAL    RECORD    YEAR
 MAXIMUM TEMPERATURE (F)   70        91      1952
 MINIMUM TEMPERATURE (F)   40        27      1970


SUNRISE AND SUNSET
SEPTEMBER 26 2017.....SUNRISE   727 AM MDT   SUNSET   725 PM MDT
SEPTEMBER 27 2017.....SUNRISE   728 AM MDT   SUNSET   723 PM MDT


-  INDICATES NEGATIVE NUMBERS.
R  INDICATES RECORD WAS SET OR TIED.
MM INDICATES DATA IS MISSING.
T  INDICATES TRACE AMOUNT.




$$
