000
CDUS45 KPIH 240729
CLIBYI


CLIMATE REPORT
NATIONAL WEATHER SERVICE POCATELLO ID
129 AM MDT SUN JUL 24 2016


...................................

...THE BURLEY ID CLIMATE SUMMARY FOR JULY 23 2016...

CLIMATE NORMAL PERIOD 1981 TO 2010
CLIMATE RECORD PERIOD 1948 TO 2016


WEATHER ITEM   OBSERVED TIME   RECORD YEAR NORMAL DEPARTURE LAST
                VALUE   (LST)  VALUE       VALUE  FROM      YEAR
                                                  NORMAL
..................................................................
TEMPERATURE (F)
 YESTERDAY
  MAXIMUM         81    357 PM 101    2003  87     -6       83
                                      1959
  MINIMUM         53    126 AM  40    1954  55     -2       54
  AVERAGE         67                        71     -4       69

PRECIPITATION (IN)
  YESTERDAY        0.00          0.69 2015   0.01  -0.01     0.69
  MONTH TO DATE    0.24                      0.22   0.02     0.98
  SINCE OCT 1      8.17                      9.11  -0.94     8.20
  SINCE JAN 1      5.37                      6.28  -0.91     6.15

SNOWFALL (IN)
  YESTERDAY       MM
  MONTH TO DATE   MM
  SINCE JUN 1     MM
  SINCE JUL 1     MM
  SNOW DEPTH      MM

DEGREE DAYS
 HEATING
  YESTERDAY        0                         0      0        0
  MONTH TO DATE   26                        20      6        2
  SINCE JUN 1     76                       154    -78       28
  SINCE JUL 1     26                        20      6        2

 COOLING
  YESTERDAY        2                         6     -4        4
  MONTH TO DATE   76                       112    -36      130
  SINCE JUN 1    176                       159     17      278
  SINCE JAN 1    180                       165     15      283
..................................................................


WIND (MPH)
  HIGHEST WIND SPEED    20   HIGHEST WIND DIRECTION     W (270)
  HIGHEST GUST SPEED    25   HIGHEST GUST DIRECTION     W (270)
  AVERAGE WIND SPEED    10.5


SKY COVER
  POSSIBLE SUNSHINE  MM
  AVERAGE SKY COVER 0.0


WEATHER CONDITIONS
 THE FOLLOWING WEATHER WAS RECORDED YESTERDAY.
  NO SIGNIFICANT WEATHER WAS OBSERVED.


RELATIVE HUMIDITY (PERCENT)
 HIGHEST    66           200 AM
 LOWEST     20           300 PM
 AVERAGE    43

..........................................................


THE BURLEY ID CLIMATE NORMALS FOR TODAY
                         NORMAL    RECORD    YEAR
 MAXIMUM TEMPERATURE (F)   87        98      1978
 MINIMUM TEMPERATURE (F)   55        43      1970


SUNRISE AND SUNSET
JULY 24 2016..........SUNRISE   620 AM MDT   SUNSET   903 PM MDT
JULY 25 2016..........SUNRISE   621 AM MDT   SUNSET   902 PM MDT


-  INDICATES NEGATIVE NUMBERS.
R  INDICATES RECORD WAS SET OR TIED.
MM INDICATES DATA IS MISSING.
T  INDICATES TRACE AMOUNT.




$$
