000
CDUS45 KPIH 022327
CLIBYI


CLIMATE REPORT
NATIONAL WEATHER SERVICE POCATELLO ID
525 PM MDT TUE JUN 2 2015


...................................

...THE BURLEY ID CLIMATE SUMMARY FOR JUNE 2 2015...
VALID TODAY AS OF 0500 PM LOCAL TIME.

CLIMATE NORMAL PERIOD 1981 TO 2010
CLIMATE RECORD PERIOD 1948 TO 2015


WEATHER ITEM   OBSERVED TIME   RECORD YEAR NORMAL DEPARTURE LAST
                VALUE   (LST)  VALUE       VALUE  FROM      YEAR
                                                  NORMAL
..................................................................
TEMPERATURE (F)
 TODAY
  MAXIMUM         73    343 PM  91    1986  72      1       85
  MINIMUM         46    339 AM  29    1954  45      1       41
  AVERAGE         60                        58      2       63

PRECIPITATION (IN)
  TODAY            T             0.48 1964   0.04  -0.04     0.00
  MONTH TO DATE    T                         0.08  -0.08     0.00
  SINCE OCT 1      7.22                      8.10  -0.88     6.66
  SINCE JAN 1      5.17                      5.27  -0.10     6.05

SNOWFALL (IN)
  TODAY           MM
  MONTH TO DATE   MM
  SINCE JUN 1     MM
  SINCE JUL 1     MM
  SNOW DEPTH      MM

DEGREE DAYS
 HEATING
  TODAY            5                         7     -2        2
  MONTH TO DATE    6                        14     -8        7
  SINCE JUN 1      6                        14     -8        7
  SINCE JUL 1   5371                      6745  -1374     6226

 COOLING
  TODAY            0                         1     -1        0
  MONTH TO DATE    0                         2     -2        0
  SINCE JUN 1      0                         2     -2        0
  SINCE JAN 1      5                         8     -3        1
..................................................................


WIND (MPH)
  HIGHEST WIND SPEED    17   HIGHEST WIND DIRECTION     W (260)
  HIGHEST GUST SPEED    25   HIGHEST GUST DIRECTION     W (290)
  AVERAGE WIND SPEED     7.5


SKY COVER
  POSSIBLE SUNSHINE  MM
  AVERAGE SKY COVER 0.0


WEATHER CONDITIONS
 THE FOLLOWING WEATHER WAS RECORDED TODAY.
  LIGHT RAIN


RELATIVE HUMIDITY (PERCENT)
 HIGHEST    93           100 AM
 LOWEST     37           100 PM
 AVERAGE    65

..........................................................


THE BURLEY ID CLIMATE NORMALS FOR TOMORROW
                         NORMAL    RECORD    YEAR
 MAXIMUM TEMPERATURE (F)   72        92      1957
 MINIMUM TEMPERATURE (F)   45        33      2011
                                             1980


SUNRISE AND SUNSET
JUNE  2 2015..........SUNRISE   600 AM MDT   SUNSET   907 PM MDT
JUNE  3 2015..........SUNRISE   559 AM MDT   SUNSET   907 PM MDT


-  INDICATES NEGATIVE NUMBERS.
R  INDICATES RECORD WAS SET OR TIED.
MM INDICATES DATA IS MISSING.
T  INDICATES TRACE AMOUNT.




$$
