000
CDUS45 KPIH 250733
CLIBYI


CLIMATE REPORT
NATIONAL WEATHER SERVICE POCATELLO ID
131 AM MDT SAT OCT 25 2014


...................................

...THE BURLEY ID CLIMATE SUMMARY FOR OCTOBER 24 2014...

CLIMATE NORMAL PERIOD 1981 TO 2010
CLIMATE RECORD PERIOD 1948 TO 2014


WEATHER ITEM   OBSERVED TIME   RECORD YEAR NORMAL DEPARTURE LAST
                VALUE   (LST)  VALUE       VALUE  FROM      YEAR
                                                  NORMAL
..................................................................
TEMPERATURE (F)
 YESTERDAY
  MAXIMUM         76    316 PM  80    1992  57     19       69
  MINIMUM         41    628 AM  19    1980  32      9       28
  AVERAGE         59                        45     14       49

PRECIPITATION (IN)
  YESTERDAY        0.00          1.26 2010   0.02  -0.02     0.00
  MONTH TO DATE    0.08                      0.57  -0.49     0.23
  SINCE OCT 1      0.08                      0.57  -0.49     0.23
  SINCE JAN 1     10.00                      7.88   2.12     4.31

SNOWFALL (IN)
  YESTERDAY       MM
  MONTH TO DATE   MM
  SINCE SEP 1     MM
  SINCE JUL 1     MM
  SNOW DEPTH      MM

DEGREE DAYS
 HEATING
  YESTERDAY        6                        20    -14       16
  MONTH TO DATE  259                       388   -129      466
  SINCE SEP 1    384                       601   -217      609
  SINCE JUL 1    414                       658   -244      609

 COOLING
  YESTERDAY        0                         0      0        0
  MONTH TO DATE    0                         0      0        0
  SINCE SEP 1     27                        21      6       54
  SINCE JAN 1    428                       365     63      642
..................................................................


WIND (MPH)
  HIGHEST WIND SPEED    12   HIGHEST WIND DIRECTION    SW (220)
  HIGHEST GUST SPEED    15   HIGHEST GUST DIRECTION    SW (220)
  AVERAGE WIND SPEED     2.6


SKY COVER
  POSSIBLE SUNSHINE  MM
  AVERAGE SKY COVER 0.2


WEATHER CONDITIONS
 THE FOLLOWING WEATHER WAS RECORDED YESTERDAY.
  NO SIGNIFICANT WEATHER WAS OBSERVED.


RELATIVE HUMIDITY (PERCENT)
 HIGHEST    76          1200 AM
 LOWEST     21           300 PM
 AVERAGE    49

..........................................................


THE BURLEY ID CLIMATE NORMALS FOR TODAY
                         NORMAL    RECORD    YEAR
 MAXIMUM TEMPERATURE (F)   57        80      1990
 MINIMUM TEMPERATURE (F)   32        19      1975


SUNRISE AND SUNSET
OCTOBER 25 2014.......SUNRISE   800 AM MDT   SUNSET   637 PM MDT
OCTOBER 26 2014.......SUNRISE   801 AM MDT   SUNSET   636 PM MDT


-  INDICATES NEGATIVE NUMBERS.
R  INDICATES RECORD WAS SET OR TIED.
MM INDICATES DATA IS MISSING.
T  INDICATES TRACE AMOUNT.




$$
