000
CDUS45 KPIH 262322
CLIBYI


CLIMATE REPORT
NATIONAL WEATHER SERVICE POCATELLO ID
521 PM MDT WED APR 26 2017


...................................

...THE BURLEY ID CLIMATE SUMMARY FOR APRIL 26 2017...
VALID TODAY AS OF 0500 PM LOCAL TIME.

CLIMATE NORMAL PERIOD 1981 TO 2010
CLIMATE RECORD PERIOD 1948 TO 2017


WEATHER ITEM   OBSERVED TIME   RECORD YEAR NORMAL DEPARTURE LAST
                VALUE   (LST)  VALUE       VALUE  FROM      YEAR
                                                  NORMAL
..................................................................
TEMPERATURE (F)
 TODAY
  MAXIMUM         53   1046 AM  87    1992  61     -8       55
  MINIMUM         42    106 AM  22    2008  36      6       39
  AVERAGE         48                        48      0       47

PRECIPITATION (IN)
  TODAY            0.12          0.57 1971   0.04   0.08      T
  MONTH TO DATE    1.74                      0.90   0.84     0.83
  SINCE OCT 1     11.06                      6.44   4.62     6.37
  SINCE JAN 1      6.27                      3.61   2.66     3.57

SNOWFALL (IN)
  TODAY           MM
  MONTH TO DATE   MM
  SINCE MAR 1     MM
  SINCE JUL 1     MM
  SNOW DEPTH      MM

DEGREE DAYS
 HEATING
  TODAY           17                        16      1       18
  MONTH TO DATE  484                       505    -21      350
  SINCE MAR 1   1064                      1302   -238     1041
  SINCE JUL 1   5870                      6324   -454     5548

 COOLING
  TODAY            0                         0      0        0
  MONTH TO DATE    0                         0      0        0
  SINCE MAR 1      0                         0      0        0
  SINCE JAN 1      0                         0      0        0
..................................................................


WIND (MPH)
  HIGHEST WIND SPEED    24   HIGHEST WIND DIRECTION     W (250)
  HIGHEST GUST SPEED    28   HIGHEST GUST DIRECTION     W (260)
  AVERAGE WIND SPEED    10.9


SKY COVER
  POSSIBLE SUNSHINE  MM
  AVERAGE SKY COVER 1.0


WEATHER CONDITIONS
 THE FOLLOWING WEATHER WAS RECORDED TODAY.
  LIGHT RAIN
  FOG


RELATIVE HUMIDITY (PERCENT)
 HIGHEST    89           300 PM
 LOWEST     58           300 AM
 AVERAGE    74

..........................................................


THE BURLEY ID CLIMATE NORMALS FOR TOMORROW
                         NORMAL    RECORD    YEAR
 MAXIMUM TEMPERATURE (F)   62        88      2000
 MINIMUM TEMPERATURE (F)   36        24      2008


SUNRISE AND SUNSET
APRIL 26 2017.........SUNRISE   636 AM MDT   SUNSET   830 PM MDT
APRIL 27 2017.........SUNRISE   635 AM MDT   SUNSET   831 PM MDT


-  INDICATES NEGATIVE NUMBERS.
R  INDICATES RECORD WAS SET OR TIED.
MM INDICATES DATA IS MISSING.
T  INDICATES TRACE AMOUNT.




$$
