000
CDUS45 KTFX 291111
CLIBZN


CLIMATE REPORT
NATIONAL WEATHER SERVICE GREAT FALLS MT
510 AM MDT SUN MAY 29 2016


...................................

...THE BOZEMAN/GALLATIN FIELD MT CLIMATE SUMMARY FOR MAY 28 2016...

CLIMATE NORMAL PERIOD 1981 TO 2010
CLIMATE RECORD PERIOD 1935 TO 2016


WEATHER ITEM   OBSERVED TIME   RECORD YEAR NORMAL DEPARTURE LAST
                VALUE   (LST)  VALUE       VALUE  FROM      YEAR
                                                  NORMAL
..................................................................
TEMPERATURE (F)
 YESTERDAY
  MAXIMUM         64    519 PM  87    2014  71     -7       57
                                      1958
  MINIMUM         40    515 AM  24    1947  42     -2       48
  AVERAGE         52                        57     -5       53

PRECIPITATION (IN)
  YESTERDAY        T             0.81 1982   0.09  -0.09     0.54
  MONTH TO DATE    2.50                      2.15   0.35     2.98
  SINCE OCT 1      7.74                      7.98  -0.24     7.54
  SINCE JAN 1      4.89                      5.60  -0.71     5.61

SNOWFALL (IN)
  YESTERDAY        0.0           4.0  1982   0.0    0.0      0.0
  MONTH TO DATE    T                         2.3   -2.3      0.0
  SINCE MAR 1      2.1                      17.5  -15.4      7.0
  SINCE JUL 1     25.7                      39.8  -14.1     37.4
  SNOW DEPTH       0

DEGREE DAYS
 HEATING
  YESTERDAY       13                         8      5       12
  MONTH TO DATE  402                       332     70      424
  SINCE MAR 1   1776                      1813    -37     1866
  SINCE JUL 1   7461                      7393     68     7448

 COOLING
  YESTERDAY        0                         0      0        0
  MONTH TO DATE    0                         0      0        0
  SINCE MAR 1      0                         0      0        0
  SINCE JAN 1      0                         0      0        0
..................................................................


WIND (MPH)
  HIGHEST WIND SPEED    10   HIGHEST WIND DIRECTION     S (170)
  HIGHEST GUST SPEED    14   HIGHEST GUST DIRECTION    NW (310)
  AVERAGE WIND SPEED     5.1


SKY COVER
  AVERAGE SKY COVER 0.5


WEATHER CONDITIONS
 THE FOLLOWING WEATHER WAS RECORDED YESTERDAY.
  LIGHT RAIN
  FOG
  FOG W/VISIBILITY <= 1/4 MILE


RELATIVE HUMIDITY (PERCENT)
 HIGHEST    93
 LOWEST     43
 AVERAGE    68

..........................................................


THE BOZEMAN/GALLATIN FIELD MT CLIMATE NORMALS FOR TODAY
                         NORMAL    RECORD    YEAR
 MAXIMUM TEMPERATURE (F)   72        91      2003
 MINIMUM TEMPERATURE (F)   42        26      1951


SUNRISE AND SUNSET
MAY 29 2016...........SUNRISE   540 AM MDT   SUNSET   905 PM MDT
MAY 30 2016...........SUNRISE   539 AM MDT   SUNSET   906 PM MDT


-  INDICATES NEGATIVE NUMBERS.
R  INDICATES RECORD WAS SET OR TIED.
MM INDICATES DATA IS MISSING.
T  INDICATES TRACE AMOUNT.




$$
