000
CDUS45 KTFX 151024
CLIBZN


CLIMATE REPORT
NATIONAL WEATHER SERVICE GREAT FALLS MT
322 AM MST FRI DEC 15 2017


...................................

...THE BOZEMAN/GALLATIN FIELD MT CLIMATE SUMMARY FOR DECEMBER 14 2017...

CLIMATE NORMAL PERIOD 1981 TO 2010
CLIMATE RECORD PERIOD 1935 TO 2017


WEATHER ITEM   OBSERVED TIME   RECORD YEAR NORMAL DEPARTURE LAST
                VALUE   (LST)  VALUE       VALUE  FROM      YEAR
                                                  NORMAL
..................................................................
TEMPERATURE (F)
 YESTERDAY
  MAXIMUM         27    317 AM  55    1979  33     -6       18
  MINIMUM          5   1018 PM -20    1967   9     -4       -3
  AVERAGE         16                        21     -5        8

PRECIPITATION (IN)
  YESTERDAY        T             0.37 1989   0.01  -0.01     0.02
  MONTH TO DATE    0.33                      0.26   0.07     0.10
  SINCE OCT 1      2.40                      2.12   0.28     2.97
  SINCE JAN 1     12.50                     13.73  -1.23    12.86

SNOWFALL (IN)
  YESTERDAY       MM             4.0  2015   0.2   MM        0.3
  MONTH TO DATE    4.0                       3.1    0.9      4.3
  SINCE DEC 1      4.0                       3.1    0.9      4.3
  SINCE JUL 1     20.2                      10.5    9.7      8.2
  SNOW DEPTH       3

DEGREE DAYS
 HEATING
  YESTERDAY       49                        44      5       57
  MONTH TO DATE  610                       600     10      671
  SINCE DEC 1    610                       600     10      671
  SINCE JUL 1   2741                      2481    260     2448

 COOLING
  YESTERDAY        0                         0      0        0
  MONTH TO DATE    0                         0      0        0
  SINCE DEC 1      0                         0      0        0
  SINCE JAN 1    327                       368    -41      232
..................................................................


WIND (MPH)
  HIGHEST WIND SPEED     7   HIGHEST WIND DIRECTION    NW (310)
  HIGHEST GUST SPEED     7   HIGHEST GUST DIRECTION    NW (310)
  AVERAGE WIND SPEED     1.2


SKY COVER
  AVERAGE SKY COVER 1.0


WEATHER CONDITIONS
 THE FOLLOWING WEATHER WAS RECORDED YESTERDAY.
  LIGHT SNOW
  FOG
  FOG W/VISIBILITY <= 1/4 MILE
  HAZE


RELATIVE HUMIDITY (PERCENT)
 HIGHEST   100
 LOWEST     80
 AVERAGE    90

..........................................................


THE BOZEMAN/GALLATIN FIELD MT CLIMATE NORMALS FOR TODAY
                         NORMAL    RECORD    YEAR
 MAXIMUM TEMPERATURE (F)   32        60      1980
 MINIMUM TEMPERATURE (F)    9       -22      1967


SUNRISE AND SUNSET
DECEMBER 15 2017......SUNRISE   759 AM MST   SUNSET   441 PM MST
DECEMBER 16 2017......SUNRISE   800 AM MST   SUNSET   441 PM MST


-  INDICATES NEGATIVE NUMBERS.
R  INDICATES RECORD WAS SET OR TIED.
MM INDICATES DATA IS MISSING.
T  INDICATES TRACE AMOUNT.




$$
