000
CDUS45 KTFX 180746
CLIBZN


CLIMATE REPORT
NATIONAL WEATHER SERVICE GREAT FALLS MT
1244 AM MST THU DEC 18 2014


...................................

...THE BOZEMAN/GALLATIN FIELD MT CLIMATE SUMMARY FOR DECEMBER 17 2014...

CLIMATE NORMAL PERIOD 1981 TO 2010
CLIMATE RECORD PERIOD 1935 TO 2014


WEATHER ITEM   OBSERVED TIME   RECORD YEAR NORMAL DEPARTURE
                VALUE   (LST)  VALUE       VALUE  FROM
                                                  NORMAL
...............................................................
TEMPERATURE (F)
 YESTERDAY
  MAXIMUM         35    326 PM  56    1979  32      3
  MINIMUM         12   1018 PM -31    1964   8      4
  AVERAGE         24                        20      4

PRECIPITATION (IN)
  YESTERDAY        0.03          0.14 1963   0.01   0.02
  MONTH TO DATE    0.16                      0.31  -0.15
  SINCE OCT 1      1.50                      2.17  -0.67
  SINCE JAN 1     15.11                     13.78   1.33

SNOWFALL (IN)
  YESTERDAY        0.5           1.9  1945   0.2    0.3
  MONTH TO DATE    1.1                       3.7   -2.6
  SINCE DEC 1      1.1                       3.7   -2.6
  SINCE JUL 1     16.7                      11.1    5.6
  SNOW DEPTH       1

DEGREE DAYS
 HEATING
  YESTERDAY       41                               -4
  MONTH TO DATE  623                             -111
  SINCE DEC 1    623                             -111
  SINCE JUL 1   2750                              135

 COOLING
  YESTERDAY        0                                0
  MONTH TO DATE    0                                0
  SINCE DEC 1      0                                0
  SINCE JAN 1    187                             -181
...............................................................


WIND (MPH)
  HIGHEST WIND SPEED    12   HIGHEST WIND DIRECTION    SE (140)
  HIGHEST GUST SPEED    12   HIGHEST GUST DIRECTION    SE (140)
  AVERAGE WIND SPEED     3.0



WEATHER CONDITIONS
 THE FOLLOWING WEATHER WAS RECORDED YESTERDAY.
  LIGHT SNOW
  FOG


RELATIVE HUMIDITY (PERCENT)
 HIGHEST    96
 LOWEST     75
 AVERAGE    86

..........................................................


THE BOZEMAN/GALLATIN FIELD MT CLIMATE NORMALS FOR TODAY
                         NORMAL    RECORD    YEAR
 MAXIMUM TEMPERATURE (F)   32        61      1979
 MINIMUM TEMPERATURE (F)    8       -25      1955


SUNRISE AND SUNSET
DECEMBER 18 2014......SUNRISE   801 AM MST   SUNSET   442 PM MST
DECEMBER 19 2014......SUNRISE   802 AM MST   SUNSET   442 PM MST


-  INDICATES NEGATIVE NUMBERS.
R  INDICATES RECORD WAS SET OR TIED.
MM INDICATES DATA IS MISSING.
T  INDICATES TRACE AMOUNT.




$$
