000
CDUS45 KTFX 292232
CLIBZN


CLIMATE REPORT
NATIONAL WEATHER SERVICE GREAT FALLS MT
430 PM MDT MON AUG 29 2016


...................................

...THE BOZEMAN/GALLATIN FIELD MT CLIMATE SUMMARY FOR AUGUST 29 2016...
VALID TODAY AS OF 0400 PM LOCAL TIME.

CLIMATE NORMAL PERIOD 1981 TO 2010
CLIMATE RECORD PERIOD 1935 TO 2016


WEATHER ITEM   OBSERVED TIME   RECORD YEAR NORMAL DEPARTURE LAST
                VALUE   (LST)  VALUE       VALUE  FROM      YEAR
                                                  NORMAL
..................................................................
TEMPERATURE (F)
 TODAY
  MAXIMUM         88    259 PM  97    2005  83      5       91
  MINIMUM         43    414 AM  34    1992  46     -3       55
  AVERAGE         66                        65      1       73

PRECIPITATION (IN)
  TODAY            0.00          0.53 1971   0.04  -0.04     0.00
  MONTH TO DATE    1.11                      1.01   0.10     0.65
  SINCE OCT 1     11.64                     12.81  -1.17    10.92
  SINCE JAN 1      8.79                     10.43  -1.64     8.99

SNOWFALL (IN)
  TODAY            0.0           T    1964   0.0    0.0      0.0
                                      1994
  MONTH TO DATE    0.0                       0.0    0.0      0.0
  SINCE JUN 1      0.0                       0.0    0.0      0.0
  SINCE JUL 1      0.0                       0.0    0.0      0.0

DEGREE DAYS
 HEATING
  TODAY            0                         3     -3        0
  MONTH TO DATE   67                        33     34       62
  SINCE JUN 1    208                       202      6      165
  SINCE JUL 1    109                        61     48       93

 COOLING
  TODAY            1                         2     -1        8
  MONTH TO DATE   40                       134    -94       83
  SINCE JUN 1    210                       338   -128      231
  SINCE JAN 1    210                       342   -132      231
..................................................................


WIND (MPH)
  HIGHEST WIND SPEED     9   HIGHEST WIND DIRECTION    SE (140)
  HIGHEST GUST SPEED    11   HIGHEST GUST DIRECTION    NW (320)
  AVERAGE WIND SPEED     2.4


SKY COVER
  AVERAGE SKY COVER 0.0


WEATHER CONDITIONS
 THE FOLLOWING WEATHER WAS RECORDED TODAY.
  NO SIGNIFICANT WEATHER WAS OBSERVED.


RELATIVE HUMIDITY (PERCENT)
 HIGHEST    83           400 AM
 LOWEST     21           300 PM
 AVERAGE    52

..........................................................


THE BOZEMAN/GALLATIN FIELD MT CLIMATE NORMALS FOR TOMORROW
                         NORMAL    RECORD    YEAR
 MAXIMUM TEMPERATURE (F)   83        95      2007
                                             1954
 MINIMUM TEMPERATURE (F)   46        30      1993


SUNRISE AND SUNSET
AUGUST 29 2016........SUNRISE   643 AM MDT   SUNSET   807 PM MDT
AUGUST 30 2016........SUNRISE   644 AM MDT   SUNSET   805 PM MDT


-  INDICATES NEGATIVE NUMBERS.
R  INDICATES RECORD WAS SET OR TIED.
MM INDICATES DATA IS MISSING.
T  INDICATES TRACE AMOUNT.




$$
