000
CDUS45 KTFX 300838
CLIBZN


CLIMATE REPORT
NATIONAL WEATHER SERVICE GREAT FALLS MT
237 AM MDT FRI SEP 30 2016


...................................

...THE BOZEMAN/GALLATIN FIELD MT CLIMATE SUMMARY FOR SEPTEMBER 29 2016...

CLIMATE NORMAL PERIOD 1981 TO 2010
CLIMATE RECORD PERIOD 1935 TO 2016


WEATHER ITEM   OBSERVED TIME   RECORD YEAR NORMAL DEPARTURE LAST
                VALUE   (LST)  VALUE       VALUE  FROM      YEAR
                                                  NORMAL
..................................................................
TEMPERATURE (F)
 YESTERDAY
  MAXIMUM         79    258 PM  88    1967  69     10       76
  MINIMUM         39    516 AM  15    1985  36      3       32
  AVERAGE         59                        52      7       54

PRECIPITATION (IN)
  YESTERDAY        0.00          0.59 1947   0.04  -0.04     0.00
  MONTH TO DATE    1.10                      1.07   0.03     1.05
  SINCE OCT 1     12.74                     13.95  -1.21    12.05
  SINCE JAN 1      9.89                     11.57  -1.68    10.12

SNOWFALL (IN)
  YESTERDAY        0.0           0.6  1950   0.0    0.0      0.0
  MONTH TO DATE    0.0                       0.3   -0.3      0.0
  SINCE SEP 1      0.0                       0.3   -0.3      0.0
  SINCE JUL 1      0.0                       0.3   -0.3      0.0
  SNOW DEPTH       0

DEGREE DAYS
 HEATING
  YESTERDAY        6                        13     -7       11
  MONTH TO DATE  302                       226     76      214
  SINCE SEP 1    302                       226     76      214
  SINCE JUL 1    411                       293    118      313

 COOLING
  YESTERDAY        0                         0      0        0
  MONTH TO DATE   10                        20    -10        9
  SINCE SEP 1     10                        20    -10        9
  SINCE JAN 1    232                       366   -134      243
..................................................................


WIND (MPH)
  HIGHEST WIND SPEED    14   HIGHEST WIND DIRECTION     S (160)
  HIGHEST GUST SPEED    16   HIGHEST GUST DIRECTION    SE (140)
  AVERAGE WIND SPEED     4.3


SKY COVER
  AVERAGE SKY COVER 0.1


WEATHER CONDITIONS
 THE FOLLOWING WEATHER WAS RECORDED YESTERDAY.
  NO SIGNIFICANT WEATHER WAS OBSERVED.


RELATIVE HUMIDITY (PERCENT)
 HIGHEST    93
 LOWEST     32
 AVERAGE    63

..........................................................


THE BOZEMAN/GALLATIN FIELD MT CLIMATE NORMALS FOR TODAY
                         NORMAL    RECORD    YEAR
 MAXIMUM TEMPERATURE (F)   68        90      1963
 MINIMUM TEMPERATURE (F)   36        15      1985


SUNRISE AND SUNSET
SEPTEMBER 30 2016.....SUNRISE   722 AM MDT   SUNSET   706 PM MDT
OCTOBER  1 2016.......SUNRISE   724 AM MDT   SUNSET   704 PM MDT


-  INDICATES NEGATIVE NUMBERS.
R  INDICATES RECORD WAS SET OR TIED.
MM INDICATES DATA IS MISSING.
T  INDICATES TRACE AMOUNT.




$$
