356
CDUS42 KCAE 212147
CLICAE


CLIMATE REPORT
NATIONAL WEATHER SERVICE COLUMBIA SC
547 PM EDT SAT OCT 21 2017


...................................

...THE COLUMBIA METRO AIRPORT SC CLIMATE SUMMARY FOR OCTOBER 21 2017...
VALID TODAY AS OF 0500 PM LOCAL TIME.

CLIMATE NORMAL PERIOD 1981 TO 2010
CLIMATE RECORD PERIOD 1887 TO 2017


WEATHER ITEM   OBSERVED TIME   RECORD YEAR NORMAL DEPARTURE LAST
                VALUE   (LST)  VALUE       VALUE  FROM      YEAR
                                                  NORMAL
..................................................................
TEMPERATURE (F)
 TODAY
  MAXIMUM         81    332 PM  89    1943  75      6       80
  MINIMUM         47    634 AM  29    1974  50     -3       60
  AVERAGE         64                        62      2       70

PRECIPITATION (IN)
  TODAY            0.00          1.61 1985   0.11  -0.11     0.00
  MONTH TO DATE    1.01                      2.27  -1.26     4.45
  SINCE SEP 1      5.56                      5.81  -0.25    11.26
  SINCE JAN 1     42.31                     37.73   4.58    34.19

SNOWFALL (IN)
  TODAY            0.0          MM      MM   0.0             0.0
  MONTH TO DATE    0.0                       0.0             0.0
  SINCE SEP 1      0.0                       0.0             0.0
  SINCE JUL 1      0.0                       0.0             0.0

DEGREE DAYS
 HEATING
  TODAY            1                         4     -3        0
  MONTH TO DATE   21                        55    -34        8
  SINCE SEP 1     21                        63    -42        8
  SINCE JUL 1     21                        63    -42        8

 COOLING
  TODAY            0                         2     -2        5
  MONTH TO DATE  171                        72     99      120
  SINCE SEP 1    541                       371    170      560
  SINCE JAN 1   2649                      2139    510     2847
..................................................................


WIND (MPH)
  HIGHEST WIND SPEED    10   HIGHEST WIND DIRECTION    SE (120)
  HIGHEST GUST SPEED    13   HIGHEST GUST DIRECTION     E (110)
  AVERAGE WIND SPEED     2.4


SKY COVER
  AVERAGE SKY COVER 0.5


WEATHER CONDITIONS
 THE FOLLOWING WEATHER WAS RECORDED TODAY.
  NO SIGNIFICANT WEATHER WAS OBSERVED.


RELATIVE HUMIDITY (PERCENT)
 HIGHEST    96           100 AM
 LOWEST     39           300 PM
 AVERAGE    68

..........................................................


THE COLUMBIA METRO AIRPORT SC CLIMATE NORMALS FOR TOMORROW
                         NORMAL    RECORD    YEAR
 MAXIMUM TEMPERATURE (F)   74        90      1984
 MINIMUM TEMPERATURE (F)   50        23      1952


SUNRISE AND SUNSET
OCTOBER 21 2017.......SUNRISE   735 AM EDT   SUNSET   643 PM EDT
OCTOBER 22 2017.......SUNRISE   735 AM EDT   SUNSET   642 PM EDT


-  INDICATES NEGATIVE NUMBERS.
R  INDICATES RECORD WAS SET OR TIED.
MM INDICATES DATA IS MISSING.
T  INDICATES TRACE AMOUNT.




$$
