000
CDUS42 KCAE 260611
CLICAE


CLIMATE REPORT
NATIONAL WEATHER SERVICE COLUMBIA SC
210 AM EDT SUN MAR 26 2017


...................................

...THE COLUMBIA METRO AIRPORT SC CLIMATE SUMMARY FOR MARCH 25 2017...

CLIMATE NORMAL PERIOD 1981 TO 2010
CLIMATE RECORD PERIOD 1887 TO 2017


WEATHER ITEM   OBSERVED TIME   RECORD YEAR NORMAL DEPARTURE LAST
                VALUE   (LST)  VALUE       VALUE  FROM      YEAR
                                                  NORMAL
..................................................................
TEMPERATURE (F)
 YESTERDAY
  MAXIMUM         78    427 PM  90    1929  71      7       74
  MINIMUM         51    623 AM  27    1940  45      6       63
  AVERAGE         65                        58      7       69

PRECIPITATION (IN)
  YESTERDAY        0.00          2.31 1971   0.12  -0.12     0.00
  MONTH TO DATE    1.83                      3.04  -1.21     0.97
  SINCE MAR 1      1.83                      3.04  -1.21     0.97
  SINCE JAN 1     10.47                     10.23   0.24     7.60

SNOWFALL (IN)
  YESTERDAY        0.0           1.7  1971   0.0             0.0
  MONTH TO DATE    T                         0.1             0.0
  SINCE MAR 1      T                         0.1             0.0
  SINCE JUL 1      0.1                       1.5              T

DEGREE DAYS
 HEATING
  YESTERDAY        0                         8     -8        0
  MONTH TO DATE  274                       266      8      135
  SINCE MAR 1    274                       266      8      135
  SINCE JUL 1   1615                      2365   -750     1698

 COOLING
  YESTERDAY        0                         1     -1        4
  MONTH TO DATE   14                        13      1       59
  SINCE MAR 1     14                        13      1       59
  SINCE JAN 1     32                        17     15       63
..................................................................


WIND (MPH)
  HIGHEST WIND SPEED    17   HIGHEST WIND DIRECTION     S (190)
  HIGHEST GUST SPEED    21   HIGHEST GUST DIRECTION    SW (210)
  AVERAGE WIND SPEED     5.9


SKY COVER
  AVERAGE SKY COVER 0.7


WEATHER CONDITIONS
 THE FOLLOWING WEATHER WAS RECORDED YESTERDAY.
  NO SIGNIFICANT WEATHER WAS OBSERVED.


RELATIVE HUMIDITY (PERCENT)
 HIGHEST    86           500 AM
 LOWEST     36           300 PM
 AVERAGE    61

..........................................................


THE COLUMBIA METRO AIRPORT SC CLIMATE NORMALS FOR TODAY
                         NORMAL    RECORD    YEAR
 MAXIMUM TEMPERATURE (F)   71        88      1929
 MINIMUM TEMPERATURE (F)   45        25      1983


SUNRISE AND SUNSET
MARCH 26 2017.........SUNRISE   720 AM EDT   SUNSET   741 PM EDT
MARCH 27 2017.........SUNRISE   718 AM EDT   SUNSET   742 PM EDT


-  INDICATES NEGATIVE NUMBERS.
R  INDICATES RECORD WAS SET OR TIED.
MM INDICATES DATA IS MISSING.
T  INDICATES TRACE AMOUNT.




$$
