000
CDUS42 KCAE 130708
CLICAE


CLIMATE REPORT
NATIONAL WEATHER SERVICE COLUMBIA SC
208 AM EST WED DEC 13 2017


...................................

...THE COLUMBIA METRO AIRPORT SC CLIMATE SUMMARY FOR DECEMBER 12 2017...

CLIMATE NORMAL PERIOD 1981 TO 2010
CLIMATE RECORD PERIOD 1887 TO 2017


WEATHER ITEM   OBSERVED TIME   RECORD YEAR NORMAL DEPARTURE LAST
                VALUE   (LST)  VALUE       VALUE  FROM      YEAR
                                                  NORMAL
..................................................................
TEMPERATURE (F)
 YESTERDAY
  MAXIMUM         61    301 PM  81    2007  59      2       69
  MINIMUM         38   1150 PM   4    1958  36      2       41
  AVERAGE         50                        47      3       55

PRECIPITATION (IN)
  YESTERDAY        0.00          2.63 1976   0.10  -0.10      T
  MONTH TO DATE    2.13                      1.21   0.92     1.56
  SINCE DEC 1      2.13                      1.21   0.92     1.56
  SINCE JAN 1     46.28                     42.58   3.70    37.76

SNOWFALL (IN)
  YESTERDAY        0.0          MM      MM   0.0             0.0
  MONTH TO DATE    0.0                       0.0             0.0
  SINCE DEC 1      0.0                       0.0             0.0
  SINCE JUL 1      0.0                       0.0             0.0

DEGREE DAYS
 HEATING
  YESTERDAY       15                        18     -3       10
  MONTH TO DATE  167                       198    -31      203
  SINCE DEC 1    167                       198    -31      203
  SINCE JUL 1    545                       639    -94      505

 COOLING
  YESTERDAY        0                         0      0        0
  MONTH TO DATE    0                         0      0        0
  SINCE DEC 1      0                         0      0        0
  SINCE JAN 1   2684                      2167    517     2886
..................................................................


WIND (MPH)
  HIGHEST WIND SPEED    26   HIGHEST WIND DIRECTION     W (280)
  HIGHEST GUST SPEED    36   HIGHEST GUST DIRECTION     W (270)
  AVERAGE WIND SPEED    11.8


SKY COVER
  AVERAGE SKY COVER 0.2


WEATHER CONDITIONS
 THE FOLLOWING WEATHER WAS RECORDED YESTERDAY.
  NO SIGNIFICANT WEATHER WAS OBSERVED.


RELATIVE HUMIDITY (PERCENT)
 HIGHEST    83           900 AM
 LOWEST     33           400 PM
 AVERAGE    58

..........................................................


THE COLUMBIA METRO AIRPORT SC CLIMATE NORMALS FOR TODAY
                         NORMAL    RECORD    YEAR
 MAXIMUM TEMPERATURE (F)   59        80      1956
 MINIMUM TEMPERATURE (F)   36         6      1962


SUNRISE AND SUNSET
DECEMBER 13 2017......SUNRISE   721 AM EST   SUNSET   516 PM EST
DECEMBER 14 2017......SUNRISE   722 AM EST   SUNSET   517 PM EST


-  INDICATES NEGATIVE NUMBERS.
R  INDICATES RECORD WAS SET OR TIED.
MM INDICATES DATA IS MISSING.
T  INDICATES TRACE AMOUNT.




$$
