000
CDUS42 KCAE 042124
CLICAE


CLIMATE REPORT
NATIONAL WEATHER SERVICE COLUMBIA SC
524 PM EDT WED MAY 4 2016


...................................

...THE COLUMBIA METRO AIRPORT SC CLIMATE SUMMARY FOR MAY 4 2016...
VALID TODAY AS OF 0500 PM LOCAL TIME.

CLIMATE NORMAL PERIOD 1981 TO 2010
CLIMATE RECORD PERIOD 1887 TO 2016


WEATHER ITEM   OBSERVED TIME   RECORD YEAR NORMAL DEPARTURE LAST
                VALUE   (LST)  VALUE       VALUE  FROM      YEAR
                                                  NORMAL
..................................................................
TEMPERATURE (F)
 TODAY
  MAXIMUM         78    332 PM  93    1959  81     -3       84
                                      1950
                                      1913
  MINIMUM         65    632 AM  36    1986  56      9       54
                                      1971
  AVERAGE         72                        68      4       69

PRECIPITATION (IN)
  TODAY            0.00          1.96 1957   0.09  -0.09     0.00
  MONTH TO DATE    0.95                      0.37   0.58      T
  SINCE MAR 1      5.63                      6.72  -1.09     6.81
  SINCE JAN 1     12.26                     13.91  -1.65    14.17

SNOWFALL (IN)
  TODAY            0.0          MM      MM   0.0             0.0
  MONTH TO DATE    0.0                       0.0             0.0
  SINCE MAR 1      0.0                       0.1             0.0
  SINCE JUL 1      T                         1.5              T

DEGREE DAYS
 HEATING
  TODAY            0                         1     -1        0
  MONTH TO DATE    0                         6     -6        6
  SINCE MAR 1    222                       438   -216      274
  SINCE JUL 1   1785                      2537   -752     2463

 COOLING
  TODAY            7                         5      2        4
  MONTH TO DATE   45                        17     28        5
  SINCE MAR 1    228                       108    120      148
  SINCE JAN 1    232                       112    120      148
..................................................................


WIND (MPH)
  HIGHEST WIND SPEED    21   HIGHEST WIND DIRECTION     W (270)
  HIGHEST GUST SPEED    24   HIGHEST GUST DIRECTION     W (270)
  AVERAGE WIND SPEED     8.6


SKY COVER
  AVERAGE SKY COVER 0.5


WEATHER CONDITIONS
 THE FOLLOWING WEATHER WAS RECORDED TODAY.
  NO SIGNIFICANT WEATHER WAS OBSERVED.


RELATIVE HUMIDITY (PERCENT)
 HIGHEST    90          1200 AM
 LOWEST     29           400 PM
 AVERAGE    60

..........................................................


THE COLUMBIA METRO AIRPORT SC CLIMATE NORMALS FOR TOMORROW
                         NORMAL    RECORD    YEAR
 MAXIMUM TEMPERATURE (F)   81        95      2014
                                             2012
                                             1955
 MINIMUM TEMPERATURE (F)   56        38      1973


SUNRISE AND SUNSET
MAY  4 2016...........SUNRISE   632 AM EDT   SUNSET   811 PM EDT
MAY  5 2016...........SUNRISE   631 AM EDT   SUNSET   812 PM EDT


-  INDICATES NEGATIVE NUMBERS.
R  INDICATES RECORD WAS SET OR TIED.
MM INDICATES DATA IS MISSING.
T  INDICATES TRACE AMOUNT.




$$
