000
CDUS42 KCAE 230526
CLICAE


CLIMATE REPORT
NATIONAL WEATHER SERVICE COLUMBIA SC
125 AM EDT THU OCT 23 2014


...................................

...THE COLUMBIA METRO AIRPORT SC CLIMATE SUMMARY FOR OCTOBER 22 2014...

CLIMATE NORMAL PERIOD 1981 TO 2010
CLIMATE RECORD PERIOD 1887 TO 2014


WEATHER ITEM   OBSERVED TIME   RECORD YEAR NORMAL DEPARTURE LAST
                VALUE   (LST)  VALUE       VALUE  FROM      YEAR
                                                  NORMAL
..................................................................
TEMPERATURE (F)
 YESTERDAY
  MAXIMUM         70    333 PM  90    1984  74     -4       69
  MINIMUM         45    656 AM  23    1952  50     -5       59
  AVERAGE         58                        62     -4       64

PRECIPITATION (IN)
  YESTERDAY        0.00          3.32 1990   0.10  -0.10      T
  MONTH TO DATE    3.04                      2.37   0.67     1.98
  SINCE SEP 1      5.85                      5.91  -0.06     4.02
  SINCE JAN 1     33.93                     37.83  -3.90    47.53

SNOWFALL (IN)
  YESTERDAY        0.0          MM      MM   0.0             0.0
  MONTH TO DATE    0.0                       0.0             0.0
  SINCE SEP 1      0.0                       0.0             0.0
  SINCE JUL 1      0.0                       0.0             0.0

DEGREE DAYS
 HEATING
  YESTERDAY        7                         5      2        1
  MONTH TO DATE   32                        60    -28       10
  SINCE SEP 1     36                        68    -32       10
  SINCE JUL 1     36                        68    -32       10

 COOLING
  YESTERDAY        0                         2     -2        0
  MONTH TO DATE  115                        74     41      117
  SINCE SEP 1    477                       373    104      462
  SINCE JAN 1   2511                      2141    370     2155
..................................................................


WIND (MPH)
  HIGHEST WIND SPEED    15   HIGHEST WIND DIRECTION    NE (30)
  HIGHEST GUST SPEED    21   HIGHEST GUST DIRECTION    NE (30)
  AVERAGE WIND SPEED     5.4


SKY COVER
  AVERAGE SKY COVER 0.0


WEATHER CONDITIONS
 THE FOLLOWING WEATHER WAS RECORDED YESTERDAY.
  NO SIGNIFICANT WEATHER WAS OBSERVED.


RELATIVE HUMIDITY (PERCENT)
 HIGHEST    83           700 AM
 LOWEST     31           300 PM
 AVERAGE    57

..........................................................


THE COLUMBIA METRO AIRPORT SC CLIMATE NORMALS FOR TODAY
                         NORMAL    RECORD    YEAR
 MAXIMUM TEMPERATURE (F)   74        90      2007
                                             1941
 MINIMUM TEMPERATURE (F)   49        27      1987
                                             1974


SUNRISE AND SUNSET
OCTOBER 23 2014.......SUNRISE   736 AM EDT   SUNSET   641 PM EDT
OCTOBER 24 2014.......SUNRISE   737 AM EDT   SUNSET   640 PM EDT


-  INDICATES NEGATIVE NUMBERS.
R  INDICATES RECORD WAS SET OR TIED.
MM INDICATES DATA IS MISSING.
T  INDICATES TRACE AMOUNT.




$$
