000
CDUS42 KCAE 292202
CLICAE


CLIMATE REPORT
NATIONAL WEATHER SERVICE COLUMBIA SC
600 PM EDT SUN MAY 29 2016


...................................

...THE COLUMBIA METRO AIRPORT SC CLIMATE SUMMARY FOR MAY 29 2016...
VALID TODAY AS OF 0500 PM LOCAL TIME.

CLIMATE NORMAL PERIOD 1981 TO 2010
CLIMATE RECORD PERIOD 1887 TO 2016


WEATHER ITEM   OBSERVED TIME   RECORD YEAR NORMAL DEPARTURE LAST
                VALUE   (LST)  VALUE       VALUE  FROM      YEAR
                                                  NORMAL
..................................................................
TEMPERATURE (F)
 TODAY
  MAXIMUM         79    434 PM  98    1941  87     -8       89
                                      1898
  MINIMUM         68   1202 PM  49    1968  64      4       66
  AVERAGE         74                        75     -1       78

PRECIPITATION (IN)
  TODAY            0.41          1.88 1893   0.10   0.31     0.00
  MONTH TO DATE    2.61                      2.74  -0.13     1.71
  SINCE MAR 1      7.29                      9.09  -1.80     8.52
  SINCE JAN 1     13.92                     16.28  -2.36    15.88

SNOWFALL (IN)
  TODAY            0.0          MM      MM   0.0             0.0
  MONTH TO DATE    0.0                       0.0             0.0
  SINCE MAR 1      0.0                       0.1             0.0
  SINCE JUL 1      T                         1.5              T

DEGREE DAYS
 HEATING
  TODAY            0                         0      0        0
  MONTH TO DATE    6                        18    -12        6
  SINCE MAR 1    228                       450   -222      274
  SINCE JUL 1   1791                      2549   -758     2463

 COOLING
  TODAY            9                        10     -1       13
  MONTH TO DATE  221                       203     18      254
  SINCE MAR 1    404                       294    110      397
  SINCE JAN 1    408                       298    110      397
..................................................................


WIND (MPH)
  HIGHEST WIND SPEED    21   HIGHEST WIND DIRECTION     N (360)
  HIGHEST GUST SPEED    30   HIGHEST GUST DIRECTION     N (10)
  AVERAGE WIND SPEED     8.9


SKY COVER
  AVERAGE SKY COVER 1.0


WEATHER CONDITIONS
 THE FOLLOWING WEATHER WAS RECORDED TODAY.
  HEAVY RAIN
  RAIN
  LIGHT RAIN
  FOG


RELATIVE HUMIDITY (PERCENT)
 HIGHEST    90          1200 AM
 LOWEST     62           300 PM
 AVERAGE    76

..........................................................


THE COLUMBIA METRO AIRPORT SC CLIMATE NORMALS FOR TOMORROW
                         NORMAL    RECORD    YEAR
 MAXIMUM TEMPERATURE (F)   87       101      1898
 MINIMUM TEMPERATURE (F)   64        52      1990
                                             1971


SUNRISE AND SUNSET
MAY 29 2016...........SUNRISE   615 AM EDT   SUNSET   829 PM EDT
MAY 30 2016...........SUNRISE   615 AM EDT   SUNSET   830 PM EDT


-  INDICATES NEGATIVE NUMBERS.
R  INDICATES RECORD WAS SET OR TIED.
MM INDICATES DATA IS MISSING.
T  INDICATES TRACE AMOUNT.




$$
