000
CDUS42 KCAE 210543
CLICAE


CLIMATE REPORT
NATIONAL WEATHER SERVICE COLUMBIA SC
143 AM EDT SUN SEP 21 2014


...................................

...THE COLUMBIA METRO AIRPORT SC CLIMATE SUMMARY FOR SEPTEMBER 20 2014...

CLIMATE NORMAL PERIOD 1981 TO 2010
CLIMATE RECORD PERIOD 1887 TO 2014


WEATHER ITEM   OBSERVED TIME   RECORD YEAR NORMAL DEPARTURE LAST
                VALUE   (LST)  VALUE       VALUE  FROM      YEAR
                                                  NORMAL
..................................................................
TEMPERATURE (F)
 YESTERDAY
  MAXIMUM         83   1241 PM  99    1954  84     -1       90
                                      1925
  MINIMUM         66   1122 PM  42    1984  63      3       63
  AVERAGE         75                        73      2       77

PRECIPITATION (IN)
  YESTERDAY        0.00          1.56 1930   0.10  -0.10     0.00
  MONTH TO DATE    2.63                      2.44   0.19     0.84
  SINCE SEP 1      2.63                      2.44   0.19     0.84
  SINCE JAN 1     30.71                     34.36  -3.65    44.35

SNOWFALL (IN)
  YESTERDAY        0.0          MM      MM   0.0             0.0
  MONTH TO DATE    0.0                       0.0             0.0
  SINCE SEP 1      0.0                       0.0             0.0
  SINCE JUL 1      0.0                       0.0             0.0

DEGREE DAYS
 HEATING
  YESTERDAY        0                         0      0        0
  MONTH TO DATE    0                         0      0        0
  SINCE SEP 1      0                         0      0        0
  SINCE JUL 1      0                         0      0        0

 COOLING
  YESTERDAY       10                         9      1       12
  MONTH TO DATE  299                       229     70      293
  SINCE SEP 1    299                       229     70      293
  SINCE JAN 1   2333                      1997    336     1986
..................................................................


WIND (MPH)
  HIGHEST WIND SPEED    15   HIGHEST WIND DIRECTION    NE (60)
  HIGHEST GUST SPEED    26   HIGHEST GUST DIRECTION    SE (120)
  AVERAGE WIND SPEED     7.9


SKY COVER
  AVERAGE SKY COVER 0.5


WEATHER CONDITIONS
 THE FOLLOWING WEATHER WAS RECORDED YESTERDAY.
  NO SIGNIFICANT WEATHER WAS OBSERVED.


RELATIVE HUMIDITY (PERCENT)
 HIGHEST    81          1000 PM
 LOWEST     40           300 PM
 AVERAGE    61

..........................................................


THE COLUMBIA METRO AIRPORT SC CLIMATE NORMALS FOR TODAY
                         NORMAL    RECORD    YEAR
 MAXIMUM TEMPERATURE (F)   84        98      2010
                                             1925
 MINIMUM TEMPERATURE (F)   62        46      1981


SUNRISE AND SUNSET
SEPTEMBER 21 2014.....SUNRISE   712 AM EDT   SUNSET   723 PM EDT
SEPTEMBER 22 2014.....SUNRISE   712 AM EDT   SUNSET   721 PM EDT


-  INDICATES NEGATIVE NUMBERS.
R  INDICATES RECORD WAS SET OR TIED.
MM INDICATES DATA IS MISSING.
T  INDICATES TRACE AMOUNT.




$$
