000
CDUS42 KCAE 270536
CLICAE


CLIMATE REPORT
NATIONAL WEATHER SERVICE COLUMBIA SC
135 AM EDT TUE JUN 27 2017


...................................

...THE COLUMBIA METRO AIRPORT SC CLIMATE SUMMARY FOR JUNE 26 2017...

CLIMATE NORMAL PERIOD 1981 TO 2010
CLIMATE RECORD PERIOD 1887 TO 2017


WEATHER ITEM   OBSERVED TIME   RECORD YEAR NORMAL DEPARTURE LAST
                VALUE   (LST)  VALUE       VALUE  FROM      YEAR
                                                  NORMAL
..................................................................
TEMPERATURE (F)
 YESTERDAY
  MAXIMUM         89    420 PM 104    1952  92     -3       94
  MINIMUM         69   1152 PM  62    1984  70     -1       77
                                      1979
                                      1940
  AVERAGE         79                        81     -2       86

PRECIPITATION (IN)
  YESTERDAY        0.00          2.33 1987   0.16  -0.16     0.00
  MONTH TO DATE    4.28                      4.07   0.21     2.34
  SINCE JUN 1      4.28                      4.07   0.21     2.34
  SINCE JAN 1     28.56                     20.58   7.98    16.26

SNOWFALL (IN)
  YESTERDAY        0.0          MM      MM   0.0             0.0
  MONTH TO DATE    0.0                       0.0             0.0
  SINCE JUN 1      0.0                       0.0             0.0
  SINCE JUL 1      0.1                       1.5              T

DEGREE DAYS
 HEATING
  YESTERDAY        0                         0      0        0
  MONTH TO DATE    0                         0      0        0
  SINCE JUN 1      0                         0      0        0
  SINCE JUL 1   1665                      2551   -886     1791

 COOLING
  YESTERDAY       14                        16     -2       21
  MONTH TO DATE  399                       359     40      471
  SINCE JUN 1    399                       359     40      471
  SINCE JAN 1    928                       680    248      910
..................................................................


WIND (MPH)
  HIGHEST WIND SPEED    15   HIGHEST WIND DIRECTION     N (20)
  HIGHEST GUST SPEED    20   HIGHEST GUST DIRECTION     N (20)
  AVERAGE WIND SPEED     4.9


SKY COVER
  AVERAGE SKY COVER 0.5


WEATHER CONDITIONS
 THE FOLLOWING WEATHER WAS RECORDED YESTERDAY.
  NO SIGNIFICANT WEATHER WAS OBSERVED.


RELATIVE HUMIDITY (PERCENT)
 HIGHEST    79           500 AM
 LOWEST     31          1100 AM
 AVERAGE    55

..........................................................


THE COLUMBIA METRO AIRPORT SC CLIMATE NORMALS FOR TODAY
                         NORMAL    RECORD    YEAR
 MAXIMUM TEMPERATURE (F)   92       107      1954
 MINIMUM TEMPERATURE (F)   70        60      1979


SUNRISE AND SUNSET
JUNE 27 2017..........SUNRISE   616 AM EDT   SUNSET   840 PM EDT
JUNE 28 2017..........SUNRISE   616 AM EDT   SUNSET   840 PM EDT


-  INDICATES NEGATIVE NUMBERS.
R  INDICATES RECORD WAS SET OR TIED.
MM INDICATES DATA IS MISSING.
T  INDICATES TRACE AMOUNT.




$$
