000
CDUS45 KGJT 290735
CLICAG


CLIMATE REPORT
NATIONAL WEATHER SERVICE GRAND JUNCTION CO
133 AM MDT WED JUL 29 2015


...................................

...THE CRAIG CO CLIMATE SUMMARY FOR JULY 28 2015...

CLIMATE NORMAL PERIOD 1981 TO 2010
CLIMATE RECORD PERIOD 9999 TO 9999


WEATHER ITEM   OBSERVED TIME   RECORD YEAR NORMAL DEPARTURE LAST
                VALUE   (LST)  VALUE       VALUE  FROM      YEAR
                                                  NORMAL
..................................................................
TEMPERATURE (F)
 YESTERDAY
  MAXIMUM         83    328 PM  MM      MM  88     -5       83
  MINIMUM         38    519 AM  MM      MM  48    -10       41
  AVERAGE         61                        68     -7       62

PRECIPITATION (IN)
  YESTERDAY        0.00         MM      MM   0.04  -0.04      T
  MONTH TO DATE    1.93                      1.00   0.93     0.66
  SINCE JUN 1      2.15                      2.32  -0.17     0.86
  SINCE JAN 1      9.37                      8.51   0.86     5.18

SNOWFALL (IN)
  YESTERDAY       MM            MM      MM  MM     MM       MM
  MONTH TO DATE   MM                        MM     MM       MM
  SINCE JUN 1     MM                        MM     MM       MM
  SINCE JUL 1     MM                        MM     MM       MM
  SNOW DEPTH      MM

DEGREE DAYS
 HEATING
  YESTERDAY        4                         0      4        3
  MONTH TO DATE   19                        20     -1       28
  SINCE JUN 1     92                       195   -103      214
  SINCE JUL 1     19                        20     -1       28

 COOLING
  YESTERDAY        0                         3     -3        0
  MONTH TO DATE   58                        67     -9       36
  SINCE JUN 1    115                        77     38       41
  SINCE JAN 1    115                        77     38       41
..................................................................


WIND (MPH)
  HIGHEST WIND SPEED    18   HIGHEST WIND DIRECTION     W (260)
  HIGHEST GUST SPEED    27   HIGHEST GUST DIRECTION     W (270)
  AVERAGE WIND SPEED     4.3


SKY COVER
  POSSIBLE SUNSHINE  MM
  AVERAGE SKY COVER 0.0


WEATHER CONDITIONS
 THE FOLLOWING WEATHER WAS RECORDED YESTERDAY.
  NO SIGNIFICANT WEATHER WAS OBSERVED.


RELATIVE HUMIDITY (PERCENT)
 HIGHEST    76           600 AM
 LOWEST     13           500 PM
 AVERAGE    45

..........................................................


THE CRAIG CO CLIMATE NORMALS FOR TODAY
                         NORMAL    RECORD    YEAR
 MAXIMUM TEMPERATURE (F)   88        MM        MM
 MINIMUM TEMPERATURE (F)   48        MM        MM


SUNRISE AND SUNSET
JULY 29 2015..........SUNRISE   604 AM MDT   SUNSET   828 PM MDT
JULY 30 2015..........SUNRISE   605 AM MDT   SUNSET   827 PM MDT


-  INDICATES NEGATIVE NUMBERS.
R  INDICATES RECORD WAS SET OR TIED.
MM INDICATES DATA IS MISSING.
T  INDICATES TRACE AMOUNT.




$$
