000
CDUS45 KABQ 060835
CLICAO


CLIMATE REPORT
NATIONAL WEATHER SERVICE ALBUQUERQUE NM
229 AM MDT FRI MAY 6 2016


...................................

...THE CLAYTON  NM CLIMATE SUMMARY FOR MAY 5 2016...

CLIMATE NORMAL PERIOD 1981 TO 2010
CLIMATE RECORD PERIOD 1896 TO 2016


WEATHER ITEM   OBSERVED TIME   RECORD YEAR NORMAL DEPARTURE
                VALUE   (LST)  VALUE       VALUE  FROM
                                                  NORMAL
...............................................................
TEMPERATURE (F)
 YESTERDAY
  MAXIMUM         83    236 PM  93    1934  73     10
  MINIMUM         47    437 AM  27    1917  44      3
  AVERAGE         65                        58      7

PRECIPITATION (IN)
  YESTERDAY        0.00          0.98 1949   0.05  -0.05
  MONTH TO DATE    0.18                      0.22  -0.04
  SINCE MAR 1      2.28                      2.11   0.17
  SINCE JAN 1      2.72                      2.73  -0.01

SNOWFALL (IN)
  YESTERDAY        0.0
  MONTH TO DATE    0.5
  SINCE MAR 1      2.1
  SINCE JUL 1     25.5

DEGREE DAYS
 HEATING
  YESTERDAY        0                         7     -7
  MONTH TO DATE   64                        39     25
  SINCE MAR 1    937                      1068   -131
  SINCE JUL 1   4187                      4745   -558

 COOLING
  YESTERDAY        0                         1     -1
  MONTH TO DATE    0                         4     -4
  SINCE MAR 1      0                        10    -10
  SINCE JAN 1      0                        10    -10
...............................................................


WIND (MPH)
  HIGHEST WIND SPEED    18   HIGHEST WIND DIRECTION     S (190)
  HIGHEST GUST SPEED    24   HIGHEST GUST DIRECTION     S (200)
  AVERAGE WIND SPEED     9.5


SKY COVER
  AVERAGE SKY COVER 0.0


WEATHER CONDITIONS
 THE FOLLOWING WEATHER WAS RECORDED YESTERDAY.
  NO SIGNIFICANT WEATHER WAS OBSERVED.


RELATIVE HUMIDITY (PERCENT)
 HIGHEST    61           200 AM
 LOWEST     14           200 PM
 AVERAGE    38

..........................................................


THE CLAYTON  NM CLIMATE NORMALS FOR TODAY
                         NORMAL    RECORD    YEAR
 MAXIMUM TEMPERATURE (F)   73        92      1916
 MINIMUM TEMPERATURE (F)   44        27      1917
                                             1915


SUNRISE AND SUNSET
MAY  6 2016...........SUNRISE   553 AM MDT   SUNSET   745 PM MDT
MAY  7 2016...........SUNRISE   552 AM MDT   SUNSET   746 PM MDT


-  INDICATES NEGATIVE NUMBERS.
R  INDICATES RECORD WAS SET OR TIED.
MM INDICATES DATA IS MISSING.
T  INDICATES TRACE AMOUNT.




$$
