000
CDUS45 KABQ 200828
CLICAO


CLIMATE REPORT
NATIONAL WEATHER SERVICE ALBUQUERQUE NM
226 AM MDT SUN APR 20 2014


...................................

...THE CLAYTON  NM CLIMATE SUMMARY FOR APRIL 19 2014...

CLIMATE NORMAL PERIOD 1981 TO 2010
CLIMATE RECORD PERIOD 1896 TO 2014


WEATHER ITEM   OBSERVED TIME   RECORD YEAR NORMAL DEPARTURE
                VALUE   (LST)  VALUE       VALUE  FROM
                                                  NORMAL
...............................................................
TEMPERATURE (F)
 YESTERDAY
  MAXIMUM         77   1039 AM  85    2001  68      9
  MINIMUM         49    548 AM  21    1953  39     10
  AVERAGE         63                        53     10

PRECIPITATION (IN)
  YESTERDAY        T             1.85 1942   0.04  -0.04
  MONTH TO DATE    0.26                      0.53  -0.27
  SINCE MAR 1      0.28                      1.48  -1.20
  SINCE JAN 1      0.46                      2.10  -1.64

SNOWFALL (IN)
  YESTERDAY        0.0
  MONTH TO DATE    1.5
  SINCE MAR 1      1.6
  SINCE JUL 1      9.8

DEGREE DAYS
 HEATING
  YESTERDAY        2                        12    -10
  MONTH TO DATE  270                       273     -3
  SINCE MAR 1    884                       917    -33
  SINCE JUL 1   4583                      4594    -11

 COOLING
  YESTERDAY        0                         0      0
  MONTH TO DATE    3                         0      3
  SINCE MAR 1      3                         1      2
  SINCE JAN 1      3                         1      2
...............................................................


WIND (MPH)
  HIGHEST WIND SPEED    44   HIGHEST WIND DIRECTION     S (180)
  HIGHEST GUST SPEED    52   HIGHEST GUST DIRECTION     S (180)
  AVERAGE WIND SPEED    15.0


SKY COVER
  AVERAGE SKY COVER 0.3


WEATHER CONDITIONS
 THE FOLLOWING WEATHER WAS RECORDED YESTERDAY.
  THUNDERSTORM
  LIGHT RAIN
  HAZE


RELATIVE HUMIDITY (PERCENT)
 HIGHEST    71          1100 PM
 LOWEST     19          1100 AM
 AVERAGE    45

..........................................................


THE CLAYTON  NM CLIMATE NORMALS FOR TODAY
                         NORMAL    RECORD    YEAR
 MAXIMUM TEMPERATURE (F)   68        90      1989
 MINIMUM TEMPERATURE (F)   39        20      1966


SUNRISE AND SUNSET
APRIL 20 2014.........SUNRISE   612 AM MDT   SUNSET   731 PM MDT
APRIL 21 2014.........SUNRISE   611 AM MDT   SUNSET   732 PM MDT


-  INDICATES NEGATIVE NUMBERS.
R  INDICATES RECORD WAS SET OR TIED.
MM INDICATES DATA IS MISSING.
T  INDICATES TRACE AMOUNT.

$$
