000
CDUS45 KABQ 190828
CLICAO


CLIMATE REPORT
NATIONAL WEATHER SERVICE ALBUQUERQUE NM
227 AM MDT FRI SEP 19 2014


...................................

...THE CLAYTON  NM CLIMATE SUMMARY FOR SEPTEMBER 18 2014...

CLIMATE NORMAL PERIOD 1981 TO 2010
CLIMATE RECORD PERIOD 1896 TO 2014


WEATHER ITEM   OBSERVED TIME   RECORD YEAR NORMAL DEPARTURE
                VALUE   (LST)  VALUE       VALUE  FROM
                                                  NORMAL
...............................................................
TEMPERATURE (F)
 YESTERDAY
  MAXIMUM         79   1235 PM  94    1997  79      0
  MINIMUM         56    419 AM  32    1971  51      5
  AVERAGE         68                        65      3

PRECIPITATION (IN)
  YESTERDAY        0.00          1.09 1961   0.06  -0.06
  MONTH TO DATE    2.68                      1.08   1.60
  SINCE SEP 1      2.68                      1.08   1.60
  SINCE JAN 1     11.21                     13.28  -2.07

SNOWFALL (IN)
  YESTERDAY        0.0
  MONTH TO DATE    0.0
  SINCE SEP 1      0.0
  SINCE JUL 1      0.0

DEGREE DAYS
 HEATING
  YESTERDAY        0                         3     -3
  MONTH TO DATE   43                        25     18
  SINCE SEP 1     43                        25     18
  SINCE JUL 1     43                        31     12

 COOLING
  YESTERDAY        3                         3      0
  MONTH TO DATE   70                        82    -12
  SINCE SEP 1     70                        82    -12
  SINCE JAN 1   1074                       879    195
...............................................................


WIND (MPH)
  HIGHEST WIND SPEED    20   HIGHEST WIND DIRECTION    SE (130)
  HIGHEST GUST SPEED    23   HIGHEST GUST DIRECTION    SE (130)
  AVERAGE WIND SPEED     9.3


SKY COVER
  AVERAGE SKY COVER 0.2


WEATHER CONDITIONS
 THE FOLLOWING WEATHER WAS RECORDED YESTERDAY.
  NO SIGNIFICANT WEATHER WAS OBSERVED.


RELATIVE HUMIDITY (PERCENT)
 HIGHEST    90           800 PM
 LOWEST     42          1100 AM
 AVERAGE    66

..........................................................


THE CLAYTON  NM CLIMATE NORMALS FOR TODAY
                         NORMAL    RECORD    YEAR
 MAXIMUM TEMPERATURE (F)   78        94      1983
 MINIMUM TEMPERATURE (F)   51        33      1971


SUNRISE AND SUNSET
SEPTEMBER 19 2014.....SUNRISE   638 AM MDT   SUNSET   654 PM MDT
SEPTEMBER 20 2014.....SUNRISE   639 AM MDT   SUNSET   652 PM MDT


-  INDICATES NEGATIVE NUMBERS.
R  INDICATES RECORD WAS SET OR TIED.
MM INDICATES DATA IS MISSING.
T  INDICATES TRACE AMOUNT.




$$
