000
CDUS45 KABQ 060835
CLICAO


CLIMATE REPORT
NATIONAL WEATHER SERVICE ALBUQUERQUE NM
134 AM MST TUE DEC 6 2016


...................................

...THE CLAYTON  NM CLIMATE SUMMARY FOR DECEMBER 5 2016...

CLIMATE NORMAL PERIOD 1981 TO 2010
CLIMATE RECORD PERIOD 1896 TO 2016


WEATHER ITEM   OBSERVED TIME   RECORD YEAR NORMAL DEPARTURE
                VALUE   (LST)  VALUE       VALUE  FROM
                                                  NORMAL
...............................................................
TEMPERATURE (F)
 YESTERDAY
  MAXIMUM         71    136 PM  72    1939  49     22
  MINIMUM         26   1159 PM  -2    1972  23      3
  AVERAGE         49                        36     13

PRECIPITATION (IN)
  YESTERDAY        0.00          0.39 1992   0.01  -0.01
  MONTH TO DATE    0.01                      0.05  -0.04
  SINCE DEC 1      0.01                      0.05  -0.04
  SINCE JAN 1     19.93                     15.48   4.45

SNOWFALL (IN)
  YESTERDAY        0.0
  MONTH TO DATE    0.1
  SINCE DEC 1      0.1
  SINCE JUL 1      0.1

DEGREE DAYS
 HEATING
  YESTERDAY       16                        29    -13
  MONTH TO DATE  143                       143      0
  SINCE DEC 1    143                       143      0
  SINCE JUL 1    811                      1195   -384

 COOLING
  YESTERDAY        0                         0      0
  MONTH TO DATE    0                         0      0
  SINCE DEC 1      0                         0      0
  SINCE JAN 1   1115                       909    206
...............................................................


WIND (MPH)
  HIGHEST WIND SPEED    35   HIGHEST WIND DIRECTION     N (10)
  HIGHEST GUST SPEED    43   HIGHEST GUST DIRECTION     N (360)
  AVERAGE WIND SPEED    14.4


SKY COVER
  AVERAGE SKY COVER 0.0


WEATHER CONDITIONS
 THE FOLLOWING WEATHER WAS RECORDED YESTERDAY.
  NO SIGNIFICANT WEATHER WAS OBSERVED.


RELATIVE HUMIDITY (PERCENT)
 HIGHEST    85           100 AM
 LOWEST     13          1200 PM
 AVERAGE    49

..........................................................


THE CLAYTON  NM CLIMATE NORMALS FOR TODAY
                         NORMAL    RECORD    YEAR
 MAXIMUM TEMPERATURE (F)   49        76      1939
 MINIMUM TEMPERATURE (F)   23        -6      1972


SUNRISE AND SUNSET
DECEMBER  6 2016......SUNRISE   651 AM MST   SUNSET   437 PM MST
DECEMBER  7 2016......SUNRISE   651 AM MST   SUNSET   437 PM MST


-  INDICATES NEGATIVE NUMBERS.
R  INDICATES RECORD WAS SET OR TIED.
MM INDICATES DATA IS MISSING.
T  INDICATES TRACE AMOUNT.




$$
