000
CDUS45 KABQ 210832
CLICAO


CLIMATE REPORT
NATIONAL WEATHER SERVICE ALBUQUERQUE NM
231 AM MDT THU SEP 21 2017


...................................

...THE CLAYTON  NM CLIMATE SUMMARY FOR SEPTEMBER 20 2017...

CLIMATE NORMAL PERIOD 1981 TO 2010
CLIMATE RECORD PERIOD 1896 TO 2017


WEATHER ITEM   OBSERVED TIME   RECORD YEAR NORMAL DEPARTURE
                VALUE   (LST)  VALUE       VALUE  FROM
                                                  NORMAL
...............................................................
TEMPERATURE (F)
 YESTERDAY
  MAXIMUM         76    313 PM  92    1956  78     -2
  MINIMUM         49    606 AM  32    1918  51     -2
  AVERAGE         63                        64     -1

PRECIPITATION (IN)
  YESTERDAY        0.00          1.30 1941   0.06  -0.06
  MONTH TO DATE    0.34                      1.19  -0.85
  SINCE SEP 1      0.34                      1.19  -0.85
  SINCE JAN 1     15.26                     13.39   1.87

SNOWFALL (IN)
  YESTERDAY        0.0
  MONTH TO DATE    0.0
  SINCE SEP 1      0.0
  SINCE JUL 1      0.0

DEGREE DAYS
 HEATING
  YESTERDAY        2                         3     -1
  MONTH TO DATE   10                        31    -21
  SINCE SEP 1     10                        31    -21
  SINCE JUL 1     14                        37    -23

 COOLING
  YESTERDAY        0                         2     -2
  MONTH TO DATE  101                        87     14
  SINCE SEP 1    101                        87     14
  SINCE JAN 1    811                       884    -73
...............................................................


WIND (MPH)
  HIGHEST WIND SPEED    25   HIGHEST WIND DIRECTION    NE (30)
  HIGHEST GUST SPEED    30   HIGHEST GUST DIRECTION    NE (30)
  AVERAGE WIND SPEED    10.9


SKY COVER
  AVERAGE SKY COVER 0.0


WEATHER CONDITIONS
 THE FOLLOWING WEATHER WAS RECORDED YESTERDAY.
  NO SIGNIFICANT WEATHER WAS OBSERVED.


RELATIVE HUMIDITY (PERCENT)
 HIGHEST    56           300 AM
 LOWEST     19           100 AM
 AVERAGE    38

..........................................................


THE CLAYTON  NM CLIMATE NORMALS FOR TODAY
                         NORMAL    RECORD    YEAR
 MAXIMUM TEMPERATURE (F)   77        92      2010
                                             1926
 MINIMUM TEMPERATURE (F)   50        29      1983


SUNRISE AND SUNSET
SEPTEMBER 21 2017.....SUNRISE   640 AM MDT   SUNSET   650 PM MDT
SEPTEMBER 22 2017.....SUNRISE   641 AM MDT   SUNSET   649 PM MDT


-  INDICATES NEGATIVE NUMBERS.
R  INDICATES RECORD WAS SET OR TIED.
MM INDICATES DATA IS MISSING.
T  INDICATES TRACE AMOUNT.




$$
