000
CDUS45 KABQ 250834
CLICAO


CLIMATE REPORT
NATIONAL WEATHER SERVICE ALBUQUERQUE NM
231 AM MDT SAT OCT 25 2014


...................................

...THE CLAYTON  NM CLIMATE SUMMARY FOR OCTOBER 24 2014...

CLIMATE NORMAL PERIOD 1981 TO 2010
CLIMATE RECORD PERIOD 1896 TO 2014


WEATHER ITEM   OBSERVED TIME   RECORD YEAR NORMAL DEPARTURE
                VALUE   (LST)  VALUE       VALUE  FROM
                                                  NORMAL
...............................................................
TEMPERATURE (F)
 YESTERDAY
  MAXIMUM         84R   223 PM  83    1927  66     18
                                      1915
  MINIMUM         52    202 AM  20    1929  39     13
  AVERAGE         68                        52     16

PRECIPITATION (IN)
  YESTERDAY        0.00          0.81 1923   0.03  -0.03
  MONTH TO DATE    0.66                      0.91  -0.25
  SINCE SEP 1      3.79                      2.58   1.21
  SINCE JAN 1     12.32                     14.78  -2.46

SNOWFALL (IN)
  YESTERDAY        0.0
  MONTH TO DATE    0.0
  SINCE SEP 1      0.0
  SINCE JUL 1      0.0

DEGREE DAYS
 HEATING
  YESTERDAY        0                        13    -13
  MONTH TO DATE  137                       229    -92
  SINCE SEP 1    184                       307   -123
  SINCE JUL 1    184                       313   -129

 COOLING
  YESTERDAY        3                         0      3
  MONTH TO DATE    8                         6      2
  SINCE SEP 1    119                       108     11
  SINCE JAN 1   1123                       905    218
...............................................................


WIND (MPH)
  HIGHEST WIND SPEED    18   HIGHEST WIND DIRECTION     S (200)
  HIGHEST GUST SPEED    24   HIGHEST GUST DIRECTION     S (190)
  AVERAGE WIND SPEED     9.8


SKY COVER
  AVERAGE SKY COVER 0.0


WEATHER CONDITIONS
 THE FOLLOWING WEATHER WAS RECORDED YESTERDAY.
  NO SIGNIFICANT WEATHER WAS OBSERVED.


RELATIVE HUMIDITY (PERCENT)
 HIGHEST    71           200 AM
 LOWEST     13           300 PM
 AVERAGE    42

..........................................................


THE CLAYTON  NM CLIMATE NORMALS FOR TODAY
                         NORMAL    RECORD    YEAR
 MAXIMUM TEMPERATURE (F)   66        89      1959
 MINIMUM TEMPERATURE (F)   38        19      1997


SUNRISE AND SUNSET
OCTOBER 25 2014.......SUNRISE   709 AM MDT   SUNSET   604 PM MDT
OCTOBER 26 2014.......SUNRISE   710 AM MDT   SUNSET   603 PM MDT


-  INDICATES NEGATIVE NUMBERS.
R  INDICATES RECORD WAS SET OR TIED.
MM INDICATES DATA IS MISSING.
T  INDICATES TRACE AMOUNT.

$$
