000
CDUS45 KABQ 220836
CLICAO


CLIMATE REPORT
NATIONAL WEATHER SERVICE ALBUQUERQUE NM
233 AM MDT TUE APR 22 2014


...................................

...THE CLAYTON  NM CLIMATE SUMMARY FOR APRIL 21 2014...

CLIMATE NORMAL PERIOD 1981 TO 2010
CLIMATE RECORD PERIOD 1896 TO 2014


WEATHER ITEM   OBSERVED TIME   RECORD YEAR NORMAL DEPARTURE
                VALUE   (LST)  VALUE       VALUE  FROM
                                                  NORMAL
...............................................................
TEMPERATURE (F)
 YESTERDAY
  MAXIMUM         72    314 PM  90    1989  69      3
  MINIMUM         52   1159 PM  21    1927  39     13
  AVERAGE         62                        54      8

PRECIPITATION (IN)
  YESTERDAY        0.00          0.66 1913   0.03  -0.03
  MONTH TO DATE    0.26                      0.60  -0.34
  SINCE MAR 1      0.28                      1.55  -1.27
  SINCE JAN 1      0.46                      2.17  -1.71

SNOWFALL (IN)
  YESTERDAY        0.0
  MONTH TO DATE    1.5
  SINCE MAR 1      1.6
  SINCE JUL 1      9.8

DEGREE DAYS
 HEATING
  YESTERDAY        3                        11     -8
  MONTH TO DATE  279                       296    -17
  SINCE MAR 1    893                       940    -47
  SINCE JUL 1   4592                      4617    -25

 COOLING
  YESTERDAY        0                         0      0
  MONTH TO DATE    3                         0      3
  SINCE MAR 1      3                         1      2
  SINCE JAN 1      3                         1      2
...............................................................


WIND (MPH)
  HIGHEST WIND SPEED    28   HIGHEST WIND DIRECTION     N (360)
  HIGHEST GUST SPEED    33   HIGHEST GUST DIRECTION    NW (320)
  AVERAGE WIND SPEED    13.2


SKY COVER
  AVERAGE SKY COVER 0.0


WEATHER CONDITIONS
 THE FOLLOWING WEATHER WAS RECORDED YESTERDAY.
  NO SIGNIFICANT WEATHER WAS OBSERVED.


RELATIVE HUMIDITY (PERCENT)
 HIGHEST    64          1100 PM
 LOWEST     27           200 PM
 AVERAGE    46

..........................................................


THE CLAYTON  NM CLIMATE NORMALS FOR TODAY
                         NORMAL    RECORD    YEAR
 MAXIMUM TEMPERATURE (F)   69        91      1965
 MINIMUM TEMPERATURE (F)   40        24      1920


SUNRISE AND SUNSET
APRIL 22 2014.........SUNRISE   610 AM MDT   SUNSET   733 PM MDT
APRIL 23 2014.........SUNRISE   609 AM MDT   SUNSET   734 PM MDT


-  INDICATES NEGATIVE NUMBERS.
R  INDICATES RECORD WAS SET OR TIED.
MM INDICATES DATA IS MISSING.
T  INDICATES TRACE AMOUNT.

$$
