550
CDUS41 KCAR 040541
CLICAR


CLIMATE REPORT
NATIONAL WEATHER SERVICE CARIBOU, ME
141 AM EDT WED MAY 4 2016


...................................

...THE CARIBOU ME CLIMATE SUMMARY FOR MAY 3 2016...

CLIMATE NORMAL PERIOD 1981 TO 2010
CLIMATE RECORD PERIOD 1939 TO 2016


WEATHER ITEM   OBSERVED TIME   RECORD YEAR NORMAL DEPARTURE LAST
                VALUE   (LST)  VALUE       VALUE  FROM      YEAR
                                                  NORMAL
..................................................................
TEMPERATURE (F)
 YESTERDAY
  MAXIMUM         46    327 PM  87    2001  57    -11       70
  MINIMUM         39    613 AM  23    1946  37      2       36
  AVERAGE         43                        47     -4       53

PRECIPITATION (IN)
  YESTERDAY        0.17          0.86 1992   0.10   0.07     0.00
  MONTH TO DATE    0.23                      0.29  -0.06     0.00
  SINCE MAR 1      7.73                      5.46   2.27     4.00
  SINCE JAN 1     13.20                     10.38   2.82     8.10

SNOWFALL (IN)
  YESTERDAY        0.0           0.4  1961   0.0    0.0      0.0
  MONTH TO DATE    0.0                       0.1   -0.1      0.0
  SINCE MAR 1     30.0                      25.8    4.2     33.5
  SINCE JUL 1     90.0                     108.3  -18.3    141.8
  SNOW DEPTH       0

DEGREE DAYS
 HEATING
  YESTERDAY       22                        18      4       12
  MONTH TO DATE   60                        56      4       44
  SINCE MAR 1   2190                      2101     89     2291
  SINCE JUL 1   7932                      8822   -890     9032

 COOLING
  YESTERDAY        0                         0      0        0
  MONTH TO DATE    0                         0      0        0
  SINCE MAR 1      0                         0      0        0
  SINCE JAN 1      0                         0      0        0
..................................................................


WIND (MPH)
  HIGHEST WIND SPEED    12   HIGHEST WIND DIRECTION     N (20)
  HIGHEST GUST SPEED    16   HIGHEST GUST DIRECTION     N (10)
  AVERAGE WIND SPEED     6.5


SKY COVER
  POSSIBLE SUNSHINE  MM
  AVERAGE SKY COVER 1.0


WEATHER CONDITIONS
 THE FOLLOWING WEATHER WAS RECORDED YESTERDAY.
  LIGHT RAIN


RELATIVE HUMIDITY (PERCENT)
 HIGHEST    92          1200 AM
 LOWEST     76          1100 AM
 AVERAGE    84

..........................................................


THE CARIBOU ME CLIMATE NORMALS FOR TODAY
                         NORMAL    RECORD    YEAR
 MAXIMUM TEMPERATURE (F)   58        85      1999
                                             1944
 MINIMUM TEMPERATURE (F)   37        25      1986


SUNRISE AND SUNSET
MAY  4 2016...........SUNRISE   512 AM EDT   SUNSET   747 PM EDT
MAY  5 2016...........SUNRISE   510 AM EDT   SUNSET   748 PM EDT


-  INDICATES NEGATIVE NUMBERS.
R  INDICATES RECORD WAS SET OR TIED.
MM INDICATES DATA IS MISSING.
T  INDICATES TRACE AMOUNT.




$$
