000
CDUS41 KCAR 110526
CLICAR


CLIMATE REPORT
NATIONAL WEATHER SERVICE CARIBOU, ME
126 AM EDT FRI JUL 11 2014


...................................

...THE CARIBOU ME CLIMATE SUMMARY FOR JULY 10 2014...

CLIMATE NORMAL PERIOD 1981 TO 2010
CLIMATE RECORD PERIOD 1939 TO 2014


WEATHER ITEM   OBSERVED TIME   RECORD YEAR NORMAL DEPARTURE LAST
                VALUE   (LST)  VALUE       VALUE  FROM      YEAR
                                                  NORMAL
..................................................................
TEMPERATURE (F)
 YESTERDAY
  MAXIMUM         74   1159 AM  95    1955  76     -2       74
  MINIMUM         53   1130 PM  41    1942  55     -2       63
  AVERAGE         64                        66     -2       69

PRECIPITATION (IN)
  YESTERDAY        0.04          2.20 1998   0.14  -0.10     0.01
  MONTH TO DATE    4.34                      1.37   2.97     0.03
  SINCE JUN 1      6.95                      4.85   2.10     6.09
  SINCE JAN 1     24.15                     18.27   5.88    20.11

SNOWFALL (IN)
  YESTERDAY        0.0           0.0  2002   0.0    0.0      0.0
                                      2001
  MONTH TO DATE    0.0                       0.0    0.0      0.0
  SINCE JUN 1      0.0                       0.0    0.0      0.0
  SINCE JUL 1      0.0                       0.0    0.0      0.0
  SNOW DEPTH       0

DEGREE DAYS
 HEATING
  YESTERDAY        1                         2     -1        0
  MONTH TO DATE   16                        24     -8        3
  SINCE JUN 1    105                       189    -84      181
  SINCE JUL 1     16                        24     -8        3

 COOLING
  YESTERDAY        0                         2     -2        4
  MONTH TO DATE   61                        20     41       58
  SINCE JUN 1     97                        54     43       81
  SINCE JAN 1    100                        59     41       89
..................................................................


WIND (MPH)
  HIGHEST WIND SPEED    21   HIGHEST WIND DIRECTION    SW (230)
  HIGHEST GUST SPEED    28   HIGHEST GUST DIRECTION    SW (240)
  AVERAGE WIND SPEED     7.4


SKY COVER
  POSSIBLE SUNSHINE  MM
  AVERAGE SKY COVER 0.5


WEATHER CONDITIONS
 THE FOLLOWING WEATHER WAS RECORDED YESTERDAY.
  LIGHT RAIN


RELATIVE HUMIDITY (PERCENT)
 HIGHEST    90           100 AM
 LOWEST     41           400 PM
 AVERAGE    66

..........................................................


THE CARIBOU ME CLIMATE NORMALS FOR TODAY
                         NORMAL    RECORD    YEAR
 MAXIMUM TEMPERATURE (F)   76        88      1943
 MINIMUM TEMPERATURE (F)   55        42      1968


SUNRISE AND SUNSET
JULY 11 2014..........SUNRISE   449 AM EDT   SUNSET   826 PM EDT
JULY 12 2014..........SUNRISE   450 AM EDT   SUNSET   825 PM EDT


-  INDICATES NEGATIVE NUMBERS.
R  INDICATES RECORD WAS SET OR TIED.
MM INDICATES DATA IS MISSING.
T  INDICATES TRACE AMOUNT.

THE CARIBOU ME 4 INCH SOIL TEMPERATURE FOR JULY 10 2014

MAXIMUM SOIL TEMPERATURE (F)...75
MINIMUM SOIL TEMPERATURE (F)...70

$$

CB
