000
CDUS41 KCAR 030534
CLICAR


CLIMATE REPORT
NATIONAL WEATHER SERVICE CARIBOU, ME
1232 AM EST TUE MAR 3 2015


...................................

...THE CARIBOU ME CLIMATE SUMMARY FOR MARCH 2 2015...

CLIMATE NORMAL PERIOD 1981 TO 2010
CLIMATE RECORD PERIOD 1939 TO 2015


WEATHER ITEM   OBSERVED TIME   RECORD YEAR NORMAL DEPARTURE LAST
                VALUE   (LST)  VALUE       VALUE  FROM      YEAR
                                                  NORMAL
..................................................................
TEMPERATURE (F)
 YESTERDAY
  MAXIMUM         25    350 PM  47    1965  29     -4       21
  MINIMUM          7   1159 PM -28    2001   9     -2       -7
  AVERAGE         16                        19     -3        7

PRECIPITATION (IN)
  YESTERDAY        0.07          0.78 1983   0.08  -0.01      T
  MONTH TO DATE    0.07                      0.16  -0.09     0.03
  SINCE MAR 1      0.07                      0.16  -0.09     0.03
  SINCE JAN 1      4.17                      5.08  -0.91     6.25

SNOWFALL (IN)
  YESTERDAY        0.6           6.4  2007   0.7   -0.1       T
  MONTH TO DATE    0.6                       1.4   -0.8      0.6
  SINCE MAR 1      0.6                       1.4   -0.8      0.6
  SINCE JUL 1    108.9                      83.9   25.0    100.0
  SNOW DEPTH      20

DEGREE DAYS
 HEATING
  YESTERDAY       49                        46      3       58
  MONTH TO DATE  100                        92      8      118
  SINCE MAR 1    100                        92      8      118
  SINCE JUL 1   6841                      6813     28     6772

 COOLING
  YESTERDAY        0                         0      0        0
  MONTH TO DATE    0                         0      0        0
  SINCE MAR 1      0                         0      0        0
  SINCE JAN 1      0                         0      0        0
..................................................................


WIND (MPH)
  HIGHEST WIND SPEED    33   HIGHEST WIND DIRECTION    NW (310)
  HIGHEST GUST SPEED    45   HIGHEST GUST DIRECTION     N (340)
  AVERAGE WIND SPEED    11.4


SKY COVER
  POSSIBLE SUNSHINE  MM
  AVERAGE SKY COVER 0.8


WEATHER CONDITIONS
 THE FOLLOWING WEATHER WAS RECORDED YESTERDAY.
  LIGHT SNOW
  FOG
  HAZE
  BLOWING SNOW


RELATIVE HUMIDITY (PERCENT)
 HIGHEST    92           700 AM
 LOWEST     46           400 PM
 AVERAGE    69

..........................................................


THE CARIBOU ME CLIMATE NORMALS FOR TODAY
                         NORMAL    RECORD    YEAR
 MAXIMUM TEMPERATURE (F)   29        50      1964
 MINIMUM TEMPERATURE (F)   10       -24      2001


SUNRISE AND SUNSET
MARCH  3 2015.........SUNRISE   609 AM EST   SUNSET   520 PM EST
MARCH  4 2015.........SUNRISE   607 AM EST   SUNSET   522 PM EST


-  INDICATES NEGATIVE NUMBERS.
R  INDICATES RECORD WAS SET OR TIED.
MM INDICATES DATA IS MISSING.
T  INDICATES TRACE AMOUNT.




$$
