000
CDUS41 KCAR 190533
CLICAR


CLIMATE REPORT
NATIONAL WEATHER SERVICE CARIBOU, ME
1233 AM EST THU JAN 19 2017


...................................

...THE CARIBOU ME CLIMATE SUMMARY FOR JANUARY 18 2017...

CLIMATE NORMAL PERIOD 1981 TO 2010
CLIMATE RECORD PERIOD 1939 TO 2017


WEATHER ITEM   OBSERVED TIME   RECORD YEAR NORMAL DEPARTURE LAST
                VALUE   (LST)  VALUE       VALUE  FROM      YEAR
                                                  NORMAL
..................................................................
TEMPERATURE (F)
 YESTERDAY
  MAXIMUM         20    454 PM  49    2006  19      1       14
  MINIMUM         -1    808 AM -30    2009   0     -1        2
  AVERAGE         10                         9      1        8

PRECIPITATION (IN)
  YESTERDAY        T             0.76 1978   0.08  -0.08      T
  MONTH TO DATE    1.46                      1.59  -0.13     1.27
  SINCE DEC 1      5.66                      4.86   0.80     6.15
  SINCE JAN 1      1.46                      1.59  -0.13     1.27

SNOWFALL (IN)
  YESTERDAY        T            10.8  1978   0.8   -0.8       T
  MONTH TO DATE   10.2                      14.6   -4.4      9.5
  SINCE DEC 1     51.4                      37.5   13.9     37.3
  SINCE JUL 1     71.6                      49.7   21.9     41.4
  SNOW DEPTH      20

DEGREE DAYS
 HEATING
  YESTERDAY       55                        56     -1       57
  MONTH TO DATE  921                       981    -60      860
  SINCE DEC 1   2414                      2430    -16     1982
  SINCE JUL 1   4101                      4575   -474     3800

 COOLING
  YESTERDAY        0                         0      0        0
  MONTH TO DATE    0                         0      0        0
  SINCE DEC 1      0                         0      0        0
  SINCE JAN 1      0                         0      0        0
..................................................................


WIND (MPH)
  HIGHEST WIND SPEED    10   HIGHEST WIND DIRECTION    SE (150)
  HIGHEST GUST SPEED    13   HIGHEST GUST DIRECTION    SE (150)
  AVERAGE WIND SPEED     5.5


SKY COVER
  POSSIBLE SUNSHINE  MM
  AVERAGE SKY COVER 0.4


WEATHER CONDITIONS
 THE FOLLOWING WEATHER WAS RECORDED YESTERDAY.
  NO SIGNIFICANT WEATHER WAS OBSERVED.


RELATIVE HUMIDITY (PERCENT)
 HIGHEST    79           100 AM
 LOWEST     61          1200 PM
 AVERAGE    70

..........................................................


THE CARIBOU ME CLIMATE NORMALS FOR TODAY
                         NORMAL    RECORD    YEAR
 MAXIMUM TEMPERATURE (F)   19        51      1996
 MINIMUM TEMPERATURE (F)    0       -32      1997


SUNRISE AND SUNSET
JANUARY 19 2017.......SUNRISE   710 AM EST   SUNSET   416 PM EST
JANUARY 20 2017.......SUNRISE   709 AM EST   SUNSET   418 PM EST


-  INDICATES NEGATIVE NUMBERS.
R  INDICATES RECORD WAS SET OR TIED.
MM INDICATES DATA IS MISSING.
T  INDICATES TRACE AMOUNT.




$$
