000
CDUS41 KCAR 220550
CLICAR


CLIMATE REPORT
NATIONAL WEATHER SERVICE CARIBOU, ME
1250 AM EST MON JAN 22 2018


...................................

...THE CARIBOU ME CLIMATE SUMMARY FOR JANUARY 21 2018...

CLIMATE NORMAL PERIOD 1981 TO 2010
CLIMATE RECORD PERIOD 1939 TO 2018


WEATHER ITEM   OBSERVED TIME   RECORD YEAR NORMAL DEPARTURE LAST
                VALUE   (LST)  VALUE       VALUE  FROM      YEAR
                                                  NORMAL
..................................................................
TEMPERATURE (F)
 YESTERDAY
  MAXIMUM         24    248 PM  40    1947  19      5       32
  MINIMUM          9   1153 PM -29    1975   0      9       27
  AVERAGE         17                         9      8       30

PRECIPITATION (IN)
  YESTERDAY        T             0.95 1979   0.09  -0.09      T
  MONTH TO DATE    3.23                      1.86   1.37     1.63
  SINCE DEC 1      7.35                      5.13   2.22     5.83
  SINCE JAN 1      3.23                      1.86   1.37     1.63

SNOWFALL (IN)
  YESTERDAY        T            10.4  1979   0.8   -0.8       T
  MONTH TO DATE   26.8                      17.0    9.8     12.0
  SINCE DEC 1     61.0                      39.9   21.1     53.2
  SINCE JUL 1     64.9                      52.1   12.8     73.4
  SNOW DEPTH      16

DEGREE DAYS
 HEATING
  YESTERDAY       48                        56     -8       35
  MONTH TO DATE 1110                      1149    -39     1035
  SINCE DEC 1   2704                      2598    106     2528
  SINCE JUL 1   4408                      4743   -335     4215

 COOLING
  YESTERDAY        0                         0      0        0
  MONTH TO DATE    0                         0      0        0
  SINCE DEC 1      0                         0      0        0
  SINCE JAN 1      0                         0      0        0
..................................................................


WIND (MPH)
  HIGHEST WIND SPEED    17   HIGHEST WIND DIRECTION    NW (320)
  HIGHEST GUST SPEED    23   HIGHEST GUST DIRECTION    NW (330)
  AVERAGE WIND SPEED     7.5


SKY COVER
  POSSIBLE SUNSHINE  MM
  AVERAGE SKY COVER 0.2


WEATHER CONDITIONS
 THE FOLLOWING WEATHER WAS RECORDED YESTERDAY.
  NO SIGNIFICANT WEATHER WAS OBSERVED.


RELATIVE HUMIDITY (PERCENT)
 HIGHEST    73           700 AM
 LOWEST     39           200 PM
 AVERAGE    56

..........................................................


THE CARIBOU ME CLIMATE NORMALS FOR TODAY
                         NORMAL    RECORD    YEAR
 MAXIMUM TEMPERATURE (F)   19        42      1957
 MINIMUM TEMPERATURE (F)    0       -27      1984


SUNRISE AND SUNSET
JANUARY 22 2018.......SUNRISE   707 AM EST   SUNSET   420 PM EST
JANUARY 23 2018.......SUNRISE   707 AM EST   SUNSET   422 PM EST


-  INDICATES NEGATIVE NUMBERS.
R  INDICATES RECORD WAS SET OR TIED.
MM INDICATES DATA IS MISSING.
T  INDICATES TRACE AMOUNT.




$$
