000
CDUS41 KCAR 192126
CLICAR


CLIMATE REPORT
NATIONAL WEATHER SERVICE CARIBOU, ME
426 PM EST SUN NOV 19 2017


...................................

...THE CARIBOU ME CLIMATE SUMMARY FOR NOVEMBER 19 2017...
VALID TODAY AS OF 0400 PM LOCAL TIME.

CLIMATE NORMAL PERIOD 1981 TO 2010
CLIMATE RECORD PERIOD 1939 TO 2017


WEATHER ITEM   OBSERVED TIME   RECORD YEAR NORMAL DEPARTURE LAST
                VALUE   (LST)  VALUE       VALUE  FROM      YEAR
                                                  NORMAL
..................................................................
TEMPERATURE (F)
 TODAY
  MAXIMUM         43    315 PM  59    1953  37      6       50
  MINIMUM         29   1238 AM   1    1992  24      5       31
  AVERAGE         36                        30      6       41

PRECIPITATION (IN)
  TODAY            0.77R         0.67 1968   0.12   0.65     0.06
  MONTH TO DATE    3.16                      2.30   0.86     1.26
  SINCE SEP 1     12.52                      9.15   3.37     6.28
  SINCE JAN 1     38.38                     33.89   4.49    37.39

SNOWFALL (IN)
  TODAY            0.0           2.4  1967   0.4   -0.4      0.0
  MONTH TO DATE    0.8                       5.1   -4.3       T
  SINCE SEP 1      0.8                       6.8   -6.0       T
  SINCE JUL 1      0.8                       6.8   -6.0       T
  SNOW DEPTH       0

DEGREE DAYS
 HEATING
  TODAY           29                        35     -6       24
  MONTH TO DATE  609                       592     17      485
  SINCE SEP 1   1169                      1578   -409     1256
  SINCE JUL 1   1293                      1732   -439     1336

 COOLING
  TODAY            0                         0      0        0
  MONTH TO DATE    0                         0      0        0
  SINCE SEP 1     35                        11     24       22
  SINCE JAN 1    222                       180     42      275
..................................................................


WIND (MPH)
  HIGHEST WIND SPEED    17   HIGHEST WIND DIRECTION    NW (300)
  HIGHEST GUST SPEED    25   HIGHEST GUST DIRECTION    NW (300)
  AVERAGE WIND SPEED     7.4


SKY COVER
  POSSIBLE SUNSHINE  MM
  AVERAGE SKY COVER 1.0


WEATHER CONDITIONS
 THE FOLLOWING WEATHER WAS RECORDED TODAY.
  RAIN
  LIGHT RAIN
  LT FREEZING RAIN
  FOG
  FOG W/VISIBILITY <= 1/4 MILE
  HAZE


RELATIVE HUMIDITY (PERCENT)
 HIGHEST    96           200 PM
 LOWEST     72           100 AM
 AVERAGE    84

..........................................................


THE CARIBOU ME CLIMATE NORMALS FOR TOMORROW
                         NORMAL    RECORD    YEAR
 MAXIMUM TEMPERATURE (F)   36        67      1953
 MINIMUM TEMPERATURE (F)   23         2      1992
                                             1986


SUNRISE AND SUNSET
NOVEMBER 19 2017......SUNRISE   641 AM EST   SUNSET   354 PM EST
NOVEMBER 20 2017......SUNRISE   642 AM EST   SUNSET   353 PM EST


-  INDICATES NEGATIVE NUMBERS.
R  INDICATES RECORD WAS SET OR TIED.
MM INDICATES DATA IS MISSING.
T  INDICATES TRACE AMOUNT.




$$
